Mar 08 18:49:59.521956 dv-cinder-830087-3-iscsi neutron-server[109996]: DEBUG neutron.plugins.ml2.db [None req-dee1539d-63d2-4518-8dcb-bd3e1e31a0ac None None] For port 03afd825-cb04-433b-afa2-32b2f36a7e7c, host dv-cinder-830087-3-iscsi, cleared binding levels {{(pid=109996) clear_binding_levels /opt/stack/neutron/neutron/plugins/ml2/db.py:87}}
Mar 08 18:49:59.527962 dv-cinder-830087-3-iscsi neutron-server[109996]: DEBUG neutron.plugins.ml2.db [None req-dee1539d-63d2-4518-8dcb-bd3e1e31a0ac None None] For port 03afd825-cb04-433b-afa2-32b2f36a7e7c, host dv-cinder-830087-3-iscsi, set binding levels [PortBindingLevel(driver='openvswitch',host='dv-cinder-830087-3-iscsi',level=0,port_id=03afd825-cb04-433b-afa2-32b2f36a7e7c,segment=NetworkSegment(56c914d2-5a9b-48de-90ac-cb33a3a8e851),segment_id=56c914d2-5a9b-48de-90ac-cb33a3a8e851)] {{(pid=109996) set_binding_levels /opt/stack/neutron/neutron/plugins/ml2/db.py:59}}
Mar 08 18:49:59.539807 dv-cinder-830087-3-iscsi neutron-server[109996]: DEBUG neutron_lib.callbacks.manager [None req-dee1539d-63d2-4518-8dcb-bd3e1e31a0ac None None] Publish callbacks ['neutron.plugins.ml2.plugin.SecurityGroupServerNotifierRpcMixin._notify_sg_on_port_change-597405', 'neutron.plugins.ml2.ovo_rpc._ObjectChangeHandler.handle_event-393347', 'neutron.api.rpc.agentnotifiers.dhcp_rpc_agent_api.DhcpAgentNotifyAPI._native_event_send_dhcp_notification-1612544', 'neutron.db.l3_db.L3RpcNotifierMixin._notify_gateway_port_ip_changed-8759656453560', 'neutron.db.l3_dvrscheduler_db._notify_l3_agent_port_update-8759655916243', 'neutron.db.l3_hascheduler_db._notify_l3_agent_ha_port_update-8759655916261'] for port (03afd825-cb04-433b-afa2-32b2f36a7e7c), after_update {{(pid=109996) _notify_loop /usr/local/lib/python3.8/dist-packages/neutron_lib/callbacks/manager.py:176}}
Mar 08 18:49:59.576351 dv-cinder-830087-3-iscsi neutron-server[109994]: DEBUG neutron.pecan_wsgi.hooks.policy_enforcement [req-4144151b-cba7-4823-b1b1-cca575ef9d8d req-13853c9f-d85b-4569-b775-359a138dcacf tempest-ServerRescueNegativeTestJSON-1224760857 tempest-ServerRescueNegativeTestJSON-1224760857-project] Attributes excluded by policy engine: ['standard_attr_id', 'binding:profile', 'binding:host_id', 'binding:vif_type', 'binding:vif_details'] {{(pid=109994) _exclude_attributes_by_policy /opt/stack/neutron/neutron/pecan_wsgi/hooks/policy_enforcement.py:255}}
Mar 08 18:49:59.578013 dv-cinder-830087-3-iscsi neutron-server[109994]: INFO neutron.wsgi [req-4144151b-cba7-4823-b1b1-cca575ef9d8d req-13853c9f-d85b-4569-b775-359a138dcacf tempest-ServerRescueNegativeTestJSON-1224760857 tempest-ServerRescueNegativeTestJSON-1224760857-project] 10.222.0.57 "GET /v2.0/ports?device_id=6589e7b4-d610-41ea-9da0-b05f34664170 HTTP/1.1" status: 200 len: 945 time: 0.1756141
Mar 08 18:49:59.642426 dv-cinder-830087-3-iscsi neutron-server[109994]: DEBUG neutron.db.db_base_plugin_common [None req-c2356b3e-c1a8-4fca-9eff-4a0994f66345 admin admin] Allocated IP 172.27.1.246 (0fe919cd-3031-42bd-9a39-c710cf5996c1/dce4cadb-ac09-4f76-9de1-8347a99cda85/472450a1-36be-41b1-9249-49776fa2df02) {{(pid=109994) _store_ip_allocation /opt/stack/neutron/neutron/db/db_base_plugin_common.py:131}}
Mar 08 18:49:59.651528 dv-cinder-830087-3-iscsi neutron-server[109996]: DEBUG neutron.api.rpc.handlers.resources_rpc [None req-dee1539d-63d2-4518-8dcb-bd3e1e31a0ac None None] Pushing event updated for resources: {'Port': ['ID=03afd825-cb04-433b-afa2-32b2f36a7e7c,revision_number=2']} {{(pid=109996) push /opt/stack/neutron/neutron/api/rpc/handlers/resources_rpc.py:237}}
Mar 08 18:49:59.700891 dv-cinder-830087-3-iscsi neutron-server[109994]: INFO neutron.wsgi [req-4144151b-cba7-4823-b1b1-cca575ef9d8d req-18fd74ef-eb88-4f53-93e9-c389941d0dbb tempest-ServerRescueNegativeTestJSON-1224760857 tempest-ServerRescueNegativeTestJSON-1224760857-project] 10.222.0.57 "GET /v2.0/security-groups?id=837ccd61-02ed-41f4-9e2f-a8f191272e51&fields=id&fields=name HTTP/1.1" status: 200 len: 286 time: 0.1121025
Mar 08 18:49:59.898421 dv-cinder-830087-3-iscsi neutron-server[109994]: DEBUG neutron_lib.callbacks.manager [None req-c2356b3e-c1a8-4fca-9eff-4a0994f66345 admin admin] Publish callbacks [] for port (472450a1-36be-41b1-9249-49776fa2df02), precommit_create {{(pid=109994) _notify_loop /usr/local/lib/python3.8/dist-packages/neutron_lib/callbacks/manager.py:176}}
Mar 08 18:50:00.053748 dv-cinder-830087-3-iscsi neutron-server[109994]: INFO neutron.wsgi [req-7282a2b7-fdd9-4c98-9899-a02e51a736aa req-70097b58-442c-4713-b484-c35d826ba3e4 tempest-VolumesActionsTest-1520378595 tempest-VolumesActionsTest-1520378595-project] 10.222.0.57 "GET /v2.0/ports?device_id=c1944846-90c6-46f6-9c90-d5ed404b7394 HTTP/1.1" status: 200 len: 210 time: 0.0741487
Mar 08 18:50:00.059033 dv-cinder-830087-3-iscsi neutron-server[109994]: DEBUG neutron_lib.callbacks.manager [None req-c2356b3e-c1a8-4fca-9eff-4a0994f66345 admin admin] Publish callbacks ['neutron.plugins.ml2.plugin.SecurityGroupServerNotifierRpcMixin._notify_sg_on_port_change-597405', 'neutron.plugins.ml2.ovo_rpc._ObjectChangeHandler.handle_event-393347', 'neutron.api.rpc.agentnotifiers.dhcp_rpc_agent_api.DhcpAgentNotifyAPI._native_event_send_dhcp_notification-1612544', 'neutron.db.l3_dvrscheduler_db._notify_l3_agent_new_port-8759655916225'] for port (472450a1-36be-41b1-9249-49776fa2df02), after_create {{(pid=109994) _notify_loop /usr/local/lib/python3.8/dist-packages/neutron_lib/callbacks/manager.py:176}}
Mar 08 18:50:00.153275 dv-cinder-830087-3-iscsi neutron-server[109994]: DEBUG neutron.scheduler.dhcp_agent_scheduler [None req-c2356b3e-c1a8-4fca-9eff-4a0994f66345 admin admin] Network 0fe919cd-3031-42bd-9a39-c710cf5996c1 is already hosted by enough agents. {{(pid=109994) _get_dhcp_agents_hosting_network /opt/stack/neutron/neutron/scheduler/dhcp_agent_scheduler.py:275}}
Mar 08 18:50:00.156706 dv-cinder-830087-3-iscsi neutron-server[109994]: DEBUG neutron.scheduler.base_scheduler [None req-c2356b3e-c1a8-4fca-9eff-4a0994f66345 admin admin] Resources bound (agent type, host, resource id): {{(pid=109994) schedule /opt/stack/neutron/neutron/scheduler/base_scheduler.py:57}}
Mar 08 18:50:00.162705 dv-cinder-830087-3-iscsi neutron-server[109994]: DEBUG neutron.db.l3_dvrscheduler_db [None req-c2356b3e-c1a8-4fca-9eff-4a0994f66345 admin admin] Received port after_create {{(pid=109994) _notify_l3_agent_new_port /opt/stack/neutron/neutron/db/l3_dvrscheduler_db.py:536}}
Mar 08 18:50:00.166481 dv-cinder-830087-3-iscsi neutron-server[109994]: DEBUG neutron.api.rpc.handlers.resources_rpc [None req-c2356b3e-c1a8-4fca-9eff-4a0994f66345 admin admin] Pushing event updated for resources: {'Port': ['ID=472450a1-36be-41b1-9249-49776fa2df02,revision_number=1']} {{(pid=109994) push /opt/stack/neutron/neutron/api/rpc/handlers/resources_rpc.py:237}}
Mar 08 18:50:00.525941 dv-cinder-830087-3-iscsi neutron-server[109994]: DEBUG neutron_lib.callbacks.manager [None req-c2356b3e-c1a8-4fca-9eff-4a0994f66345 admin admin] Publish callbacks [] for router_gateway (7de36b9a-8f24-4d1d-86cf-e07240fd246f), after_create {{(pid=109994) _notify_loop /usr/local/lib/python3.8/dist-packages/neutron_lib/callbacks/manager.py:176}}
Mar 08 18:50:01.017810 dv-cinder-830087-3-iscsi neutron-server[109994]: DEBUG neutron.pecan_wsgi.hooks.policy_enforcement [req-5eb49b2a-ca1d-4d8c-a82d-994ce250714a req-63363be7-fb21-4fec-9f6f-faee4009df83 tempest-VolumesActionsTest-1520378595 tempest-VolumesActionsTest-1520378595-project] Attributes excluded by policy engine: ['standard_attr_id', 'vlan_transparent', 'provider:network_type', 'provider:physical_network', 'provider:segmentation_id'] {{(pid=109994) _exclude_attributes_by_policy /opt/stack/neutron/neutron/pecan_wsgi/hooks/policy_enforcement.py:255}}
Mar 08 18:50:01.020393 dv-cinder-830087-3-iscsi neutron-server[109994]: INFO neutron.wsgi [req-5eb49b2a-ca1d-4d8c-a82d-994ce250714a req-63363be7-fb21-4fec-9f6f-faee4009df83 tempest-VolumesActionsTest-1520378595 tempest-VolumesActionsTest-1520378595-project] 10.222.0.18 "GET /v2.0/networks?id=08fd933c-7e43-4c8a-8441-5b6aec98c6cf HTTP/1.1" status: 200 len: 809 time: 0.6715379
Mar 08 18:50:01.047925 dv-cinder-830087-3-iscsi neutron-server[109994]: DEBUG neutron.api.v2.base [req-5eb49b2a-ca1d-4d8c-a82d-994ce250714a req-c4f76bf6-c7bc-433f-a77c-b3685a662a69 tempest-VolumesActionsTest-1520378595 tempest-VolumesActionsTest-1520378595-project] Request body: {'port': {'device_id': 'c1944846-90c6-46f6-9c90-d5ed404b7394', 'network_id': '08fd933c-7e43-4c8a-8441-5b6aec98c6cf', 'admin_state_up': True, 'tenant_id': 'af4322701ff347c18cb839471b0e9389'}} {{(pid=109994) prepare_request_body /opt/stack/neutron/neutron/api/v2/base.py:729}}
Mar 08 18:50:01.337893 dv-cinder-830087-3-iscsi neutron-server[109994]: DEBUG neutron.pecan_wsgi.hooks.policy_enforcement [req-a01cad7d-887b-4fd2-a4ba-c1d620dc3b68 req-aab60fe2-22f3-4265-833f-91a8a54a3560 tempest-ServerRescueNegativeTestJSON-1224760857 tempest-ServerRescueNegativeTestJSON-1224760857-project] Attributes excluded by policy engine: ['standard_attr_id', 'binding:profile', 'binding:host_id', 'binding:vif_type', 'binding:vif_details'] {{(pid=109994) _exclude_attributes_by_policy /opt/stack/neutron/neutron/pecan_wsgi/hooks/policy_enforcement.py:255}}
Mar 08 18:50:01.346010 dv-cinder-830087-3-iscsi neutron-server[109994]: INFO neutron.wsgi [req-a01cad7d-887b-4fd2-a4ba-c1d620dc3b68 req-aab60fe2-22f3-4265-833f-91a8a54a3560 tempest-ServerRescueNegativeTestJSON-1224760857 tempest-ServerRescueNegativeTestJSON-1224760857-project] 10.222.0.57 "GET /v2.0/ports?device_id=6589e7b4-d610-41ea-9da0-b05f34664170 HTTP/1.1" status: 200 len: 945 time: 0.4582527
Mar 08 18:50:01.353912 dv-cinder-830087-3-iscsi neutron-server[109994]: INFO neutron.wsgi [req-d779138e-ea5b-4fbb-9283-177b925f562f req-31390f62-5d9c-4800-890d-0d2588f59093 tempest-VolumesActionsTest-1520378595 tempest-VolumesActionsTest-1520378595-project] 10.222.0.57 "GET /v2.0/ports?device_id=c1944846-90c6-46f6-9c90-d5ed404b7394 HTTP/1.1" status: 200 len: 210 time: 0.1285667
Mar 08 18:50:01.375685 dv-cinder-830087-3-iscsi neutron-server[109996]: DEBUG neutron.api.rpc.handlers.dhcp_rpc [None req-fa94d10d-6ccf-4091-8be2-f89a6c7e2128 None None] Network 282273be-723c-4459-b6c4-d884505677f6 requested from dv-cinder-830087-3-iscsi {{(pid=109996) get_network_info /opt/stack/neutron/neutron/api/rpc/handlers/dhcp_rpc.py:191}}
Mar 08 18:50:01.505699 dv-cinder-830087-3-iscsi neutron-server[109994]: INFO neutron.wsgi [req-a01cad7d-887b-4fd2-a4ba-c1d620dc3b68 req-88f0cea1-e524-46cf-bbd3-7af8f418110f tempest-ServerRescueNegativeTestJSON-1224760857 tempest-ServerRescueNegativeTestJSON-1224760857-project] 10.222.0.57 "GET /v2.0/security-groups?id=837ccd61-02ed-41f4-9e2f-a8f191272e51&fields=id&fields=name HTTP/1.1" status: 200 len: 286 time: 0.1594079
Mar 08 18:50:01.511238 dv-cinder-830087-3-iscsi neutron-server[109994]: DEBUG neutron.pecan_wsgi.hooks.quota_enforcement [req-5eb49b2a-ca1d-4d8c-a82d-994ce250714a req-c4f76bf6-c7bc-433f-a77c-b3685a662a69 tempest-VolumesActionsTest-1520378595 tempest-VolumesActionsTest-1520378595-project] Made reservation on behalf of af4322701ff347c18cb839471b0e9389 for: {'port': 1} {{(pid=109994) before /opt/stack/neutron/neutron/pecan_wsgi/hooks/quota_enforcement.py:53}}
Mar 08 18:50:01.514844 dv-cinder-830087-3-iscsi neutron-server[109994]: DEBUG neutron_lib.callbacks.manager [req-5eb49b2a-ca1d-4d8c-a82d-994ce250714a req-c4f76bf6-c7bc-433f-a77c-b3685a662a69 tempest-VolumesActionsTest-1520378595 tempest-VolumesActionsTest-1520378595-project] Publish callbacks ['neutron.plugins.ml2.plugin.SecurityGroupDbMixin._ensure_default_security_group_handler-597458'] for port (None), before_create {{(pid=109994) _notify_loop /usr/local/lib/python3.8/dist-packages/neutron_lib/callbacks/manager.py:176}}
Mar 08 18:50:01.545485 dv-cinder-830087-3-iscsi neutron-server[109994]: DEBUG neutron_lib.callbacks.manager [None req-c2356b3e-c1a8-4fca-9eff-4a0994f66345 admin admin] Publish callbacks ['neutron.services.l3_router.l3_router_plugin.L3_HA_NAT_db_mixin._after_router_create-1605217', 'neutron.services.l3_router.l3_router_plugin.DVRResourceOperationHandler._create_snat_interfaces_after_change-1590260'] for router (7de36b9a-8f24-4d1d-86cf-e07240fd246f), after_create {{(pid=109994) _notify_loop /usr/local/lib/python3.8/dist-packages/neutron_lib/callbacks/manager.py:176}}
Mar 08 18:50:01.555457 dv-cinder-830087-3-iscsi neutron-server[109996]: DEBUG neutron.plugins.ml2.rpc [None req-ecb253a1-8590-4f9d-8d5f-0ce0a80549fb None None] Device 03afd825-cb04-433b-afa2-32b2f36a7e7c up at agent ovs-agent-dv-cinder-830087-3-iscsi {{(pid=109996) update_device_up /opt/stack/neutron/neutron/plugins/ml2/rpc.py:296}}
Mar 08 18:50:01.820076 dv-cinder-830087-3-iscsi neutron-server[109996]: DEBUG neutron.db.provisioning_blocks [None req-e9c5f649-41f9-499f-a137-fedc04c27ded None None] Provisioning complete for port 03afd825-cb04-433b-afa2-32b2f36a7e7c triggered by entity DHCP. {{(pid=109996) provisioning_complete /opt/stack/neutron/neutron/db/provisioning_blocks.py:140}}
Mar 08 18:50:01.820519 dv-cinder-830087-3-iscsi neutron-server[109996]: DEBUG neutron_lib.callbacks.manager [None req-e9c5f649-41f9-499f-a137-fedc04c27ded None None] Publish callbacks ['neutron.plugins.ml2.plugin.Ml2Plugin._port_provisioned-734949'] for port (03afd825-cb04-433b-afa2-32b2f36a7e7c), provisioning_complete {{(pid=109996) _notify_loop /usr/local/lib/python3.8/dist-packages/neutron_lib/callbacks/manager.py:176}}
Mar 08 18:50:01.889166 dv-cinder-830087-3-iscsi neutron-server[109996]: DEBUG neutron.db.provisioning_blocks [None req-ecb253a1-8590-4f9d-8d5f-0ce0a80549fb None None] Provisioning complete for port 03afd825-cb04-433b-afa2-32b2f36a7e7c triggered by entity L2. {{(pid=109996) provisioning_complete /opt/stack/neutron/neutron/db/provisioning_blocks.py:140}}
Mar 08 18:50:01.890050 dv-cinder-830087-3-iscsi neutron-server[109996]: DEBUG neutron_lib.callbacks.manager [None req-ecb253a1-8590-4f9d-8d5f-0ce0a80549fb None None] Publish callbacks ['neutron.plugins.ml2.plugin.Ml2Plugin._port_provisioned-734949'] for port (03afd825-cb04-433b-afa2-32b2f36a7e7c), provisioning_complete {{(pid=109996) _notify_loop /usr/local/lib/python3.8/dist-packages/neutron_lib/callbacks/manager.py:176}}
Mar 08 18:50:01.977012 dv-cinder-830087-3-iscsi neutron-server[109994]: DEBUG neutron.db.db_base_plugin_common [req-5eb49b2a-ca1d-4d8c-a82d-994ce250714a req-c4f76bf6-c7bc-433f-a77c-b3685a662a69 tempest-VolumesActionsTest-1520378595 tempest-VolumesActionsTest-1520378595-project] Allocated IP 172.20.0.10 (08fd933c-7e43-4c8a-8441-5b6aec98c6cf/b431c4f0-46e9-4eae-b007-fc2113163031/fe7e9853-4143-42e9-8055-c48432c2ba5f) {{(pid=109994) _store_ip_allocation /opt/stack/neutron/neutron/db/db_base_plugin_common.py:131}}
Mar 08 18:50:02.000580 dv-cinder-830087-3-iscsi neutron-server[109996]: DEBUG neutron.plugins.ml2.plugin [None req-e9c5f649-41f9-499f-a137-fedc04c27ded None None] Current status of the port 03afd825-cb04-433b-afa2-32b2f36a7e7c is: DOWN; New status is: ACTIVE {{(pid=109996) _update_individual_port_db_status /opt/stack/neutron/neutron/plugins/ml2/plugin.py:2232}}
Mar 08 18:50:02.000862 dv-cinder-830087-3-iscsi neutron-server[109996]: DEBUG neutron_lib.callbacks.manager [None req-e9c5f649-41f9-499f-a137-fedc04c27ded None None] Publish callbacks ['neutron.plugins.ml2.plugin.SecurityGroupDbMixin._ensure_default_security_group_handler-597458'] for port (03afd825-cb04-433b-afa2-32b2f36a7e7c), before_update {{(pid=109996) _notify_loop /usr/local/lib/python3.8/dist-packages/neutron_lib/callbacks/manager.py:176}}
Mar 08 18:50:02.092860 dv-cinder-830087-3-iscsi neutron-server[109996]: DEBUG neutron.plugins.ml2.db [None req-e9c5f649-41f9-499f-a137-fedc04c27ded None None] For port 03afd825-cb04-433b-afa2-32b2f36a7e7c, host dv-cinder-830087-3-iscsi, got binding levels [PortBindingLevel(driver='openvswitch',host='dv-cinder-830087-3-iscsi',level=0,port_id=03afd825-cb04-433b-afa2-32b2f36a7e7c,segment=NetworkSegment(56c914d2-5a9b-48de-90ac-cb33a3a8e851),segment_id=56c914d2-5a9b-48de-90ac-cb33a3a8e851)] {{(pid=109996) get_binding_level_objs /opt/stack/neutron/neutron/plugins/ml2/db.py:74}}
Mar 08 18:50:02.099821 dv-cinder-830087-3-iscsi neutron-server[109996]: DEBUG neutron_lib.callbacks.manager [None req-e9c5f649-41f9-499f-a137-fedc04c27ded None None] Publish callbacks ['neutron.plugins.ml2.plugin.SecurityGroupServerNotifierRpcMixin._notify_sg_on_port_change-597405', 'neutron.plugins.ml2.ovo_rpc._ObjectChangeHandler.handle_event-393347', 'neutron.api.rpc.agentnotifiers.dhcp_rpc_agent_api.DhcpAgentNotifyAPI._native_event_send_dhcp_notification-1612544', 'neutron.db.l3_db.L3RpcNotifierMixin._notify_gateway_port_ip_changed-8759656453560', 'neutron.db.l3_dvrscheduler_db._notify_l3_agent_port_update-8759655916243', 'neutron.db.l3_hascheduler_db._notify_l3_agent_ha_port_update-8759655916261'] for port (03afd825-cb04-433b-afa2-32b2f36a7e7c), after_update {{(pid=109996) _notify_loop /usr/local/lib/python3.8/dist-packages/neutron_lib/callbacks/manager.py:176}}
Mar 08 18:50:02.104359 dv-cinder-830087-3-iscsi neutron-server[109996]: DEBUG neutron.plugins.ml2.plugin [None req-ecb253a1-8590-4f9d-8d5f-0ce0a80549fb None None] Current status of the port 03afd825-cb04-433b-afa2-32b2f36a7e7c is: DOWN; New status is: ACTIVE {{(pid=109996) _update_individual_port_db_status /opt/stack/neutron/neutron/plugins/ml2/plugin.py:2232}}
Mar 08 18:50:02.104795 dv-cinder-830087-3-iscsi neutron-server[109996]: DEBUG neutron_lib.callbacks.manager [None req-ecb253a1-8590-4f9d-8d5f-0ce0a80549fb None None] Publish callbacks ['neutron.plugins.ml2.plugin.SecurityGroupDbMixin._ensure_default_security_group_handler-597458'] for port (03afd825-cb04-433b-afa2-32b2f36a7e7c), before_update {{(pid=109996) _notify_loop /usr/local/lib/python3.8/dist-packages/neutron_lib/callbacks/manager.py:176}}
Mar 08 18:50:02.142100 dv-cinder-830087-3-iscsi neutron-server[109994]: DEBUG neutron.scheduler.l3_agent_scheduler [None req-c2356b3e-c1a8-4fca-9eff-4a0994f66345 admin admin] Router 7de36b9a-8f24-4d1d-86cf-e07240fd246f is scheduled to L3 agent 286013e0-87a1-4d26-bb1a-0fb830aa6057 with binding_index 1 {{(pid=109994) bind_router /opt/stack/neutron/neutron/scheduler/l3_agent_scheduler.py:209}}
Mar 08 18:50:02.268403 dv-cinder-830087-3-iscsi neutron-server[109996]: DEBUG neutron.api.rpc.handlers.resources_rpc [None req-e9c5f649-41f9-499f-a137-fedc04c27ded None None] Pushing event updated for resources: {'Port': ['ID=03afd825-cb04-433b-afa2-32b2f36a7e7c,revision_number=3']} {{(pid=109996) push /opt/stack/neutron/neutron/api/rpc/handlers/resources_rpc.py:237}}
Mar 08 18:50:02.299504 dv-cinder-830087-3-iscsi neutron-server[109996]: DEBUG neutron_lib.db.api [None req-ecb253a1-8590-4f9d-8d5f-0ce0a80549fb None None] Retry wrapper got retriable exception: UPDATE statement on table 'standardattributes' expected to update 1 row(s); 0 were matched. {{(pid=109996) wrapped /usr/local/lib/python3.8/dist-packages/neutron_lib/db/api.py:183}}
Mar 08 18:50:02.300393 dv-cinder-830087-3-iscsi neutron-server[109996]: DEBUG oslo_db.api [None req-ecb253a1-8590-4f9d-8d5f-0ce0a80549fb None None] Performing DB retry for function neutron.plugins.ml2.plugin.Ml2Plugin.update_port_statuses {{(pid=109996) wrapper /usr/local/lib/python3.8/dist-packages/oslo_db/api.py:155}}
Mar 08 18:50:02.342070 dv-cinder-830087-3-iscsi neutron-server[109996]: DEBUG neutron.db.provisioning_blocks [None req-457c49f9-6dcb-461e-b7b9-bb1a9f1ce39b None None] Provisioning complete for port 03afd825-cb04-433b-afa2-32b2f36a7e7c triggered by entity DHCP. {{(pid=109996) provisioning_complete /opt/stack/neutron/neutron/db/provisioning_blocks.py:140}}
Mar 08 18:50:02.342658 dv-cinder-830087-3-iscsi neutron-server[109996]: DEBUG neutron_lib.callbacks.manager [None req-457c49f9-6dcb-461e-b7b9-bb1a9f1ce39b None None] Publish callbacks ['neutron.plugins.ml2.plugin.Ml2Plugin._port_provisioned-734949'] for port (03afd825-cb04-433b-afa2-32b2f36a7e7c), provisioning_complete {{(pid=109996) _notify_loop /usr/local/lib/python3.8/dist-packages/neutron_lib/callbacks/manager.py:176}}
Mar 08 18:50:02.608834 dv-cinder-830087-3-iscsi neutron-server[109996]: DEBUG neutron.plugins.ml2.plugin [None req-457c49f9-6dcb-461e-b7b9-bb1a9f1ce39b None None] Current status of the port 03afd825-cb04-433b-afa2-32b2f36a7e7c is: ACTIVE; New status is: ACTIVE {{(pid=109996) _update_individual_port_db_status /opt/stack/neutron/neutron/plugins/ml2/plugin.py:2232}}
Mar 08 18:50:02.874612 dv-cinder-830087-3-iscsi neutron-server[109994]: INFO neutron.wsgi [req-de6b7631-5485-41d9-a643-6337cdfe4e78 req-5d419e21-b95f-44e6-9a03-149a2533a64c tempest-VolumesActionsTest-1520378595 tempest-VolumesActionsTest-1520378595-project] 10.222.0.57 "GET /v2.0/ports?device_id=c1944846-90c6-46f6-9c90-d5ed404b7394 HTTP/1.1" status: 200 len: 210 time: 0.1971695
Mar 08 18:50:02.878230 dv-cinder-830087-3-iscsi neutron-server[109996]: DEBUG neutron.plugins.ml2.plugin [None req-ecb253a1-8590-4f9d-8d5f-0ce0a80549fb None None] Current status of the port 03afd825-cb04-433b-afa2-32b2f36a7e7c is: ACTIVE; New status is: ACTIVE {{(pid=109996) _update_individual_port_db_status /opt/stack/neutron/neutron/plugins/ml2/plugin.py:2232}}
Mar 08 18:50:03.069801 dv-cinder-830087-3-iscsi neutron-server[109994]: DEBUG neutron.pecan_wsgi.hooks.policy_enforcement [req-06c2fe58-1bfa-47e0-a9b0-b6dc601f0779 req-68b14c30-189e-41b4-bc09-94049e4c6f7a tempest-ServerRescueNegativeTestJSON-1224760857 tempest-ServerRescueNegativeTestJSON-1224760857-project] Attributes excluded by policy engine: ['standard_attr_id', 'binding:profile', 'binding:host_id', 'binding:vif_type', 'binding:vif_details'] {{(pid=109994) _exclude_attributes_by_policy /opt/stack/neutron/neutron/pecan_wsgi/hooks/policy_enforcement.py:255}}
Mar 08 18:50:03.073338 dv-cinder-830087-3-iscsi neutron-server[109994]: INFO neutron.wsgi [req-06c2fe58-1bfa-47e0-a9b0-b6dc601f0779 req-68b14c30-189e-41b4-bc09-94049e4c6f7a tempest-ServerRescueNegativeTestJSON-1224760857 tempest-ServerRescueNegativeTestJSON-1224760857-project] 10.222.0.57 "GET /v2.0/ports?device_id=6589e7b4-d610-41ea-9da0-b05f34664170 HTTP/1.1" status: 200 len: 945 time: 0.4022017
Mar 08 18:50:03.084765 dv-cinder-830087-3-iscsi neutron-server[109994]: DEBUG neutron_lib.callbacks.manager [req-5eb49b2a-ca1d-4d8c-a82d-994ce250714a req-c4f76bf6-c7bc-433f-a77c-b3685a662a69 tempest-VolumesActionsTest-1520378595 tempest-VolumesActionsTest-1520378595-project] Publish callbacks [] for port (fe7e9853-4143-42e9-8055-c48432c2ba5f), precommit_create {{(pid=109994) _notify_loop /usr/local/lib/python3.8/dist-packages/neutron_lib/callbacks/manager.py:176}}
Mar 08 18:50:03.115155 dv-cinder-830087-3-iscsi neutron-server[109994]: DEBUG neutron.api.rpc.agentnotifiers.l3_rpc_agent_api [None req-c2356b3e-c1a8-4fca-9eff-4a0994f66345 admin admin] Notify agent at l3_agent.dv-cinder-830087-3-iscsi the message routers_updated {{(pid=109994) _agent_notification /opt/stack/neutron/neutron/api/rpc/agentnotifiers/l3_rpc_agent_api.py:65}}
Mar 08 18:50:03.133852 dv-cinder-830087-3-iscsi neutron-server[109997]: DEBUG neutron.api.rpc.handlers.l3_rpc [None req-f208ff43-7959-43c6-8019-14486b40e81a None None] Sync routers for ids ['7de36b9a-8f24-4d1d-86cf-e07240fd246f'] in dv-cinder-830087-3-iscsi {{(pid=109997) sync_routers /opt/stack/neutron/neutron/api/rpc/handlers/l3_rpc.py:125}}
Mar 08 18:50:03.173607 dv-cinder-830087-3-iscsi neutron-server[109997]: DEBUG neutron.db.l3_dvrscheduler_db [None req-f208ff43-7959-43c6-8019-14486b40e81a None None] Routers {'7de36b9a-8f24-4d1d-86cf-e07240fd246f'} bound to L3 agent in host dv-cinder-830087-3-iscsi {{(pid=109997) _get_router_ids_for_agent /opt/stack/neutron/neutron/db/l3_dvrscheduler_db.py:421}}
Mar 08 18:50:03.174513 dv-cinder-830087-3-iscsi neutron-server[109997]: DEBUG neutron.db.l3_hamode_db [None req-f208ff43-7959-43c6-8019-14486b40e81a None None] neutron.services.l3_router.l3_router_plugin.L3RouterPlugin method get_ha_sync_data_for_host called with arguments (, 'dv-cinder-830087-3-iscsi', Agent(admin_state_up=True,agent_type='L3 agent',availability_zone='nova',binary='neutron-l3-agent',configurations={"agent_mode": "legacy", "ex_gw_ports": 3, "extensions": [], "floating_ips": 1, "handle_internal_only_routers": true, "interface_driver": "openvswitch", "interfaces": 3, "log_agent_heartbeats": false, "routers": 3},created_at=2022-03-08T18:39:53Z,description=,heartbeat_timestamp=2022-03-08T18:49:53Z,host='dv-cinder-830087-3-iscsi',id=286013e0-87a1-4d26-bb1a-0fb830aa6057,load=0,resource_versions=,resources_synced=,started_at=2022-03-08T18:39:53Z,topic='l3_agent')) {'router_ids': ['7de36b9a-8f24-4d1d-86cf-e07240fd246f'], 'active': True} {{(pid=109997) wrapper /usr/local/lib/python3.8/dist-packages/oslo_log/helpers.py:65}}
Mar 08 18:50:03.214893 dv-cinder-830087-3-iscsi neutron-server[109994]: DEBUG neutron_lib.callbacks.manager [None req-c2356b3e-c1a8-4fca-9eff-4a0994f66345 admin admin] Publish callbacks [] for router (None), before_response {{(pid=109994) _notify_loop /usr/local/lib/python3.8/dist-packages/neutron_lib/callbacks/manager.py:176}}
Mar 08 18:50:03.222026 dv-cinder-830087-3-iscsi neutron-server[109994]: INFO neutron.wsgi [None req-c2356b3e-c1a8-4fca-9eff-4a0994f66345 admin admin] 10.222.0.57 "POST /v2.0/routers HTTP/1.1" status: 201 len: 927 time: 5.0435369
Mar 08 18:50:03.222345 dv-cinder-830087-3-iscsi neutron-server[109995]: DEBUG neutron.wsgi [-] (109995) accepted ('10.222.0.57', 46756) {{(pid=109995) server /usr/local/lib/python3.8/dist-packages/eventlet/wsgi.py:1004}}
Mar 08 18:50:03.251769 dv-cinder-830087-3-iscsi neutron-server[109994]: DEBUG neutron_lib.callbacks.manager [req-5eb49b2a-ca1d-4d8c-a82d-994ce250714a req-c4f76bf6-c7bc-433f-a77c-b3685a662a69 tempest-VolumesActionsTest-1520378595 tempest-VolumesActionsTest-1520378595-project] Publish callbacks ['neutron.plugins.ml2.plugin.SecurityGroupServerNotifierRpcMixin._notify_sg_on_port_change-597405', 'neutron.plugins.ml2.ovo_rpc._ObjectChangeHandler.handle_event-393347', 'neutron.api.rpc.agentnotifiers.dhcp_rpc_agent_api.DhcpAgentNotifyAPI._native_event_send_dhcp_notification-1612544', 'neutron.db.l3_dvrscheduler_db._notify_l3_agent_new_port-8759655916225'] for port (fe7e9853-4143-42e9-8055-c48432c2ba5f), after_create {{(pid=109994) _notify_loop /usr/local/lib/python3.8/dist-packages/neutron_lib/callbacks/manager.py:176}}
Mar 08 18:50:03.260073 dv-cinder-830087-3-iscsi neutron-server[109994]: INFO neutron.wsgi [req-06c2fe58-1bfa-47e0-a9b0-b6dc601f0779 req-c56e620f-75b7-4f1e-8997-15912fed5490 tempest-ServerRescueNegativeTestJSON-1224760857 tempest-ServerRescueNegativeTestJSON-1224760857-project] 10.222.0.57 "GET /v2.0/security-groups?id=837ccd61-02ed-41f4-9e2f-a8f191272e51&fields=id&fields=name HTTP/1.1" status: 200 len: 286 time: 0.1720016
Mar 08 18:50:03.300883 dv-cinder-830087-3-iscsi neutron-server[109996]: DEBUG neutron.plugins.ml2.rpc [None req-ecb253a1-8590-4f9d-8d5f-0ce0a80549fb None None] Device 03afd825-cb04-433b-afa2-32b2f36a7e7c up at agent ovs-agent-dv-cinder-830087-3-iscsi {{(pid=109996) update_device_up /opt/stack/neutron/neutron/plugins/ml2/rpc.py:296}}
Mar 08 18:50:03.390398 dv-cinder-830087-3-iscsi neutron-server[109994]: DEBUG neutron.scheduler.dhcp_agent_scheduler [req-5eb49b2a-ca1d-4d8c-a82d-994ce250714a req-c4f76bf6-c7bc-433f-a77c-b3685a662a69 tempest-VolumesActionsTest-1520378595 tempest-VolumesActionsTest-1520378595-project] Network 08fd933c-7e43-4c8a-8441-5b6aec98c6cf is already hosted by enough agents. {{(pid=109994) _get_dhcp_agents_hosting_network /opt/stack/neutron/neutron/scheduler/dhcp_agent_scheduler.py:275}}
Mar 08 18:50:03.401042 dv-cinder-830087-3-iscsi neutron-server[109994]: DEBUG neutron.scheduler.base_scheduler [req-5eb49b2a-ca1d-4d8c-a82d-994ce250714a req-c4f76bf6-c7bc-433f-a77c-b3685a662a69 tempest-VolumesActionsTest-1520378595 tempest-VolumesActionsTest-1520378595-project] Resources bound (agent type, host, resource id): {{(pid=109994) schedule /opt/stack/neutron/neutron/scheduler/base_scheduler.py:57}}
Mar 08 18:50:03.410560 dv-cinder-830087-3-iscsi neutron-server[109994]: DEBUG neutron.db.l3_dvrscheduler_db [req-5eb49b2a-ca1d-4d8c-a82d-994ce250714a req-c4f76bf6-c7bc-433f-a77c-b3685a662a69 tempest-VolumesActionsTest-1520378595 tempest-VolumesActionsTest-1520378595-project] Received port after_create {{(pid=109994) _notify_l3_agent_new_port /opt/stack/neutron/neutron/db/l3_dvrscheduler_db.py:536}}
Mar 08 18:50:03.422883 dv-cinder-830087-3-iscsi neutron-server[109994]: DEBUG neutron.pecan_wsgi.hooks.policy_enforcement [req-5eb49b2a-ca1d-4d8c-a82d-994ce250714a req-c4f76bf6-c7bc-433f-a77c-b3685a662a69 tempest-VolumesActionsTest-1520378595 tempest-VolumesActionsTest-1520378595-project] Attributes excluded by policy engine: ['standard_attr_id', 'binding:profile', 'binding:host_id', 'binding:vif_type', 'binding:vif_details', 'network'] {{(pid=109994) _exclude_attributes_by_policy /opt/stack/neutron/neutron/pecan_wsgi/hooks/policy_enforcement.py:255}}
Mar 08 18:50:03.424416 dv-cinder-830087-3-iscsi neutron-server[109994]: DEBUG neutron_lib.callbacks.manager [req-5eb49b2a-ca1d-4d8c-a82d-994ce250714a req-c4f76bf6-c7bc-433f-a77c-b3685a662a69 tempest-VolumesActionsTest-1520378595 tempest-VolumesActionsTest-1520378595-project] Publish callbacks ['neutron.notifiers.nova.Notifier._send_nova_notification-100520'] for port (None), before_response {{(pid=109994) _notify_loop /usr/local/lib/python3.8/dist-packages/neutron_lib/callbacks/manager.py:176}}
Mar 08 18:50:03.431454 dv-cinder-830087-3-iscsi neutron-server[109994]: DEBUG neutron.api.rpc.handlers.resources_rpc [None req-c4f76bf6-c7bc-433f-a77c-b3685a662a69 tempest-VolumesActionsTest-1520378595 tempest-VolumesActionsTest-1520378595-project] Pushing event updated for resources: {'Port': ['ID=fe7e9853-4143-42e9-8055-c48432c2ba5f,revision_number=1']} {{(pid=109994) push /opt/stack/neutron/neutron/api/rpc/handlers/resources_rpc.py:237}}
Mar 08 18:50:03.463496 dv-cinder-830087-3-iscsi neutron-server[109994]: INFO neutron.wsgi [req-5eb49b2a-ca1d-4d8c-a82d-994ce250714a req-c4f76bf6-c7bc-433f-a77c-b3685a662a69 tempest-VolumesActionsTest-1520378595 tempest-VolumesActionsTest-1520378595-project] 10.222.0.18 "POST /v2.0/ports HTTP/1.1" status: 201 len: 934 time: 2.4243598
Mar 08 18:50:03.487085 dv-cinder-830087-3-iscsi neutron-server[109994]: DEBUG neutron.api.v2.base [req-5eb49b2a-ca1d-4d8c-a82d-994ce250714a req-707fc230-78d6-4035-b002-c9c3e8eb6dad service neutron] Request body: {'port': {'device_id': 'c1944846-90c6-46f6-9c90-d5ed404b7394', 'device_owner': 'compute:nova', 'binding:host_id': 'hv-cinder-83008'}} {{(pid=109994) prepare_request_body /opt/stack/neutron/neutron/api/v2/base.py:729}}
Mar 08 18:50:03.506245 dv-cinder-830087-3-iscsi neutron-server[109996]: DEBUG neutron.db.provisioning_blocks [None req-ecb253a1-8590-4f9d-8d5f-0ce0a80549fb None None] Provisioning complete for port 03afd825-cb04-433b-afa2-32b2f36a7e7c triggered by entity L2. {{(pid=109996) provisioning_complete /opt/stack/neutron/neutron/db/provisioning_blocks.py:140}}
Mar 08 18:50:03.506629 dv-cinder-830087-3-iscsi neutron-server[109996]: DEBUG neutron_lib.callbacks.manager [None req-ecb253a1-8590-4f9d-8d5f-0ce0a80549fb None None] Publish callbacks ['neutron.plugins.ml2.plugin.Ml2Plugin._port_provisioned-734949'] for port (03afd825-cb04-433b-afa2-32b2f36a7e7c), provisioning_complete {{(pid=109996) _notify_loop /usr/local/lib/python3.8/dist-packages/neutron_lib/callbacks/manager.py:176}}
Mar 08 18:50:03.557988 dv-cinder-830087-3-iscsi neutron-server[109997]: DEBUG neutron.db.l3_dvr_db [None req-f208ff43-7959-43c6-8019-14486b40e81a None None] Set router 7de36b9a-8f24-4d1d-86cf-e07240fd246f gateway port host: dv-cinder-830087-3-iscsi {{(pid=109997) _build_routers_list /opt/stack/neutron/neutron/db/l3_dvr_db.py:906}}
Mar 08 18:50:03.644310 dv-cinder-830087-3-iscsi neutron-server[109994]: DEBUG neutron_lib.callbacks.manager [req-5eb49b2a-ca1d-4d8c-a82d-994ce250714a req-707fc230-78d6-4035-b002-c9c3e8eb6dad service neutron] Publish callbacks ['neutron.plugins.ml2.plugin.SecurityGroupDbMixin._ensure_default_security_group_handler-597458'] for port (fe7e9853-4143-42e9-8055-c48432c2ba5f), before_update {{(pid=109994) _notify_loop /usr/local/lib/python3.8/dist-packages/neutron_lib/callbacks/manager.py:176}}
Mar 08 18:50:03.739312 dv-cinder-830087-3-iscsi neutron-server[109996]: DEBUG neutron.plugins.ml2.plugin [None req-ecb253a1-8590-4f9d-8d5f-0ce0a80549fb None None] Current status of the port 03afd825-cb04-433b-afa2-32b2f36a7e7c is: ACTIVE; New status is: ACTIVE {{(pid=109996) _update_individual_port_db_status /opt/stack/neutron/neutron/plugins/ml2/plugin.py:2232}}
Mar 08 18:50:04.213331 dv-cinder-830087-3-iscsi neutron-server[109997]: DEBUG neutron.db.l3_hamode_db [None req-f208ff43-7959-43c6-8019-14486b40e81a None None] neutron.services.l3_router.l3_router_plugin.L3RouterPlugin method _process_sync_ha_data called with arguments (, [{'id': '7de36b9a-8f24-4d1d-86cf-e07240fd246f', 'name': 'tempest-AttachVolumeNegativeTest-1397737071-router', 'tenant_id': 'a2842e75a27f49cc909b61dc227062d3', 'admin_state_up': True, 'status': 'ACTIVE', 'external_gateway_info': {'network_id': '0fe919cd-3031-42bd-9a39-c710cf5996c1', 'external_fixed_ips': [{'subnet_id': 'dce4cadb-ac09-4f76-9de1-8347a99cda85', 'ip_address': '172.27.1.246'}], 'enable_snat': True}, 'gw_port_id': '472450a1-36be-41b1-9249-49776fa2df02', 'description': '', 'availability_zones': ['nova'], 'distributed': False, 'ha': False, 'ha_vr_id': 0, 'availability_zone_hints': [], 'routes': [], 'flavor_id': None, 'tags': [], 'created_at': '2022-03-08T18:49:58Z', 'updated_at': '2022-03-08T18:50:00Z', 'revision_number': 3, 'project_id': 'a2842e75a27f49cc909b61dc227062d3', 'gw_port': {'id': '472450a1-36be-41b1-9249-49776fa2df02', 'name': '', 'network_id': '0fe919cd-3031-42bd-9a39-c710cf5996c1', 'tenant_id': '', 'mac_address': 'fa:16:3e:f6:a3:cb', 'admin_state_up': True, 'status': 'DOWN', 'device_id': '7de36b9a-8f24-4d1d-86cf-e07240fd246f', 'device_owner': 'network:router_gateway', 'standard_attr_id': 312, 'fixed_ips': [{'subnet_id': 'dce4cadb-ac09-4f76-9de1-8347a99cda85', 'ip_address': '172.27.1.246', 'prefixlen': 24}], 'allowed_address_pairs': [], 'extra_dhcp_opts': [], 'security_groups': [], 'description': '', 'binding:vnic_type': 'normal', 'binding:profile': {}, 'binding:host_id': '', 'binding:vif_type': 'unbound', 'binding:vif_details': {}, 'port_security_enabled': False, 'tags': [], 'created_at': '2022-03-08T18:49:59Z', 'updated_at': '2022-03-08T18:49:59Z', 'revision_number': 1, 'project_id': '', 'subnets': [{'id': 'dce4cadb-ac09-4f76-9de1-8347a99cda85', 'cidr': '172.27.1.0/24', 'gateway_ip': '172.27.1.1', 'dns_nameservers': [], 'ipv6_ra_mode': None, 'subnetpool_id': None}], 'extra_subnets': [], 'address_scopes': {4: None, 6: None}, 'mtu': 1500}, 'enable_snat': True, 'gw_port_host': 'dv-cinder-830087-3-iscsi'}], 'dv-cinder-830087-3-iscsi', False) {} {{(pid=109997) wrapper /usr/local/lib/python3.8/dist-packages/oslo_log/helpers.py:65}}
Mar 08 18:50:04.248046 dv-cinder-830087-3-iscsi neutron-server[109997]: DEBUG neutron.api.rpc.handlers.l3_rpc [None req-f208ff43-7959-43c6-8019-14486b40e81a None None] Checking router: 7de36b9a-8f24-4d1d-86cf-e07240fd246f for host: dv-cinder-830087-3-iscsi {{(pid=109997) _ensure_host_set_on_ports /opt/stack/neutron/neutron/api/rpc/handlers/l3_rpc.py:155}}
Mar 08 18:50:04.248635 dv-cinder-830087-3-iscsi neutron-server[109997]: DEBUG neutron.api.rpc.handlers.l3_rpc [None req-f208ff43-7959-43c6-8019-14486b40e81a None None] Updating router 7de36b9a-8f24-4d1d-86cf-e07240fd246f port 472450a1-36be-41b1-9249-49776fa2df02 binding host dv-cinder-830087-3-iscsi {{(pid=109997) _ensure_host_set_on_port /opt/stack/neutron/neutron/api/rpc/handlers/l3_rpc.py:205}}
Mar 08 18:50:04.272098 dv-cinder-830087-3-iscsi neutron-server[109994]: DEBUG neutron.pecan_wsgi.hooks.policy_enforcement [req-438aadbe-d183-45a8-8b4a-e95776c39ba0 req-3d36f8d9-dc82-4b68-9826-eecb912c4200 tempest-VolumesActionsTest-1520378595 tempest-VolumesActionsTest-1520378595-project] Attributes excluded by policy engine: ['standard_attr_id', 'binding:profile', 'binding:host_id', 'binding:vif_type', 'binding:vif_details'] {{(pid=109994) _exclude_attributes_by_policy /opt/stack/neutron/neutron/pecan_wsgi/hooks/policy_enforcement.py:255}}
Mar 08 18:50:04.280004 dv-cinder-830087-3-iscsi neutron-server[109994]: INFO neutron.wsgi [req-438aadbe-d183-45a8-8b4a-e95776c39ba0 req-3d36f8d9-dc82-4b68-9826-eecb912c4200 tempest-VolumesActionsTest-1520378595 tempest-VolumesActionsTest-1520378595-project] 10.222.0.57 "GET /v2.0/ports?device_id=c1944846-90c6-46f6-9c90-d5ed404b7394 HTTP/1.1" status: 200 len: 932 time: 0.2668746
Mar 08 18:50:04.329623 dv-cinder-830087-3-iscsi neutron-server[109997]: DEBUG neutron_lib.callbacks.manager [None req-f208ff43-7959-43c6-8019-14486b40e81a None None] Publish callbacks ['neutron.plugins.ml2.plugin.SecurityGroupDbMixin._ensure_default_security_group_handler-597458'] for port (472450a1-36be-41b1-9249-49776fa2df02), before_update {{(pid=109997) _notify_loop /usr/local/lib/python3.8/dist-packages/neutron_lib/callbacks/manager.py:176}}
Mar 08 18:50:04.352541 dv-cinder-830087-3-iscsi neutron-server[109994]: INFO neutron.wsgi [req-438aadbe-d183-45a8-8b4a-e95776c39ba0 req-7587a452-b069-4e40-9181-9d38be32f7df tempest-VolumesActionsTest-1520378595 tempest-VolumesActionsTest-1520378595-project] 10.222.0.57 "GET /v2.0/security-groups?id=6100b540-47d2-417b-b7fb-02f4aff3f05c&fields=id&fields=name HTTP/1.1" status: 200 len: 286 time: 0.0662510
Mar 08 18:50:04.534129 dv-cinder-830087-3-iscsi neutron-server[109994]: DEBUG neutron.notifiers.nova [req-5eb49b2a-ca1d-4d8c-a82d-994ce250714a req-707fc230-78d6-4035-b002-c9c3e8eb6dad service neutron] Ignoring state change previous_port_status: DOWN current_port_status: DOWN port_id fe7e9853-4143-42e9-8055-c48432c2ba5f {{(pid=109994) record_port_status_changed /opt/stack/neutron/neutron/notifiers/nova.py:233}}
Mar 08 18:50:04.562140 dv-cinder-830087-3-iscsi neutron-server[109994]: DEBUG neutron_lib.callbacks.manager [req-5eb49b2a-ca1d-4d8c-a82d-994ce250714a req-707fc230-78d6-4035-b002-c9c3e8eb6dad service neutron] Publish callbacks [] for port (fe7e9853-4143-42e9-8055-c48432c2ba5f), precommit_update {{(pid=109994) _notify_loop /usr/local/lib/python3.8/dist-packages/neutron_lib/callbacks/manager.py:176}}
Mar 08 18:50:04.589162 dv-cinder-830087-3-iscsi neutron-server[109995]: DEBUG neutron_lib.callbacks.manager [None req-2a1b4828-5e9f-416e-bd16-d5b8bb7bc944 admin admin] Publish callbacks ['neutron.plugins.ml2.plugin.SecurityGroupDbMixin._ensure_default_security_group_handler-597458'] for port (None), before_create {{(pid=109995) _notify_loop /usr/local/lib/python3.8/dist-packages/neutron_lib/callbacks/manager.py:176}}
Mar 08 18:50:04.649673 dv-cinder-830087-3-iscsi neutron-server[109994]: DEBUG neutron.db.provisioning_blocks [req-5eb49b2a-ca1d-4d8c-a82d-994ce250714a req-707fc230-78d6-4035-b002-c9c3e8eb6dad service neutron] Transition to ACTIVE for port object fe7e9853-4143-42e9-8055-c48432c2ba5f will not be triggered until provisioned by entity L2. {{(pid=109994) add_provisioning_component /opt/stack/neutron/neutron/db/provisioning_blocks.py:74}}
Mar 08 18:50:04.685234 dv-cinder-830087-3-iscsi neutron-server[109994]: DEBUG neutron.pecan_wsgi.hooks.policy_enforcement [req-cf0d8dde-97a2-4fd6-93e3-74dff2595d29 req-25c94841-3d88-4d4c-b1ab-7225e3434abf tempest-ServerRescueNegativeTestJSON-1224760857 tempest-ServerRescueNegativeTestJSON-1224760857-project] Attributes excluded by policy engine: ['standard_attr_id', 'binding:profile', 'binding:host_id', 'binding:vif_type', 'binding:vif_details'] {{(pid=109994) _exclude_attributes_by_policy /opt/stack/neutron/neutron/pecan_wsgi/hooks/policy_enforcement.py:255}}
Mar 08 18:50:04.688269 dv-cinder-830087-3-iscsi neutron-server[109994]: INFO neutron.wsgi [req-cf0d8dde-97a2-4fd6-93e3-74dff2595d29 req-25c94841-3d88-4d4c-b1ab-7225e3434abf tempest-ServerRescueNegativeTestJSON-1224760857 tempest-ServerRescueNegativeTestJSON-1224760857-project] 10.222.0.57 "GET /v2.0/ports?device_id=6589e7b4-d610-41ea-9da0-b05f34664170 HTTP/1.1" status: 200 len: 945 time: 0.2726774
Mar 08 18:50:04.690198 dv-cinder-830087-3-iscsi neutron-server[109994]: DEBUG neutron_lib.callbacks.manager [req-5eb49b2a-ca1d-4d8c-a82d-994ce250714a req-707fc230-78d6-4035-b002-c9c3e8eb6dad service neutron] Publish callbacks ['neutron.plugins.ml2.plugin.SecurityGroupServerNotifierRpcMixin._notify_sg_on_port_change-597405', 'neutron.plugins.ml2.ovo_rpc._ObjectChangeHandler.handle_event-393347', 'neutron.api.rpc.agentnotifiers.dhcp_rpc_agent_api.DhcpAgentNotifyAPI._native_event_send_dhcp_notification-1612544', 'neutron.db.l3_db.L3RpcNotifierMixin._notify_gateway_port_ip_changed-8759656453560', 'neutron.db.l3_dvrscheduler_db._notify_l3_agent_port_update-8759655916243', 'neutron.db.l3_hascheduler_db._notify_l3_agent_ha_port_update-8759655916261'] for port (fe7e9853-4143-42e9-8055-c48432c2ba5f), after_update {{(pid=109994) _notify_loop /usr/local/lib/python3.8/dist-packages/neutron_lib/callbacks/manager.py:176}}
Mar 08 18:50:04.916562 dv-cinder-830087-3-iscsi neutron-server[109994]: INFO neutron.wsgi [req-cf0d8dde-97a2-4fd6-93e3-74dff2595d29 req-222dc382-585f-428f-a46b-0b8110786412 tempest-ServerRescueNegativeTestJSON-1224760857 tempest-ServerRescueNegativeTestJSON-1224760857-project] 10.222.0.57 "GET /v2.0/security-groups?id=837ccd61-02ed-41f4-9e2f-a8f191272e51&fields=id&fields=name HTTP/1.1" status: 200 len: 286 time: 0.1156917
Mar 08 18:50:04.981950 dv-cinder-830087-3-iscsi neutron-server[109997]: DEBUG neutron_lib.callbacks.manager [None req-f208ff43-7959-43c6-8019-14486b40e81a None None] Publish callbacks [] for port (472450a1-36be-41b1-9249-49776fa2df02), precommit_update {{(pid=109997) _notify_loop /usr/local/lib/python3.8/dist-packages/neutron_lib/callbacks/manager.py:176}}
Mar 08 18:50:04.990422 dv-cinder-830087-3-iscsi neutron-server[109994]: DEBUG neutron.api.rpc.handlers.resources_rpc [None req-707fc230-78d6-4035-b002-c9c3e8eb6dad service neutron] Pushing event updated for resources: {'Port': ['ID=fe7e9853-4143-42e9-8055-c48432c2ba5f,revision_number=2']} {{(pid=109994) push /opt/stack/neutron/neutron/api/rpc/handlers/resources_rpc.py:237}}
Mar 08 18:50:04.993135 dv-cinder-830087-3-iscsi neutron-server[109997]: DEBUG neutron_lib.callbacks.manager [None req-f208ff43-7959-43c6-8019-14486b40e81a None None] Publish callbacks ['neutron.plugins.ml2.plugin.SecurityGroupServerNotifierRpcMixin._notify_sg_on_port_change-597405', 'neutron.plugins.ml2.ovo_rpc._ObjectChangeHandler.handle_event-393347', 'neutron.api.rpc.agentnotifiers.dhcp_rpc_agent_api.DhcpAgentNotifyAPI._native_event_send_dhcp_notification-1612544', 'neutron.db.l3_db.L3RpcNotifierMixin._notify_gateway_port_ip_changed-8759656453560', 'neutron.db.l3_dvrscheduler_db._notify_l3_agent_port_update-8759655916243', 'neutron.db.l3_hascheduler_db._notify_l3_agent_ha_port_update-8759655916261'] for port (472450a1-36be-41b1-9249-49776fa2df02), after_update {{(pid=109997) _notify_loop /usr/local/lib/python3.8/dist-packages/neutron_lib/callbacks/manager.py:176}}
Mar 08 18:50:05.212815 dv-cinder-830087-3-iscsi neutron-server[109994]: DEBUG neutron.plugins.ml2.managers [req-5eb49b2a-ca1d-4d8c-a82d-994ce250714a req-707fc230-78d6-4035-b002-c9c3e8eb6dad service neutron] Attempting to bind port fe7e9853-4143-42e9-8055-c48432c2ba5f on host hv-cinder-83008 for vnic_type normal with profile {{(pid=109994) bind_port /opt/stack/neutron/neutron/plugins/ml2/managers.py:795}}
Mar 08 18:50:05.216591 dv-cinder-830087-3-iscsi neutron-server[109994]: DEBUG neutron.plugins.ml2.managers [req-5eb49b2a-ca1d-4d8c-a82d-994ce250714a req-707fc230-78d6-4035-b002-c9c3e8eb6dad service neutron] Attempting to bind port fe7e9853-4143-42e9-8055-c48432c2ba5f by drivers openvswitch,hyperv on host hv-cinder-83008 at level 0 using segments [{'id': 'a002620c-3074-4735-8784-b9c84898fa42', 'network_type': 'vlan', 'physical_network': 'physnet1', 'segmentation_id': 749, 'network_id': '08fd933c-7e43-4c8a-8441-5b6aec98c6cf'}] {{(pid=109994) _bind_port_level /opt/stack/neutron/neutron/plugins/ml2/managers.py:820}}
Mar 08 18:50:05.218113 dv-cinder-830087-3-iscsi neutron-server[109994]: DEBUG neutron.plugins.ml2.drivers.mech_agent [req-5eb49b2a-ca1d-4d8c-a82d-994ce250714a req-707fc230-78d6-4035-b002-c9c3e8eb6dad service neutron] Attempting to bind port fe7e9853-4143-42e9-8055-c48432c2ba5f on network 08fd933c-7e43-4c8a-8441-5b6aec98c6cf {{(pid=109994) bind_port /opt/stack/neutron/neutron/plugins/ml2/drivers/mech_agent.py:91}}
Mar 08 18:50:05.241774 dv-cinder-830087-3-iscsi neutron-server[109994]: DEBUG neutron.plugins.ml2.drivers.mech_agent [req-5eb49b2a-ca1d-4d8c-a82d-994ce250714a req-707fc230-78d6-4035-b002-c9c3e8eb6dad service neutron] Port fe7e9853-4143-42e9-8055-c48432c2ba5f on network 08fd933c-7e43-4c8a-8441-5b6aec98c6cf not bound, no agent of type Open vSwitch agent registered on host hv-cinder-83008 {{(pid=109994) bind_port /opt/stack/neutron/neutron/plugins/ml2/drivers/mech_agent.py:103}}
Mar 08 18:50:05.245868 dv-cinder-830087-3-iscsi neutron-server[109997]: DEBUG neutron.plugins.ml2.managers [None req-f208ff43-7959-43c6-8019-14486b40e81a None None] Attempting to bind port 472450a1-36be-41b1-9249-49776fa2df02 on host dv-cinder-830087-3-iscsi for vnic_type normal with profile {{(pid=109997) bind_port /opt/stack/neutron/neutron/plugins/ml2/managers.py:795}}
Mar 08 18:50:05.246460 dv-cinder-830087-3-iscsi neutron-server[109997]: DEBUG neutron.plugins.ml2.managers [None req-f208ff43-7959-43c6-8019-14486b40e81a None None] Attempting to bind port 472450a1-36be-41b1-9249-49776fa2df02 by drivers openvswitch,hyperv on host dv-cinder-830087-3-iscsi at level 0 using segments [{'id': '57c7ca8f-e17a-4e88-b45e-ca21cde65f5e', 'network_type': 'flat', 'physical_network': 'physnet1', 'segmentation_id': None, 'network_id': '0fe919cd-3031-42bd-9a39-c710cf5996c1'}] {{(pid=109997) _bind_port_level /opt/stack/neutron/neutron/plugins/ml2/managers.py:820}}
Mar 08 18:50:05.246953 dv-cinder-830087-3-iscsi neutron-server[109997]: DEBUG neutron.plugins.ml2.drivers.mech_agent [None req-f208ff43-7959-43c6-8019-14486b40e81a None None] Attempting to bind port 472450a1-36be-41b1-9249-49776fa2df02 on network 0fe919cd-3031-42bd-9a39-c710cf5996c1 {{(pid=109997) bind_port /opt/stack/neutron/neutron/plugins/ml2/drivers/mech_agent.py:91}}
Mar 08 18:50:05.249415 dv-cinder-830087-3-iscsi neutron-server[109994]: DEBUG neutron.plugins.ml2.drivers.mech_agent [req-5eb49b2a-ca1d-4d8c-a82d-994ce250714a req-707fc230-78d6-4035-b002-c9c3e8eb6dad service neutron] Attempting to bind port fe7e9853-4143-42e9-8055-c48432c2ba5f on network 08fd933c-7e43-4c8a-8441-5b6aec98c6cf {{(pid=109994) bind_port /opt/stack/neutron/neutron/plugins/ml2/drivers/mech_agent.py:91}}
Mar 08 18:50:05.275616 dv-cinder-830087-3-iscsi neutron-server[109994]: DEBUG neutron.plugins.ml2.drivers.mech_agent [req-5eb49b2a-ca1d-4d8c-a82d-994ce250714a req-707fc230-78d6-4035-b002-c9c3e8eb6dad service neutron] Checking agent: {'id': '1fc22538-2d27-467c-836b-1433e35b5ced', 'agent_type': 'HyperV agent', 'binary': 'neutron-hyperv-agent', 'topic': 'N/A', 'host': 'hv-cinder-83008', 'admin_state_up': True, 'created_at': datetime.datetime(2022, 3, 8, 18, 46, 28), 'started_at': datetime.datetime(2022, 3, 8, 18, 46, 28), 'heartbeat_timestamp': datetime.datetime(2022, 3, 8, 18, 49, 58), 'description': None, 'resources_synced': None, 'availability_zone': None, 'alive': True, 'configurations': {'vswitch_mappings': {'physnet1$': 'br-data'}}, 'resource_versions': {}} {{(pid=109994) bind_port /opt/stack/neutron/neutron/plugins/ml2/drivers/mech_agent.py:110}}
Mar 08 18:50:05.277733 dv-cinder-830087-3-iscsi neutron-server[109994]: DEBUG neutron.plugins.ml2.drivers.mech_agent [req-5eb49b2a-ca1d-4d8c-a82d-994ce250714a req-707fc230-78d6-4035-b002-c9c3e8eb6dad service neutron] Checking segment: {'id': 'a002620c-3074-4735-8784-b9c84898fa42', 'network_type': 'vlan', 'physical_network': 'physnet1', 'segmentation_id': 749, 'network_id': '08fd933c-7e43-4c8a-8441-5b6aec98c6cf'} for mappings: {'physnet1$': 'br-data'} with network types: ['local', 'flat', 'vlan'] {{(pid=109994) check_segment_for_agent /opt/stack/neutron/neutron/plugins/ml2/drivers/mech_agent.py:373}}
Mar 08 18:50:05.282230 dv-cinder-830087-3-iscsi neutron-server[109994]: DEBUG neutron.plugins.ml2.drivers.mech_agent [req-5eb49b2a-ca1d-4d8c-a82d-994ce250714a req-707fc230-78d6-4035-b002-c9c3e8eb6dad service neutron] Bound using segment: {'id': 'a002620c-3074-4735-8784-b9c84898fa42', 'network_type': 'vlan', 'physical_network': 'physnet1', 'segmentation_id': 749, 'network_id': '08fd933c-7e43-4c8a-8441-5b6aec98c6cf'} {{(pid=109994) bind_port /opt/stack/neutron/neutron/plugins/ml2/drivers/mech_agent.py:120}}
Mar 08 18:50:05.283310 dv-cinder-830087-3-iscsi neutron-server[109994]: DEBUG neutron.plugins.ml2.managers [req-5eb49b2a-ca1d-4d8c-a82d-994ce250714a req-707fc230-78d6-4035-b002-c9c3e8eb6dad service neutron] Bound port: fe7e9853-4143-42e9-8055-c48432c2ba5f, host: hv-cinder-83008, vif_type: hyperv, vif_details: {"connectivity": "legacy", "port_filter": false}, binding_levels: [{'bound_driver': 'hyperv', 'bound_segment': {'id': 'a002620c-3074-4735-8784-b9c84898fa42', 'network_type': 'vlan', 'physical_network': 'physnet1', 'segmentation_id': 749, 'network_id': '08fd933c-7e43-4c8a-8441-5b6aec98c6cf'}}] {{(pid=109994) _bind_port_level /opt/stack/neutron/neutron/plugins/ml2/managers.py:932}}
