Mar 09 14:35:53.034917 dv-cinder-830086-3-smb neutron-server[103230]: DEBUG neutron.api.v2.base [None req-5aed0d5f-81e4-4ff6-b394-1b1e07ffa406 tempest-AttachVolumeTestJSON-1225352339 tempest-AttachVolumeTestJSON-1225352339-project] Request body: {'security_group_rule': {'security_group_id': '1b32a23d-2985-4378-a80e-c03cffb822a2', 'protocol': 'tcp', 'ethertype': 'IPv4', 'port_range_min': 22, 'port_range_max': 22, 'direction': 'ingress'}} {{(pid=103230) prepare_request_body /opt/stack/neutron/neutron/api/v2/base.py:729}}
Mar 09 14:35:53.038842 dv-cinder-830086-3-smb neutron-server[103230]: DEBUG neutron.api.rpc.handlers.resources_rpc [None req-853c58ae-1de0-45c5-9e51-fd373bac9580 tempest-AttachVolumeTestJSON-1225352339 tempest-AttachVolumeTestJSON-1225352339-project] Pushing event updated for resources: {'SecurityGroup': ['ID=1b32a23d-2985-4378-a80e-c03cffb822a2,revision_number=1']} {{(pid=103230) push /opt/stack/neutron/neutron/api/rpc/handlers/resources_rpc.py:237}}
Mar 09 14:35:53.063892 dv-cinder-830086-3-smb neutron-server[103230]: DEBUG neutron_lib.callbacks.manager [None req-5aed0d5f-81e4-4ff6-b394-1b1e07ffa406 tempest-AttachVolumeTestJSON-1225352339 tempest-AttachVolumeTestJSON-1225352339-project] Publish callbacks [] for security_group_rule (07a3355b-e9bf-4739-8cb4-2941a42186ac), before_create {{(pid=103230) _notify_loop /usr/local/lib/python3.8/dist-packages/neutron_lib/callbacks/manager.py:176}}
Mar 09 14:35:53.132773 dv-cinder-830086-3-smb neutron-server[103230]: DEBUG neutron_lib.callbacks.manager [None req-5aed0d5f-81e4-4ff6-b394-1b1e07ffa406 tempest-AttachVolumeTestJSON-1225352339 tempest-AttachVolumeTestJSON-1225352339-project] Publish callbacks [] for security_group_rule (07a3355b-e9bf-4739-8cb4-2941a42186ac), precommit_create {{(pid=103230) _notify_loop /usr/local/lib/python3.8/dist-packages/neutron_lib/callbacks/manager.py:176}}
Mar 09 14:35:53.136455 dv-cinder-830086-3-smb neutron-server[103230]: DEBUG neutron_lib.callbacks.manager [None req-5aed0d5f-81e4-4ff6-b394-1b1e07ffa406 tempest-AttachVolumeTestJSON-1225352339 tempest-AttachVolumeTestJSON-1225352339-project] Publish callbacks ['neutron.plugins.ml2.ovo_rpc._ObjectChangeHandler.handle_event-623909'] for security_group_rule (07a3355b-e9bf-4739-8cb4-2941a42186ac), after_create {{(pid=103230) _notify_loop /usr/local/lib/python3.8/dist-packages/neutron_lib/callbacks/manager.py:176}}
Mar 09 14:35:53.158428 dv-cinder-830086-3-smb neutron-server[103230]: DEBUG neutron.api.rpc.handlers.resources_rpc [None req-5aed0d5f-81e4-4ff6-b394-1b1e07ffa406 tempest-AttachVolumeTestJSON-1225352339 tempest-AttachVolumeTestJSON-1225352339-project] Pushing event updated for resources: {'SecurityGroupRule': ['ID=07a3355b-e9bf-4739-8cb4-2941a42186ac,revision_number=0']} {{(pid=103230) push /opt/stack/neutron/neutron/api/rpc/handlers/resources_rpc.py:237}}
Mar 09 14:35:53.175468 dv-cinder-830086-3-smb neutron-server[103230]: DEBUG neutron_lib.callbacks.manager [None req-5aed0d5f-81e4-4ff6-b394-1b1e07ffa406 tempest-AttachVolumeTestJSON-1225352339 tempest-AttachVolumeTestJSON-1225352339-project] Publish callbacks [] for security_group_rule (None), before_response {{(pid=103230) _notify_loop /usr/local/lib/python3.8/dist-packages/neutron_lib/callbacks/manager.py:176}}
Mar 09 14:35:53.175468 dv-cinder-830086-3-smb neutron-server[103230]: INFO neutron.wsgi [None req-5aed0d5f-81e4-4ff6-b394-1b1e07ffa406 tempest-AttachVolumeTestJSON-1225352339 tempest-AttachVolumeTestJSON-1225352339-project] 10.222.0.18 "POST /v2.0/security-group-rules HTTP/1.1" status: 201 len: 764 time: 0.1367955
Mar 09 14:35:53.175468 dv-cinder-830086-3-smb neutron-server[103230]: DEBUG neutron.wsgi [-] (103230) accepted ('10.222.0.18', 35906) {{(pid=103230) server /usr/local/lib/python3.8/dist-packages/eventlet/wsgi.py:1004}}
Mar 09 14:35:53.175702 dv-cinder-830086-3-smb neutron-server[103230]: DEBUG neutron.api.v2.base [None req-881ba2fa-cb60-46ef-8c3a-64a40126608e tempest-AttachVolumeTestJSON-1225352339 tempest-AttachVolumeTestJSON-1225352339-project] Request body: {'security_group_rule': {'security_group_id': '1b32a23d-2985-4378-a80e-c03cffb822a2', 'protocol': 'icmp', 'ethertype': 'IPv4', 'direction': 'ingress'}} {{(pid=103230) prepare_request_body /opt/stack/neutron/neutron/api/v2/base.py:729}}
Mar 09 14:35:53.201899 dv-cinder-830086-3-smb neutron-server[103230]: DEBUG neutron_lib.callbacks.manager [None req-881ba2fa-cb60-46ef-8c3a-64a40126608e tempest-AttachVolumeTestJSON-1225352339 tempest-AttachVolumeTestJSON-1225352339-project] Publish callbacks [] for security_group_rule (08d72642-3b1f-4333-91eb-833b97c69a89), before_create {{(pid=103230) _notify_loop /usr/local/lib/python3.8/dist-packages/neutron_lib/callbacks/manager.py:176}}
Mar 09 14:35:53.262384 dv-cinder-830086-3-smb neutron-server[103230]: DEBUG neutron_lib.callbacks.manager [None req-881ba2fa-cb60-46ef-8c3a-64a40126608e tempest-AttachVolumeTestJSON-1225352339 tempest-AttachVolumeTestJSON-1225352339-project] Publish callbacks [] for security_group_rule (08d72642-3b1f-4333-91eb-833b97c69a89), precommit_create {{(pid=103230) _notify_loop /usr/local/lib/python3.8/dist-packages/neutron_lib/callbacks/manager.py:176}}
Mar 09 14:35:53.265471 dv-cinder-830086-3-smb neutron-server[103230]: DEBUG neutron_lib.callbacks.manager [None req-881ba2fa-cb60-46ef-8c3a-64a40126608e tempest-AttachVolumeTestJSON-1225352339 tempest-AttachVolumeTestJSON-1225352339-project] Publish callbacks ['neutron.plugins.ml2.ovo_rpc._ObjectChangeHandler.handle_event-623909'] for security_group_rule (08d72642-3b1f-4333-91eb-833b97c69a89), after_create {{(pid=103230) _notify_loop /usr/local/lib/python3.8/dist-packages/neutron_lib/callbacks/manager.py:176}}
Mar 09 14:35:53.284758 dv-cinder-830086-3-smb neutron-server[103230]: DEBUG neutron.api.rpc.handlers.resources_rpc [None req-881ba2fa-cb60-46ef-8c3a-64a40126608e tempest-AttachVolumeTestJSON-1225352339 tempest-AttachVolumeTestJSON-1225352339-project] Pushing event updated for resources: {'SecurityGroupRule': ['ID=08d72642-3b1f-4333-91eb-833b97c69a89,revision_number=0']} {{(pid=103230) push /opt/stack/neutron/neutron/api/rpc/handlers/resources_rpc.py:237}}
Mar 09 14:35:53.293810 dv-cinder-830086-3-smb neutron-server[103230]: DEBUG neutron_lib.callbacks.manager [None req-881ba2fa-cb60-46ef-8c3a-64a40126608e tempest-AttachVolumeTestJSON-1225352339 tempest-AttachVolumeTestJSON-1225352339-project] Publish callbacks [] for security_group_rule (None), before_response {{(pid=103230) _notify_loop /usr/local/lib/python3.8/dist-packages/neutron_lib/callbacks/manager.py:176}}
Mar 09 14:35:53.295132 dv-cinder-830086-3-smb neutron-server[103230]: INFO neutron.wsgi [None req-881ba2fa-cb60-46ef-8c3a-64a40126608e tempest-AttachVolumeTestJSON-1225352339 tempest-AttachVolumeTestJSON-1225352339-project] 10.222.0.18 "POST /v2.0/security-group-rules HTTP/1.1" status: 201 len: 769 time: 0.1236916
Mar 09 14:35:53.299295 dv-cinder-830086-3-smb neutron-server[103231]: DEBUG neutron.wsgi [-] (103231) accepted ('10.222.0.18', 35910) {{(pid=103231) server /usr/local/lib/python3.8/dist-packages/eventlet/wsgi.py:1004}}
Mar 09 14:35:53.304287 dv-cinder-830086-3-smb neutron-server[103231]: DEBUG neutron.api.v2.base [None req-a40e4bd1-e06d-43c0-a4a0-28c1515ae09c tempest-AttachVolumeTestJSON-1225352339 tempest-AttachVolumeTestJSON-1225352339-project] Request body: {'floatingip': {'floating_network_id': 'cf8bed35-e89a-41b4-8883-c0336ad21c37'}} {{(pid=103231) prepare_request_body /opt/stack/neutron/neutron/api/v2/base.py:729}}
Mar 09 14:35:53.326445 dv-cinder-830086-3-smb neutron-server[103231]: DEBUG neutron_lib.callbacks.manager [None req-a40e4bd1-e06d-43c0-a4a0-28c1515ae09c tempest-AttachVolumeTestJSON-1225352339 tempest-AttachVolumeTestJSON-1225352339-project] Publish callbacks [] for floatingip (None), before_create {{(pid=103231) _notify_loop /usr/local/lib/python3.8/dist-packages/neutron_lib/callbacks/manager.py:176}}
Mar 09 14:35:53.435173 dv-cinder-830086-3-smb neutron-server[103231]: DEBUG neutron_lib.callbacks.manager [None req-a40e4bd1-e06d-43c0-a4a0-28c1515ae09c tempest-AttachVolumeTestJSON-1225352339 tempest-AttachVolumeTestJSON-1225352339-project] Publish callbacks ['neutron.plugins.ml2.plugin.SecurityGroupDbMixin._ensure_default_security_group_handler-1761718'] for port (None), before_create {{(pid=103231) _notify_loop /usr/local/lib/python3.8/dist-packages/neutron_lib/callbacks/manager.py:176}}
Mar 09 14:35:53.450464 dv-cinder-830086-3-smb neutron-server[103230]: DEBUG neutron.pecan_wsgi.hooks.policy_enforcement [req-ddfa5058-5543-4b01-9f67-433c175e0520 req-04c6ae32-b79b-42e6-8530-bf0e749f2008 tempest-ServerRescueNegativeTestJSON-1588964598 tempest-ServerRescueNegativeTestJSON-1588964598-project] Attributes excluded by policy engine: ['standard_attr_id', 'binding:profile', 'binding:host_id', 'binding:vif_type', 'binding:vif_details'] {{(pid=103230) _exclude_attributes_by_policy /opt/stack/neutron/neutron/pecan_wsgi/hooks/policy_enforcement.py:255}}
Mar 09 14:35:53.452265 dv-cinder-830086-3-smb neutron-server[103230]: INFO neutron.wsgi [req-ddfa5058-5543-4b01-9f67-433c175e0520 req-04c6ae32-b79b-42e6-8530-bf0e749f2008 tempest-ServerRescueNegativeTestJSON-1588964598 tempest-ServerRescueNegativeTestJSON-1588964598-project] 10.222.0.18 "GET /v2.0/ports?device_id=5cd31f95-d1f7-48f7-a942-41fe56e5516c HTTP/1.1" status: 200 len: 946 time: 0.0629170
Mar 09 14:35:53.503266 dv-cinder-830086-3-smb neutron-server[103230]: INFO neutron.wsgi [req-ddfa5058-5543-4b01-9f67-433c175e0520 req-6e31ea0c-7b2b-49b5-af2e-c49528a3ccca tempest-ServerRescueNegativeTestJSON-1588964598 tempest-ServerRescueNegativeTestJSON-1588964598-project] 10.222.0.18 "GET /v2.0/security-groups?id=f6916ed4-c3e7-4023-90bb-90bf8fddc8f8&fields=id&fields=name HTTP/1.1" status: 200 len: 286 time: 0.0446198
Mar 09 14:35:53.555038 dv-cinder-830086-3-smb neutron-server[103231]: DEBUG neutron.db.db_base_plugin_common [None req-a40e4bd1-e06d-43c0-a4a0-28c1515ae09c tempest-AttachVolumeTestJSON-1225352339 tempest-AttachVolumeTestJSON-1225352339-project] Allocated IP 172.28.2.81 (cf8bed35-e89a-41b4-8883-c0336ad21c37/88427264-82bb-4027-94fc-7fd6e2564c95/80308fce-1bce-4170-a6ac-d789fa0c0a53) {{(pid=103231) _store_ip_allocation /opt/stack/neutron/neutron/db/db_base_plugin_common.py:131}}
Mar 09 14:35:53.638140 dv-cinder-830086-3-smb neutron-server[103230]: DEBUG neutron.pecan_wsgi.hooks.policy_enforcement [req-9cccd1e7-ca89-4f8a-9105-71267af2b169 req-a18ed84f-c205-44fd-83ea-2d128bdf4f0d tempest-VolumesActionsTest-867436102 tempest-VolumesActionsTest-867436102-project] Attributes excluded by policy engine: ['standard_attr_id', 'binding:profile', 'binding:host_id', 'binding:vif_type', 'binding:vif_details'] {{(pid=103230) _exclude_attributes_by_policy /opt/stack/neutron/neutron/pecan_wsgi/hooks/policy_enforcement.py:255}}
Mar 09 14:35:53.639650 dv-cinder-830086-3-smb neutron-server[103230]: INFO neutron.wsgi [req-9cccd1e7-ca89-4f8a-9105-71267af2b169 req-a18ed84f-c205-44fd-83ea-2d128bdf4f0d tempest-VolumesActionsTest-867436102 tempest-VolumesActionsTest-867436102-project] 10.222.0.18 "GET /v2.0/ports?device_id=711896ab-0a5c-4537-a6b2-1e9ca845c46c HTTP/1.1" status: 200 len: 945 time: 0.0530736
Mar 09 14:35:53.668213 dv-cinder-830086-3-smb neutron-server[103231]: DEBUG neutron_lib.callbacks.manager [None req-a40e4bd1-e06d-43c0-a4a0-28c1515ae09c tempest-AttachVolumeTestJSON-1225352339 tempest-AttachVolumeTestJSON-1225352339-project] Publish callbacks [] for port (80308fce-1bce-4170-a6ac-d789fa0c0a53), precommit_create {{(pid=103231) _notify_loop /usr/local/lib/python3.8/dist-packages/neutron_lib/callbacks/manager.py:176}}
Mar 09 14:35:53.676363 dv-cinder-830086-3-smb neutron-server[103232]: DEBUG neutron.api.rpc.handlers.l3_rpc [None req-966cae2c-c242-41fe-bdcc-7bd31b9c87f9 None None] Sync routers for ids ['dcb06cd2-6571-4127-93c8-662177bba1ce'] in dv-cinder-830086-3-smb {{(pid=103232) sync_routers /opt/stack/neutron/neutron/api/rpc/handlers/l3_rpc.py:125}}
Mar 09 14:35:53.691860 dv-cinder-830086-3-smb neutron-server[103232]: DEBUG neutron.plugins.ml2.rpc [None req-92cd1959-800f-47c6-a45f-35f800fae1a1 None None] Device 9c8f56b5-30ab-4682-a84e-a2b93f9628a0 up at agent ovs-agent-dv-cinder-830086-3-smb {{(pid=103232) update_device_up /opt/stack/neutron/neutron/plugins/ml2/rpc.py:296}}
Mar 09 14:35:53.692894 dv-cinder-830086-3-smb neutron-server[103230]: INFO neutron.wsgi [req-9cccd1e7-ca89-4f8a-9105-71267af2b169 req-0d1829a8-9c30-48f4-a2c5-f41f346e2731 tempest-VolumesActionsTest-867436102 tempest-VolumesActionsTest-867436102-project] 10.222.0.18 "GET /v2.0/security-groups?id=b901a683-cfdb-4a83-a2b6-a27955d238cf&fields=id&fields=name HTTP/1.1" status: 200 len: 286 time: 0.0461118
Mar 09 14:35:53.716029 dv-cinder-830086-3-smb neutron-server[103232]: DEBUG neutron.db.l3_dvrscheduler_db [None req-966cae2c-c242-41fe-bdcc-7bd31b9c87f9 None None] Routers {'dcb06cd2-6571-4127-93c8-662177bba1ce'} bound to L3 agent in host dv-cinder-830086-3-smb {{(pid=103232) _get_router_ids_for_agent /opt/stack/neutron/neutron/db/l3_dvrscheduler_db.py:421}}
Mar 09 14:35:53.716709 dv-cinder-830086-3-smb neutron-server[103232]: DEBUG neutron.db.l3_hamode_db [None req-966cae2c-c242-41fe-bdcc-7bd31b9c87f9 None None] neutron.services.l3_router.l3_router_plugin.L3RouterPlugin method get_ha_sync_data_for_host called with arguments (, 'dv-cinder-830086-3-smb', Agent(admin_state_up=True,agent_type='L3 agent',availability_zone='nova',binary='neutron-l3-agent',configurations={"agent_mode": "legacy", "ex_gw_ports": 4, "extensions": [], "floating_ips": 2, "handle_internal_only_routers": true, "interface_driver": "openvswitch", "interfaces": 4, "log_agent_heartbeats": false, "routers": 4},created_at=2022-03-09T14:26:21Z,description=,heartbeat_timestamp=2022-03-09T14:35:51Z,host='dv-cinder-830086-3-smb',id=15e861f7-65cd-484b-99be-a5ea93b71b4e,load=0,resource_versions=,resources_synced=,started_at=2022-03-09T14:26:21Z,topic='l3_agent')) {'router_ids': ['dcb06cd2-6571-4127-93c8-662177bba1ce'], 'active': True} {{(pid=103232) wrapper /usr/local/lib/python3.8/dist-packages/oslo_log/helpers.py:65}}
Mar 09 14:35:53.727514 dv-cinder-830086-3-smb neutron-server[103231]: DEBUG neutron_lib.callbacks.manager [None req-a40e4bd1-e06d-43c0-a4a0-28c1515ae09c tempest-AttachVolumeTestJSON-1225352339 tempest-AttachVolumeTestJSON-1225352339-project] Publish callbacks ['neutron.plugins.ml2.plugin.SecurityGroupServerNotifierRpcMixin._notify_sg_on_port_change-1761562', 'neutron.plugins.ml2.ovo_rpc._ObjectChangeHandler.handle_event-992866', 'neutron.api.rpc.agentnotifiers.dhcp_rpc_agent_api.DhcpAgentNotifyAPI._native_event_send_dhcp_notification-549009', 'neutron.db.l3_dvrscheduler_db._notify_l3_agent_new_port-8766806336103', 'neutron.services.segments.plugin.NovaSegmentNotifier._notify_port_created_or_deleted-59574445'] for port (80308fce-1bce-4170-a6ac-d789fa0c0a53), after_create {{(pid=103231) _notify_loop /usr/local/lib/python3.8/dist-packages/neutron_lib/callbacks/manager.py:176}}
Mar 09 14:35:53.765149 dv-cinder-830086-3-smb neutron-server[103231]: DEBUG neutron.scheduler.dhcp_agent_scheduler [None req-a40e4bd1-e06d-43c0-a4a0-28c1515ae09c tempest-AttachVolumeTestJSON-1225352339 tempest-AttachVolumeTestJSON-1225352339-project] Network cf8bed35-e89a-41b4-8883-c0336ad21c37 is already hosted by enough agents. {{(pid=103231) _get_dhcp_agents_hosting_network /opt/stack/neutron/neutron/scheduler/dhcp_agent_scheduler.py:275}}
Mar 09 14:35:53.768760 dv-cinder-830086-3-smb neutron-server[103231]: DEBUG neutron.scheduler.base_scheduler [None req-a40e4bd1-e06d-43c0-a4a0-28c1515ae09c tempest-AttachVolumeTestJSON-1225352339 tempest-AttachVolumeTestJSON-1225352339-project] Resources bound (agent type, host, resource id): {{(pid=103231) schedule /opt/stack/neutron/neutron/scheduler/base_scheduler.py:57}}
Mar 09 14:35:53.771268 dv-cinder-830086-3-smb neutron-server[103231]: DEBUG neutron.db.l3_dvrscheduler_db [None req-a40e4bd1-e06d-43c0-a4a0-28c1515ae09c tempest-AttachVolumeTestJSON-1225352339 tempest-AttachVolumeTestJSON-1225352339-project] Received port after_create {{(pid=103231) _notify_l3_agent_new_port /opt/stack/neutron/neutron/db/l3_dvrscheduler_db.py:536}}
Mar 09 14:35:53.806683 dv-cinder-830086-3-smb neutron-server[103231]: DEBUG neutron.api.rpc.handlers.resources_rpc [None req-a40e4bd1-e06d-43c0-a4a0-28c1515ae09c tempest-AttachVolumeTestJSON-1225352339 tempest-AttachVolumeTestJSON-1225352339-project] Pushing event updated for resources: {'Port': ['ID=80308fce-1bce-4170-a6ac-d789fa0c0a53,revision_number=1']} {{(pid=103231) push /opt/stack/neutron/neutron/api/rpc/handlers/resources_rpc.py:237}}
Mar 09 14:35:53.838660 dv-cinder-830086-3-smb neutron-server[103232]: DEBUG neutron.db.provisioning_blocks [None req-92cd1959-800f-47c6-a45f-35f800fae1a1 None None] Provisioning complete for port 9c8f56b5-30ab-4682-a84e-a2b93f9628a0 triggered by entity L2. {{(pid=103232) provisioning_complete /opt/stack/neutron/neutron/db/provisioning_blocks.py:140}}
Mar 09 14:35:53.839045 dv-cinder-830086-3-smb neutron-server[103232]: DEBUG neutron_lib.callbacks.manager [None req-92cd1959-800f-47c6-a45f-35f800fae1a1 None None] Publish callbacks ['neutron.plugins.ml2.plugin.Ml2Plugin._port_provisioned-1372920'] for port (9c8f56b5-30ab-4682-a84e-a2b93f9628a0), provisioning_complete {{(pid=103232) _notify_loop /usr/local/lib/python3.8/dist-packages/neutron_lib/callbacks/manager.py:176}}
Mar 09 14:35:53.866319 dv-cinder-830086-3-smb neutron-server[103232]: DEBUG neutron.db.l3_dvr_db [None req-966cae2c-c242-41fe-bdcc-7bd31b9c87f9 None None] Set router dcb06cd2-6571-4127-93c8-662177bba1ce gateway port host: dv-cinder-830086-3-smb {{(pid=103232) _build_routers_list /opt/stack/neutron/neutron/db/l3_dvr_db.py:906}}
Mar 09 14:35:53.878504 dv-cinder-830086-3-smb neutron-server[103231]: DEBUG neutron_lib.callbacks.manager [None req-a40e4bd1-e06d-43c0-a4a0-28c1515ae09c tempest-AttachVolumeTestJSON-1225352339 tempest-AttachVolumeTestJSON-1225352339-project] Publish callbacks [] for floatingip (d9794cb2-626b-41aa-a43f-4ebf34fbf422), precommit_create {{(pid=103231) _notify_loop /usr/local/lib/python3.8/dist-packages/neutron_lib/callbacks/manager.py:176}}
Mar 09 14:35:53.953884 dv-cinder-830086-3-smb neutron-server[103231]: DEBUG neutron_lib.callbacks.manager [None req-a40e4bd1-e06d-43c0-a4a0-28c1515ae09c tempest-AttachVolumeTestJSON-1225352339 tempest-AttachVolumeTestJSON-1225352339-project] Publish callbacks ['neutron.plugins.ml2.plugin.SecurityGroupDbMixin._ensure_default_security_group_handler-1761718'] for port (80308fce-1bce-4170-a6ac-d789fa0c0a53), before_update {{(pid=103231) _notify_loop /usr/local/lib/python3.8/dist-packages/neutron_lib/callbacks/manager.py:176}}
Mar 09 14:35:54.022239 dv-cinder-830086-3-smb neutron-server[103232]: DEBUG neutron_lib.callbacks.manager [None req-6a9adc21-8724-48ca-a010-584ff16402c1 None None] Publish callbacks ['neutron.services.segments.db._update_segment_host_mapping_for_agent-8766806780420', 'neutron.plugins.ml2.plugin.Ml2Plugin._retry_binding_revived_agents-1372954'] for agent (993e23e2-824f-4bac-b1b1-48a7e3174cb4), after_update {{(pid=103232) _notify_loop /usr/local/lib/python3.8/dist-packages/neutron_lib/callbacks/manager.py:176}}
Mar 09 14:35:54.125899 dv-cinder-830086-3-smb neutron-server[103232]: DEBUG neutron.plugins.ml2.plugin [None req-92cd1959-800f-47c6-a45f-35f800fae1a1 None None] Current status of the port 9c8f56b5-30ab-4682-a84e-a2b93f9628a0 is: DOWN; New status is: ACTIVE {{(pid=103232) _update_individual_port_db_status /opt/stack/neutron/neutron/plugins/ml2/plugin.py:2232}}
Mar 09 14:35:54.126605 dv-cinder-830086-3-smb neutron-server[103232]: DEBUG neutron_lib.callbacks.manager [None req-92cd1959-800f-47c6-a45f-35f800fae1a1 None None] Publish callbacks ['neutron.plugins.ml2.plugin.SecurityGroupDbMixin._ensure_default_security_group_handler-1761718'] for port (9c8f56b5-30ab-4682-a84e-a2b93f9628a0), before_update {{(pid=103232) _notify_loop /usr/local/lib/python3.8/dist-packages/neutron_lib/callbacks/manager.py:176}}
Mar 09 14:35:54.160219 dv-cinder-830086-3-smb neutron-server[103231]: DEBUG neutron_lib.callbacks.manager [None req-a40e4bd1-e06d-43c0-a4a0-28c1515ae09c tempest-AttachVolumeTestJSON-1225352339 tempest-AttachVolumeTestJSON-1225352339-project] Publish callbacks [] for port (80308fce-1bce-4170-a6ac-d789fa0c0a53), precommit_update {{(pid=103231) _notify_loop /usr/local/lib/python3.8/dist-packages/neutron_lib/callbacks/manager.py:176}}
Mar 09 14:35:54.166408 dv-cinder-830086-3-smb neutron-server[103231]: DEBUG neutron_lib.callbacks.manager [None req-a40e4bd1-e06d-43c0-a4a0-28c1515ae09c tempest-AttachVolumeTestJSON-1225352339 tempest-AttachVolumeTestJSON-1225352339-project] Publish callbacks ['neutron.plugins.ml2.plugin.SecurityGroupServerNotifierRpcMixin._notify_sg_on_port_change-1761562', 'neutron.plugins.ml2.ovo_rpc._ObjectChangeHandler.handle_event-992866', 'neutron.api.rpc.agentnotifiers.dhcp_rpc_agent_api.DhcpAgentNotifyAPI._native_event_send_dhcp_notification-549009', 'neutron.db.l3_db.L3RpcNotifierMixin._notify_gateway_port_ip_changed-8766806839143', 'neutron.db.l3_dvrscheduler_db._notify_l3_agent_port_update-8766806336121', 'neutron.db.l3_hascheduler_db._notify_l3_agent_ha_port_update-8766806336139', 'neutron.services.segments.plugin.NovaSegmentNotifier._notify_port_updated-59574452'] for port (80308fce-1bce-4170-a6ac-d789fa0c0a53), after_update {{(pid=103231) _notify_loop /usr/local/lib/python3.8/dist-packages/neutron_lib/callbacks/manager.py:176}}
Mar 09 14:35:54.172322 dv-cinder-830086-3-smb neutron-server[103232]: DEBUG neutron.plugins.ml2.db [None req-92cd1959-800f-47c6-a45f-35f800fae1a1 None None] For port 9c8f56b5-30ab-4682-a84e-a2b93f9628a0, host dv-cinder-830086-3-smb, got binding levels [PortBindingLevel(driver='openvswitch',host='dv-cinder-830086-3-smb',level=0,port_id=9c8f56b5-30ab-4682-a84e-a2b93f9628a0,segment=NetworkSegment(0ad0348d-93e2-47da-a41d-f64306b36618),segment_id=0ad0348d-93e2-47da-a41d-f64306b36618)] {{(pid=103232) get_binding_level_objs /opt/stack/neutron/neutron/plugins/ml2/db.py:74}}
Mar 09 14:35:54.184827 dv-cinder-830086-3-smb neutron-server[103232]: DEBUG neutron_lib.callbacks.manager [None req-92cd1959-800f-47c6-a45f-35f800fae1a1 None None] Publish callbacks ['neutron.plugins.ml2.plugin.SecurityGroupServerNotifierRpcMixin._notify_sg_on_port_change-1761562', 'neutron.plugins.ml2.ovo_rpc._ObjectChangeHandler.handle_event-992866', 'neutron.api.rpc.agentnotifiers.dhcp_rpc_agent_api.DhcpAgentNotifyAPI._native_event_send_dhcp_notification-549009', 'neutron.db.l3_db.L3RpcNotifierMixin._notify_gateway_port_ip_changed-8766806839143', 'neutron.db.l3_dvrscheduler_db._notify_l3_agent_port_update-8766806336121', 'neutron.db.l3_hascheduler_db._notify_l3_agent_ha_port_update-8766806336139'] for port (9c8f56b5-30ab-4682-a84e-a2b93f9628a0), after_update {{(pid=103232) _notify_loop /usr/local/lib/python3.8/dist-packages/neutron_lib/callbacks/manager.py:176}}
Mar 09 14:35:54.255534 dv-cinder-830086-3-smb neutron-server[103232]: DEBUG neutron.api.rpc.handlers.resources_rpc [None req-92cd1959-800f-47c6-a45f-35f800fae1a1 None None] Pushing event updated for resources: {'Port': ['ID=9c8f56b5-30ab-4682-a84e-a2b93f9628a0,revision_number=4']} {{(pid=103232) push /opt/stack/neutron/neutron/api/rpc/handlers/resources_rpc.py:237}}
Mar 09 14:35:54.270861 dv-cinder-830086-3-smb neutron-server[103231]: DEBUG neutron.api.rpc.handlers.resources_rpc [None req-a40e4bd1-e06d-43c0-a4a0-28c1515ae09c tempest-AttachVolumeTestJSON-1225352339 tempest-AttachVolumeTestJSON-1225352339-project] Pushing event updated for resources: {'Port': ['ID=80308fce-1bce-4170-a6ac-d789fa0c0a53,revision_number=2']} {{(pid=103231) push /opt/stack/neutron/neutron/api/rpc/handlers/resources_rpc.py:237}}
Mar 09 14:35:54.271272 dv-cinder-830086-3-smb neutron-server[103232]: DEBUG neutron.db.l3_hamode_db [None req-966cae2c-c242-41fe-bdcc-7bd31b9c87f9 None None] neutron.services.l3_router.l3_router_plugin.L3RouterPlugin method _process_sync_ha_data called with arguments (, [{'id': 'dcb06cd2-6571-4127-93c8-662177bba1ce', 'name': 'tempest-AttachVolumeTestJSON-1617204624-router', 'tenant_id': '175b24b8d8424275bc9a36f6e184f667', 'admin_state_up': True, 'status': 'ACTIVE', 'external_gateway_info': {'network_id': 'cf8bed35-e89a-41b4-8883-c0336ad21c37', 'external_fixed_ips': [{'subnet_id': '88427264-82bb-4027-94fc-7fd6e2564c95', 'ip_address': '172.28.2.232'}], 'enable_snat': True}, 'gw_port_id': '9c8f56b5-30ab-4682-a84e-a2b93f9628a0', 'description': '', 'availability_zones': ['nova'], 'distributed': False, 'ha': False, 'ha_vr_id': 0, 'availability_zone_hints': [], 'routes': [], 'flavor_id': None, 'tags': [], 'created_at': '2022-03-09T14:35:47Z', 'updated_at': '2022-03-09T14:35:51Z', 'revision_number': 4, 'project_id': '175b24b8d8424275bc9a36f6e184f667', 'gw_port': {'id': '9c8f56b5-30ab-4682-a84e-a2b93f9628a0', 'name': '', 'network_id': 'cf8bed35-e89a-41b4-8883-c0336ad21c37', 'tenant_id': '', 'mac_address': 'fa:16:3e:7a:28:50', 'admin_state_up': True, 'status': 'DOWN', 'device_id': 'dcb06cd2-6571-4127-93c8-662177bba1ce', 'device_owner': 'network:router_gateway', 'standard_attr_id': 266, 'fixed_ips': [{'subnet_id': '88427264-82bb-4027-94fc-7fd6e2564c95', 'ip_address': '172.28.2.232', 'prefixlen': 24}], 'allowed_address_pairs': [], 'extra_dhcp_opts': [], 'security_groups': [], 'description': '', 'binding:vnic_type': 'normal', 'binding:profile': {}, 'binding:host_id': 'dv-cinder-830086-3-smb', 'binding:vif_type': 'ovs', 'binding:vif_details': {'connectivity': 'l2', 'port_filter': True, 'ovs_hybrid_plug': False, 'datapath_type': 'system', 'bridge_name': 'br-int', 'bound_drivers': {'0': 'openvswitch'}}, 'port_security_enabled': False, 'tags': [], 'created_at': '2022-03-09T14:35:48Z', 'updated_at': '2022-03-09T14:35:51Z', 'revision_number': 3, 'project_id': '', 'subnets': [{'id': '88427264-82bb-4027-94fc-7fd6e2564c95', 'cidr': '172.28.2.0/24', 'gateway_ip': '172.28.2.1', 'dns_nameservers': [], 'ipv6_ra_mode': None, 'subnetpool_id': None}], 'extra_subnets': [], 'address_scopes': {4: None, 6: None}, 'mtu': 1500}, 'enable_snat': True, 'gw_port_host': 'dv-cinder-830086-3-smb', '_interfaces': [{'id': '0920b8c4-b392-438e-b6b5-b44f892adde0', 'name': '', 'network_id': '9eeea894-ae0c-4823-b6e7-d9a369ca7721', 'tenant_id': '175b24b8d8424275bc9a36f6e184f667', 'mac_address': 'fa:16:3e:b8:69:c2', 'admin_state_up': True, 'status': 'DOWN', 'device_id': 'dcb06cd2-6571-4127-93c8-662177bba1ce', 'device_owner': 'network:router_interface', 'standard_attr_id': 267, 'fixed_ips': [{'subnet_id': 'e2bd52d6-09e7-40b0-87df-e44dd253df81', 'ip_address': '172.20.0.1', 'prefixlen': 28}], 'allowed_address_pairs': [], 'extra_dhcp_opts': [], 'security_groups': [], 'description': '', 'binding:vnic_type': 'normal', 'binding:profile': {}, 'binding:host_id': '', 'binding:vif_type': 'unbound', 'binding:vif_details': {}, 'port_security_enabled': False, 'tags': [], 'created_at': '2022-03-09T14:35:50Z', 'updated_at': '2022-03-09T14:35:51Z', 'revision_number': 2, 'project_id': '175b24b8d8424275bc9a36f6e184f667', 'subnets': [{'id': 'e2bd52d6-09e7-40b0-87df-e44dd253df81', 'cidr': '172.20.0.0/28', 'gateway_ip': '172.20.0.1', 'dns_nameservers': [], 'ipv6_ra_mode': None, 'subnetpool_id': None}], 'extra_subnets': [], 'address_scopes': {4: None, 6: None}, 'mtu': 1500}]}], 'dv-cinder-830086-3-smb', False) {} {{(pid=103232) wrapper /usr/local/lib/python3.8/dist-packages/oslo_log/helpers.py:65}}
Mar 09 14:35:54.288439 dv-cinder-830086-3-smb neutron-server[103231]: DEBUG neutron_lib.callbacks.manager [None req-a40e4bd1-e06d-43c0-a4a0-28c1515ae09c tempest-AttachVolumeTestJSON-1225352339 tempest-AttachVolumeTestJSON-1225352339-project] Publish callbacks ['neutron.services.l3_router.l3_router_plugin.DVRResourceOperationHandler._create_dvr_floating_gw_port-608766'] for floatingip (d9794cb2-626b-41aa-a43f-4ebf34fbf422), after_create {{(pid=103231) _notify_loop /usr/local/lib/python3.8/dist-packages/neutron_lib/callbacks/manager.py:176}}
Mar 09 14:35:54.344066 dv-cinder-830086-3-smb neutron-server[103232]: DEBUG neutron.api.rpc.handlers.l3_rpc [None req-966cae2c-c242-41fe-bdcc-7bd31b9c87f9 None None] Checking router: dcb06cd2-6571-4127-93c8-662177bba1ce for host: dv-cinder-830086-3-smb {{(pid=103232) _ensure_host_set_on_ports /opt/stack/neutron/neutron/api/rpc/handlers/l3_rpc.py:155}}
Mar 09 14:35:54.344543 dv-cinder-830086-3-smb neutron-server[103232]: DEBUG neutron.api.rpc.handlers.l3_rpc [None req-966cae2c-c242-41fe-bdcc-7bd31b9c87f9 None None] Updating router dcb06cd2-6571-4127-93c8-662177bba1ce port 0920b8c4-b392-438e-b6b5-b44f892adde0 binding host dv-cinder-830086-3-smb {{(pid=103232) _ensure_host_set_on_port /opt/stack/neutron/neutron/api/rpc/handlers/l3_rpc.py:205}}
Mar 09 14:35:54.352387 dv-cinder-830086-3-smb neutron-server[103231]: DEBUG neutron_lib.callbacks.manager [None req-a40e4bd1-e06d-43c0-a4a0-28c1515ae09c tempest-AttachVolumeTestJSON-1225352339 tempest-AttachVolumeTestJSON-1225352339-project] Publish callbacks ['neutron.notifiers.nova.Notifier._send_nova_notification-1024348'] for floatingip (None), before_response {{(pid=103231) _notify_loop /usr/local/lib/python3.8/dist-packages/neutron_lib/callbacks/manager.py:176}}
Mar 09 14:35:54.353756 dv-cinder-830086-3-smb neutron-server[103231]: INFO neutron.wsgi [None req-a40e4bd1-e06d-43c0-a4a0-28c1515ae09c tempest-AttachVolumeTestJSON-1225352339 tempest-AttachVolumeTestJSON-1225352339-project] 10.222.0.18 "POST /v2.0/floatingips HTTP/1.1" status: 201 len: 692 time: 1.0534184
Mar 09 14:35:54.374380 dv-cinder-830086-3-smb neutron-server[103231]: DEBUG neutron.pecan_wsgi.hooks.policy_enforcement [req-f217535e-91ad-47c6-b913-5bb490bf7790 req-0640d967-e001-4207-81b5-71dd6a74d34d tempest-VolumesActionsTest-867436102 tempest-VolumesActionsTest-867436102-project] Attributes excluded by policy engine: ['standard_attr_id', 'binding:profile', 'binding:host_id', 'binding:vif_type', 'binding:vif_details'] {{(pid=103231) _exclude_attributes_by_policy /opt/stack/neutron/neutron/pecan_wsgi/hooks/policy_enforcement.py:255}}
Mar 09 14:35:54.375667 dv-cinder-830086-3-smb neutron-server[103232]: DEBUG neutron_lib.callbacks.manager [None req-966cae2c-c242-41fe-bdcc-7bd31b9c87f9 None None] Publish callbacks ['neutron.plugins.ml2.plugin.SecurityGroupDbMixin._ensure_default_security_group_handler-1761718'] for port (0920b8c4-b392-438e-b6b5-b44f892adde0), before_update {{(pid=103232) _notify_loop /usr/local/lib/python3.8/dist-packages/neutron_lib/callbacks/manager.py:176}}
Mar 09 14:35:54.377199 dv-cinder-830086-3-smb neutron-server[103231]: INFO neutron.wsgi [req-f217535e-91ad-47c6-b913-5bb490bf7790 req-0640d967-e001-4207-81b5-71dd6a74d34d tempest-VolumesActionsTest-867436102 tempest-VolumesActionsTest-867436102-project] 10.222.0.37 "GET /v2.0/ports?device_id=711896ab-0a5c-4537-a6b2-1e9ca845c46c HTTP/1.1" status: 200 len: 945 time: 0.0805607
Mar 09 14:35:54.519082 dv-cinder-830086-3-smb neutron-server[103231]: DEBUG neutron.plugins.ml2.plugin [req-f217535e-91ad-47c6-b913-5bb490bf7790 req-074efec0-88eb-4cbd-8ba9-df861026260d tempest-VolumesActionsTest-867436102 tempest-VolumesActionsTest-867436102-project] Deleting port ab57a34e-3fc4-4bf2-9ea2-6119d726eaac {{(pid=103231) _pre_delete_port /opt/stack/neutron/neutron/plugins/ml2/plugin.py:1978}}
Mar 09 14:35:54.519479 dv-cinder-830086-3-smb neutron-server[103231]: DEBUG neutron_lib.callbacks.manager [req-f217535e-91ad-47c6-b913-5bb490bf7790 req-074efec0-88eb-4cbd-8ba9-df861026260d tempest-VolumesActionsTest-867436102 tempest-VolumesActionsTest-867436102-project] Publish callbacks ['neutron.db.l3_db.L3_NAT_dbonly_mixin._prevent_l3_port_delete_callback-8766806832878'] for port (ab57a34e-3fc4-4bf2-9ea2-6119d726eaac), before_delete {{(pid=103231) _notify_loop /usr/local/lib/python3.8/dist-packages/neutron_lib/callbacks/manager.py:176}}
Mar 09 14:35:54.564370 dv-cinder-830086-3-smb neutron-server[103230]: INFO neutron.wsgi [req-1009b5c7-49c1-425d-8fb8-1c9ef758cab3 req-904c2307-4366-4d96-99fa-9152432187a2 tempest-AttachVolumeTestJSON-1225352339 tempest-AttachVolumeTestJSON-1225352339-project] 10.222.0.18 "GET /v2.0/security-groups?name=tempest-securitygroup--446971935&fields=id&tenant_id=175b24b8d8424275bc9a36f6e184f667 HTTP/1.1" status: 200 len: 267 time: 0.0792618
Mar 09 14:35:54.642722 dv-cinder-830086-3-smb neutron-server[103231]: DEBUG neutron.plugins.ml2.db [req-f217535e-91ad-47c6-b913-5bb490bf7790 req-074efec0-88eb-4cbd-8ba9-df861026260d tempest-VolumesActionsTest-867436102 tempest-VolumesActionsTest-867436102-project] For port ab57a34e-3fc4-4bf2-9ea2-6119d726eaac, host hv-cinder-83008, got binding levels [PortBindingLevel(driver='hyperv',host='hv-cinder-83008',level=0,port_id=ab57a34e-3fc4-4bf2-9ea2-6119d726eaac,segment=NetworkSegment(7d3d9cd6-ae28-4362-9a6e-4255753d8c66),segment_id=7d3d9cd6-ae28-4362-9a6e-4255753d8c66)] {{(pid=103231) get_binding_level_objs /opt/stack/neutron/neutron/plugins/ml2/db.py:74}}
Mar 09 14:35:54.643589 dv-cinder-830086-3-smb neutron-server[103231]: DEBUG neutron_lib.callbacks.manager [req-f217535e-91ad-47c6-b913-5bb490bf7790 req-074efec0-88eb-4cbd-8ba9-df861026260d tempest-VolumesActionsTest-867436102 tempest-VolumesActionsTest-867436102-project] Publish callbacks ['neutron.services.l3_router.l3_router_plugin.L3_NAT_dbonly_mixin._precommit_delete_port_callback-609192'] for port (ab57a34e-3fc4-4bf2-9ea2-6119d726eaac), precommit_delete {{(pid=103231) _notify_loop /usr/local/lib/python3.8/dist-packages/neutron_lib/callbacks/manager.py:176}}
Mar 09 14:35:54.657295 dv-cinder-830086-3-smb neutron-server[103231]: DEBUG neutron.plugins.ml2.plugin [req-f217535e-91ad-47c6-b913-5bb490bf7790 req-074efec0-88eb-4cbd-8ba9-df861026260d tempest-VolumesActionsTest-867436102 tempest-VolumesActionsTest-867436102-project] Calling delete_port for ab57a34e-3fc4-4bf2-9ea2-6119d726eaac owned by compute:nova {{(pid=103231) delete_port /opt/stack/neutron/neutron/plugins/ml2/plugin.py:2056}}
Mar 09 14:35:54.714439 dv-cinder-830086-3-smb neutron-server[103230]: DEBUG neutron.wsgi [-] (103230) accepted ('10.222.0.18', 35966) {{(pid=103230) server /usr/local/lib/python3.8/dist-packages/eventlet/wsgi.py:1004}}
Mar 09 14:35:54.745030 dv-cinder-830086-3-smb neutron-server[103230]: DEBUG neutron.pecan_wsgi.hooks.policy_enforcement [req-5c8aeeed-4a97-4295-816f-7358354c156c req-1dcf0d63-38f8-4f74-bbda-eeb5b1d1391a tempest-ServerRescueNegativeTestJSON-1588964598 tempest-ServerRescueNegativeTestJSON-1588964598-project] Attributes excluded by policy engine: ['standard_attr_id', 'binding:profile', 'binding:host_id', 'binding:vif_type', 'binding:vif_details'] {{(pid=103230) _exclude_attributes_by_policy /opt/stack/neutron/neutron/pecan_wsgi/hooks/policy_enforcement.py:255}}
Mar 09 14:35:54.751725 dv-cinder-830086-3-smb neutron-server[103230]: INFO neutron.wsgi [req-5c8aeeed-4a97-4295-816f-7358354c156c req-1dcf0d63-38f8-4f74-bbda-eeb5b1d1391a tempest-ServerRescueNegativeTestJSON-1588964598 tempest-ServerRescueNegativeTestJSON-1588964598-project] 10.222.0.18 "GET /v2.0/ports?device_id=5cd31f95-d1f7-48f7-a942-41fe56e5516c HTTP/1.1" status: 200 len: 946 time: 0.1267703
Mar 09 14:35:54.758544 dv-cinder-830086-3-smb neutron-server[103232]: DEBUG neutron_lib.callbacks.manager [None req-966cae2c-c242-41fe-bdcc-7bd31b9c87f9 None None] Publish callbacks [] for port (0920b8c4-b392-438e-b6b5-b44f892adde0), precommit_update {{(pid=103232) _notify_loop /usr/local/lib/python3.8/dist-packages/neutron_lib/callbacks/manager.py:176}}
Mar 09 14:35:54.767060 dv-cinder-830086-3-smb neutron-server[103232]: DEBUG neutron_lib.callbacks.manager [None req-966cae2c-c242-41fe-bdcc-7bd31b9c87f9 None None] Publish callbacks ['neutron.plugins.ml2.plugin.SecurityGroupServerNotifierRpcMixin._notify_sg_on_port_change-1761562', 'neutron.plugins.ml2.ovo_rpc._ObjectChangeHandler.handle_event-992866', 'neutron.api.rpc.agentnotifiers.dhcp_rpc_agent_api.DhcpAgentNotifyAPI._native_event_send_dhcp_notification-549009', 'neutron.db.l3_db.L3RpcNotifierMixin._notify_gateway_port_ip_changed-8766806839143', 'neutron.db.l3_dvrscheduler_db._notify_l3_agent_port_update-8766806336121', 'neutron.db.l3_hascheduler_db._notify_l3_agent_ha_port_update-8766806336139'] for port (0920b8c4-b392-438e-b6b5-b44f892adde0), after_update {{(pid=103232) _notify_loop /usr/local/lib/python3.8/dist-packages/neutron_lib/callbacks/manager.py:176}}
Mar 09 14:35:54.768382 dv-cinder-830086-3-smb neutron-server[103230]: DEBUG neutron.pecan_wsgi.hooks.policy_enforcement [req-1009b5c7-49c1-425d-8fb8-1c9ef758cab3 req-f14e4565-def7-47ef-aee2-78a5013acdfb tempest-AttachVolumeTestJSON-1225352339 tempest-AttachVolumeTestJSON-1225352339-project] Attributes excluded by policy engine: ['standard_attr_id', 'vlan_transparent', 'provider:network_type', 'provider:physical_network', 'provider:segmentation_id'] {{(pid=103230) _exclude_attributes_by_policy /opt/stack/neutron/neutron/pecan_wsgi/hooks/policy_enforcement.py:255}}
Mar 09 14:35:54.770045 dv-cinder-830086-3-smb neutron-server[103230]: INFO neutron.wsgi [req-1009b5c7-49c1-425d-8fb8-1c9ef758cab3 req-f14e4565-def7-47ef-aee2-78a5013acdfb tempest-AttachVolumeTestJSON-1225352339 tempest-AttachVolumeTestJSON-1225352339-project] 10.222.0.18 "GET /v2.0/networks?id=9eeea894-ae0c-4823-b6e7-d9a369ca7721 HTTP/1.1" status: 200 len: 811 time: 0.1972859
Mar 09 14:35:54.792799 dv-cinder-830086-3-smb neutron-server[103230]: INFO neutron.wsgi [req-1009b5c7-49c1-425d-8fb8-1c9ef758cab3 req-1c1e79d2-e5bb-47c5-b5c6-75546f202cd1 tempest-AttachVolumeTestJSON-1225352339 tempest-AttachVolumeTestJSON-1225352339-project] 10.222.0.18 "GET /v2.0/quotas/175b24b8d8424275bc9a36f6e184f667 HTTP/1.1" status: 200 len: 375 time: 0.0162289
Mar 09 14:35:54.852272 dv-cinder-830086-3-smb neutron-server[103230]: INFO neutron.wsgi [req-5c8aeeed-4a97-4295-816f-7358354c156c req-917faf6b-909b-4fa9-ab3c-f995492a2f07 tempest-ServerRescueNegativeTestJSON-1588964598 tempest-ServerRescueNegativeTestJSON-1588964598-project] 10.222.0.18 "GET /v2.0/security-groups?id=f6916ed4-c3e7-4023-90bb-90bf8fddc8f8&fields=id&fields=name HTTP/1.1" status: 200 len: 286 time: 0.0994105
Mar 09 14:35:54.868564 dv-cinder-830086-3-smb neutron-server[103231]: DEBUG neutron_lib.callbacks.manager [req-f217535e-91ad-47c6-b913-5bb490bf7790 req-074efec0-88eb-4cbd-8ba9-df861026260d tempest-VolumesActionsTest-867436102 tempest-VolumesActionsTest-867436102-project] Publish callbacks ['neutron.plugins.ml2.plugin.SecurityGroupServerNotifierRpcMixin._notify_sg_on_port_change-1761562', 'neutron.plugins.ml2.ovo_rpc._ObjectChangeHandler.handle_event-992866', 'neutron.api.rpc.agentnotifiers.dhcp_rpc_agent_api.DhcpAgentNotifyAPI._native_event_send_dhcp_notification-549009', 'neutron.db.l3_db.L3RpcNotifierMixin._notify_routers_callback-8766806839125', 'neutron.db.l3_dvrscheduler_db._notify_port_delete-8766806336112', 'neutron.services.segments.plugin.NovaSegmentNotifier._notify_port_created_or_deleted-59574445'] for port (ab57a34e-3fc4-4bf2-9ea2-6119d726eaac), after_delete {{(pid=103231) _notify_loop /usr/local/lib/python3.8/dist-packages/neutron_lib/callbacks/manager.py:176}}
Mar 09 14:35:54.903868 dv-cinder-830086-3-smb neutron-server[103232]: DEBUG neutron.plugins.ml2.db [None req-f4397f36-2bbf-489e-a3c1-6de578930192 None None] get_ports_and_sgs() called for port_ids ['ab57a34e-3fc4-4bf2-9ea2-6119d726eaac'] {{(pid=103232) get_ports_and_sgs /opt/stack/neutron/neutron/plugins/ml2/db.py:156}}
Mar 09 14:35:54.909642 dv-cinder-830086-3-smb neutron-server[103230]: INFO neutron.wsgi [req-1009b5c7-49c1-425d-8fb8-1c9ef758cab3 req-6a9d4f62-7c88-49c0-aa27-e5821d881840 tempest-AttachVolumeTestJSON-1225352339 tempest-AttachVolumeTestJSON-1225352339-project] 10.222.0.18 "GET /v2.0/ports?tenant_id=175b24b8d8424275bc9a36f6e184f667&fields=id HTTP/1.1" status: 200 len: 302 time: 0.1069829
Mar 09 14:35:54.928924 dv-cinder-830086-3-smb neutron-server[103232]: DEBUG neutron.api.rpc.handlers.resources_rpc [None req-768b7b44-c142-4a62-8c3c-cf9d19e04ed6 None None] Pushing event updated for resources: {'Port': ['ID=0920b8c4-b392-438e-b6b5-b44f892adde0,revision_number=3']} {{(pid=103232) push /opt/stack/neutron/neutron/api/rpc/handlers/resources_rpc.py:237}}
Mar 09 14:35:54.949846 dv-cinder-830086-3-smb neutron-server[103230]: DEBUG neutron_lib.callbacks.manager [None req-930a383e-c529-4554-88c8-fc0298d5c819 admin admin] Publish callbacks [] for security_group (None), before_create {{(pid=103230) _notify_loop /usr/local/lib/python3.8/dist-packages/neutron_lib/callbacks/manager.py:176}}
Mar 09 14:35:54.954270 dv-cinder-830086-3-smb neutron-server[103232]: DEBUG neutron_lib.callbacks.manager [None req-92cd1959-800f-47c6-a45f-35f800fae1a1 None None] Publish callbacks ['neutron.services.segments.db._update_segment_host_mapping_for_agent-8766806780420', 'neutron.plugins.ml2.plugin.Ml2Plugin._retry_binding_revived_agents-1372954'] for agent (143765be-c8f4-4002-a7cd-e32af68e6fde), after_update {{(pid=103232) _notify_loop /usr/local/lib/python3.8/dist-packages/neutron_lib/callbacks/manager.py:176}}
Mar 09 14:35:54.954610 dv-cinder-830086-3-smb neutron-server[103231]: DEBUG neutron.api.rpc.handlers.resources_rpc [None req-074efec0-88eb-4cbd-8ba9-df861026260d tempest-VolumesActionsTest-867436102 tempest-VolumesActionsTest-867436102-project] Pushing event deleted for resources: {'Port': ['ID=ab57a34e-3fc4-4bf2-9ea2-6119d726eaac,revision_number=None']} {{(pid=103231) push /opt/stack/neutron/neutron/api/rpc/handlers/resources_rpc.py:237}}
Mar 09 14:35:54.973471 dv-cinder-830086-3-smb neutron-server[103232]: DEBUG neutron.plugins.ml2.managers [None req-966cae2c-c242-41fe-bdcc-7bd31b9c87f9 None None] Attempting to bind port 0920b8c4-b392-438e-b6b5-b44f892adde0 on host dv-cinder-830086-3-smb for vnic_type normal with profile {{(pid=103232) bind_port /opt/stack/neutron/neutron/plugins/ml2/managers.py:795}}
Mar 09 14:35:54.974160 dv-cinder-830086-3-smb neutron-server[103232]: DEBUG neutron.plugins.ml2.managers [None req-966cae2c-c242-41fe-bdcc-7bd31b9c87f9 None None] Attempting to bind port 0920b8c4-b392-438e-b6b5-b44f892adde0 by drivers openvswitch,hyperv on host dv-cinder-830086-3-smb at level 0 using segments [{'id': '5af61a5b-9cfd-44af-b100-c0bba8654f9b', 'network_type': 'vlan', 'physical_network': 'physnet1', 'segmentation_id': 190, 'network_id': '9eeea894-ae0c-4823-b6e7-d9a369ca7721'}] {{(pid=103232) _bind_port_level /opt/stack/neutron/neutron/plugins/ml2/managers.py:820}}
Mar 09 14:35:54.974247 dv-cinder-830086-3-smb neutron-server[103232]: DEBUG neutron.plugins.ml2.drivers.mech_agent [None req-966cae2c-c242-41fe-bdcc-7bd31b9c87f9 None None] Attempting to bind port 0920b8c4-b392-438e-b6b5-b44f892adde0 on network 9eeea894-ae0c-4823-b6e7-d9a369ca7721 {{(pid=103232) bind_port /opt/stack/neutron/neutron/plugins/ml2/drivers/mech_agent.py:91}}
Mar 09 14:35:54.981187 dv-cinder-830086-3-smb neutron-server[103232]: DEBUG neutron.plugins.ml2.drivers.mech_agent [None req-966cae2c-c242-41fe-bdcc-7bd31b9c87f9 None None] Checking agent: {'id': '143765be-c8f4-4002-a7cd-e32af68e6fde', 'agent_type': 'Open vSwitch agent', 'binary': 'neutron-openvswitch-agent', 'topic': 'N/A', 'host': 'dv-cinder-830086-3-smb', 'admin_state_up': True, 'created_at': datetime.datetime(2022, 3, 9, 14, 26, 25), 'started_at': datetime.datetime(2022, 3, 9, 14, 26, 55), 'heartbeat_timestamp': datetime.datetime(2022, 3, 9, 14, 35, 55), 'description': None, 'resources_synced': None, 'availability_zone': None, 'alive': True, 'configurations': {'arp_responder_enabled': False, 'baremetal_smartnic': False, 'bridge_mappings': {'physnet1': 'br-data'}, 'datapath_type': 'system', 'devices': 0, 'enable_distributed_routing': False, 'extensions': [], 'in_distributed_mode': False, 'integration_bridge': 'br-int', 'l2_population': False, 'log_agent_heartbeats': False, 'ovs_capabilities': {'datapath_types': ['netdev', 'system'], 'iface_types': ['erspan', 'geneve', 'gre', 'internal', 'ip6erspan', 'ip6gre', 'lisp', 'patch', 'stt', 'system', 'tap', 'vxlan']}, 'ovs_hybrid_plug': False, 'resource_provider_bandwidths': {}, 'resource_provider_hypervisors': {'br-data': 'dv-cinder-830086-3-smb'}, 'resource_provider_inventory_defaults': {'allocation_ratio': 1.0, 'min_unit': 1, 'step_size': 1, 'reserved': 0}, 'resource_provider_packet_processing_inventory_defaults': {'allocation_ratio': 1.0, 'min_unit': 1, 'step_size': 1, 'reserved': 0}, 'resource_provider_packet_processing_with_direction': {}, 'resource_provider_packet_processing_without_direction': {}, 'tunnel_types': [], 'tunneling_ip': None, 'vhostuser_socket_dir': '/var/run/openvswitch'}, 'resource_versions': {'AddressGroup': '1.2', 'ConntrackHelper': '1.0', 'LocalIPAssociation': '1.0', 'Log': '1.0', 'Network': '1.1', 'Port': '1.7', 'PortForwarding': '1.2', 'QosPolicy': '1.10', 'SecurityGroup': '1.5', 'SecurityGroupRule': '1.2', 'SubPort': '1.0', 'Subnet': '1.1', 'Trunk': '1.1'}} {{(pid=103232) bind_port /opt/stack/neutron/neutron/plugins/ml2/drivers/mech_agent.py:110}}
Mar 09 14:35:54.981527 dv-cinder-830086-3-smb neutron-server[103232]: DEBUG neutron.plugins.ml2.drivers.mech_agent [None req-966cae2c-c242-41fe-bdcc-7bd31b9c87f9 None None] Checking segment: {'id': '5af61a5b-9cfd-44af-b100-c0bba8654f9b', 'network_type': 'vlan', 'physical_network': 'physnet1', 'segmentation_id': 190, 'network_id': '9eeea894-ae0c-4823-b6e7-d9a369ca7721'} for mappings: {'physnet1': 'br-data'} with network types: ['local', 'flat', 'vlan'] {{(pid=103232) check_segment_for_agent /opt/stack/neutron/neutron/plugins/ml2/drivers/mech_agent.py:373}}
Mar 09 14:35:54.981881 dv-cinder-830086-3-smb neutron-server[103232]: DEBUG neutron_lib.callbacks.manager [None req-966cae2c-c242-41fe-bdcc-7bd31b9c87f9 None None] Publish callbacks [] for ovs_bridge_name (None), before_read {{(pid=103232) _notify_loop /usr/local/lib/python3.8/dist-packages/neutron_lib/callbacks/manager.py:176}}
Mar 09 14:35:54.982276 dv-cinder-830086-3-smb neutron-server[103232]: DEBUG neutron.plugins.ml2.drivers.mech_agent [None req-966cae2c-c242-41fe-bdcc-7bd31b9c87f9 None None] Bound using segment: {'id': '5af61a5b-9cfd-44af-b100-c0bba8654f9b', 'network_type': 'vlan', 'physical_network': 'physnet1', 'segmentation_id': 190, 'network_id': '9eeea894-ae0c-4823-b6e7-d9a369ca7721'} {{(pid=103232) bind_port /opt/stack/neutron/neutron/plugins/ml2/drivers/mech_agent.py:120}}
Mar 09 14:35:54.982750 dv-cinder-830086-3-smb neutron-server[103232]: DEBUG neutron.plugins.ml2.managers [None req-966cae2c-c242-41fe-bdcc-7bd31b9c87f9 None None] Bound port: 0920b8c4-b392-438e-b6b5-b44f892adde0, host: dv-cinder-830086-3-smb, vif_type: ovs, vif_details: {"connectivity": "l2", "port_filter": true, "ovs_hybrid_plug": false, "datapath_type": "system", "bridge_name": "br-int"}, binding_levels: [{'bound_driver': 'openvswitch', 'bound_segment': {'id': '5af61a5b-9cfd-44af-b100-c0bba8654f9b', 'network_type': 'vlan', 'physical_network': 'physnet1', 'segmentation_id': 190, 'network_id': '9eeea894-ae0c-4823-b6e7-d9a369ca7721'}}] {{(pid=103232) _bind_port_level /opt/stack/neutron/neutron/plugins/ml2/managers.py:932}}
Mar 09 14:35:54.983175 dv-cinder-830086-3-smb neutron-server[103232]: DEBUG neutron_lib.callbacks.manager [None req-966cae2c-c242-41fe-bdcc-7bd31b9c87f9 None None] Publish callbacks ['neutron.plugins.ml2.plugin.SecurityGroupDbMixin._ensure_default_security_group_handler-1761718'] for port (0920b8c4-b392-438e-b6b5-b44f892adde0), before_update {{(pid=103232) _notify_loop /usr/local/lib/python3.8/dist-packages/neutron_lib/callbacks/manager.py:176}}
Mar 09 14:35:55.022846 dv-cinder-830086-3-smb neutron-server[103231]: DEBUG neutron.db.l3_dvrscheduler_db [req-f217535e-91ad-47c6-b913-5bb490bf7790 req-074efec0-88eb-4cbd-8ba9-df861026260d tempest-VolumesActionsTest-867436102 tempest-VolumesActionsTest-867436102-project] No DVR routers for this DVR port ab57a34e-3fc4-4bf2-9ea2-6119d726eaac on host hv-cinder-83008 {{(pid=103231) get_dvr_routers_to_remove /opt/stack/neutron/neutron/db/l3_dvrscheduler_db.py:214}}
Mar 09 14:35:55.025949 dv-cinder-830086-3-smb neutron-server[103231]: DEBUG neutron_lib.callbacks.manager [req-f217535e-91ad-47c6-b913-5bb490bf7790 req-074efec0-88eb-4cbd-8ba9-df861026260d tempest-VolumesActionsTest-867436102 tempest-VolumesActionsTest-867436102-project] Publish callbacks ['neutron.notifiers.nova.Notifier._send_nova_notification-1024348'] for port (None), before_response {{(pid=103231) _notify_loop /usr/local/lib/python3.8/dist-packages/neutron_lib/callbacks/manager.py:176}}
Mar 09 14:35:55.031029 dv-cinder-830086-3-smb neutron-server[103231]: INFO neutron.wsgi [req-f217535e-91ad-47c6-b913-5bb490bf7790 req-074efec0-88eb-4cbd-8ba9-df861026260d tempest-VolumesActionsTest-867436102 tempest-VolumesActionsTest-867436102-project] 10.222.0.37 "DELETE /v2.0/ports/ab57a34e-3fc4-4bf2-9ea2-6119d726eaac HTTP/1.1" status: 204 len: 173 time: 0.6470740
Mar 09 14:35:55.031513 dv-cinder-830086-3-smb neutron-server[103231]: DEBUG neutron.notifiers.nova [-] Sending events: [{'server_uuid': '711896ab-0a5c-4537-a6b2-1e9ca845c46c', 'name': 'network-vif-deleted', 'tag': 'ab57a34e-3fc4-4bf2-9ea2-6119d726eaac'}] {{(pid=103231) send_events /opt/stack/neutron/neutron/notifiers/nova.py:271}}
Mar 09 14:35:55.034982 dv-cinder-830086-3-smb neutron-server[103231]: DEBUG novaclient.v2.client [-] REQ: curl -g -i --cacert "/opt/stack/data/ca-bundle.pem" -X POST http://10.222.0.18/compute/v2.1/os-server-external-events -H "Accept: application/json" -H "Content-Type: application/json" -H "User-Agent: python-novaclient" -H "X-Auth-Token: {SHA256}0bafb3bce015c7c2a8898b82b0d2150805011be8b9e588fe531a84e6b2e5e7dd" -H "X-OpenStack-Nova-API-Version: 2.1" -H "X-OpenStack-Request-ID: req-ae37969c-d38e-409c-aabe-0d874fc0666e" -d '{"events": [{"server_uuid": "711896ab-0a5c-4537-a6b2-1e9ca845c46c", "name": "network-vif-deleted", "tag": "ab57a34e-3fc4-4bf2-9ea2-6119d726eaac"}]}' {{(pid=103231) _http_log_request /usr/local/lib/python3.8/dist-packages/keystoneauth1/session.py:519}}
