Feb 18 12:10:40.735824 dv-cinder-829877-1-smb neutron-server[102961]: INFO neutron.wsgi [None req-f84e87a0-4b26-407a-b6e1-d0255d61fa5d admin admin] 10.222.0.72 "GET /v2.0/security-groups?tenant_id=56c8995191a64c5d95aeb0e5907c3074&name=default HTTP/1.1" status: 200 len: 2996 time: 0.5041957
Feb 18 12:10:40.736863 dv-cinder-829877-1-smb neutron-server[102961]: DEBUG neutron.api.rpc.handlers.resources_rpc [None req-f84e87a0-4b26-407a-b6e1-d0255d61fa5d admin admin] Pushing event updated for resources: {'SecurityGroup': ['ID=a2c677da-c3de-4d33-bc34-448a8e010559,revision_number=1']} {{(pid=102961) push /opt/stack/neutron/neutron/api/rpc/handlers/resources_rpc.py:237}}
Feb 18 12:10:40.740432 dv-cinder-829877-1-smb neutron-server[102961]: DEBUG neutron_lib.callbacks.manager [None req-40f7649a-4d93-443e-a6c6-7e6c8cb23c78 admin admin] Publish callbacks [] for security_group (None), before_create {{(pid=102961) _notify_loop /usr/local/lib/python3.8/dist-packages/neutron_lib/callbacks/manager.py:176}}
Feb 18 12:10:40.748613 dv-cinder-829877-1-smb neutron-server[102961]: DEBUG neutron.wsgi [-] (102961) accepted ('10.222.0.72', 33106) {{(pid=102961) server /usr/local/lib/python3.8/dist-packages/eventlet/wsgi.py:1004}}
Feb 18 12:10:40.809721 dv-cinder-829877-1-smb neutron-server[102962]: DEBUG neutron.db.provisioning_blocks [None req-69c61620-f9f9-4599-a061-efce5cc5574b None None] Provisioning for port d5ed9fa5-e76c-49ba-b7aa-a5c8631adffb completed by entity L2. {{(pid=102962) provisioning_complete /opt/stack/neutron/neutron/db/provisioning_blocks.py:133}}
Feb 18 12:10:40.817254 dv-cinder-829877-1-smb neutron-server[102962]: DEBUG neutron.db.provisioning_blocks [None req-69c61620-f9f9-4599-a061-efce5cc5574b None None] Provisioning complete for port d5ed9fa5-e76c-49ba-b7aa-a5c8631adffb triggered by entity L2. {{(pid=102962) provisioning_complete /opt/stack/neutron/neutron/db/provisioning_blocks.py:139}}
Feb 18 12:10:40.817941 dv-cinder-829877-1-smb neutron-server[102962]: DEBUG neutron_lib.callbacks.manager [None req-69c61620-f9f9-4599-a061-efce5cc5574b None None] Publish callbacks ['neutron.plugins.ml2.plugin.Ml2Plugin._port_provisioned-8210231'] for port (d5ed9fa5-e76c-49ba-b7aa-a5c8631adffb), provisioning_complete {{(pid=102962) _notify_loop /usr/local/lib/python3.8/dist-packages/neutron_lib/callbacks/manager.py:176}}
Feb 18 12:10:40.827892 dv-cinder-829877-1-smb neutron-server[102960]: DEBUG neutron.wsgi [-] (102960) accepted ('10.222.0.72', 33108) {{(pid=102960) server /usr/local/lib/python3.8/dist-packages/eventlet/wsgi.py:1004}}
Feb 18 12:10:40.844866 dv-cinder-829877-1-smb neutron-server[102961]: DEBUG neutron_lib.callbacks.manager [None req-3cdb9f4d-2d7f-42c2-8ffa-dc5d8bd3284c admin admin] Publish callbacks [] for security_group (a2c677da-c3de-4d33-bc34-448a8e010559), before_delete {{(pid=102961) _notify_loop /usr/local/lib/python3.8/dist-packages/neutron_lib/callbacks/manager.py:176}}
Feb 18 12:10:40.853157 dv-cinder-829877-1-smb neutron-server[102960]: DEBUG neutron_lib.callbacks.manager [None req-0d02ecc2-8be5-4e7a-ad2c-f6816fcca866 admin admin] Publish callbacks [] for security_group (None), before_create {{(pid=102960) _notify_loop /usr/local/lib/python3.8/dist-packages/neutron_lib/callbacks/manager.py:176}}
Feb 18 12:10:40.868030 dv-cinder-829877-1-smb neutron-server[102961]: DEBUG neutron_lib.callbacks.manager [None req-3cdb9f4d-2d7f-42c2-8ffa-dc5d8bd3284c admin admin] Publish callbacks [] for security_group (a2c677da-c3de-4d33-bc34-448a8e010559), precommit_delete {{(pid=102961) _notify_loop /usr/local/lib/python3.8/dist-packages/neutron_lib/callbacks/manager.py:176}}
Feb 18 12:10:40.925370 dv-cinder-829877-1-smb neutron-server[102962]: DEBUG neutron.plugins.ml2.plugin [None req-69c61620-f9f9-4599-a061-efce5cc5574b None None] Current status of the port d5ed9fa5-e76c-49ba-b7aa-a5c8631adffb is: BUILD; New status is: ACTIVE {{(pid=102962) _update_individual_port_db_status /opt/stack/neutron/neutron/plugins/ml2/plugin.py:2232}}
Feb 18 12:10:40.926124 dv-cinder-829877-1-smb neutron-server[102962]: DEBUG neutron_lib.callbacks.manager [None req-69c61620-f9f9-4599-a061-efce5cc5574b None None] Publish callbacks ['neutron.plugins.ml2.plugin.SecurityGroupDbMixin._ensure_default_security_group_handler-8090652'] for port (d5ed9fa5-e76c-49ba-b7aa-a5c8631adffb), before_update {{(pid=102962) _notify_loop /usr/local/lib/python3.8/dist-packages/neutron_lib/callbacks/manager.py:176}}
Feb 18 12:10:40.945670 dv-cinder-829877-1-smb neutron-server[102961]: DEBUG neutron_lib.callbacks.manager [None req-3cdb9f4d-2d7f-42c2-8ffa-dc5d8bd3284c admin admin] Publish callbacks ['neutron.plugins.ml2.ovo_rpc._ObjectChangeHandler.handle_event-541078'] for security_group (a2c677da-c3de-4d33-bc34-448a8e010559), after_delete {{(pid=102961) _notify_loop /usr/local/lib/python3.8/dist-packages/neutron_lib/callbacks/manager.py:176}}
Feb 18 12:10:40.948907 dv-cinder-829877-1-smb neutron-server[102961]: DEBUG neutron_lib.callbacks.manager [None req-3cdb9f4d-2d7f-42c2-8ffa-dc5d8bd3284c admin admin] Publish callbacks [] for security_group (None), before_response {{(pid=102961) _notify_loop /usr/local/lib/python3.8/dist-packages/neutron_lib/callbacks/manager.py:176}}
Feb 18 12:10:40.950276 dv-cinder-829877-1-smb neutron-server[102961]: INFO neutron.wsgi [None req-3cdb9f4d-2d7f-42c2-8ffa-dc5d8bd3284c admin admin] 10.222.0.72 "DELETE /v2.0/security-groups/a2c677da-c3de-4d33-bc34-448a8e010559 HTTP/1.1" status: 204 len: 168 time: 0.1940603
Feb 18 12:10:40.960529 dv-cinder-829877-1-smb neutron-server[102961]: DEBUG neutron_lib.callbacks.manager [None req-40f7649a-4d93-443e-a6c6-7e6c8cb23c78 admin admin] Publish callbacks [] for security_group (c514b703-62d8-446e-9396-b51c06ba13d5), precommit_create {{(pid=102961) _notify_loop /usr/local/lib/python3.8/dist-packages/neutron_lib/callbacks/manager.py:176}}
Feb 18 12:10:40.966662 dv-cinder-829877-1-smb neutron-server[102961]: DEBUG neutron.api.rpc.handlers.resources_rpc [None req-3cdb9f4d-2d7f-42c2-8ffa-dc5d8bd3284c admin admin] Pushing event deleted for resources: {'SecurityGroup': ['ID=a2c677da-c3de-4d33-bc34-448a8e010559,revision_number=None']} {{(pid=102961) push /opt/stack/neutron/neutron/api/rpc/handlers/resources_rpc.py:237}}
Feb 18 12:10:40.970511 dv-cinder-829877-1-smb neutron-server[102960]: DEBUG neutron.pecan_wsgi.hooks.policy_enforcement [req-acb6e17e-f1ef-4c52-bb39-c0f2a5f61a3b req-e00537ec-26fc-4bdf-b52e-d1f272c0cdac tempest-ServerRescueNegativeTestJSON-34439883 tempest-ServerRescueNegativeTestJSON-34439883-project] Attributes excluded by policy engine: ['standard_attr_id', 'binding:profile', 'binding:host_id', 'binding:vif_type', 'binding:vif_details'] {{(pid=102960) _exclude_attributes_by_policy /opt/stack/neutron/neutron/pecan_wsgi/hooks/policy_enforcement.py:255}}
Feb 18 12:10:40.972689 dv-cinder-829877-1-smb neutron-server[102960]: INFO neutron.wsgi [req-acb6e17e-f1ef-4c52-bb39-c0f2a5f61a3b req-e00537ec-26fc-4bdf-b52e-d1f272c0cdac tempest-ServerRescueNegativeTestJSON-34439883 tempest-ServerRescueNegativeTestJSON-34439883-project] 10.222.0.72 "GET /v2.0/ports?device_id=f0d9e02b-7c72-4812-b296-9f634a61abbc HTTP/1.1" status: 200 len: 945 time: 0.1501188
Feb 18 12:10:40.973247 dv-cinder-829877-1-smb neutron-server[102961]: DEBUG neutron_lib.callbacks.manager [None req-40f7649a-4d93-443e-a6c6-7e6c8cb23c78 admin admin] Publish callbacks ['neutron.plugins.ml2.ovo_rpc._ObjectChangeHandler.handle_event-541078'] for security_group (c514b703-62d8-446e-9396-b51c06ba13d5), after_create {{(pid=102961) _notify_loop /usr/local/lib/python3.8/dist-packages/neutron_lib/callbacks/manager.py:176}}
Feb 18 12:10:41.055170 dv-cinder-829877-1-smb neutron-server[102962]: DEBUG neutron.notifiers.nova [-] Sending events: [{'server_uuid': '1567517d-a10f-43cb-8fa6-a2602a02a8c2', 'name': 'network-vif-plugged', 'status': 'completed', 'tag': 'd5ed9fa5-e76c-49ba-b7aa-a5c8631adffb'}] {{(pid=102962) send_events /opt/stack/neutron/neutron/notifiers/nova.py:271}}
Feb 18 12:10:41.060079 dv-cinder-829877-1-smb neutron-server[102962]: DEBUG novaclient.v2.client [-] REQ: curl -g -i --cacert "/opt/stack/data/ca-bundle.pem" -X POST http://10.222.0.72/compute/v2.1/os-server-external-events -H "Accept: application/json" -H "Content-Type: application/json" -H "User-Agent: python-novaclient" -H "X-Auth-Token: {SHA256}5bed7b5bd5ce5fbd09d8aa1f2b232439c75dcbfeec827987c0dbadef2dd3e560" -H "X-OpenStack-Nova-API-Version: 2.1" -H "X-OpenStack-Request-ID: req-6bcf060c-9d62-4e9a-9011-c9db7159c0a6" -d '{"events": [{"server_uuid": "1567517d-a10f-43cb-8fa6-a2602a02a8c2", "name": "network-vif-plugged", "status": "completed", "tag": "d5ed9fa5-e76c-49ba-b7aa-a5c8631adffb"}]}' {{(pid=102962) _http_log_request /usr/local/lib/python3.8/dist-packages/keystoneauth1/session.py:519}}
Feb 18 12:10:41.060635 dv-cinder-829877-1-smb neutron-server[102961]: INFO neutron.wsgi [None req-40f7649a-4d93-443e-a6c6-7e6c8cb23c78 admin admin] 10.222.0.72 "GET /v2.0/security-groups?tenant_id=636e88494c644906b0e2b81d17bda022&name=default HTTP/1.1" status: 200 len: 2996 time: 0.7718642
Feb 18 12:10:41.064464 dv-cinder-829877-1-smb neutron-server[102961]: DEBUG neutron.api.rpc.handlers.resources_rpc [None req-40f7649a-4d93-443e-a6c6-7e6c8cb23c78 admin admin] Pushing event updated for resources: {'SecurityGroup': ['ID=c514b703-62d8-446e-9396-b51c06ba13d5,revision_number=1']} {{(pid=102961) push /opt/stack/neutron/neutron/api/rpc/handlers/resources_rpc.py:237}}
Feb 18 12:10:41.065814 dv-cinder-829877-1-smb neutron-server[102960]: DEBUG neutron.wsgi [-] (102960) accepted ('10.222.0.72', 33116) {{(pid=102960) server /usr/local/lib/python3.8/dist-packages/eventlet/wsgi.py:1004}}
Feb 18 12:10:41.096508 dv-cinder-829877-1-smb neutron-server[102962]: DEBUG neutron.plugins.ml2.db [None req-69c61620-f9f9-4599-a061-efce5cc5574b None None] For port d5ed9fa5-e76c-49ba-b7aa-a5c8631adffb, host hv-cinder-82987, got binding levels [PortBindingLevel(driver='hyperv',host='hv-cinder-82987',level=0,port_id=d5ed9fa5-e76c-49ba-b7aa-a5c8631adffb,segment=NetworkSegment(a7d12e0d-9e2f-4faa-8657-1635007d84b3),segment_id=a7d12e0d-9e2f-4faa-8657-1635007d84b3)] {{(pid=102962) get_binding_level_objs /opt/stack/neutron/neutron/plugins/ml2/db.py:74}}
Feb 18 12:10:41.100039 dv-cinder-829877-1-smb neutron-server[102961]: DEBUG neutron.pecan_wsgi.hooks.policy_enforcement [req-15cc995b-da0a-4993-8674-abd97a7ed7c9 req-c105d72d-701c-497a-8d9c-e26c3ba2e5dc tempest-AttachVolumeNegativeTest-347980278 tempest-AttachVolumeNegativeTest-347980278-project] Attributes excluded by policy engine: ['standard_attr_id', 'binding:profile', 'binding:host_id', 'binding:vif_type', 'binding:vif_details'] {{(pid=102961) _exclude_attributes_by_policy /opt/stack/neutron/neutron/pecan_wsgi/hooks/policy_enforcement.py:255}}
Feb 18 12:10:41.101510 dv-cinder-829877-1-smb neutron-server[102961]: INFO neutron.wsgi [req-15cc995b-da0a-4993-8674-abd97a7ed7c9 req-c105d72d-701c-497a-8d9c-e26c3ba2e5dc tempest-AttachVolumeNegativeTest-347980278 tempest-AttachVolumeNegativeTest-347980278-project] 10.222.0.72 "GET /v2.0/ports?device_id=614f4ff8-316e-44ed-bbb0-8c87f60c7649 HTTP/1.1" status: 200 len: 931 time: 0.0744817
Feb 18 12:10:41.109912 dv-cinder-829877-1-smb neutron-server[102962]: DEBUG neutron_lib.callbacks.manager [None req-69c61620-f9f9-4599-a061-efce5cc5574b None None] Publish callbacks ['neutron.plugins.ml2.plugin.SecurityGroupServerNotifierRpcMixin._notify_sg_on_port_change-8091089', 'neutron.plugins.ml2.ovo_rpc._ObjectChangeHandler.handle_event-125613', 'neutron.api.rpc.agentnotifiers.dhcp_rpc_agent_api.DhcpAgentNotifyAPI._native_event_send_dhcp_notification-585189', 'neutron.db.l3_db.L3RpcNotifierMixin._notify_gateway_port_ip_changed-8737477416313', 'neutron.db.l3_dvrscheduler_db._notify_l3_agent_port_update-8737476906280', 'neutron.db.l3_hascheduler_db._notify_l3_agent_ha_port_update-8737476906298'] for port (d5ed9fa5-e76c-49ba-b7aa-a5c8631adffb), after_update {{(pid=102962) _notify_loop /usr/local/lib/python3.8/dist-packages/neutron_lib/callbacks/manager.py:176}}
Feb 18 12:10:41.111153 dv-cinder-829877-1-smb neutron-server[102962]: DEBUG neutron.plugins.ml2.rpc [None req-69c61620-f9f9-4599-a061-efce5cc5574b None None] Device 541ae109-b960-4a91-9e7c-c539f8d408ce up at agent hyperv_hv-cinder-82987 {{(pid=102962) update_device_up /opt/stack/neutron/neutron/plugins/ml2/rpc.py:296}}
Feb 18 12:10:41.138573 dv-cinder-829877-1-smb neutron-server[102960]: DEBUG neutron_lib.callbacks.manager [None req-0d02ecc2-8be5-4e7a-ad2c-f6816fcca866 admin admin] Publish callbacks [] for security_group (95ee39ab-8236-4c22-9b35-2d3618340d8a), precommit_create {{(pid=102960) _notify_loop /usr/local/lib/python3.8/dist-packages/neutron_lib/callbacks/manager.py:176}}
Feb 18 12:10:41.142029 dv-cinder-829877-1-smb neutron-server[102960]: DEBUG neutron.notifiers.nova [req-f62aa85a-e7a2-483c-9b77-a5e1f95d9615 req-f5b3beba-4d59-4492-8d52-bf5e1f88147a service neutron] Ignoring state change previous_port_status: DOWN current_port_status: DOWN port_id 4637ad44-4dac-4202-8a0e-12db99689af7 {{(pid=102960) record_port_status_changed /opt/stack/neutron/neutron/notifiers/nova.py:233}}
Feb 18 12:10:41.160528 dv-cinder-829877-1-smb neutron-server[102960]: DEBUG neutron_lib.callbacks.manager [None req-0d02ecc2-8be5-4e7a-ad2c-f6816fcca866 admin admin] Publish callbacks ['neutron.plugins.ml2.ovo_rpc._ObjectChangeHandler.handle_event-541078'] for security_group (95ee39ab-8236-4c22-9b35-2d3618340d8a), after_create {{(pid=102960) _notify_loop /usr/local/lib/python3.8/dist-packages/neutron_lib/callbacks/manager.py:176}}
Feb 18 12:10:41.164982 dv-cinder-829877-1-smb neutron-server[102960]: DEBUG neutron_lib.callbacks.manager [req-f62aa85a-e7a2-483c-9b77-a5e1f95d9615 req-f5b3beba-4d59-4492-8d52-bf5e1f88147a service neutron] Publish callbacks [] for port (4637ad44-4dac-4202-8a0e-12db99689af7), precommit_update {{(pid=102960) _notify_loop /usr/local/lib/python3.8/dist-packages/neutron_lib/callbacks/manager.py:176}}
Feb 18 12:10:41.166112 dv-cinder-829877-1-smb neutron-server[102961]: INFO neutron.wsgi [req-15cc995b-da0a-4993-8674-abd97a7ed7c9 req-52b91b85-fbae-4d68-a70f-2f02c11ece76 tempest-AttachVolumeNegativeTest-347980278 tempest-AttachVolumeNegativeTest-347980278-project] 10.222.0.72 "GET /v2.0/security-groups?id=1be26e7d-c2be-4209-bed9-a556449eab91&fields=id&fields=name HTTP/1.1" status: 200 len: 286 time: 0.0572309
Feb 18 12:10:41.186560 dv-cinder-829877-1-smb neutron-server[102960]: INFO neutron.wsgi [req-acb6e17e-f1ef-4c52-bb39-c0f2a5f61a3b req-4ea881a4-c2f9-4679-8186-7dc276609d65 tempest-ServerRescueNegativeTestJSON-34439883 tempest-ServerRescueNegativeTestJSON-34439883-project] 10.222.0.72 "GET /v2.0/security-groups?id=c40761e1-0133-4284-8ebd-65cb4cad2d34&fields=id&fields=name HTTP/1.1" status: 200 len: 286 time: 0.1960363
Feb 18 12:10:41.231899 dv-cinder-829877-1-smb neutron-server[102962]: DEBUG neutron.db.provisioning_blocks [None req-69c61620-f9f9-4599-a061-efce5cc5574b None None] Provisioning for port 541ae109-b960-4a91-9e7c-c539f8d408ce completed by entity L2. {{(pid=102962) provisioning_complete /opt/stack/neutron/neutron/db/provisioning_blocks.py:133}}
Feb 18 12:10:41.242857 dv-cinder-829877-1-smb neutron-server[102962]: DEBUG novaclient.v2.client [-] RESP: [200] Connection: close Content-Length: 183 Content-Type: application/json Date: Fri, 18 Feb 2022 12:10:41 GMT OpenStack-API-Version: compute 2.1 Server: Apache/2.4.41 (Ubuntu) Vary: OpenStack-API-Version,X-OpenStack-Nova-API-Version X-OpenStack-Nova-API-Version: 2.1 x-compute-request-id: req-3d303397-b5e1-41db-a9f3-d26f5958c27d x-openstack-request-id: req-3d303397-b5e1-41db-a9f3-d26f5958c27d {{(pid=102962) _http_log_response /usr/local/lib/python3.8/dist-packages/keystoneauth1/session.py:550}}
Feb 18 12:10:41.242957 dv-cinder-829877-1-smb neutron-server[102962]: DEBUG novaclient.v2.client [-] RESP BODY: {"events": [{"server_uuid": "1567517d-a10f-43cb-8fa6-a2602a02a8c2", "name": "network-vif-plugged", "status": "completed", "tag": "d5ed9fa5-e76c-49ba-b7aa-a5c8631adffb", "code": 200}]} {{(pid=102962) _http_log_response /usr/local/lib/python3.8/dist-packages/keystoneauth1/session.py:582}}
Feb 18 12:10:41.243675 dv-cinder-829877-1-smb neutron-server[102962]: DEBUG novaclient.v2.client [-] POST call to compute for http://10.222.0.72/compute/v2.1/os-server-external-events used request id req-3d303397-b5e1-41db-a9f3-d26f5958c27d {{(pid=102962) request /usr/local/lib/python3.8/dist-packages/keystoneauth1/session.py:954}}
Feb 18 12:10:41.243675 dv-cinder-829877-1-smb neutron-server[102962]: INFO neutron.notifiers.nova [-] Nova event response: {'server_uuid': '1567517d-a10f-43cb-8fa6-a2602a02a8c2', 'name': 'network-vif-plugged', 'status': 'completed', 'tag': 'd5ed9fa5-e76c-49ba-b7aa-a5c8631adffb', 'code': 200}
Feb 18 12:10:41.250369 dv-cinder-829877-1-smb neutron-server[102960]: DEBUG neutron.db.provisioning_blocks [req-f62aa85a-e7a2-483c-9b77-a5e1f95d9615 req-f5b3beba-4d59-4492-8d52-bf5e1f88147a service neutron] Transition to ACTIVE for port object 4637ad44-4dac-4202-8a0e-12db99689af7 will not be triggered until provisioned by entity L2. {{(pid=102960) add_provisioning_component /opt/stack/neutron/neutron/db/provisioning_blocks.py:73}}
Feb 18 12:10:41.254815 dv-cinder-829877-1-smb neutron-server[102962]: DEBUG neutron.db.provisioning_blocks [None req-69c61620-f9f9-4599-a061-efce5cc5574b None None] Provisioning complete for port 541ae109-b960-4a91-9e7c-c539f8d408ce triggered by entity L2. {{(pid=102962) provisioning_complete /opt/stack/neutron/neutron/db/provisioning_blocks.py:139}}
Feb 18 12:10:41.254815 dv-cinder-829877-1-smb neutron-server[102962]: DEBUG neutron_lib.callbacks.manager [None req-69c61620-f9f9-4599-a061-efce5cc5574b None None] Publish callbacks ['neutron.plugins.ml2.plugin.Ml2Plugin._port_provisioned-8210231'] for port (541ae109-b960-4a91-9e7c-c539f8d408ce), provisioning_complete {{(pid=102962) _notify_loop /usr/local/lib/python3.8/dist-packages/neutron_lib/callbacks/manager.py:176}}
Feb 18 12:10:41.256089 dv-cinder-829877-1-smb neutron-server[102960]: DEBUG neutron.api.rpc.handlers.resources_rpc [None req-0d02ecc2-8be5-4e7a-ad2c-f6816fcca866 admin admin] Pushing event updated for resources: {'SecurityGroup': ['ID=95ee39ab-8236-4c22-9b35-2d3618340d8a,revision_number=1']} {{(pid=102960) push /opt/stack/neutron/neutron/api/rpc/handlers/resources_rpc.py:237}}
Feb 18 12:10:41.269466 dv-cinder-829877-1-smb neutron-server[102961]: DEBUG neutron.wsgi [-] (102961) accepted ('10.222.0.72', 33122) {{(pid=102961) server /usr/local/lib/python3.8/dist-packages/eventlet/wsgi.py:1004}}
Feb 18 12:10:41.280307 dv-cinder-829877-1-smb neutron-server[102960]: INFO neutron.wsgi [None req-0d02ecc2-8be5-4e7a-ad2c-f6816fcca866 admin admin] 10.222.0.72 "GET /v2.0/security-groups?tenant_id=6ba319716d1943148802e0699d68dd6b&name=default HTTP/1.1" status: 200 len: 2996 time: 0.4511361
Feb 18 12:10:41.284211 dv-cinder-829877-1-smb neutron-server[102960]: DEBUG neutron_lib.callbacks.manager [req-f62aa85a-e7a2-483c-9b77-a5e1f95d9615 req-f5b3beba-4d59-4492-8d52-bf5e1f88147a service neutron] Publish callbacks ['neutron.plugins.ml2.plugin.SecurityGroupServerNotifierRpcMixin._notify_sg_on_port_change-8091089', 'neutron.plugins.ml2.ovo_rpc._ObjectChangeHandler.handle_event-125613', 'neutron.api.rpc.agentnotifiers.dhcp_rpc_agent_api.DhcpAgentNotifyAPI._native_event_send_dhcp_notification-585189', 'neutron.db.l3_db.L3RpcNotifierMixin._notify_gateway_port_ip_changed-8737477416313', 'neutron.db.l3_dvrscheduler_db._notify_l3_agent_port_update-8737476906280', 'neutron.db.l3_hascheduler_db._notify_l3_agent_ha_port_update-8737476906298'] for port (4637ad44-4dac-4202-8a0e-12db99689af7), after_update {{(pid=102960) _notify_loop /usr/local/lib/python3.8/dist-packages/neutron_lib/callbacks/manager.py:176}}
Feb 18 12:10:41.289697 dv-cinder-829877-1-smb neutron-server[102962]: DEBUG neutron.api.rpc.handlers.resources_rpc [None req-69c61620-f9f9-4599-a061-efce5cc5574b None None] Pushing event updated for resources: {'Port': ['ID=d5ed9fa5-e76c-49ba-b7aa-a5c8631adffb,revision_number=5']} {{(pid=102962) push /opt/stack/neutron/neutron/api/rpc/handlers/resources_rpc.py:237}}
Feb 18 12:10:41.295070 dv-cinder-829877-1-smb neutron-server[102960]: DEBUG neutron_lib.callbacks.manager [None req-ab394c87-8ad6-4133-af79-fdcc68b98b84 admin admin] Publish callbacks [] for security_group (c514b703-62d8-446e-9396-b51c06ba13d5), before_delete {{(pid=102960) _notify_loop /usr/local/lib/python3.8/dist-packages/neutron_lib/callbacks/manager.py:176}}
Feb 18 12:10:41.371511 dv-cinder-829877-1-smb neutron-server[102960]: DEBUG neutron.api.rpc.handlers.resources_rpc [None req-f5b3beba-4d59-4492-8d52-bf5e1f88147a service neutron] Pushing event updated for resources: {'Port': ['ID=4637ad44-4dac-4202-8a0e-12db99689af7,revision_number=2']} {{(pid=102960) push /opt/stack/neutron/neutron/api/rpc/handlers/resources_rpc.py:237}}
Feb 18 12:10:41.376157 dv-cinder-829877-1-smb neutron-server[102960]: DEBUG neutron_lib.callbacks.manager [None req-ab394c87-8ad6-4133-af79-fdcc68b98b84 admin admin] Publish callbacks [] for security_group (c514b703-62d8-446e-9396-b51c06ba13d5), precommit_delete {{(pid=102960) _notify_loop /usr/local/lib/python3.8/dist-packages/neutron_lib/callbacks/manager.py:176}}
Feb 18 12:10:41.412852 dv-cinder-829877-1-smb neutron-server[102962]: DEBUG neutron.plugins.ml2.plugin [None req-69c61620-f9f9-4599-a061-efce5cc5574b None None] Current status of the port 541ae109-b960-4a91-9e7c-c539f8d408ce is: BUILD; New status is: ACTIVE {{(pid=102962) _update_individual_port_db_status /opt/stack/neutron/neutron/plugins/ml2/plugin.py:2232}}
Feb 18 12:10:41.413390 dv-cinder-829877-1-smb neutron-server[102962]: DEBUG neutron_lib.callbacks.manager [None req-69c61620-f9f9-4599-a061-efce5cc5574b None None] Publish callbacks ['neutron.plugins.ml2.plugin.SecurityGroupDbMixin._ensure_default_security_group_handler-8090652'] for port (541ae109-b960-4a91-9e7c-c539f8d408ce), before_update {{(pid=102962) _notify_loop /usr/local/lib/python3.8/dist-packages/neutron_lib/callbacks/manager.py:176}}
Feb 18 12:10:41.419818 dv-cinder-829877-1-smb neutron-server[102961]: DEBUG neutron.pecan_wsgi.hooks.policy_enforcement [req-46d2f9e9-a4e4-40ce-9355-a6565607ba18 req-f84fb072-f859-4b5e-8c86-83497ba9e6cb tempest-AttachVolumeShelveTestJSON-1186529293 tempest-AttachVolumeShelveTestJSON-1186529293-project] Attributes excluded by policy engine: ['standard_attr_id', 'binding:profile', 'binding:host_id', 'binding:vif_type', 'binding:vif_details'] {{(pid=102961) _exclude_attributes_by_policy /opt/stack/neutron/neutron/pecan_wsgi/hooks/policy_enforcement.py:255}}
Feb 18 12:10:41.431200 dv-cinder-829877-1-smb neutron-server[102961]: INFO neutron.wsgi [req-46d2f9e9-a4e4-40ce-9355-a6565607ba18 req-f84fb072-f859-4b5e-8c86-83497ba9e6cb tempest-AttachVolumeShelveTestJSON-1186529293 tempest-AttachVolumeShelveTestJSON-1186529293-project] 10.222.0.72 "GET /v2.0/ports?device_id=49799496-04d0-4aa4-994e-34750ad89c03 HTTP/1.1" status: 200 len: 945 time: 0.1421351
Feb 18 12:10:41.455421 dv-cinder-829877-1-smb neutron-server[102960]: DEBUG neutron.plugins.ml2.managers [req-f62aa85a-e7a2-483c-9b77-a5e1f95d9615 req-f5b3beba-4d59-4492-8d52-bf5e1f88147a service neutron] Attempting to bind port 4637ad44-4dac-4202-8a0e-12db99689af7 on host hv-cinder-82987 for vnic_type normal with profile {{(pid=102960) bind_port /opt/stack/neutron/neutron/plugins/ml2/managers.py:795}}
Feb 18 12:10:41.455421 dv-cinder-829877-1-smb neutron-server[102960]: DEBUG neutron.plugins.ml2.managers [req-f62aa85a-e7a2-483c-9b77-a5e1f95d9615 req-f5b3beba-4d59-4492-8d52-bf5e1f88147a service neutron] Attempting to bind port 4637ad44-4dac-4202-8a0e-12db99689af7 by drivers openvswitch,hyperv on host hv-cinder-82987 at level 0 using segments [{'id': '4492dde6-6d0f-427b-8ed3-a27fe804c22b', 'network_type': 'vlan', 'physical_network': 'physnet1', 'segmentation_id': 253, 'network_id': '6192ab47-a5ee-4965-a9a4-69bb783b2362'}] {{(pid=102960) _bind_port_level /opt/stack/neutron/neutron/plugins/ml2/managers.py:820}}
Feb 18 12:10:41.455750 dv-cinder-829877-1-smb neutron-server[102960]: DEBUG neutron.plugins.ml2.drivers.mech_agent [req-f62aa85a-e7a2-483c-9b77-a5e1f95d9615 req-f5b3beba-4d59-4492-8d52-bf5e1f88147a service neutron] Attempting to bind port 4637ad44-4dac-4202-8a0e-12db99689af7 on network 6192ab47-a5ee-4965-a9a4-69bb783b2362 {{(pid=102960) bind_port /opt/stack/neutron/neutron/plugins/ml2/drivers/mech_agent.py:91}}
Feb 18 12:10:41.456044 dv-cinder-829877-1-smb neutron-server[102961]: DEBUG neutron_lib.callbacks.manager [None req-0d810de9-53f7-423c-b951-f41fed728f4c admin admin] Publish callbacks [] for security_group (95ee39ab-8236-4c22-9b35-2d3618340d8a), before_delete {{(pid=102961) _notify_loop /usr/local/lib/python3.8/dist-packages/neutron_lib/callbacks/manager.py:176}}
Feb 18 12:10:41.463706 dv-cinder-829877-1-smb neutron-server[102960]: DEBUG neutron.plugins.ml2.drivers.mech_agent [req-f62aa85a-e7a2-483c-9b77-a5e1f95d9615 req-f5b3beba-4d59-4492-8d52-bf5e1f88147a service neutron] Port 4637ad44-4dac-4202-8a0e-12db99689af7 on network 6192ab47-a5ee-4965-a9a4-69bb783b2362 not bound, no agent of type Open vSwitch agent registered on host hv-cinder-82987 {{(pid=102960) bind_port /opt/stack/neutron/neutron/plugins/ml2/drivers/mech_agent.py:103}}
Feb 18 12:10:41.464037 dv-cinder-829877-1-smb neutron-server[102960]: DEBUG neutron.plugins.ml2.drivers.mech_agent [req-f62aa85a-e7a2-483c-9b77-a5e1f95d9615 req-f5b3beba-4d59-4492-8d52-bf5e1f88147a service neutron] Attempting to bind port 4637ad44-4dac-4202-8a0e-12db99689af7 on network 6192ab47-a5ee-4965-a9a4-69bb783b2362 {{(pid=102960) bind_port /opt/stack/neutron/neutron/plugins/ml2/drivers/mech_agent.py:91}}
Feb 18 12:10:41.477882 dv-cinder-829877-1-smb neutron-server[102960]: DEBUG neutron.plugins.ml2.drivers.mech_agent [req-f62aa85a-e7a2-483c-9b77-a5e1f95d9615 req-f5b3beba-4d59-4492-8d52-bf5e1f88147a service neutron] Checking agent: {'id': 'd900b5fa-b735-4e11-bc4a-2b6303fd39dd', 'agent_type': 'HyperV agent', 'binary': 'neutron-hyperv-agent', 'topic': 'N/A', 'host': 'hv-cinder-82987', 'admin_state_up': True, 'created_at': datetime.datetime(2022, 2, 18, 12, 7, 51), 'started_at': datetime.datetime(2022, 2, 18, 12, 7, 51), 'heartbeat_timestamp': datetime.datetime(2022, 2, 18, 12, 10, 21), 'description': None, 'resources_synced': None, 'availability_zone': None, 'alive': True, 'configurations': {'vswitch_mappings': {'physnet1$': 'br-data'}}, 'resource_versions': {}} {{(pid=102960) bind_port /opt/stack/neutron/neutron/plugins/ml2/drivers/mech_agent.py:110}}
Feb 18 12:10:41.477882 dv-cinder-829877-1-smb neutron-server[102960]: DEBUG neutron.plugins.ml2.drivers.mech_agent [req-f62aa85a-e7a2-483c-9b77-a5e1f95d9615 req-f5b3beba-4d59-4492-8d52-bf5e1f88147a service neutron] Checking segment: {'id': '4492dde6-6d0f-427b-8ed3-a27fe804c22b', 'network_type': 'vlan', 'physical_network': 'physnet1', 'segmentation_id': 253, 'network_id': '6192ab47-a5ee-4965-a9a4-69bb783b2362'} for mappings: {'physnet1$': 'br-data'} with network types: ['local', 'flat', 'vlan'] {{(pid=102960) check_segment_for_agent /opt/stack/neutron/neutron/plugins/ml2/drivers/mech_agent.py:373}}
Feb 18 12:10:41.477882 dv-cinder-829877-1-smb neutron-server[102960]: DEBUG neutron.plugins.ml2.drivers.mech_agent [req-f62aa85a-e7a2-483c-9b77-a5e1f95d9615 req-f5b3beba-4d59-4492-8d52-bf5e1f88147a service neutron] Bound using segment: {'id': '4492dde6-6d0f-427b-8ed3-a27fe804c22b', 'network_type': 'vlan', 'physical_network': 'physnet1', 'segmentation_id': 253, 'network_id': '6192ab47-a5ee-4965-a9a4-69bb783b2362'} {{(pid=102960) bind_port /opt/stack/neutron/neutron/plugins/ml2/drivers/mech_agent.py:120}}
Feb 18 12:10:41.478269 dv-cinder-829877-1-smb neutron-server[102960]: DEBUG neutron.plugins.ml2.managers [req-f62aa85a-e7a2-483c-9b77-a5e1f95d9615 req-f5b3beba-4d59-4492-8d52-bf5e1f88147a service neutron] Bound port: 4637ad44-4dac-4202-8a0e-12db99689af7, host: hv-cinder-82987, vif_type: hyperv, vif_details: {"connectivity": "legacy", "port_filter": false}, binding_levels: [{'bound_driver': 'hyperv', 'bound_segment': {'id': '4492dde6-6d0f-427b-8ed3-a27fe804c22b', 'network_type': 'vlan', 'physical_network': 'physnet1', 'segmentation_id': 253, 'network_id': '6192ab47-a5ee-4965-a9a4-69bb783b2362'}}] {{(pid=102960) _bind_port_level /opt/stack/neutron/neutron/plugins/ml2/managers.py:932}}
Feb 18 12:10:41.478698 dv-cinder-829877-1-smb neutron-server[102960]: DEBUG neutron_lib.callbacks.manager [req-f62aa85a-e7a2-483c-9b77-a5e1f95d9615 req-f5b3beba-4d59-4492-8d52-bf5e1f88147a service neutron] Publish callbacks ['neutron.plugins.ml2.plugin.SecurityGroupDbMixin._ensure_default_security_group_handler-8090652'] for port (4637ad44-4dac-4202-8a0e-12db99689af7), before_update {{(pid=102960) _notify_loop /usr/local/lib/python3.8/dist-packages/neutron_lib/callbacks/manager.py:176}}
Feb 18 12:10:41.514433 dv-cinder-829877-1-smb neutron-server[102962]: DEBUG neutron.plugins.ml2.db [None req-69c61620-f9f9-4599-a061-efce5cc5574b None None] For port 541ae109-b960-4a91-9e7c-c539f8d408ce, host hv-cinder-82987, got binding levels [PortBindingLevel(driver='hyperv',host='hv-cinder-82987',level=0,port_id=541ae109-b960-4a91-9e7c-c539f8d408ce,segment=NetworkSegment(5b6e7f69-9982-45dc-a335-4536ab81d188),segment_id=5b6e7f69-9982-45dc-a335-4536ab81d188)] {{(pid=102962) get_binding_level_objs /opt/stack/neutron/neutron/plugins/ml2/db.py:74}}
Feb 18 12:10:41.517844 dv-cinder-829877-1-smb neutron-server[102960]: DEBUG neutron_lib.callbacks.manager [None req-ab394c87-8ad6-4133-af79-fdcc68b98b84 admin admin] Publish callbacks ['neutron.plugins.ml2.ovo_rpc._ObjectChangeHandler.handle_event-541078'] for security_group (c514b703-62d8-446e-9396-b51c06ba13d5), after_delete {{(pid=102960) _notify_loop /usr/local/lib/python3.8/dist-packages/neutron_lib/callbacks/manager.py:176}}
Feb 18 12:10:41.520542 dv-cinder-829877-1-smb neutron-server[102960]: DEBUG neutron_lib.callbacks.manager [None req-ab394c87-8ad6-4133-af79-fdcc68b98b84 admin admin] Publish callbacks [] for security_group (None), before_response {{(pid=102960) _notify_loop /usr/local/lib/python3.8/dist-packages/neutron_lib/callbacks/manager.py:176}}
Feb 18 12:10:41.521853 dv-cinder-829877-1-smb neutron-server[102960]: INFO neutron.wsgi [None req-ab394c87-8ad6-4133-af79-fdcc68b98b84 admin admin] 10.222.0.72 "DELETE /v2.0/security-groups/c514b703-62d8-446e-9396-b51c06ba13d5 HTTP/1.1" status: 204 len: 168 time: 0.4480684
Feb 18 12:10:41.526624 dv-cinder-829877-1-smb neutron-server[102962]: DEBUG neutron_lib.callbacks.manager [None req-69c61620-f9f9-4599-a061-efce5cc5574b None None] Publish callbacks ['neutron.plugins.ml2.plugin.SecurityGroupServerNotifierRpcMixin._notify_sg_on_port_change-8091089', 'neutron.plugins.ml2.ovo_rpc._ObjectChangeHandler.handle_event-125613', 'neutron.api.rpc.agentnotifiers.dhcp_rpc_agent_api.DhcpAgentNotifyAPI._native_event_send_dhcp_notification-585189', 'neutron.db.l3_db.L3RpcNotifierMixin._notify_gateway_port_ip_changed-8737477416313', 'neutron.db.l3_dvrscheduler_db._notify_l3_agent_port_update-8737476906280', 'neutron.db.l3_hascheduler_db._notify_l3_agent_ha_port_update-8737476906298'] for port (541ae109-b960-4a91-9e7c-c539f8d408ce), after_update {{(pid=102962) _notify_loop /usr/local/lib/python3.8/dist-packages/neutron_lib/callbacks/manager.py:176}}
Feb 18 12:10:41.528137 dv-cinder-829877-1-smb neutron-server[102962]: DEBUG neutron.plugins.ml2.rpc [None req-69c61620-f9f9-4599-a061-efce5cc5574b None None] Device 4ed40eb5-d334-4ada-b765-4727f80559b5 no longer exists at agent hyperv_hv-cinder-82987 {{(pid=102962) update_device_down /opt/stack/neutron/neutron/plugins/ml2/rpc.py:259}}
Feb 18 12:10:41.536937 dv-cinder-829877-1-smb neutron-server[102960]: DEBUG neutron.api.rpc.handlers.resources_rpc [None req-ab394c87-8ad6-4133-af79-fdcc68b98b84 admin admin] Pushing event deleted for resources: {'SecurityGroup': ['ID=c514b703-62d8-446e-9396-b51c06ba13d5,revision_number=None']} {{(pid=102960) push /opt/stack/neutron/neutron/api/rpc/handlers/resources_rpc.py:237}}
Feb 18 12:10:41.563658 dv-cinder-829877-1-smb neutron-server[102960]: DEBUG neutron.plugins.ml2.db [req-f62aa85a-e7a2-483c-9b77-a5e1f95d9615 req-f5b3beba-4d59-4492-8d52-bf5e1f88147a service neutron] For port 4637ad44-4dac-4202-8a0e-12db99689af7, host hv-cinder-82987, cleared binding levels {{(pid=102960) clear_binding_levels /opt/stack/neutron/neutron/plugins/ml2/db.py:87}}
Feb 18 12:10:41.567654 dv-cinder-829877-1-smb neutron-server[102960]: DEBUG neutron.plugins.ml2.db [req-f62aa85a-e7a2-483c-9b77-a5e1f95d9615 req-f5b3beba-4d59-4492-8d52-bf5e1f88147a service neutron] For port 4637ad44-4dac-4202-8a0e-12db99689af7, host hv-cinder-82987, set binding levels [PortBindingLevel(driver='hyperv',host='hv-cinder-82987',level=0,port_id=4637ad44-4dac-4202-8a0e-12db99689af7,segment=NetworkSegment(4492dde6-6d0f-427b-8ed3-a27fe804c22b),segment_id=4492dde6-6d0f-427b-8ed3-a27fe804c22b)] {{(pid=102960) set_binding_levels /opt/stack/neutron/neutron/plugins/ml2/db.py:59}}
Feb 18 12:10:41.584178 dv-cinder-829877-1-smb neutron-server[102960]: DEBUG neutron_lib.callbacks.manager [req-f62aa85a-e7a2-483c-9b77-a5e1f95d9615 req-f5b3beba-4d59-4492-8d52-bf5e1f88147a service neutron] Publish callbacks ['neutron.plugins.ml2.plugin.SecurityGroupServerNotifierRpcMixin._notify_sg_on_port_change-8091089', 'neutron.plugins.ml2.ovo_rpc._ObjectChangeHandler.handle_event-125613', 'neutron.api.rpc.agentnotifiers.dhcp_rpc_agent_api.DhcpAgentNotifyAPI._native_event_send_dhcp_notification-585189', 'neutron.db.l3_db.L3RpcNotifierMixin._notify_gateway_port_ip_changed-8737477416313', 'neutron.db.l3_dvrscheduler_db._notify_l3_agent_port_update-8737476906280', 'neutron.db.l3_hascheduler_db._notify_l3_agent_ha_port_update-8737476906298'] for port (4637ad44-4dac-4202-8a0e-12db99689af7), after_update {{(pid=102960) _notify_loop /usr/local/lib/python3.8/dist-packages/neutron_lib/callbacks/manager.py:176}}
Feb 18 12:10:41.603455 dv-cinder-829877-1-smb neutron-server[102961]: DEBUG neutron_lib.callbacks.manager [None req-0d810de9-53f7-423c-b951-f41fed728f4c admin admin] Publish callbacks [] for security_group (95ee39ab-8236-4c22-9b35-2d3618340d8a), precommit_delete {{(pid=102961) _notify_loop /usr/local/lib/python3.8/dist-packages/neutron_lib/callbacks/manager.py:176}}
Feb 18 12:10:41.607006 dv-cinder-829877-1-smb neutron-server[102962]: DEBUG neutron.plugins.ml2.plugin [None req-69c61620-f9f9-4599-a061-efce5cc5574b None None] No Port match for: 4ed40eb5-d334-4ada-b765-4727f80559b5 {{(pid=102962) port_bound_to_host /opt/stack/neutron/neutron/plugins/ml2/plugin.py:2316}}
Feb 18 12:10:41.607701 dv-cinder-829877-1-smb neutron-server[102962]: DEBUG neutron.plugins.ml2.rpc [None req-69c61620-f9f9-4599-a061-efce5cc5574b None None] Device 4ed40eb5-d334-4ada-b765-4727f80559b5 not bound to the agent host hv-cinder-82987 {{(pid=102962) update_device_down /opt/stack/neutron/neutron/plugins/ml2/rpc.py:269}}
Feb 18 12:10:41.661123 dv-cinder-829877-1-smb neutron-server[102961]: DEBUG neutron.wsgi [-] (102961) accepted ('10.222.0.72', 33130) {{(pid=102961) server /usr/local/lib/python3.8/dist-packages/eventlet/wsgi.py:1004}}
Feb 18 12:10:41.672685 dv-cinder-829877-1-smb neutron-server[102962]: DEBUG neutron.api.rpc.handlers.resources_rpc [None req-69c61620-f9f9-4599-a061-efce5cc5574b None None] Pushing event updated for resources: {'Port': ['ID=541ae109-b960-4a91-9e7c-c539f8d408ce,revision_number=5']} {{(pid=102962) push /opt/stack/neutron/neutron/api/rpc/handlers/resources_rpc.py:237}}
Feb 18 12:10:41.683768 dv-cinder-829877-1-smb neutron-server[102961]: INFO neutron.wsgi [req-46d2f9e9-a4e4-40ce-9355-a6565607ba18 req-dc94750a-1d20-4f5c-a44d-f6941dfd901d tempest-AttachVolumeShelveTestJSON-1186529293 tempest-AttachVolumeShelveTestJSON-1186529293-project] 10.222.0.72 "GET /v2.0/security-groups?id=56758a70-b8a6-4dd5-8793-3eeec0563cb7&fields=id&fields=name HTTP/1.1" status: 200 len: 312 time: 0.2340605
Feb 18 12:10:41.707981 dv-cinder-829877-1-smb neutron-server[102961]: DEBUG neutron_lib.callbacks.manager [None req-1e1531a7-207e-41fa-b537-7019d1eab4cc admin admin] Publish callbacks [] for security_group (None), before_create {{(pid=102961) _notify_loop /usr/local/lib/python3.8/dist-packages/neutron_lib/callbacks/manager.py:176}}
Feb 18 12:10:41.787606 dv-cinder-829877-1-smb neutron-server[102961]: DEBUG neutron_lib.callbacks.manager [None req-0d810de9-53f7-423c-b951-f41fed728f4c admin admin] Publish callbacks ['neutron.plugins.ml2.ovo_rpc._ObjectChangeHandler.handle_event-541078'] for security_group (95ee39ab-8236-4c22-9b35-2d3618340d8a), after_delete {{(pid=102961) _notify_loop /usr/local/lib/python3.8/dist-packages/neutron_lib/callbacks/manager.py:176}}
Feb 18 12:10:41.791743 dv-cinder-829877-1-smb neutron-server[102961]: DEBUG neutron_lib.callbacks.manager [None req-0d810de9-53f7-423c-b951-f41fed728f4c admin admin] Publish callbacks [] for security_group (None), before_response {{(pid=102961) _notify_loop /usr/local/lib/python3.8/dist-packages/neutron_lib/callbacks/manager.py:176}}
Feb 18 12:10:41.793023 dv-cinder-829877-1-smb neutron-server[102961]: INFO neutron.wsgi [None req-0d810de9-53f7-423c-b951-f41fed728f4c admin admin] 10.222.0.72 "DELETE /v2.0/security-groups/95ee39ab-8236-4c22-9b35-2d3618340d8a HTTP/1.1" status: 204 len: 168 time: 0.5225158
Feb 18 12:10:41.815119 dv-cinder-829877-1-smb neutron-server[102961]: DEBUG neutron.api.rpc.handlers.resources_rpc [None req-0d810de9-53f7-423c-b951-f41fed728f4c admin admin] Pushing event deleted for resources: {'SecurityGroup': ['ID=95ee39ab-8236-4c22-9b35-2d3618340d8a,revision_number=None']} {{(pid=102961) push /opt/stack/neutron/neutron/api/rpc/handlers/resources_rpc.py:237}}
Feb 18 12:10:41.939354 dv-cinder-829877-1-smb neutron-server[102960]: DEBUG neutron.pecan_wsgi.hooks.policy_enforcement [req-f62aa85a-e7a2-483c-9b77-a5e1f95d9615 req-f5b3beba-4d59-4492-8d52-bf5e1f88147a service neutron] Attributes excluded by policy engine: ['standard_attr_id'] {{(pid=102960) _exclude_attributes_by_policy /opt/stack/neutron/neutron/pecan_wsgi/hooks/policy_enforcement.py:255}}
Feb 18 12:10:41.940401 dv-cinder-829877-1-smb neutron-server[102960]: DEBUG neutron_lib.callbacks.manager [req-f62aa85a-e7a2-483c-9b77-a5e1f95d9615 req-f5b3beba-4d59-4492-8d52-bf5e1f88147a service neutron] Publish callbacks ['neutron.notifiers.nova.Notifier._send_nova_notification-473412'] for port (None), before_response {{(pid=102960) _notify_loop /usr/local/lib/python3.8/dist-packages/neutron_lib/callbacks/manager.py:176}}
Feb 18 12:10:41.941929 dv-cinder-829877-1-smb neutron-server[102960]: INFO neutron.wsgi [req-f62aa85a-e7a2-483c-9b77-a5e1f95d9615 req-f5b3beba-4d59-4492-8d52-bf5e1f88147a service neutron] 10.222.0.60 "PUT /v2.0/ports/4637ad44-4dac-4202-8a0e-12db99689af7 HTTP/1.1" status: 200 len: 1093 time: 1.6054053
Feb 18 12:10:41.943909 dv-cinder-829877-1-smb neutron-server[102961]: DEBUG neutron_lib.callbacks.manager [None req-1e1531a7-207e-41fa-b537-7019d1eab4cc admin admin] Publish callbacks [] for security_group (ae2572c0-021e-44d1-9a10-29c48bb4cac6), precommit_create {{(pid=102961) _notify_loop /usr/local/lib/python3.8/dist-packages/neutron_lib/callbacks/manager.py:176}}
Feb 18 12:10:41.951521 dv-cinder-829877-1-smb neutron-server[102961]: DEBUG neutron_lib.callbacks.manager [None req-1e1531a7-207e-41fa-b537-7019d1eab4cc admin admin] Publish callbacks ['neutron.plugins.ml2.ovo_rpc._ObjectChangeHandler.handle_event-541078'] for security_group (ae2572c0-021e-44d1-9a10-29c48bb4cac6), after_create {{(pid=102961) _notify_loop /usr/local/lib/python3.8/dist-packages/neutron_lib/callbacks/manager.py:176}}
Feb 18 12:10:42.005476 dv-cinder-829877-1-smb neutron-server[102961]: DEBUG neutron.api.rpc.handlers.resources_rpc [None req-1e1531a7-207e-41fa-b537-7019d1eab4cc admin admin] Pushing event updated for resources: {'SecurityGroup': ['ID=ae2572c0-021e-44d1-9a10-29c48bb4cac6,revision_number=1']} {{(pid=102961) push /opt/stack/neutron/neutron/api/rpc/handlers/resources_rpc.py:237}}
Feb 18 12:10:42.036557 dv-cinder-829877-1-smb neutron-server[102961]: INFO neutron.wsgi [None req-1e1531a7-207e-41fa-b537-7019d1eab4cc admin admin] 10.222.0.72 "GET /v2.0/security-groups?tenant_id=10cbaa37b09c42aa8e74873333a8d2c6&name=default HTTP/1.1" status: 200 len: 2996 time: 0.3742878
Feb 18 12:10:42.041176 dv-cinder-829877-1-smb neutron-server[102960]: DEBUG neutron.wsgi [-] (102960) accepted ('10.222.0.72', 33146) {{(pid=102960) server /usr/local/lib/python3.8/dist-packages/eventlet/wsgi.py:1004}}
Feb 18 12:10:42.059769 dv-cinder-829877-1-smb neutron-server[102960]: DEBUG neutron.api.rpc.handlers.resources_rpc [None req-f5b3beba-4d59-4492-8d52-bf5e1f88147a service neutron] Pushing event updated for resources: {'Port': ['ID=4637ad44-4dac-4202-8a0e-12db99689af7,revision_number=3']} {{(pid=102960) push /opt/stack/neutron/neutron/api/rpc/handlers/resources_rpc.py:237}}
Feb 18 12:10:42.078521 dv-cinder-829877-1-smb neutron-server[102960]: DEBUG neutron.pecan_wsgi.hooks.policy_enforcement [req-c342ae41-0089-407a-a6e1-3357f1a7d6e4 req-89c21022-edcb-4a38-8679-b6eaddbe5d50 tempest-AttachVolumeTestJSON-520458115 tempest-AttachVolumeTestJSON-520458115-project] Attributes excluded by policy engine: ['standard_attr_id', 'binding:profile', 'binding:host_id', 'binding:vif_type', 'binding:vif_details'] {{(pid=102960) _exclude_attributes_by_policy /opt/stack/neutron/neutron/pecan_wsgi/hooks/policy_enforcement.py:255}}
Feb 18 12:10:42.086899 dv-cinder-829877-1-smb neutron-server[102960]: INFO neutron.wsgi [req-c342ae41-0089-407a-a6e1-3357f1a7d6e4 req-89c21022-edcb-4a38-8679-b6eaddbe5d50 tempest-AttachVolumeTestJSON-520458115 tempest-AttachVolumeTestJSON-520458115-project] 10.222.0.72 "GET /v2.0/ports?device_id=1567517d-a10f-43cb-8fa6-a2602a02a8c2 HTTP/1.1" status: 200 len: 945 time: 0.4264638
Feb 18 12:10:42.108540 dv-cinder-829877-1-smb neutron-server[102960]: DEBUG neutron.pecan_wsgi.hooks.policy_enforcement [req-abccece3-e830-483e-b8bc-00ae3335ecd0 req-e4d3156d-d626-422d-ae27-2c6391cb37c7 service neutron] Attributes excluded by policy engine: ['standard_attr_id'] {{(pid=102960) _exclude_attributes_by_policy /opt/stack/neutron/neutron/pecan_wsgi/hooks/policy_enforcement.py:255}}
Feb 18 12:10:42.110295 dv-cinder-829877-1-smb neutron-server[102960]: INFO neutron.wsgi [req-abccece3-e830-483e-b8bc-00ae3335ecd0 req-e4d3156d-d626-422d-ae27-2c6391cb37c7 service neutron] 10.222.0.60 "GET /v2.0/ports?device_id=1567517d-a10f-43cb-8fa6-a2602a02a8c2 HTTP/1.1" status: 200 len: 1129 time: 0.4469998
Feb 18 12:10:42.189148 dv-cinder-829877-1-smb neutron-server[102961]: DEBUG neutron.wsgi [-] (102961) accepted ('10.222.0.72', 33152) {{(pid=102961) server /usr/local/lib/python3.8/dist-packages/eventlet/wsgi.py:1004}}
Feb 18 12:10:42.204446 dv-cinder-829877-1-smb neutron-server[102960]: DEBUG neutron.pecan_wsgi.hooks.policy_enforcement [req-f62aa85a-e7a2-483c-9b77-a5e1f95d9615 req-4b1b9ad3-2747-4c05-a748-8e2972c3865b service neutron] Attributes excluded by policy engine: ['standard_attr_id'] {{(pid=102960) _exclude_attributes_by_policy /opt/stack/neutron/neutron/pecan_wsgi/hooks/policy_enforcement.py:255}}
Feb 18 12:10:42.206242 dv-cinder-829877-1-smb neutron-server[102960]: INFO neutron.wsgi [req-f62aa85a-e7a2-483c-9b77-a5e1f95d9615 req-4b1b9ad3-2747-4c05-a748-8e2972c3865b service neutron] 10.222.0.60 "GET /v2.0/ports?tenant_id=c002d63f3a5340ceb4ddea069b2680d3&device_id=614f4ff8-316e-44ed-bbb0-8c87f60c7649 HTTP/1.1" status: 200 len: 1127 time: 0.2140496
Feb 18 12:10:42.210102 dv-cinder-829877-1-smb neutron-server[102960]: DEBUG neutron_lib.callbacks.manager [None req-db4be74a-4a9a-45e2-acbc-a8ff8fc4138f admin admin] Publish callbacks [] for security_group (ae2572c0-021e-44d1-9a10-29c48bb4cac6), before_delete {{(pid=102960) _notify_loop /usr/local/lib/python3.8/dist-packages/neutron_lib/callbacks/manager.py:176}}
Feb 18 12:10:42.220492 dv-cinder-829877-1-smb neutron-server[102961]: DEBUG neutron_lib.callbacks.manager [None req-3df32209-c7c6-4f4f-bd19-7acb575327af admin admin] Publish callbacks [] for security_group (None), before_create {{(pid=102961) _notify_loop /usr/local/lib/python3.8/dist-packages/neutron_lib/callbacks/manager.py:176}}
Feb 18 12:10:42.231959 dv-cinder-829877-1-smb neutron-server[102960]: INFO neutron.wsgi [req-c342ae41-0089-407a-a6e1-3357f1a7d6e4 req-2fa0b529-edc6-4f0b-b02f-d8c41495ad55 tempest-AttachVolumeTestJSON-520458115 tempest-AttachVolumeTestJSON-520458115-project] 10.222.0.72 "GET /v2.0/security-groups?id=3a6e74ee-96fe-4b17-9953-72879d0319e5&fields=id&fields=name HTTP/1.1" status: 200 len: 313 time: 0.1393681
Feb 18 12:10:42.274031 dv-cinder-829877-1-smb neutron-server[102960]: INFO neutron.wsgi [req-abccece3-e830-483e-b8bc-00ae3335ecd0 req-4bebc2fb-c52b-419b-b93e-f84f90ac4305 service neutron] 10.222.0.60 "GET /v2.0/security-groups?id=3a6e74ee-96fe-4b17-9953-72879d0319e5&fields=id&fields=name HTTP/1.1" status: 200 len: 313 time: 0.1441407
Feb 18 12:10:42.333381 dv-cinder-829877-1-smb neutron-server[102960]: DEBUG neutron_lib.callbacks.manager [None req-db4be74a-4a9a-45e2-acbc-a8ff8fc4138f admin admin] Publish callbacks [] for security_group (ae2572c0-021e-44d1-9a10-29c48bb4cac6), precommit_delete {{(pid=102960) _notify_loop /usr/local/lib/python3.8/dist-packages/neutron_lib/callbacks/manager.py:176}}
Feb 18 12:10:42.347575 dv-cinder-829877-1-smb neutron-server[102960]: INFO neutron.wsgi [req-f62aa85a-e7a2-483c-9b77-a5e1f95d9615 req-25af6146-bd65-4c75-91af-95bdae420727 service neutron] 10.222.0.60 "GET /v2.0/floatingips?fixed_ip_address=172.20.0.9&port_id=4637ad44-4dac-4202-8a0e-12db99689af7 HTTP/1.1" status: 200 len: 217 time: 0.1110520
Feb 18 12:10:42.351220 dv-cinder-829877-1-smb neutron-server[102961]: DEBUG neutron.pecan_wsgi.hooks.policy_enforcement [req-b0b16827-b164-47b3-8b22-bee20cc27db6 req-9d4d4ebb-10ae-45c5-95ea-2a58668b6b4e tempest-ServerRescueNegativeTestJSON-34439883 tempest-ServerRescueNegativeTestJSON-34439883-project] Attributes excluded by policy engine: ['standard_attr_id', 'binding:profile', 'binding:host_id', 'binding:vif_type', 'binding:vif_details'] {{(pid=102961) _exclude_attributes_by_policy /opt/stack/neutron/neutron/pecan_wsgi/hooks/policy_enforcement.py:255}}
Feb 18 12:10:42.352865 dv-cinder-829877-1-smb neutron-server[102961]: INFO neutron.wsgi [req-b0b16827-b164-47b3-8b22-bee20cc27db6 req-9d4d4ebb-10ae-45c5-95ea-2a58668b6b4e tempest-ServerRescueNegativeTestJSON-34439883 tempest-ServerRescueNegativeTestJSON-34439883-project] 10.222.0.72 "GET /v2.0/ports?device_id=f0d9e02b-7c72-4812-b296-9f634a61abbc HTTP/1.1" status: 200 len: 945 time: 0.0838871
Feb 18 12:10:42.367803 dv-cinder-829877-1-smb neutron-server[102961]: DEBUG neutron_lib.callbacks.manager [None req-3df32209-c7c6-4f4f-bd19-7acb575327af admin admin] Publish callbacks [] for security_group (a8209e64-4b8a-435a-a692-ea86e566f542), precommit_create {{(pid=102961) _notify_loop /usr/local/lib/python3.8/dist-packages/neutron_lib/callbacks/manager.py:176}}
Feb 18 12:10:42.390652 dv-cinder-829877-1-smb neutron-server[102961]: DEBUG neutron_lib.callbacks.manager [None req-3df32209-c7c6-4f4f-bd19-7acb575327af admin admin] Publish callbacks ['neutron.plugins.ml2.ovo_rpc._ObjectChangeHandler.handle_event-541078'] for security_group (a8209e64-4b8a-435a-a692-ea86e566f542), after_create {{(pid=102961) _notify_loop /usr/local/lib/python3.8/dist-packages/neutron_lib/callbacks/manager.py:176}}
Feb 18 12:10:42.426690 dv-cinder-829877-1-smb neutron-server[102960]: DEBUG neutron.pecan_wsgi.hooks.policy_enforcement [req-adcc1dc8-e2b1-447b-bc82-076286f31410 req-c2b00e0a-4108-4219-a164-2e68797cec3a tempest-AttachVolumeNegativeTest-347980278 tempest-AttachVolumeNegativeTest-347980278-project] Attributes excluded by policy engine: ['standard_attr_id', 'binding:profile', 'binding:host_id', 'binding:vif_type', 'binding:vif_details'] {{(pid=102960) _exclude_attributes_by_policy /opt/stack/neutron/neutron/pecan_wsgi/hooks/policy_enforcement.py:255}}
Feb 18 12:10:42.428245 dv-cinder-829877-1-smb neutron-server[102960]: INFO neutron.wsgi [req-adcc1dc8-e2b1-447b-bc82-076286f31410 req-c2b00e0a-4108-4219-a164-2e68797cec3a tempest-AttachVolumeNegativeTest-347980278 tempest-AttachVolumeNegativeTest-347980278-project] 10.222.0.72 "GET /v2.0/ports?device_id=614f4ff8-316e-44ed-bbb0-8c87f60c7649 HTTP/1.1" status: 200 len: 943 time: 0.0775580
Feb 18 12:10:42.438785 dv-cinder-829877-1-smb neutron-server[102960]: DEBUG neutron_lib.callbacks.manager [None req-db4be74a-4a9a-45e2-acbc-a8ff8fc4138f admin admin] Publish callbacks ['neutron.plugins.ml2.ovo_rpc._ObjectChangeHandler.handle_event-541078'] for security_group (ae2572c0-021e-44d1-9a10-29c48bb4cac6), after_delete {{(pid=102960) _notify_loop /usr/local/lib/python3.8/dist-packages/neutron_lib/callbacks/manager.py:176}}
Feb 18 12:10:42.441442 dv-cinder-829877-1-smb neutron-server[102960]: DEBUG neutron_lib.callbacks.manager [None req-db4be74a-4a9a-45e2-acbc-a8ff8fc4138f admin admin] Publish callbacks [] for security_group (None), before_response {{(pid=102960) _notify_loop /usr/local/lib/python3.8/dist-packages/neutron_lib/callbacks/manager.py:176}}
Feb 18 12:10:42.445564 dv-cinder-829877-1-smb neutron-server[102960]: INFO neutron.wsgi [None req-db4be74a-4a9a-45e2-acbc-a8ff8fc4138f admin admin] 10.222.0.72 "DELETE /v2.0/security-groups/ae2572c0-021e-44d1-9a10-29c48bb4cac6 HTTP/1.1" status: 204 len: 168 time: 0.3994088
Feb 18 12:10:42.462881 dv-cinder-829877-1-smb neutron-server[102960]: DEBUG neutron.api.rpc.handlers.resources_rpc [None req-db4be74a-4a9a-45e2-acbc-a8ff8fc4138f admin admin] Pushing event deleted for resources: {'SecurityGroup': ['ID=ae2572c0-021e-44d1-9a10-29c48bb4cac6,revision_number=None']} {{(pid=102960) push /opt/stack/neutron/neutron/api/rpc/handlers/resources_rpc.py:237}}
