Feb 18 12:09:55.174495 dv-cinder-829877-1-smb neutron-server[102960]: DEBUG neutron.pecan_wsgi.hooks.policy_enforcement [None req-8406e5f6-b3a7-4ce0-9b1b-636d719893ef admin admin] Attributes excluded by policy engine: ['standard_attr_id', 'shared', 'network'] {{(pid=102960) _exclude_attributes_by_policy /opt/stack/neutron/neutron/pecan_wsgi/hooks/policy_enforcement.py:255}}
Feb 18 12:09:55.175116 dv-cinder-829877-1-smb neutron-server[102960]: DEBUG neutron_lib.callbacks.manager [None req-8406e5f6-b3a7-4ce0-9b1b-636d719893ef admin admin] Publish callbacks ['neutron.api.rpc.agentnotifiers.dhcp_rpc_agent_api.DhcpAgentNotifyAPI._send_dhcp_notification-585163'] for subnet (None), before_response {{(pid=102960) _notify_loop /usr/local/lib/python3.8/dist-packages/neutron_lib/callbacks/manager.py:176}}
Feb 18 12:09:55.221443 dv-cinder-829877-1-smb neutron-server[102960]: INFO neutron.wsgi [None req-8406e5f6-b3a7-4ce0-9b1b-636d719893ef admin admin] 10.222.0.72 "POST /v2.0/subnets HTTP/1.1" status: 201 len: 862 time: 1.3539946
Feb 18 12:09:55.221791 dv-cinder-829877-1-smb neutron-server[102961]: DEBUG neutron_lib.callbacks.manager [None req-38872464-25d8-445c-b495-c6f3c02c8d73 admin admin] Publish callbacks [] for router_controller (f700647a-c226-420e-98ea-547c9ed9345f), precommit_add_association {{(pid=102961) _notify_loop /usr/local/lib/python3.8/dist-packages/neutron_lib/callbacks/manager.py:176}}
Feb 18 12:09:55.249054 dv-cinder-829877-1-smb neutron-server[102960]: INFO neutron.wsgi [req-f90c0437-c474-422a-9bbf-dd28861fe01a req-ef9069b1-b0f5-4ff2-aa3c-cf2253a1372a service neutron] 10.222.0.72 "GET /v2.0/networks/6192ab47-a5ee-4965-a9a4-69bb783b2362?fields=provider%3Aphysical_network&fields=provider%3Anetwork_type HTTP/1.1" status: 200 len: 281 time: 0.1561651
Feb 18 12:09:55.250549 dv-cinder-829877-1-smb neutron-server[102960]: DEBUG neutron.scheduler.dhcp_agent_scheduler [None req-f5877c1e-c86d-48f2-82bd-c90140b99ab0 admin admin] Network ed92e6ff-e513-4f91-ba86-856a8aea20df is scheduled to be hosted by DHCP agent 904d0814-9f50-4fda-9461-3ee031144e95 with binding_index 1 {{(pid=102960) bind /opt/stack/neutron/neutron/scheduler/dhcp_agent_scheduler.py:227}}
Feb 18 12:09:55.284292 dv-cinder-829877-1-smb neutron-server[102960]: DEBUG neutron.scheduler.base_scheduler [None req-f5877c1e-c86d-48f2-82bd-c90140b99ab0 admin admin] Resources bound (agent type, host, resource id): (DHCP agent, dv-cinder-829877-1-smb, ed92e6ff-e513-4f91-ba86-856a8aea20df) {{(pid=102960) schedule /opt/stack/neutron/neutron/scheduler/base_scheduler.py:57}}
Feb 18 12:09:55.288722 dv-cinder-829877-1-smb neutron-server[102960]: DEBUG neutron.pecan_wsgi.hooks.policy_enforcement [None req-f5877c1e-c86d-48f2-82bd-c90140b99ab0 admin admin] Attributes excluded by policy engine: ['standard_attr_id', 'shared', 'network'] {{(pid=102960) _exclude_attributes_by_policy /opt/stack/neutron/neutron/pecan_wsgi/hooks/policy_enforcement.py:255}}
Feb 18 12:09:55.289326 dv-cinder-829877-1-smb neutron-server[102960]: DEBUG neutron_lib.callbacks.manager [None req-f5877c1e-c86d-48f2-82bd-c90140b99ab0 admin admin] Publish callbacks ['neutron.api.rpc.agentnotifiers.dhcp_rpc_agent_api.DhcpAgentNotifyAPI._send_dhcp_notification-585163'] for subnet (None), before_response {{(pid=102960) _notify_loop /usr/local/lib/python3.8/dist-packages/neutron_lib/callbacks/manager.py:176}}
Feb 18 12:09:55.320177 dv-cinder-829877-1-smb neutron-server[102960]: INFO neutron.wsgi [None req-f5877c1e-c86d-48f2-82bd-c90140b99ab0 admin admin] 10.222.0.72 "POST /v2.0/subnets HTTP/1.1" status: 201 len: 852 time: 0.9892507
Feb 18 12:09:55.320598 dv-cinder-829877-1-smb neutron-server[102960]: DEBUG neutron.wsgi [-] (102960) accepted ('10.222.0.72', 59758) {{(pid=102960) server /usr/local/lib/python3.8/dist-packages/eventlet/wsgi.py:1004}}
Feb 18 12:09:55.324894 dv-cinder-829877-1-smb neutron-server[102960]: DEBUG neutron.api.v2.base [None req-8b30b317-5d04-42e8-ba1f-f7585f35cae4 admin admin] Request body: {'router': {'name': 'tempest-AttachVolumeShelveTestJSON-585402271-router', 'tenant_id': '6b2386a4009f408498bc8bd9342248e2', 'external_gateway_info': {'network_id': '877a5092-3c04-4143-9f67-4159734de5e6'}}} {{(pid=102960) prepare_request_body /opt/stack/neutron/neutron/api/v2/base.py:729}}
Feb 18 12:09:55.372562 dv-cinder-829877-1-smb neutron-server[102960]: DEBUG neutron_lib.callbacks.manager [None req-8b30b317-5d04-42e8-ba1f-f7585f35cae4 admin admin] Publish callbacks ['neutron.services.l3_router.l3_router_plugin.L3_HA_NAT_db_mixin._before_router_create_handler-626833', 'neutron.services.l3_router.service_providers.driver_controller.DriverController._check_router_request-28279'] for router (0d1f92ab-f3a8-42d7-8498-0ebfb70d85a5), before_create {{(pid=102960) _notify_loop /usr/local/lib/python3.8/dist-packages/neutron_lib/callbacks/manager.py:176}}
Feb 18 12:09:55.374124 dv-cinder-829877-1-smb neutron-server[102960]: DEBUG neutron_lib.callbacks.manager [None req-8b30b317-5d04-42e8-ba1f-f7585f35cae4 admin admin] Publish callbacks ['neutron.services.l3_router.l3_router_plugin.L3_HA_NAT_db_mixin._precommit_router_create-626941', 'neutron.services.l3_router.l3_router_plugin.DVRResourceOperationHandler._set_distributed_flag-623440', 'neutron.services.l3_router.l3_router_plugin.RouterAvailabilityZoneMixin._process_az_request-576939', 'neutron.services.l3_router.service_providers.driver_controller.DriverController._set_router_provider-28256'] for router (0d1f92ab-f3a8-42d7-8498-0ebfb70d85a5), precommit_create {{(pid=102960) _notify_loop /usr/local/lib/python3.8/dist-packages/neutron_lib/callbacks/manager.py:176}}
Feb 18 12:09:55.383066 dv-cinder-829877-1-smb neutron-server[102962]: DEBUG neutron.api.rpc.handlers.dhcp_rpc [None req-91bf2030-eee3-449c-ac1e-0966590624d2 None None] Network ed92e6ff-e513-4f91-ba86-856a8aea20df requested from dv-cinder-829877-1-smb {{(pid=102962) get_network_info /opt/stack/neutron/neutron/api/rpc/handlers/dhcp_rpc.py:191}}
Feb 18 12:09:55.537267 dv-cinder-829877-1-smb neutron-server[102961]: DEBUG neutron_lib.callbacks.manager [None req-96ef6f9f-d275-40bd-8987-4519d64cef73 admin admin] Publish callbacks [] for router_controller (1ae359de-71c7-4e24-b9f2-c9c4587fad53), precommit_add_association {{(pid=102961) _notify_loop /usr/local/lib/python3.8/dist-packages/neutron_lib/callbacks/manager.py:176}}
Feb 18 12:09:55.543713 dv-cinder-829877-1-smb neutron-server[102961]: DEBUG neutron_lib.callbacks.manager [None req-38872464-25d8-445c-b495-c6f3c02c8d73 admin admin] Publish callbacks [] for router_gateway (f700647a-c226-420e-98ea-547c9ed9345f), precommit_update {{(pid=102961) _notify_loop /usr/local/lib/python3.8/dist-packages/neutron_lib/callbacks/manager.py:176}}
Feb 18 12:09:55.660252 dv-cinder-829877-1-smb neutron-server[102960]: DEBUG neutron_lib.callbacks.manager [None req-8b30b317-5d04-42e8-ba1f-f7585f35cae4 admin admin] Publish callbacks [] for router_controller (0d1f92ab-f3a8-42d7-8498-0ebfb70d85a5), precommit_add_association {{(pid=102960) _notify_loop /usr/local/lib/python3.8/dist-packages/neutron_lib/callbacks/manager.py:176}}
Feb 18 12:09:55.703462 dv-cinder-829877-1-smb neutron-server[102962]: DEBUG neutron.api.rpc.handlers.dhcp_rpc [None req-8c22a228-38c0-496a-9449-f3262e978479 None None] Network 0408618b-8dc8-487f-9162-3feb9d25290d requested from dv-cinder-829877-1-smb {{(pid=102962) get_network_info /opt/stack/neutron/neutron/api/rpc/handlers/dhcp_rpc.py:191}}
Feb 18 12:09:55.763223 dv-cinder-829877-1-smb neutron-server[102962]: DEBUG neutron.api.rpc.handlers.dhcp_rpc [None req-93cf08e7-9f62-41c8-9c94-07be12968acc None None] Create dhcp port {'port': {'name': '', 'admin_state_up': True, 'device_id': 'dhcp1a715a86-d691-54e8-aed0-b5beec645e4c-abf4eac6-21a4-419c-8d3e-2bb0e7b06d12', 'network_id': 'abf4eac6-21a4-419c-8d3e-2bb0e7b06d12', 'project_id': '62d65afc216547b2a2576b66871e5b76', 'fixed_ips': [{'subnet_id': '5269cf50-bb54-4fe1-aaf6-ec6fc49761ca'}]}} from dv-cinder-829877-1-smb. {{(pid=102962) create_dhcp_port /opt/stack/neutron/neutron/api/rpc/handlers/dhcp_rpc.py:268}}
Feb 18 12:09:55.763893 dv-cinder-829877-1-smb neutron-server[102962]: DEBUG neutron_lib.callbacks.manager [None req-93cf08e7-9f62-41c8-9c94-07be12968acc None None] Publish callbacks ['neutron.plugins.ml2.plugin.SecurityGroupDbMixin._ensure_default_security_group_handler-8090652'] for port (None), before_create {{(pid=102962) _notify_loop /usr/local/lib/python3.8/dist-packages/neutron_lib/callbacks/manager.py:176}}
Feb 18 12:09:55.767012 dv-cinder-829877-1-smb neutron-server[102962]: DEBUG neutron.api.rpc.handlers.dhcp_rpc [None req-72178f6c-4ccb-4f90-ad69-7741fbe31dd2 None None] Network 969cc3d6-dd0b-4e90-81b1-24325a044b27 requested from dv-cinder-829877-1-smb {{(pid=102962) get_network_info /opt/stack/neutron/neutron/api/rpc/handlers/dhcp_rpc.py:191}}
Feb 18 12:09:55.871488 dv-cinder-829877-1-smb neutron-server[102961]: DEBUG neutron_lib.callbacks.manager [None req-96ef6f9f-d275-40bd-8987-4519d64cef73 admin admin] Publish callbacks [] for router_gateway (1ae359de-71c7-4e24-b9f2-c9c4587fad53), precommit_update {{(pid=102961) _notify_loop /usr/local/lib/python3.8/dist-packages/neutron_lib/callbacks/manager.py:176}}
Feb 18 12:09:55.988361 dv-cinder-829877-1-smb neutron-server[102962]: DEBUG neutron.api.rpc.handlers.dhcp_rpc [None req-9084e25f-d167-4204-92aa-521646fa6ea9 None None] Create dhcp port {'port': {'name': '', 'admin_state_up': True, 'device_id': 'dhcp1a715a86-d691-54e8-aed0-b5beec645e4c-ed92e6ff-e513-4f91-ba86-856a8aea20df', 'network_id': 'ed92e6ff-e513-4f91-ba86-856a8aea20df', 'project_id': '6b2386a4009f408498bc8bd9342248e2', 'fixed_ips': [{'subnet_id': '73cf2095-1895-4920-8169-54a081baa3c8'}]}} from dv-cinder-829877-1-smb. {{(pid=102962) create_dhcp_port /opt/stack/neutron/neutron/api/rpc/handlers/dhcp_rpc.py:268}}
Feb 18 12:09:55.989464 dv-cinder-829877-1-smb neutron-server[102962]: DEBUG neutron_lib.callbacks.manager [None req-9084e25f-d167-4204-92aa-521646fa6ea9 None None] Publish callbacks ['neutron.plugins.ml2.plugin.SecurityGroupDbMixin._ensure_default_security_group_handler-8090652'] for port (None), before_create {{(pid=102962) _notify_loop /usr/local/lib/python3.8/dist-packages/neutron_lib/callbacks/manager.py:176}}
Feb 18 12:09:56.096087 dv-cinder-829877-1-smb neutron-server[102961]: INFO neutron.wsgi [req-9b2e5df5-ae7c-4e06-9c50-aa9e0be98eb9 req-cfcc1e62-f975-41b9-8c5c-52ca2a73a9f4 tempest-DeleteServersTestJSON-1712584152 tempest-DeleteServersTestJSON-1712584152-project] 10.222.0.72 "GET /v2.0/ports?device_id=974ffb12-3caf-4a39-9720-75dfb0396529 HTTP/1.1" status: 200 len: 210 time: 0.3133309
Feb 18 12:09:56.203500 dv-cinder-829877-1-smb neutron-server[102960]: INFO neutron.wsgi [req-6e76edd0-eb87-4131-b67d-55945cd64b74 req-29b9099f-1369-43b6-b526-45f6483c8e54 tempest-AttachVolumeNegativeTest-347980278 tempest-AttachVolumeNegativeTest-347980278-project] 10.222.0.72 "GET /v2.0/ports?device_id=f1ee7fda-3ef2-448f-9b58-6c170c4e04ad HTTP/1.1" status: 200 len: 210 time: 0.3945136
Feb 18 12:09:56.361760 dv-cinder-829877-1-smb neutron-server[102962]: DEBUG neutron.db.db_base_plugin_common [None req-93cf08e7-9f62-41c8-9c94-07be12968acc None None] Allocated IP 172.20.0.2 (abf4eac6-21a4-419c-8d3e-2bb0e7b06d12/5269cf50-bb54-4fe1-aaf6-ec6fc49761ca/92af5324-c514-463a-b276-1a27a9e0a1e7) {{(pid=102962) _store_ip_allocation /opt/stack/neutron/neutron/db/db_base_plugin_common.py:131}}
Feb 18 12:09:56.371542 dv-cinder-829877-1-smb neutron-server[102960]: DEBUG neutron_lib.callbacks.manager [None req-8b30b317-5d04-42e8-ba1f-f7585f35cae4 admin admin] Publish callbacks [] for router_gateway (0d1f92ab-f3a8-42d7-8498-0ebfb70d85a5), precommit_update {{(pid=102960) _notify_loop /usr/local/lib/python3.8/dist-packages/neutron_lib/callbacks/manager.py:176}}
Feb 18 12:09:56.570588 dv-cinder-829877-1-smb neutron-server[102960]: DEBUG neutron.wsgi [-] (102960) accepted ('10.222.0.72', 59848) {{(pid=102960) server /usr/local/lib/python3.8/dist-packages/eventlet/wsgi.py:1004}}
Feb 18 12:09:56.591016 dv-cinder-829877-1-smb neutron-server[102960]: DEBUG neutron.api.v2.base [None req-5ca35911-f9d0-4c24-b0fc-c2f5af519529 admin admin] Request body: {'network': {'name': 'tempest-EncryptedVolumesExtendAttachedTest-731965010-network', 'tenant_id': 'cd4f4980b8fb4a92be255888132d8df4'}} {{(pid=102960) prepare_request_body /opt/stack/neutron/neutron/api/v2/base.py:729}}
Feb 18 12:09:56.605670 dv-cinder-829877-1-smb neutron-server[102962]: DEBUG neutron.db.db_base_plugin_common [None req-9084e25f-d167-4204-92aa-521646fa6ea9 None None] Allocated IP 172.20.0.2 (ed92e6ff-e513-4f91-ba86-856a8aea20df/73cf2095-1895-4920-8169-54a081baa3c8/e21e5c15-67ea-4930-b188-0ce29d6e752e) {{(pid=102962) _store_ip_allocation /opt/stack/neutron/neutron/db/db_base_plugin_common.py:131}}
Feb 18 12:09:56.739183 dv-cinder-829877-1-smb neutron-server[102960]: DEBUG neutron.pecan_wsgi.hooks.quota_enforcement [None req-5ca35911-f9d0-4c24-b0fc-c2f5af519529 admin admin] Made reservation on behalf of cd4f4980b8fb4a92be255888132d8df4 for: {'network': 1} {{(pid=102960) before /opt/stack/neutron/neutron/pecan_wsgi/hooks/quota_enforcement.py:53}}
Feb 18 12:09:56.739723 dv-cinder-829877-1-smb neutron-server[102961]: DEBUG neutron_lib.callbacks.manager [None req-96ef6f9f-d275-40bd-8987-4519d64cef73 admin admin] Publish callbacks [] for router_gateway (1ae359de-71c7-4e24-b9f2-c9c4587fad53), before_create {{(pid=102961) _notify_loop /usr/local/lib/python3.8/dist-packages/neutron_lib/callbacks/manager.py:176}}
Feb 18 12:09:56.741492 dv-cinder-829877-1-smb neutron-server[102960]: DEBUG neutron_lib.callbacks.manager [None req-5ca35911-f9d0-4c24-b0fc-c2f5af519529 admin admin] Publish callbacks ['neutron.plugins.ml2.plugin.SecurityGroupDbMixin._ensure_default_security_group_handler-8090652'] for network (None), before_create {{(pid=102960) _notify_loop /usr/local/lib/python3.8/dist-packages/neutron_lib/callbacks/manager.py:176}}
Feb 18 12:09:56.762548 dv-cinder-829877-1-smb neutron-server[102960]: DEBUG neutron_lib.callbacks.manager [None req-5ca35911-f9d0-4c24-b0fc-c2f5af519529 admin admin] Publish callbacks [] for security_group (None), before_create {{(pid=102960) _notify_loop /usr/local/lib/python3.8/dist-packages/neutron_lib/callbacks/manager.py:176}}
Feb 18 12:09:56.782337 dv-cinder-829877-1-smb neutron-server[102961]: DEBUG neutron_lib.callbacks.manager [None req-96ef6f9f-d275-40bd-8987-4519d64cef73 admin admin] Publish callbacks ['neutron.plugins.ml2.plugin.SecurityGroupDbMixin._ensure_default_security_group_handler-8090652'] for port (None), before_create {{(pid=102961) _notify_loop /usr/local/lib/python3.8/dist-packages/neutron_lib/callbacks/manager.py:176}}
Feb 18 12:09:56.841333 dv-cinder-829877-1-smb neutron-server[102961]: DEBUG neutron_lib.callbacks.manager [None req-38872464-25d8-445c-b495-c6f3c02c8d73 admin admin] Publish callbacks [] for router_gateway (f700647a-c226-420e-98ea-547c9ed9345f), before_create {{(pid=102961) _notify_loop /usr/local/lib/python3.8/dist-packages/neutron_lib/callbacks/manager.py:176}}
Feb 18 12:09:56.846137 dv-cinder-829877-1-smb neutron-server[102962]: DEBUG neutron_lib.callbacks.manager [None req-93cf08e7-9f62-41c8-9c94-07be12968acc None None] Publish callbacks [] for port (92af5324-c514-463a-b276-1a27a9e0a1e7), precommit_create {{(pid=102962) _notify_loop /usr/local/lib/python3.8/dist-packages/neutron_lib/callbacks/manager.py:176}}
Feb 18 12:09:56.873806 dv-cinder-829877-1-smb neutron-server[102961]: DEBUG neutron_lib.callbacks.manager [None req-38872464-25d8-445c-b495-c6f3c02c8d73 admin admin] Publish callbacks ['neutron.plugins.ml2.plugin.SecurityGroupDbMixin._ensure_default_security_group_handler-8090652'] for port (None), before_create {{(pid=102961) _notify_loop /usr/local/lib/python3.8/dist-packages/neutron_lib/callbacks/manager.py:176}}
Feb 18 12:09:56.896660 dv-cinder-829877-1-smb neutron-server[102960]: DEBUG neutron_lib.callbacks.manager [None req-8b30b317-5d04-42e8-ba1f-f7585f35cae4 admin admin] Publish callbacks [] for router_gateway (0d1f92ab-f3a8-42d7-8498-0ebfb70d85a5), before_create {{(pid=102960) _notify_loop /usr/local/lib/python3.8/dist-packages/neutron_lib/callbacks/manager.py:176}}
Feb 18 12:09:56.933208 dv-cinder-829877-1-smb neutron-server[102960]: DEBUG neutron_lib.callbacks.manager [None req-8b30b317-5d04-42e8-ba1f-f7585f35cae4 admin admin] Publish callbacks ['neutron.plugins.ml2.plugin.SecurityGroupDbMixin._ensure_default_security_group_handler-8090652'] for port (None), before_create {{(pid=102960) _notify_loop /usr/local/lib/python3.8/dist-packages/neutron_lib/callbacks/manager.py:176}}
Feb 18 12:09:56.972665 dv-cinder-829877-1-smb neutron-server[102962]: DEBUG neutron_lib.callbacks.manager [None req-9084e25f-d167-4204-92aa-521646fa6ea9 None None] Publish callbacks [] for port (e21e5c15-67ea-4930-b188-0ce29d6e752e), precommit_create {{(pid=102962) _notify_loop /usr/local/lib/python3.8/dist-packages/neutron_lib/callbacks/manager.py:176}}
Feb 18 12:09:56.979394 dv-cinder-829877-1-smb neutron-server[102962]: DEBUG neutron_lib.callbacks.manager [None req-93cf08e7-9f62-41c8-9c94-07be12968acc None None] Publish callbacks ['neutron.plugins.ml2.plugin.SecurityGroupServerNotifierRpcMixin._notify_sg_on_port_change-8091089', 'neutron.plugins.ml2.ovo_rpc._ObjectChangeHandler.handle_event-125613', 'neutron.api.rpc.agentnotifiers.dhcp_rpc_agent_api.DhcpAgentNotifyAPI._native_event_send_dhcp_notification-585189', 'neutron.db.l3_dvrscheduler_db._notify_l3_agent_new_port-8737476906262'] for port (92af5324-c514-463a-b276-1a27a9e0a1e7), after_create {{(pid=102962) _notify_loop /usr/local/lib/python3.8/dist-packages/neutron_lib/callbacks/manager.py:176}}
Feb 18 12:09:56.997159 dv-cinder-829877-1-smb neutron-server[102962]: DEBUG neutron_lib.callbacks.manager [None req-9084e25f-d167-4204-92aa-521646fa6ea9 None None] Publish callbacks ['neutron.plugins.ml2.plugin.SecurityGroupServerNotifierRpcMixin._notify_sg_on_port_change-8091089', 'neutron.plugins.ml2.ovo_rpc._ObjectChangeHandler.handle_event-125613', 'neutron.api.rpc.agentnotifiers.dhcp_rpc_agent_api.DhcpAgentNotifyAPI._native_event_send_dhcp_notification-585189', 'neutron.db.l3_dvrscheduler_db._notify_l3_agent_new_port-8737476906262'] for port (e21e5c15-67ea-4930-b188-0ce29d6e752e), after_create {{(pid=102962) _notify_loop /usr/local/lib/python3.8/dist-packages/neutron_lib/callbacks/manager.py:176}}
Feb 18 12:09:57.029038 dv-cinder-829877-1-smb neutron-server[102961]: DEBUG neutron.db.db_base_plugin_common [None req-96ef6f9f-d275-40bd-8987-4519d64cef73 admin admin] Allocated IP 172.28.3.229 (877a5092-3c04-4143-9f67-4159734de5e6/298337bf-7bd8-4817-be98-ece48a96e7f3/29983769-5358-4c26-a271-f64882627ae3) {{(pid=102961) _store_ip_allocation /opt/stack/neutron/neutron/db/db_base_plugin_common.py:131}}
Feb 18 12:09:57.050566 dv-cinder-829877-1-smb neutron-server[102962]: DEBUG neutron.scheduler.dhcp_agent_scheduler [None req-93cf08e7-9f62-41c8-9c94-07be12968acc None None] Network abf4eac6-21a4-419c-8d3e-2bb0e7b06d12 is already hosted by enough agents. {{(pid=102962) _get_dhcp_agents_hosting_network /opt/stack/neutron/neutron/scheduler/dhcp_agent_scheduler.py:275}}
Feb 18 12:09:57.056127 dv-cinder-829877-1-smb neutron-server[102962]: DEBUG neutron.scheduler.base_scheduler [None req-93cf08e7-9f62-41c8-9c94-07be12968acc None None] Resources bound (agent type, host, resource id): {{(pid=102962) schedule /opt/stack/neutron/neutron/scheduler/base_scheduler.py:57}}
Feb 18 12:09:57.065632 dv-cinder-829877-1-smb neutron-server[102962]: DEBUG neutron.db.l3_dvrscheduler_db [None req-93cf08e7-9f62-41c8-9c94-07be12968acc None None] Received port after_create {{(pid=102962) _notify_l3_agent_new_port /opt/stack/neutron/neutron/db/l3_dvrscheduler_db.py:536}}
Feb 18 12:09:57.070707 dv-cinder-829877-1-smb neutron-server[102960]: DEBUG neutron_lib.callbacks.manager [None req-5ca35911-f9d0-4c24-b0fc-c2f5af519529 admin admin] Publish callbacks [] for security_group (34711351-c435-4492-9593-33a2faa48516), precommit_create {{(pid=102960) _notify_loop /usr/local/lib/python3.8/dist-packages/neutron_lib/callbacks/manager.py:176}}
Feb 18 12:09:57.076483 dv-cinder-829877-1-smb neutron-server[102960]: DEBUG neutron_lib.callbacks.manager [None req-5ca35911-f9d0-4c24-b0fc-c2f5af519529 admin admin] Publish callbacks ['neutron.plugins.ml2.ovo_rpc._ObjectChangeHandler.handle_event-541078'] for security_group (34711351-c435-4492-9593-33a2faa48516), after_create {{(pid=102960) _notify_loop /usr/local/lib/python3.8/dist-packages/neutron_lib/callbacks/manager.py:176}}
Feb 18 12:09:57.085170 dv-cinder-829877-1-smb neutron-server[102962]: DEBUG neutron.scheduler.dhcp_agent_scheduler [None req-9084e25f-d167-4204-92aa-521646fa6ea9 None None] Network ed92e6ff-e513-4f91-ba86-856a8aea20df is already hosted by enough agents. {{(pid=102962) _get_dhcp_agents_hosting_network /opt/stack/neutron/neutron/scheduler/dhcp_agent_scheduler.py:275}}
Feb 18 12:09:57.099006 dv-cinder-829877-1-smb neutron-server[102962]: DEBUG neutron.scheduler.base_scheduler [None req-9084e25f-d167-4204-92aa-521646fa6ea9 None None] Resources bound (agent type, host, resource id): {{(pid=102962) schedule /opt/stack/neutron/neutron/scheduler/base_scheduler.py:57}}
Feb 18 12:09:57.109237 dv-cinder-829877-1-smb neutron-server[102960]: DEBUG neutron.plugins.ml2.drivers.helpers [None req-5ca35911-f9d0-4c24-b0fc-c2f5af519529 admin admin] vlan segment allocate from pool success with {'vlan_id': 292, 'physical_network': 'physnet1'} {{(pid=102960) allocate_partially_specified_segment /opt/stack/neutron/neutron/plugins/ml2/drivers/helpers.py:153}}
Feb 18 12:09:57.111573 dv-cinder-829877-1-smb neutron-server[102960]: DEBUG neutron.wsgi [-] (102960) accepted ('10.222.0.72', 59860) {{(pid=102960) server /usr/local/lib/python3.8/dist-packages/eventlet/wsgi.py:1004}}
Feb 18 12:09:57.116408 dv-cinder-829877-1-smb neutron-server[102962]: DEBUG neutron.db.l3_dvrscheduler_db [None req-9084e25f-d167-4204-92aa-521646fa6ea9 None None] Received port after_create {{(pid=102962) _notify_l3_agent_new_port /opt/stack/neutron/neutron/db/l3_dvrscheduler_db.py:536}}
Feb 18 12:09:57.144513 dv-cinder-829877-1-smb neutron-server[102960]: DEBUG neutron.api.rpc.handlers.resources_rpc [None req-5ca35911-f9d0-4c24-b0fc-c2f5af519529 admin admin] Pushing event updated for resources: {'SecurityGroup': ['ID=34711351-c435-4492-9593-33a2faa48516,revision_number=1']} {{(pid=102960) push /opt/stack/neutron/neutron/api/rpc/handlers/resources_rpc.py:237}}
Feb 18 12:09:57.149561 dv-cinder-829877-1-smb neutron-server[102960]: DEBUG neutron_lib.callbacks.manager [None req-5ca35911-f9d0-4c24-b0fc-c2f5af519529 admin admin] Publish callbacks ['neutron.plugins.ml2.plugin.Ml2Plugin._handle_segment_change-8249740'] for segment (7c263c65-74d0-42bf-b179-d129a749481b), precommit_create {{(pid=102960) _notify_loop /usr/local/lib/python3.8/dist-packages/neutron_lib/callbacks/manager.py:176}}
Feb 18 12:09:57.149910 dv-cinder-829877-1-smb neutron-server[102960]: INFO neutron.db.segments_db [None req-5ca35911-f9d0-4c24-b0fc-c2f5af519529 admin admin] Added segment 7c263c65-74d0-42bf-b179-d129a749481b of type vlan for network 7ed179e1-7ab7-447f-975d-947d8bece53a
Feb 18 12:09:57.215652 dv-cinder-829877-1-smb neutron-server[102962]: DEBUG neutron.api.rpc.handlers.resources_rpc [None req-93cf08e7-9f62-41c8-9c94-07be12968acc None None] Pushing event updated for resources: {'Port': ['ID=92af5324-c514-463a-b276-1a27a9e0a1e7,revision_number=1']} {{(pid=102962) push /opt/stack/neutron/neutron/api/rpc/handlers/resources_rpc.py:237}}
Feb 18 12:09:57.240905 dv-cinder-829877-1-smb neutron-server[102962]: DEBUG neutron.api.rpc.callbacks.version_manager [None req-93cf08e7-9f62-41c8-9c94-07be12968acc None None] Version for resource type AddressGroup changed None to 1.2 on consumer Open vSwitch agent@dv-cinder-829877-1-smb {{(pid=102962) _set_version /opt/stack/neutron/neutron/api/rpc/callbacks/version_manager.py:113}}
Feb 18 12:09:57.245510 dv-cinder-829877-1-smb neutron-server[102962]: DEBUG neutron.api.rpc.callbacks.version_manager [None req-93cf08e7-9f62-41c8-9c94-07be12968acc None None] Version for resource type ConntrackHelper changed None to 1.0 on consumer Open vSwitch agent@dv-cinder-829877-1-smb {{(pid=102962) _set_version /opt/stack/neutron/neutron/api/rpc/callbacks/version_manager.py:113}}
Feb 18 12:09:57.246072 dv-cinder-829877-1-smb neutron-server[102962]: DEBUG neutron.api.rpc.callbacks.version_manager [None req-93cf08e7-9f62-41c8-9c94-07be12968acc None None] Version for resource type LocalIPAssociation changed None to 1.0 on consumer Open vSwitch agent@dv-cinder-829877-1-smb {{(pid=102962) _set_version /opt/stack/neutron/neutron/api/rpc/callbacks/version_manager.py:113}}
Feb 18 12:09:57.246539 dv-cinder-829877-1-smb neutron-server[102962]: DEBUG neutron.api.rpc.callbacks.version_manager [None req-93cf08e7-9f62-41c8-9c94-07be12968acc None None] Version for resource type Log changed None to 1.0 on consumer Open vSwitch agent@dv-cinder-829877-1-smb {{(pid=102962) _set_version /opt/stack/neutron/neutron/api/rpc/callbacks/version_manager.py:113}}
Feb 18 12:09:57.247137 dv-cinder-829877-1-smb neutron-server[102962]: DEBUG neutron.api.rpc.callbacks.version_manager [None req-93cf08e7-9f62-41c8-9c94-07be12968acc None None] Version for resource type Network changed None to 1.1 on consumer Open vSwitch agent@dv-cinder-829877-1-smb {{(pid=102962) _set_version /opt/stack/neutron/neutron/api/rpc/callbacks/version_manager.py:113}}
Feb 18 12:09:57.247737 dv-cinder-829877-1-smb neutron-server[102962]: DEBUG neutron.api.rpc.callbacks.version_manager [None req-93cf08e7-9f62-41c8-9c94-07be12968acc None None] Version for resource type Port changed None to 1.7 on consumer Open vSwitch agent@dv-cinder-829877-1-smb {{(pid=102962) _set_version /opt/stack/neutron/neutron/api/rpc/callbacks/version_manager.py:113}}
Feb 18 12:09:57.248184 dv-cinder-829877-1-smb neutron-server[102962]: DEBUG neutron.api.rpc.callbacks.version_manager [None req-93cf08e7-9f62-41c8-9c94-07be12968acc None None] Version for resource type PortForwarding changed None to 1.2 on consumer Open vSwitch agent@dv-cinder-829877-1-smb {{(pid=102962) _set_version /opt/stack/neutron/neutron/api/rpc/callbacks/version_manager.py:113}}
Feb 18 12:09:57.250539 dv-cinder-829877-1-smb neutron-server[102962]: DEBUG neutron.api.rpc.callbacks.version_manager [None req-93cf08e7-9f62-41c8-9c94-07be12968acc None None] Version for resource type QosPolicy changed None to 1.10 on consumer Open vSwitch agent@dv-cinder-829877-1-smb {{(pid=102962) _set_version /opt/stack/neutron/neutron/api/rpc/callbacks/version_manager.py:113}}
Feb 18 12:09:57.250539 dv-cinder-829877-1-smb neutron-server[102962]: DEBUG neutron.api.rpc.callbacks.version_manager [None req-93cf08e7-9f62-41c8-9c94-07be12968acc None None] Version for resource type SecurityGroup changed None to 1.5 on consumer Open vSwitch agent@dv-cinder-829877-1-smb {{(pid=102962) _set_version /opt/stack/neutron/neutron/api/rpc/callbacks/version_manager.py:113}}
Feb 18 12:09:57.250539 dv-cinder-829877-1-smb neutron-server[102962]: DEBUG neutron.api.rpc.callbacks.version_manager [None req-93cf08e7-9f62-41c8-9c94-07be12968acc None None] Version for resource type SecurityGroupRule changed None to 1.2 on consumer Open vSwitch agent@dv-cinder-829877-1-smb {{(pid=102962) _set_version /opt/stack/neutron/neutron/api/rpc/callbacks/version_manager.py:113}}
Feb 18 12:09:57.251193 dv-cinder-829877-1-smb neutron-server[102962]: DEBUG neutron.api.rpc.callbacks.version_manager [None req-93cf08e7-9f62-41c8-9c94-07be12968acc None None] Version for resource type SubPort changed None to 1.0 on consumer Open vSwitch agent@dv-cinder-829877-1-smb {{(pid=102962) _set_version /opt/stack/neutron/neutron/api/rpc/callbacks/version_manager.py:113}}
Feb 18 12:09:57.251755 dv-cinder-829877-1-smb neutron-server[102962]: DEBUG neutron.api.rpc.callbacks.version_manager [None req-93cf08e7-9f62-41c8-9c94-07be12968acc None None] Version for resource type Subnet changed None to 1.1 on consumer Open vSwitch agent@dv-cinder-829877-1-smb {{(pid=102962) _set_version /opt/stack/neutron/neutron/api/rpc/callbacks/version_manager.py:113}}
Feb 18 12:09:57.254575 dv-cinder-829877-1-smb neutron-server[102962]: DEBUG neutron.api.rpc.callbacks.version_manager [None req-93cf08e7-9f62-41c8-9c94-07be12968acc None None] Version for resource type Trunk changed None to 1.1 on consumer Open vSwitch agent@dv-cinder-829877-1-smb {{(pid=102962) _set_version /opt/stack/neutron/neutron/api/rpc/callbacks/version_manager.py:113}}
Feb 18 12:09:57.256012 dv-cinder-829877-1-smb neutron-server[102962]: DEBUG neutron.api.rpc.callbacks.version_manager [None req-93cf08e7-9f62-41c8-9c94-07be12968acc None None] Tracked resource versions report:
Feb 18 12:09:57.256012 dv-cinder-829877-1-smb neutron-server[102962]: pushed versions:
Feb 18 12:09:57.256012 dv-cinder-829877-1-smb neutron-server[102962]: { 'AddressGroup': {'1.2'},
Feb 18 12:09:57.256012 dv-cinder-829877-1-smb neutron-server[102962]: 'ConntrackHelper': {'1.0'},
Feb 18 12:09:57.256012 dv-cinder-829877-1-smb neutron-server[102962]: 'LocalIPAssociation': {'1.0'},
Feb 18 12:09:57.256012 dv-cinder-829877-1-smb neutron-server[102962]: 'Log': {'1.0'},
Feb 18 12:09:57.256012 dv-cinder-829877-1-smb neutron-server[102962]: 'Network': {'1.1'},
Feb 18 12:09:57.256012 dv-cinder-829877-1-smb neutron-server[102962]: 'Port': {'1.7'},
Feb 18 12:09:57.256012 dv-cinder-829877-1-smb neutron-server[102962]: 'PortForwarding': {'1.2'},
Feb 18 12:09:57.256012 dv-cinder-829877-1-smb neutron-server[102962]: 'QosPolicy': {'1.10'},
Feb 18 12:09:57.256012 dv-cinder-829877-1-smb neutron-server[102962]: 'SecurityGroup': {'1.5'},
Feb 18 12:09:57.256012 dv-cinder-829877-1-smb neutron-server[102962]: 'SecurityGroupRule': {'1.2'},
Feb 18 12:09:57.256012 dv-cinder-829877-1-smb neutron-server[102962]: 'SubPort': {'1.0'},
Feb 18 12:09:57.256012 dv-cinder-829877-1-smb neutron-server[102962]: 'Subnet': {'1.1'},
Feb 18 12:09:57.256012 dv-cinder-829877-1-smb neutron-server[102962]: 'Trunk': {'1.1'}}
Feb 18 12:09:57.256012 dv-cinder-829877-1-smb neutron-server[102962]: consumer versions:
Feb 18 12:09:57.256012 dv-cinder-829877-1-smb neutron-server[102962]: { DHCP agent@dv-cinder-829877-1-smb: {},
Feb 18 12:09:57.256012 dv-cinder-829877-1-smb neutron-server[102962]: HyperV agent@hv-cinder-82987: {},
Feb 18 12:09:57.256012 dv-cinder-829877-1-smb neutron-server[102962]: L3 agent@dv-cinder-829877-1-smb: {},
Feb 18 12:09:57.256012 dv-cinder-829877-1-smb neutron-server[102962]: Metadata agent@dv-cinder-829877-1-smb: {},
Feb 18 12:09:57.256012 dv-cinder-829877-1-smb neutron-server[102962]: Metering agent@dv-cinder-829877-1-smb: {},
Feb 18 12:09:57.256012 dv-cinder-829877-1-smb neutron-server[102962]: Open vSwitch agent@dv-cinder-829877-1-smb: { 'AddressGroup': '1.2',
Feb 18 12:09:57.256012 dv-cinder-829877-1-smb neutron-server[102962]: 'ConntrackHelper': '1.0',
Feb 18 12:09:57.256012 dv-cinder-829877-1-smb neutron-server[102962]: 'LocalIPAssociation': '1.0',
Feb 18 12:09:57.256012 dv-cinder-829877-1-smb neutron-server[102962]: 'Log': '1.0',
Feb 18 12:09:57.256012 dv-cinder-829877-1-smb neutron-server[102962]: 'Network': '1.1',
Feb 18 12:09:57.256012 dv-cinder-829877-1-smb neutron-server[102962]: 'Port': '1.7',
Feb 18 12:09:57.256012 dv-cinder-829877-1-smb neutron-server[102962]: 'PortForwarding': '1.2',
Feb 18 12:09:57.256012 dv-cinder-829877-1-smb neutron-server[102962]: 'QosPolicy': '1.10',
Feb 18 12:09:57.256012 dv-cinder-829877-1-smb neutron-server[102962]: 'SecurityGroup': '1.5',
Feb 18 12:09:57.256012 dv-cinder-829877-1-smb neutron-server[102962]: 'SecurityGroupRule': '1.2',
Feb 18 12:09:57.256012 dv-cinder-829877-1-smb neutron-server[102962]: 'SubPort': '1.0',
Feb 18 12:09:57.256012 dv-cinder-829877-1-smb neutron-server[102962]: 'Subnet': '1.1',
Feb 18 12:09:57.256012 dv-cinder-829877-1-smb neutron-server[102962]: 'Trunk': '1.1'}}
Feb 18 12:09:57.256012 dv-cinder-829877-1-smb neutron-server[102962]: {{(pid=102962) report /opt/stack/neutron/neutron/api/rpc/callbacks/version_manager.py:175}}
Feb 18 12:09:57.333716 dv-cinder-829877-1-smb neutron-server[102962]: DEBUG neutron.api.rpc.handlers.resources_rpc [None req-9084e25f-d167-4204-92aa-521646fa6ea9 None None] Pushing event updated for resources: {'Port': ['ID=e21e5c15-67ea-4930-b188-0ce29d6e752e,revision_number=1']} {{(pid=102962) push /opt/stack/neutron/neutron/api/rpc/handlers/resources_rpc.py:237}}
Feb 18 12:09:57.357356 dv-cinder-829877-1-smb neutron-server[102961]: INFO neutron.wsgi [req-bfeda5e2-b3d5-44aa-a4ed-533c08c1e1f4 req-995adff7-41fb-4edb-b4b7-6ddbc388373b tempest-DeleteServersTestJSON-1712584152 tempest-DeleteServersTestJSON-1712584152-project] 10.222.0.72 "GET /v2.0/ports?device_id=974ffb12-3caf-4a39-9720-75dfb0396529 HTTP/1.1" status: 200 len: 210 time: 0.0554757
Feb 18 12:09:57.387949 dv-cinder-829877-1-smb neutron-server[102962]: DEBUG neutron.plugins.ml2.managers [None req-9084e25f-d167-4204-92aa-521646fa6ea9 None None] Attempting to bind port e21e5c15-67ea-4930-b188-0ce29d6e752e on host dv-cinder-829877-1-smb for vnic_type normal with profile {{(pid=102962) bind_port /opt/stack/neutron/neutron/plugins/ml2/managers.py:795}}
Feb 18 12:09:57.388486 dv-cinder-829877-1-smb neutron-server[102962]: DEBUG neutron.plugins.ml2.managers [None req-9084e25f-d167-4204-92aa-521646fa6ea9 None None] Attempting to bind port e21e5c15-67ea-4930-b188-0ce29d6e752e by drivers openvswitch,hyperv on host dv-cinder-829877-1-smb at level 0 using segments [{'id': '5b6e7f69-9982-45dc-a335-4536ab81d188', 'network_type': 'vlan', 'physical_network': 'physnet1', 'segmentation_id': 285, 'network_id': 'ed92e6ff-e513-4f91-ba86-856a8aea20df'}] {{(pid=102962) _bind_port_level /opt/stack/neutron/neutron/plugins/ml2/managers.py:820}}
Feb 18 12:09:57.388756 dv-cinder-829877-1-smb neutron-server[102962]: DEBUG neutron.plugins.ml2.drivers.mech_agent [None req-9084e25f-d167-4204-92aa-521646fa6ea9 None None] Attempting to bind port e21e5c15-67ea-4930-b188-0ce29d6e752e on network ed92e6ff-e513-4f91-ba86-856a8aea20df {{(pid=102962) bind_port /opt/stack/neutron/neutron/plugins/ml2/drivers/mech_agent.py:91}}
Feb 18 12:09:57.396579 dv-cinder-829877-1-smb neutron-server[102960]: DEBUG neutron_lib.callbacks.manager [None req-483a0ed7-cb56-4d01-9f1d-6c9d6299419d admin admin] Publish callbacks [] for security_group (None), before_create {{(pid=102960) _notify_loop /usr/local/lib/python3.8/dist-packages/neutron_lib/callbacks/manager.py:176}}
Feb 18 12:09:57.398384 dv-cinder-829877-1-smb neutron-server[102962]: DEBUG neutron.plugins.ml2.managers [None req-93cf08e7-9f62-41c8-9c94-07be12968acc None None] Attempting to bind port 92af5324-c514-463a-b276-1a27a9e0a1e7 on host dv-cinder-829877-1-smb for vnic_type normal with profile {{(pid=102962) bind_port /opt/stack/neutron/neutron/plugins/ml2/managers.py:795}}
Feb 18 12:09:57.398837 dv-cinder-829877-1-smb neutron-server[102962]: DEBUG neutron.plugins.ml2.managers [None req-93cf08e7-9f62-41c8-9c94-07be12968acc None None] Attempting to bind port 92af5324-c514-463a-b276-1a27a9e0a1e7 by drivers openvswitch,hyperv on host dv-cinder-829877-1-smb at level 0 using segments [{'id': 'a7d12e0d-9e2f-4faa-8657-1635007d84b3', 'network_type': 'vlan', 'physical_network': 'physnet1', 'segmentation_id': 260, 'network_id': 'abf4eac6-21a4-419c-8d3e-2bb0e7b06d12'}] {{(pid=102962) _bind_port_level /opt/stack/neutron/neutron/plugins/ml2/managers.py:820}}
Feb 18 12:09:57.399381 dv-cinder-829877-1-smb neutron-server[102962]: DEBUG neutron.plugins.ml2.drivers.mech_agent [None req-93cf08e7-9f62-41c8-9c94-07be12968acc None None] Attempting to bind port 92af5324-c514-463a-b276-1a27a9e0a1e7 on network abf4eac6-21a4-419c-8d3e-2bb0e7b06d12 {{(pid=102962) bind_port /opt/stack/neutron/neutron/plugins/ml2/drivers/mech_agent.py:91}}
Feb 18 12:09:57.402184 dv-cinder-829877-1-smb neutron-server[102962]: DEBUG neutron.plugins.ml2.drivers.mech_agent [None req-9084e25f-d167-4204-92aa-521646fa6ea9 None None] Checking agent: {'id': 'd6d81d81-d770-4729-ad1a-68ad955a39e8', 'agent_type': 'Open vSwitch agent', 'binary': 'neutron-openvswitch-agent', 'topic': 'N/A', 'host': 'dv-cinder-829877-1-smb', 'admin_state_up': True, 'created_at': datetime.datetime(2022, 2, 18, 12, 1, 36), 'started_at': datetime.datetime(2022, 2, 18, 12, 2, 6), 'heartbeat_timestamp': datetime.datetime(2022, 2, 18, 12, 9, 36), 'description': None, 'resources_synced': None, 'availability_zone': None, 'alive': True, 'configurations': {'arp_responder_enabled': False, 'baremetal_smartnic': False, 'bridge_mappings': {'physnet1': 'br-data'}, 'datapath_type': 'system', 'devices': 0, 'enable_distributed_routing': False, 'extensions': [], 'in_distributed_mode': False, 'integration_bridge': 'br-int', 'l2_population': False, 'log_agent_heartbeats': False, 'ovs_capabilities': {'datapath_types': ['netdev', 'system'], 'iface_types': ['erspan', 'geneve', 'gre', 'internal', 'ip6erspan', 'ip6gre', 'lisp', 'patch', 'stt', 'system', 'tap', 'vxlan']}, 'ovs_hybrid_plug': False, 'resource_provider_bandwidths': {}, 'resource_provider_hypervisors': {'br-data': 'dv-cinder-829877-1-smb'}, 'resource_provider_inventory_defaults': {'allocation_ratio': 1.0, 'min_unit': 1, 'step_size': 1, 'reserved': 0}, 'resource_provider_packet_processing_inventory_defaults': {'allocation_ratio': 1.0, 'min_unit': 1, 'step_size': 1, 'reserved': 0}, 'resource_provider_packet_processing_with_direction': {}, 'resource_provider_packet_processing_without_direction': {}, 'tunnel_types': [], 'tunneling_ip': None, 'vhostuser_socket_dir': '/var/run/openvswitch'}, 'resource_versions': {'AddressGroup': '1.2', 'ConntrackHelper': '1.0', 'LocalIPAssociation': '1.0', 'Log': '1.0', 'Network': '1.1', 'Port': '1.7', 'PortForwarding': '1.2', 'QosPolicy': '1.10', 'SecurityGroup': '1.5', 'SecurityGroupRule': '1.2', 'SubPort': '1.0', 'Subnet': '1.1', 'Trunk': '1.1'}} {{(pid=102962) bind_port /opt/stack/neutron/neutron/plugins/ml2/drivers/mech_agent.py:110}}
Feb 18 12:09:57.402184 dv-cinder-829877-1-smb neutron-server[102962]: DEBUG neutron.plugins.ml2.drivers.mech_agent [None req-9084e25f-d167-4204-92aa-521646fa6ea9 None None] Checking segment: {'id': '5b6e7f69-9982-45dc-a335-4536ab81d188', 'network_type': 'vlan', 'physical_network': 'physnet1', 'segmentation_id': 285, 'network_id': 'ed92e6ff-e513-4f91-ba86-856a8aea20df'} for mappings: {'physnet1': 'br-data'} with network types: ['local', 'flat', 'vlan'] {{(pid=102962) check_segment_for_agent /opt/stack/neutron/neutron/plugins/ml2/drivers/mech_agent.py:373}}
Feb 18 12:09:57.402517 dv-cinder-829877-1-smb neutron-server[102962]: DEBUG neutron_lib.callbacks.manager [None req-9084e25f-d167-4204-92aa-521646fa6ea9 None None] Publish callbacks [] for ovs_bridge_name (None), before_read {{(pid=102962) _notify_loop /usr/local/lib/python3.8/dist-packages/neutron_lib/callbacks/manager.py:176}}
Feb 18 12:09:57.403255 dv-cinder-829877-1-smb neutron-server[102962]: DEBUG neutron.plugins.ml2.drivers.mech_agent [None req-9084e25f-d167-4204-92aa-521646fa6ea9 None None] Bound using segment: {'id': '5b6e7f69-9982-45dc-a335-4536ab81d188', 'network_type': 'vlan', 'physical_network': 'physnet1', 'segmentation_id': 285, 'network_id': 'ed92e6ff-e513-4f91-ba86-856a8aea20df'} {{(pid=102962) bind_port /opt/stack/neutron/neutron/plugins/ml2/drivers/mech_agent.py:120}}
Feb 18 12:09:57.403817 dv-cinder-829877-1-smb neutron-server[102962]: DEBUG neutron.plugins.ml2.managers [None req-9084e25f-d167-4204-92aa-521646fa6ea9 None None] Bound port: e21e5c15-67ea-4930-b188-0ce29d6e752e, host: dv-cinder-829877-1-smb, vif_type: ovs, vif_details: {"connectivity": "l2", "port_filter": true, "ovs_hybrid_plug": false, "datapath_type": "system", "bridge_name": "br-int"}, binding_levels: [{'bound_driver': 'openvswitch', 'bound_segment': {'id': '5b6e7f69-9982-45dc-a335-4536ab81d188', 'network_type': 'vlan', 'physical_network': 'physnet1', 'segmentation_id': 285, 'network_id': 'ed92e6ff-e513-4f91-ba86-856a8aea20df'}}] {{(pid=102962) _bind_port_level /opt/stack/neutron/neutron/plugins/ml2/managers.py:932}}
Feb 18 12:09:57.404272 dv-cinder-829877-1-smb neutron-server[102962]: DEBUG neutron_lib.callbacks.manager [None req-9084e25f-d167-4204-92aa-521646fa6ea9 None None] Publish callbacks ['neutron.plugins.ml2.plugin.SecurityGroupDbMixin._ensure_default_security_group_handler-8090652'] for port (e21e5c15-67ea-4930-b188-0ce29d6e752e), before_update {{(pid=102962) _notify_loop /usr/local/lib/python3.8/dist-packages/neutron_lib/callbacks/manager.py:176}}
Feb 18 12:09:57.425135 dv-cinder-829877-1-smb neutron-server[102962]: DEBUG neutron.plugins.ml2.drivers.mech_agent [None req-93cf08e7-9f62-41c8-9c94-07be12968acc None None] Checking agent: {'id': 'd6d81d81-d770-4729-ad1a-68ad955a39e8', 'agent_type': 'Open vSwitch agent', 'binary': 'neutron-openvswitch-agent', 'topic': 'N/A', 'host': 'dv-cinder-829877-1-smb', 'admin_state_up': True, 'created_at': datetime.datetime(2022, 2, 18, 12, 1, 36), 'started_at': datetime.datetime(2022, 2, 18, 12, 2, 6), 'heartbeat_timestamp': datetime.datetime(2022, 2, 18, 12, 9, 36), 'description': None, 'resources_synced': None, 'availability_zone': None, 'alive': True, 'configurations': {'arp_responder_enabled': False, 'baremetal_smartnic': False, 'bridge_mappings': {'physnet1': 'br-data'}, 'datapath_type': 'system', 'devices': 0, 'enable_distributed_routing': False, 'extensions': [], 'in_distributed_mode': False, 'integration_bridge': 'br-int', 'l2_population': False, 'log_agent_heartbeats': False, 'ovs_capabilities': {'datapath_types': ['netdev', 'system'], 'iface_types': ['erspan', 'geneve', 'gre', 'internal', 'ip6erspan', 'ip6gre', 'lisp', 'patch', 'stt', 'system', 'tap', 'vxlan']}, 'ovs_hybrid_plug': False, 'resource_provider_bandwidths': {}, 'resource_provider_hypervisors': {'br-data': 'dv-cinder-829877-1-smb'}, 'resource_provider_inventory_defaults': {'allocation_ratio': 1.0, 'min_unit': 1, 'step_size': 1, 'reserved': 0}, 'resource_provider_packet_processing_inventory_defaults': {'allocation_ratio': 1.0, 'min_unit': 1, 'step_size': 1, 'reserved': 0}, 'resource_provider_packet_processing_with_direction': {}, 'resource_provider_packet_processing_without_direction': {}, 'tunnel_types': [], 'tunneling_ip': None, 'vhostuser_socket_dir': '/var/run/openvswitch'}, 'resource_versions': {'AddressGroup': '1.2', 'ConntrackHelper': '1.0', 'LocalIPAssociation': '1.0', 'Log': '1.0', 'Network': '1.1', 'Port': '1.7', 'PortForwarding': '1.2', 'QosPolicy': '1.10', 'SecurityGroup': '1.5', 'SecurityGroupRule': '1.2', 'SubPort': '1.0', 'Subnet': '1.1', 'Trunk': '1.1'}} {{(pid=102962) bind_port /opt/stack/neutron/neutron/plugins/ml2/drivers/mech_agent.py:110}}
Feb 18 12:09:57.425135 dv-cinder-829877-1-smb neutron-server[102962]: DEBUG neutron.plugins.ml2.drivers.mech_agent [None req-93cf08e7-9f62-41c8-9c94-07be12968acc None None] Checking segment: {'id': 'a7d12e0d-9e2f-4faa-8657-1635007d84b3', 'network_type': 'vlan', 'physical_network': 'physnet1', 'segmentation_id': 260, 'network_id': 'abf4eac6-21a4-419c-8d3e-2bb0e7b06d12'} for mappings: {'physnet1': 'br-data'} with network types: ['local', 'flat', 'vlan'] {{(pid=102962) check_segment_for_agent /opt/stack/neutron/neutron/plugins/ml2/drivers/mech_agent.py:373}}
Feb 18 12:09:57.425135 dv-cinder-829877-1-smb neutron-server[102962]: DEBUG neutron_lib.callbacks.manager [None req-93cf08e7-9f62-41c8-9c94-07be12968acc None None] Publish callbacks [] for ovs_bridge_name (None), before_read {{(pid=102962) _notify_loop /usr/local/lib/python3.8/dist-packages/neutron_lib/callbacks/manager.py:176}}
Feb 18 12:09:57.425932 dv-cinder-829877-1-smb neutron-server[102962]: DEBUG neutron.plugins.ml2.drivers.mech_agent [None req-93cf08e7-9f62-41c8-9c94-07be12968acc None None] Bound using segment: {'id': 'a7d12e0d-9e2f-4faa-8657-1635007d84b3', 'network_type': 'vlan', 'physical_network': 'physnet1', 'segmentation_id': 260, 'network_id': 'abf4eac6-21a4-419c-8d3e-2bb0e7b06d12'} {{(pid=102962) bind_port /opt/stack/neutron/neutron/plugins/ml2/drivers/mech_agent.py:120}}
Feb 18 12:09:57.426321 dv-cinder-829877-1-smb neutron-server[102962]: DEBUG neutron.plugins.ml2.managers [None req-93cf08e7-9f62-41c8-9c94-07be12968acc None None] Bound port: 92af5324-c514-463a-b276-1a27a9e0a1e7, host: dv-cinder-829877-1-smb, vif_type: ovs, vif_details: {"connectivity": "l2", "port_filter": true, "ovs_hybrid_plug": false, "datapath_type": "system", "bridge_name": "br-int"}, binding_levels: [{'bound_driver': 'openvswitch', 'bound_segment': {'id': 'a7d12e0d-9e2f-4faa-8657-1635007d84b3', 'network_type': 'vlan', 'physical_network': 'physnet1', 'segmentation_id': 260, 'network_id': 'abf4eac6-21a4-419c-8d3e-2bb0e7b06d12'}}] {{(pid=102962) _bind_port_level /opt/stack/neutron/neutron/plugins/ml2/managers.py:932}}
Feb 18 12:09:57.426780 dv-cinder-829877-1-smb neutron-server[102962]: DEBUG neutron_lib.callbacks.manager [None req-93cf08e7-9f62-41c8-9c94-07be12968acc None None] Publish callbacks ['neutron.plugins.ml2.plugin.SecurityGroupDbMixin._ensure_default_security_group_handler-8090652'] for port (92af5324-c514-463a-b276-1a27a9e0a1e7), before_update {{(pid=102962) _notify_loop /usr/local/lib/python3.8/dist-packages/neutron_lib/callbacks/manager.py:176}}
Feb 18 12:09:57.436134 dv-cinder-829877-1-smb neutron-server[102960]: DEBUG neutron_lib.callbacks.manager [None req-5ca35911-f9d0-4c24-b0fc-c2f5af519529 admin admin] Publish callbacks ['neutron.services.auto_allocate.db._ensure_external_network_default_value_callback-8737476891513'] for network (7ed179e1-7ab7-447f-975d-947d8bece53a), precommit_create {{(pid=102960) _notify_loop /usr/local/lib/python3.8/dist-packages/neutron_lib/callbacks/manager.py:176}}
Feb 18 12:09:57.470539 dv-cinder-829877-1-smb neutron-server[102961]: DEBUG neutron_lib.callbacks.manager [None req-96ef6f9f-d275-40bd-8987-4519d64cef73 admin admin] Publish callbacks [] for port (29983769-5358-4c26-a271-f64882627ae3), precommit_create {{(pid=102961) _notify_loop /usr/local/lib/python3.8/dist-packages/neutron_lib/callbacks/manager.py:176}}
Feb 18 12:09:57.518178 dv-cinder-829877-1-smb neutron-server[102962]: DEBUG neutron.plugins.ml2.db [None req-93cf08e7-9f62-41c8-9c94-07be12968acc None None] For port 92af5324-c514-463a-b276-1a27a9e0a1e7, host dv-cinder-829877-1-smb, cleared binding levels {{(pid=102962) clear_binding_levels /opt/stack/neutron/neutron/plugins/ml2/db.py:87}}
Feb 18 12:09:57.522790 dv-cinder-829877-1-smb neutron-server[102962]: DEBUG neutron.plugins.ml2.db [None req-93cf08e7-9f62-41c8-9c94-07be12968acc None None] For port 92af5324-c514-463a-b276-1a27a9e0a1e7, host dv-cinder-829877-1-smb, set binding levels [PortBindingLevel(driver='openvswitch',host='dv-cinder-829877-1-smb',level=0,port_id=92af5324-c514-463a-b276-1a27a9e0a1e7,segment=NetworkSegment(a7d12e0d-9e2f-4faa-8657-1635007d84b3),segment_id=a7d12e0d-9e2f-4faa-8657-1635007d84b3)] {{(pid=102962) set_binding_levels /opt/stack/neutron/neutron/plugins/ml2/db.py:59}}
Feb 18 12:09:57.530155 dv-cinder-829877-1-smb neutron-server[102961]: DEBUG neutron_lib.callbacks.manager [None req-96ef6f9f-d275-40bd-8987-4519d64cef73 admin admin] Publish callbacks ['neutron.plugins.ml2.plugin.SecurityGroupServerNotifierRpcMixin._notify_sg_on_port_change-8091089', 'neutron.plugins.ml2.ovo_rpc._ObjectChangeHandler.handle_event-125613', 'neutron.api.rpc.agentnotifiers.dhcp_rpc_agent_api.DhcpAgentNotifyAPI._native_event_send_dhcp_notification-585189', 'neutron.db.l3_dvrscheduler_db._notify_l3_agent_new_port-8737476906262'] for port (29983769-5358-4c26-a271-f64882627ae3), after_create {{(pid=102961) _notify_loop /usr/local/lib/python3.8/dist-packages/neutron_lib/callbacks/manager.py:176}}
Feb 18 12:09:57.545187 dv-cinder-829877-1-smb neutron-server[102962]: DEBUG neutron_lib.callbacks.manager [None req-93cf08e7-9f62-41c8-9c94-07be12968acc None None] Publish callbacks ['neutron.plugins.ml2.plugin.SecurityGroupServerNotifierRpcMixin._notify_sg_on_port_change-8091089', 'neutron.plugins.ml2.ovo_rpc._ObjectChangeHandler.handle_event-125613', 'neutron.api.rpc.agentnotifiers.dhcp_rpc_agent_api.DhcpAgentNotifyAPI._native_event_send_dhcp_notification-585189', 'neutron.db.l3_db.L3RpcNotifierMixin._notify_gateway_port_ip_changed-8737477416313', 'neutron.db.l3_dvrscheduler_db._notify_l3_agent_port_update-8737476906280', 'neutron.db.l3_hascheduler_db._notify_l3_agent_ha_port_update-8737476906298'] for port (92af5324-c514-463a-b276-1a27a9e0a1e7), after_update {{(pid=102962) _notify_loop /usr/local/lib/python3.8/dist-packages/neutron_lib/callbacks/manager.py:176}}
Feb 18 12:09:57.561175 dv-cinder-829877-1-smb neutron-server[102962]: DEBUG neutron.plugins.ml2.db [None req-9084e25f-d167-4204-92aa-521646fa6ea9 None None] For port e21e5c15-67ea-4930-b188-0ce29d6e752e, host dv-cinder-829877-1-smb, cleared binding levels {{(pid=102962) clear_binding_levels /opt/stack/neutron/neutron/plugins/ml2/db.py:87}}
Feb 18 12:09:57.569299 dv-cinder-829877-1-smb neutron-server[102960]: INFO neutron.wsgi [req-0f9d6440-48d8-422b-b2ce-6693a124ab2f req-19ec3af3-594b-480c-a103-0a1d8e858048 tempest-AttachVolumeNegativeTest-347980278 tempest-AttachVolumeNegativeTest-347980278-project] 10.222.0.72 "GET /v2.0/ports?device_id=f1ee7fda-3ef2-448f-9b58-6c170c4e04ad HTTP/1.1" status: 200 len: 210 time: 0.0724621
Feb 18 12:09:57.573506 dv-cinder-829877-1-smb neutron-server[102960]: DEBUG neutron_lib.callbacks.manager [None req-5ca35911-f9d0-4c24-b0fc-c2f5af519529 admin admin] Publish callbacks ['neutron.plugins.ml2.ovo_rpc._ObjectChangeHandler.handle_event-541178', 'neutron.api.rpc.agentnotifiers.dhcp_rpc_agent_api.DhcpAgentNotifyAPI._native_event_send_dhcp_notification-585189'] for network (7ed179e1-7ab7-447f-975d-947d8bece53a), after_create {{(pid=102960) _notify_loop /usr/local/lib/python3.8/dist-packages/neutron_lib/callbacks/manager.py:176}}
