Feb 17 04:40:48.489909 dv-cinder-829630-1-iscsi devstack@c-api.service[115061]: /usr/local/lib/python3.8/dist-packages/webob/acceptparse.py:1047: DeprecationWarning: The behavior of AcceptValidHeader.best_match is currently being maintained for backward compatibility, but it will be deprecated in the future, as it does not conform to the RFC.
Feb 17 04:40:48.489909 dv-cinder-829630-1-iscsi devstack@c-api.service[115061]: warnings.warn(
Feb 17 04:40:48.491016 dv-cinder-829630-1-iscsi devstack@c-api.service[115061]: DEBUG cinder.api.openstack.wsgi [None req-93948f54-e7ae-4ccd-b5ff-1448fcf63377 tempest-VolumeQuotasAdminTestJSON-60378497 tempest-VolumeQuotasAdminTestJSON-60378497-project] Calling method 'show' {{(pid=115061) _process_stack /opt/stack/cinder/cinder/api/openstack/wsgi.py:856}}
Feb 17 04:40:48.510928 dv-cinder-829630-1-iscsi devstack@c-api.service[115061]: /usr/local/lib/python3.8/dist-packages/oslo_context/context.py:105: DeprecationWarning: Policy enforcement is depending on the value of is_admin. This key is deprecated. Please update your policy file to use the standard policy values.
Feb 17 04:40:48.510928 dv-cinder-829630-1-iscsi devstack@c-api.service[115061]: warnings.warn('Policy enforcement is depending on the value of '
Feb 17 04:40:48.521530 dv-cinder-829630-1-iscsi devstack@c-api.service[115061]: INFO cinder.volume.api [None req-93948f54-e7ae-4ccd-b5ff-1448fcf63377 tempest-VolumeQuotasAdminTestJSON-60378497 tempest-VolumeQuotasAdminTestJSON-60378497-project] Volume info retrieved successfully.
Feb 17 04:40:48.533266 dv-cinder-829630-1-iscsi devstack@c-api.service[115062]: INFO cinder.api.openstack.wsgi [None req-bf8d8a98-dd41-4596-be32-72e40a3e73bd tempest-SnapshotsActionsTest-1359100197 tempest-SnapshotsActionsTest-1359100197-project-admin] http://10.222.0.61/volume/v3/836bdb8bf9dd4ffb834de9cc99c33775/snapshots/1daf8336-21cd-4388-bb14-f0fb9dc2bc57/action returned with HTTP 202
Feb 17 04:40:48.534003 dv-cinder-829630-1-iscsi devstack@c-api.service[115061]: INFO cinder.api.openstack.wsgi [None req-93948f54-e7ae-4ccd-b5ff-1448fcf63377 tempest-VolumeQuotasAdminTestJSON-60378497 tempest-VolumeQuotasAdminTestJSON-60378497-project] http://10.222.0.61/volume/v3/dd686c566d114864a7766a9e14cc3f29/volumes/24bf7c52-7e8a-463c-9156-2e838a27bf2e returned with HTTP 200
Feb 17 04:40:48.534971 dv-cinder-829630-1-iscsi devstack@c-api.service[115061]: [pid: 115061|app: 0|req: 74/162] 10.222.0.61 () {58 vars in 1324 bytes} [Thu Feb 17 04:40:48 2022] GET /volume/v3/dd686c566d114864a7766a9e14cc3f29/volumes/24bf7c52-7e8a-463c-9156-2e838a27bf2e => generated 917 bytes in 50 msecs (HTTP/1.1 200) 7 headers in 285 bytes (1 switches on core 0)
Feb 17 04:40:48.536285 dv-cinder-829630-1-iscsi devstack@c-api.service[115062]: [pid: 115062|app: 0|req: 89/163] 10.222.0.61 () {60 vars in 1372 bytes} [Thu Feb 17 04:40:48 2022] POST /volume/v3/836bdb8bf9dd4ffb834de9cc99c33775/snapshots/1daf8336-21cd-4388-bb14-f0fb9dc2bc57/action => generated 0 bytes in 106 msecs (HTTP/1.1 202) 7 headers in 289 bytes (1 switches on core 0)
Feb 17 04:40:48.554331 dv-cinder-829630-1-iscsi devstack@c-api.service[115061]: INFO cinder.api.openstack.wsgi [None req-f916e3b2-9eb9-42d7-b5bc-2bc56c728fe7 tempest-GroupSnapshotsTest-627561815 tempest-GroupSnapshotsTest-627561815-project] GET http://10.222.0.61/volume/v3/1059bd3d857749388734e152544af79e/groups/b481fc1d-58ab-4c86-8495-cec8815f3e74
Feb 17 04:40:48.554845 dv-cinder-829630-1-iscsi devstack@c-api.service[115061]: DEBUG cinder.api.openstack.wsgi [None req-f916e3b2-9eb9-42d7-b5bc-2bc56c728fe7 tempest-GroupSnapshotsTest-627561815 tempest-GroupSnapshotsTest-627561815-project] Empty body provided in request {{(pid=115061) get_body /opt/stack/cinder/cinder/api/openstack/wsgi.py:703}}
Feb 17 04:40:48.555021 dv-cinder-829630-1-iscsi devstack@c-api.service[115061]: /usr/local/lib/python3.8/dist-packages/webob/acceptparse.py:1047: DeprecationWarning: The behavior of AcceptValidHeader.best_match is currently being maintained for backward compatibility, but it will be deprecated in the future, as it does not conform to the RFC.
Feb 17 04:40:48.555021 dv-cinder-829630-1-iscsi devstack@c-api.service[115061]: warnings.warn(
Feb 17 04:40:48.555330 dv-cinder-829630-1-iscsi devstack@c-api.service[115061]: DEBUG cinder.api.openstack.wsgi [None req-f916e3b2-9eb9-42d7-b5bc-2bc56c728fe7 tempest-GroupSnapshotsTest-627561815 tempest-GroupSnapshotsTest-627561815-project] Calling method 'version_select' {{(pid=115061) _process_stack /opt/stack/cinder/cinder/api/openstack/wsgi.py:856}}
Feb 17 04:40:48.555700 dv-cinder-829630-1-iscsi devstack@c-api.service[115061]: DEBUG cinder.api.v3.groups [None req-f916e3b2-9eb9-42d7-b5bc-2bc56c728fe7 tempest-GroupSnapshotsTest-627561815 tempest-GroupSnapshotsTest-627561815-project] show called for member b481fc1d-58ab-4c86-8495-cec8815f3e74 {{(pid=115061) show /opt/stack/cinder/cinder/api/v3/groups.py:58}}
Feb 17 04:40:48.558523 dv-cinder-829630-1-iscsi devstack@c-api.service[115062]: INFO cinder.api.openstack.wsgi [None req-38e48004-fa69-43a1-a6cb-e7714e2a3966 tempest-SnapshotsActionsTest-1727577126 tempest-SnapshotsActionsTest-1727577126-project] GET http://10.222.0.61/volume/v3/5c9a313609cb4649b27272ffe691b30b/snapshots/1daf8336-21cd-4388-bb14-f0fb9dc2bc57
Feb 17 04:40:48.559630 dv-cinder-829630-1-iscsi devstack@c-api.service[115062]: DEBUG cinder.api.openstack.wsgi [None req-38e48004-fa69-43a1-a6cb-e7714e2a3966 tempest-SnapshotsActionsTest-1727577126 tempest-SnapshotsActionsTest-1727577126-project] Empty body provided in request {{(pid=115062) get_body /opt/stack/cinder/cinder/api/openstack/wsgi.py:703}}
Feb 17 04:40:48.561163 dv-cinder-829630-1-iscsi devstack@c-api.service[115062]: /usr/local/lib/python3.8/dist-packages/webob/acceptparse.py:1047: DeprecationWarning: The behavior of AcceptValidHeader.best_match is currently being maintained for backward compatibility, but it will be deprecated in the future, as it does not conform to the RFC.
Feb 17 04:40:48.561163 dv-cinder-829630-1-iscsi devstack@c-api.service[115062]: warnings.warn(
Feb 17 04:40:48.562326 dv-cinder-829630-1-iscsi devstack@c-api.service[115062]: DEBUG cinder.api.openstack.wsgi [None req-38e48004-fa69-43a1-a6cb-e7714e2a3966 tempest-SnapshotsActionsTest-1727577126 tempest-SnapshotsActionsTest-1727577126-project] Calling method 'show' {{(pid=115062) _process_stack /opt/stack/cinder/cinder/api/openstack/wsgi.py:856}}
Feb 17 04:40:48.562559 dv-cinder-829630-1-iscsi devstack@c-api.service[115061]: /usr/local/lib/python3.8/dist-packages/oslo_context/context.py:105: DeprecationWarning: Policy enforcement is depending on the value of is_admin. This key is deprecated. Please update your policy file to use the standard policy values.
Feb 17 04:40:48.562559 dv-cinder-829630-1-iscsi devstack@c-api.service[115061]: warnings.warn('Policy enforcement is depending on the value of '
Feb 17 04:40:48.579037 dv-cinder-829630-1-iscsi devstack@c-api.service[115062]: /usr/local/lib/python3.8/dist-packages/oslo_context/context.py:105: DeprecationWarning: Policy enforcement is depending on the value of is_admin. This key is deprecated. Please update your policy file to use the standard policy values.
Feb 17 04:40:48.579037 dv-cinder-829630-1-iscsi devstack@c-api.service[115062]: warnings.warn('Policy enforcement is depending on the value of '
Feb 17 04:40:48.588220 dv-cinder-829630-1-iscsi devstack@c-api.service[115062]: INFO cinder.volume.api [None req-38e48004-fa69-43a1-a6cb-e7714e2a3966 tempest-SnapshotsActionsTest-1727577126 tempest-SnapshotsActionsTest-1727577126-project] Snapshot retrieved successfully.
Feb 17 04:40:48.588672 dv-cinder-829630-1-iscsi devstack@c-api.service[115061]: INFO cinder.api.openstack.wsgi [None req-f916e3b2-9eb9-42d7-b5bc-2bc56c728fe7 tempest-GroupSnapshotsTest-627561815 tempest-GroupSnapshotsTest-627561815-project] http://10.222.0.61/volume/v3/1059bd3d857749388734e152544af79e/groups/b481fc1d-58ab-4c86-8495-cec8815f3e74 returned with HTTP 200
Feb 17 04:40:48.590346 dv-cinder-829630-1-iscsi devstack@c-api.service[115062]: INFO cinder.api.openstack.wsgi [None req-38e48004-fa69-43a1-a6cb-e7714e2a3966 tempest-SnapshotsActionsTest-1727577126 tempest-SnapshotsActionsTest-1727577126-project] http://10.222.0.61/volume/v3/5c9a313609cb4649b27272ffe691b30b/snapshots/1daf8336-21cd-4388-bb14-f0fb9dc2bc57 returned with HTTP 200
Feb 17 04:40:48.590702 dv-cinder-829630-1-iscsi devstack@c-api.service[115061]: [pid: 115061|app: 0|req: 75/164] 10.222.0.61 () {60 vars in 1362 bytes} [Thu Feb 17 04:40:48 2022] GET /volume/v3/1059bd3d857749388734e152544af79e/groups/b481fc1d-58ab-4c86-8495-cec8815f3e74 => generated 418 bytes in 55 msecs (HTTP/1.1 200) 7 headers in 286 bytes (1 switches on core 0)
Feb 17 04:40:48.599166 dv-cinder-829630-1-iscsi devstack@c-api.service[115061]: INFO cinder.api.openstack.wsgi [None req-fc212e9a-91bd-493b-9386-a3ed9fc45b8d tempest-VolumeQuotasAdminTestJSON-671581373 tempest-VolumeQuotasAdminTestJSON-671581373-project-admin] GET http://10.222.0.61/volume/v3/58b08ea8489d4fef97f390c2c6d5bd05/os-quota-sets/dd686c566d114864a7766a9e14cc3f29?usage=True
Feb 17 04:40:48.602665 dv-cinder-829630-1-iscsi devstack@c-api.service[115062]: [pid: 115062|app: 0|req: 90/165] 10.222.0.61 () {58 vars in 1330 bytes} [Thu Feb 17 04:40:48 2022] GET /volume/v3/5c9a313609cb4649b27272ffe691b30b/snapshots/1daf8336-21cd-4388-bb14-f0fb9dc2bc57 => generated 466 bytes in 63 msecs (HTTP/1.1 200) 7 headers in 285 bytes (1 switches on core 0)
Feb 17 04:40:48.608061 dv-cinder-829630-1-iscsi devstack@c-api.service[115062]: INFO cinder.api.openstack.wsgi [None req-651513f8-b902-4013-8ae0-d1acb29fa652 tempest-GroupSnapshotsTest-627561815 tempest-GroupSnapshotsTest-627561815-project] GET http://10.222.0.61/volume/v3/1059bd3d857749388734e152544af79e/volumes/detail
Feb 17 04:40:48.608956 dv-cinder-829630-1-iscsi devstack@c-api.service[115062]: DEBUG cinder.api.openstack.wsgi [None req-651513f8-b902-4013-8ae0-d1acb29fa652 tempest-GroupSnapshotsTest-627561815 tempest-GroupSnapshotsTest-627561815-project] Empty body provided in request {{(pid=115062) get_body /opt/stack/cinder/cinder/api/openstack/wsgi.py:703}}
Feb 17 04:40:48.609332 dv-cinder-829630-1-iscsi devstack@c-api.service[115062]: /usr/local/lib/python3.8/dist-packages/webob/acceptparse.py:1047: DeprecationWarning: The behavior of AcceptValidHeader.best_match is currently being maintained for backward compatibility, but it will be deprecated in the future, as it does not conform to the RFC.
Feb 17 04:40:48.609332 dv-cinder-829630-1-iscsi devstack@c-api.service[115062]: warnings.warn(
Feb 17 04:40:48.610799 dv-cinder-829630-1-iscsi devstack@c-api.service[115062]: DEBUG cinder.api.openstack.wsgi [None req-651513f8-b902-4013-8ae0-d1acb29fa652 tempest-GroupSnapshotsTest-627561815 tempest-GroupSnapshotsTest-627561815-project] Calling method 'detail' {{(pid=115062) _process_stack /opt/stack/cinder/cinder/api/openstack/wsgi.py:856}}
Feb 17 04:40:48.611889 dv-cinder-829630-1-iscsi devstack@c-api.service[115061]: DEBUG cinder.api.openstack.wsgi [None req-fc212e9a-91bd-493b-9386-a3ed9fc45b8d tempest-VolumeQuotasAdminTestJSON-671581373 tempest-VolumeQuotasAdminTestJSON-671581373-project-admin] Empty body provided in request {{(pid=115061) get_body /opt/stack/cinder/cinder/api/openstack/wsgi.py:703}}
Feb 17 04:40:48.612100 dv-cinder-829630-1-iscsi devstack@c-api.service[115061]: /usr/local/lib/python3.8/dist-packages/webob/acceptparse.py:1047: DeprecationWarning: The behavior of AcceptValidHeader.best_match is currently being maintained for backward compatibility, but it will be deprecated in the future, as it does not conform to the RFC.
Feb 17 04:40:48.612100 dv-cinder-829630-1-iscsi devstack@c-api.service[115061]: warnings.warn(
Feb 17 04:40:48.612429 dv-cinder-829630-1-iscsi devstack@c-api.service[115061]: DEBUG cinder.api.openstack.wsgi [None req-fc212e9a-91bd-493b-9386-a3ed9fc45b8d tempest-VolumeQuotasAdminTestJSON-671581373 tempest-VolumeQuotasAdminTestJSON-671581373-project-admin] Calling method 'show' {{(pid=115061) _process_stack /opt/stack/cinder/cinder/api/openstack/wsgi.py:856}}
Feb 17 04:40:48.612673 dv-cinder-829630-1-iscsi devstack@c-api.service[115062]: DEBUG cinder.api.api_utils [None req-651513f8-b902-4013-8ae0-d1acb29fa652 tempest-GroupSnapshotsTest-627561815 tempest-GroupSnapshotsTest-627561815-project] Removing options '' from query. {{(pid=115062) remove_invalid_filter_options /opt/stack/cinder/cinder/api/api_utils.py:73}}
Feb 17 04:40:48.614169 dv-cinder-829630-1-iscsi devstack@c-api.service[115061]: /usr/local/lib/python3.8/dist-packages/oslo_context/context.py:105: DeprecationWarning: Policy enforcement is depending on the value of is_admin. This key is deprecated. Please update your policy file to use the standard policy values.
Feb 17 04:40:48.614169 dv-cinder-829630-1-iscsi devstack@c-api.service[115061]: warnings.warn('Policy enforcement is depending on the value of '
Feb 17 04:40:48.616180 dv-cinder-829630-1-iscsi devstack@c-api.service[115062]: DEBUG cinder.volume.api [None req-651513f8-b902-4013-8ae0-d1acb29fa652 tempest-GroupSnapshotsTest-627561815 tempest-GroupSnapshotsTest-627561815-project] Searching by: MultiDict([('no_migration_targets', True)]). {{(pid=115062) get_all /opt/stack/cinder/cinder/volume/api.py:618}}
Feb 17 04:40:48.753121 dv-cinder-829630-1-iscsi devstack@c-api.service[115062]: INFO cinder.volume.api [None req-651513f8-b902-4013-8ae0-d1acb29fa652 tempest-GroupSnapshotsTest-627561815 tempest-GroupSnapshotsTest-627561815-project] Get all volumes completed successfully.
Feb 17 04:40:48.757300 dv-cinder-829630-1-iscsi devstack@c-api.service[115061]: INFO cinder.api.openstack.wsgi [None req-fc212e9a-91bd-493b-9386-a3ed9fc45b8d tempest-VolumeQuotasAdminTestJSON-671581373 tempest-VolumeQuotasAdminTestJSON-671581373-project-admin] http://10.222.0.61/volume/v3/58b08ea8489d4fef97f390c2c6d5bd05/os-quota-sets/dd686c566d114864a7766a9e14cc3f29?usage=True returned with HTTP 200
Feb 17 04:40:48.760690 dv-cinder-829630-1-iscsi devstack@c-api.service[115062]: WARNING stevedore.named [None req-651513f8-b902-4013-8ae0-d1acb29fa652 tempest-GroupSnapshotsTest-627561815 tempest-GroupSnapshotsTest-627561815-project] Could not load cinder.keymgr.conf_key_mgr.ConfKeyManager
Feb 17 04:40:48.788745 dv-cinder-829630-1-iscsi devstack@c-api.service[115061]: [pid: 115061|app: 0|req: 76/166] 10.222.0.61 () {58 vars in 1351 bytes} [Thu Feb 17 04:40:48 2022] GET /volume/v3/58b08ea8489d4fef97f390c2c6d5bd05/os-quota-sets/dd686c566d114864a7766a9e14cc3f29?usage=True => generated 1184 bytes in 197 msecs (HTTP/1.1 200) 7 headers in 286 bytes (1 switches on core 0)
Feb 17 04:40:48.795277 dv-cinder-829630-1-iscsi devstack@c-api.service[115062]: WARNING castellan.key_manager [None req-651513f8-b902-4013-8ae0-d1acb29fa652 tempest-GroupSnapshotsTest-627561815 tempest-GroupSnapshotsTest-627561815-project] Deprecation Warning : cinder.keymgr.conf_key_mgr.ConfKeyManager is not a stevedore based driver, trying to load it as a class: stevedore.exception.NoMatches: No 'castellan.drivers' driver found, looking for 'cinder.keymgr.conf_key_mgr.ConfKeyManager'
Feb 17 04:40:48.805666 dv-cinder-829630-1-iscsi devstack@c-api.service[115062]: DEBUG oslo_db.sqlalchemy.engines [None req-651513f8-b902-4013-8ae0-d1acb29fa652 tempest-GroupSnapshotsTest-627561815 tempest-GroupSnapshotsTest-627561815-project] MySQL server mode set to STRICT_TRANS_TABLES,STRICT_ALL_TABLES,NO_ZERO_IN_DATE,NO_ZERO_DATE,ERROR_FOR_DIVISION_BY_ZERO,TRADITIONAL,NO_ENGINE_SUBSTITUTION {{(pid=115062) _check_effective_sql_mode /usr/local/lib/python3.8/dist-packages/oslo_db/sqlalchemy/engines.py:314}}
Feb 17 04:40:48.807911 dv-cinder-829630-1-iscsi devstack@c-api.service[115061]: INFO cinder.api.openstack.wsgi [None req-e74f9e7b-e01d-43ee-9307-a0b9d0b1dec1 tempest-SnapshotsActionsTest-1727577126 tempest-SnapshotsActionsTest-1727577126-project] POST http://10.222.0.61/volume/v3/5c9a313609cb4649b27272ffe691b30b/snapshots
Feb 17 04:40:48.808748 dv-cinder-829630-1-iscsi devstack@c-api.service[115061]: DEBUG cinder.api.openstack.wsgi [None req-e74f9e7b-e01d-43ee-9307-a0b9d0b1dec1 tempest-SnapshotsActionsTest-1727577126 tempest-SnapshotsActionsTest-1727577126-project] Action: 'create', calling method: create, body: {"snapshot": {"volume_id": "b6ca809c-7c7e-4af6-9efd-a2299aa245a8", "name": "tempest-SnapshotsActionsTest-Snapshot-1939471726"}} {{(pid=115061) _process_stack /opt/stack/cinder/cinder/api/openstack/wsgi.py:854}}
Feb 17 04:40:48.814651 dv-cinder-829630-1-iscsi devstack@c-api.service[115062]: /usr/local/lib/python3.8/dist-packages/oslo_context/context.py:105: DeprecationWarning: Policy enforcement is depending on the value of is_admin. This key is deprecated. Please update your policy file to use the standard policy values.
Feb 17 04:40:48.814651 dv-cinder-829630-1-iscsi devstack@c-api.service[115062]: warnings.warn('Policy enforcement is depending on the value of '
Feb 17 04:40:48.823863 dv-cinder-829630-1-iscsi devstack@c-api.service[115062]: WARNING stevedore.named [None req-651513f8-b902-4013-8ae0-d1acb29fa652 tempest-GroupSnapshotsTest-627561815 tempest-GroupSnapshotsTest-627561815-project] Could not load cinder.keymgr.conf_key_mgr.ConfKeyManager
Feb 17 04:40:48.824541 dv-cinder-829630-1-iscsi devstack@c-api.service[115062]: WARNING castellan.key_manager [None req-651513f8-b902-4013-8ae0-d1acb29fa652 tempest-GroupSnapshotsTest-627561815 tempest-GroupSnapshotsTest-627561815-project] Deprecation Warning : cinder.keymgr.conf_key_mgr.ConfKeyManager is not a stevedore based driver, trying to load it as a class: stevedore.exception.NoMatches: No 'castellan.drivers' driver found, looking for 'cinder.keymgr.conf_key_mgr.ConfKeyManager'
Feb 17 04:40:48.833037 dv-cinder-829630-1-iscsi devstack@c-api.service[115062]: DEBUG oslo_db.sqlalchemy.engines [None req-651513f8-b902-4013-8ae0-d1acb29fa652 tempest-GroupSnapshotsTest-627561815 tempest-GroupSnapshotsTest-627561815-project] MySQL server mode set to STRICT_TRANS_TABLES,STRICT_ALL_TABLES,NO_ZERO_IN_DATE,NO_ZERO_DATE,ERROR_FOR_DIVISION_BY_ZERO,TRADITIONAL,NO_ENGINE_SUBSTITUTION {{(pid=115062) _check_effective_sql_mode /usr/local/lib/python3.8/dist-packages/oslo_db/sqlalchemy/engines.py:314}}
Feb 17 04:40:48.851575 dv-cinder-829630-1-iscsi devstack@c-api.service[115062]: /usr/local/lib/python3.8/dist-packages/oslo_context/context.py:105: DeprecationWarning: Policy enforcement is depending on the value of is_admin. This key is deprecated. Please update your policy file to use the standard policy values.
Feb 17 04:40:48.851575 dv-cinder-829630-1-iscsi devstack@c-api.service[115062]: warnings.warn('Policy enforcement is depending on the value of '
Feb 17 04:40:48.854090 dv-cinder-829630-1-iscsi devstack@c-api.service[115061]: /usr/local/lib/python3.8/dist-packages/oslo_context/context.py:105: DeprecationWarning: Policy enforcement is depending on the value of is_admin. This key is deprecated. Please update your policy file to use the standard policy values.
Feb 17 04:40:48.854090 dv-cinder-829630-1-iscsi devstack@c-api.service[115061]: warnings.warn('Policy enforcement is depending on the value of '
Feb 17 04:40:48.855607 dv-cinder-829630-1-iscsi devstack@c-api.service[115061]: INFO cinder.volume.api [None req-e74f9e7b-e01d-43ee-9307-a0b9d0b1dec1 tempest-SnapshotsActionsTest-1727577126 tempest-SnapshotsActionsTest-1727577126-project] Volume info retrieved successfully.
Feb 17 04:40:48.856155 dv-cinder-829630-1-iscsi devstack@c-api.service[115061]: INFO cinder.api.v3.snapshots [None req-e74f9e7b-e01d-43ee-9307-a0b9d0b1dec1 tempest-SnapshotsActionsTest-1727577126 tempest-SnapshotsActionsTest-1727577126-project] Create snapshot from volume b6ca809c-7c7e-4af6-9efd-a2299aa245a8
Feb 17 04:40:48.894534 dv-cinder-829630-1-iscsi devstack@c-api.service[115062]: INFO cinder.api.openstack.wsgi [None req-651513f8-b902-4013-8ae0-d1acb29fa652 tempest-GroupSnapshotsTest-627561815 tempest-GroupSnapshotsTest-627561815-project] http://10.222.0.61/volume/v3/1059bd3d857749388734e152544af79e/volumes/detail returned with HTTP 200
Feb 17 04:40:48.897309 dv-cinder-829630-1-iscsi devstack@c-api.service[115062]: [pid: 115062|app: 0|req: 91/167] 10.222.0.61 () {60 vars in 1275 bytes} [Thu Feb 17 04:40:48 2022] GET /volume/v3/1059bd3d857749388734e152544af79e/volumes/detail => generated 1987 bytes in 295 msecs (HTTP/1.1 200) 7 headers in 287 bytes (1 switches on core 0)
Feb 17 04:40:48.957617 dv-cinder-829630-1-iscsi devstack@c-api.service[115061]: DEBUG cinder.quota [None req-e74f9e7b-e01d-43ee-9307-a0b9d0b1dec1 tempest-SnapshotsActionsTest-1727577126 tempest-SnapshotsActionsTest-1727577126-project] Created reservations ['dca6a10e-6279-47aa-9ba5-df06639cbcbd', 'db9432ab-20d4-4bee-95bd-337dcc897834', 'a4734753-7087-4ea5-8cc7-2258e49dcd8c', '3aba61b7-da39-4273-9af8-161c92678e5c'] {{(pid=115061) reserve /opt/stack/cinder/cinder/quota.py:755}}
Feb 17 04:40:49.085209 dv-cinder-829630-1-iscsi devstack@c-api.service[115061]: INFO cinder.volume.api [None req-e74f9e7b-e01d-43ee-9307-a0b9d0b1dec1 tempest-SnapshotsActionsTest-1727577126 tempest-SnapshotsActionsTest-1727577126-project] Snapshot create request issued successfully.
Feb 17 04:40:49.086459 dv-cinder-829630-1-iscsi devstack@c-api.service[115061]: INFO cinder.api.openstack.wsgi [None req-e74f9e7b-e01d-43ee-9307-a0b9d0b1dec1 tempest-SnapshotsActionsTest-1727577126 tempest-SnapshotsActionsTest-1727577126-project] http://10.222.0.61/volume/v3/5c9a313609cb4649b27272ffe691b30b/snapshots returned with HTTP 202
Feb 17 04:40:49.087463 dv-cinder-829630-1-iscsi devstack@c-api.service[115061]: [pid: 115061|app: 0|req: 77/168] 10.222.0.61 () {60 vars in 1241 bytes} [Thu Feb 17 04:40:48 2022] POST /volume/v3/5c9a313609cb4649b27272ffe691b30b/snapshots => generated 307 bytes in 298 msecs (HTTP/1.1 202) 7 headers in 291 bytes (1 switches on core 0)
Feb 17 04:40:49.094348 dv-cinder-829630-1-iscsi devstack@c-api.service[115061]: INFO cinder.api.openstack.wsgi [None req-3e7d46ff-1866-4fa0-bc1a-82f3eed81d5d tempest-VolumeQuotasAdminTestJSON-60378497 tempest-VolumeQuotasAdminTestJSON-60378497-project] DELETE http://10.222.0.61/volume/v3/dd686c566d114864a7766a9e14cc3f29/volumes/24bf7c52-7e8a-463c-9156-2e838a27bf2e
Feb 17 04:40:49.096882 dv-cinder-829630-1-iscsi devstack@c-api.service[115061]: DEBUG cinder.api.openstack.wsgi [None req-3e7d46ff-1866-4fa0-bc1a-82f3eed81d5d tempest-VolumeQuotasAdminTestJSON-60378497 tempest-VolumeQuotasAdminTestJSON-60378497-project] Empty body provided in request {{(pid=115061) get_body /opt/stack/cinder/cinder/api/openstack/wsgi.py:703}}
Feb 17 04:40:49.097309 dv-cinder-829630-1-iscsi devstack@c-api.service[115061]: /usr/local/lib/python3.8/dist-packages/webob/acceptparse.py:1047: DeprecationWarning: The behavior of AcceptValidHeader.best_match is currently being maintained for backward compatibility, but it will be deprecated in the future, as it does not conform to the RFC.
Feb 17 04:40:49.097309 dv-cinder-829630-1-iscsi devstack@c-api.service[115061]: warnings.warn(
Feb 17 04:40:49.097993 dv-cinder-829630-1-iscsi devstack@c-api.service[115061]: DEBUG cinder.api.openstack.wsgi [None req-3e7d46ff-1866-4fa0-bc1a-82f3eed81d5d tempest-VolumeQuotasAdminTestJSON-60378497 tempest-VolumeQuotasAdminTestJSON-60378497-project] Calling method 'delete' {{(pid=115061) _process_stack /opt/stack/cinder/cinder/api/openstack/wsgi.py:856}}
Feb 17 04:40:49.098739 dv-cinder-829630-1-iscsi devstack@c-api.service[115061]: INFO cinder.api.v3.volumes [None req-3e7d46ff-1866-4fa0-bc1a-82f3eed81d5d tempest-VolumeQuotasAdminTestJSON-60378497 tempest-VolumeQuotasAdminTestJSON-60378497-project] Delete volume with id: 24bf7c52-7e8a-463c-9156-2e838a27bf2e
Feb 17 04:40:49.143730 dv-cinder-829630-1-iscsi devstack@c-api.service[115061]: /usr/local/lib/python3.8/dist-packages/oslo_context/context.py:105: DeprecationWarning: Policy enforcement is depending on the value of is_admin. This key is deprecated. Please update your policy file to use the standard policy values.
Feb 17 04:40:49.143730 dv-cinder-829630-1-iscsi devstack@c-api.service[115061]: warnings.warn('Policy enforcement is depending on the value of '
Feb 17 04:40:49.146668 dv-cinder-829630-1-iscsi devstack@c-api.service[115061]: INFO cinder.volume.api [None req-3e7d46ff-1866-4fa0-bc1a-82f3eed81d5d tempest-VolumeQuotasAdminTestJSON-60378497 tempest-VolumeQuotasAdminTestJSON-60378497-project] Volume info retrieved successfully.
Feb 17 04:40:49.188755 dv-cinder-829630-1-iscsi devstack@c-api.service[115062]: INFO cinder.api.openstack.wsgi [None req-6719467a-70bc-474c-80e5-05a2b34736f1 tempest-VolumeTypesTest-712640168 tempest-VolumeTypesTest-712640168-project-admin] POST http://10.222.0.61/volume/v3/c9cf6219a3ac4e938abb7a7c7d5c8455/types
Feb 17 04:40:49.189435 dv-cinder-829630-1-iscsi devstack@c-api.service[115062]: /usr/local/lib/python3.8/dist-packages/webob/acceptparse.py:1047: DeprecationWarning: The behavior of AcceptValidHeader.best_match is currently being maintained for backward compatibility, but it will be deprecated in the future, as it does not conform to the RFC.
Feb 17 04:40:49.189435 dv-cinder-829630-1-iscsi devstack@c-api.service[115062]: warnings.warn(
Feb 17 04:40:49.189998 dv-cinder-829630-1-iscsi devstack@c-api.service[115062]: DEBUG cinder.api.openstack.wsgi [None req-6719467a-70bc-474c-80e5-05a2b34736f1 tempest-VolumeTypesTest-712640168 tempest-VolumeTypesTest-712640168-project-admin] Action: 'create', calling method: _create, body: {"volume_type": {"name": "tempest-VolumeTypesTest-volume-type-1369263204", "extra_specs": {"storage_protocol": "iSCSI", "vendor_name": "Microsoft"}}} {{(pid=115062) _process_stack /opt/stack/cinder/cinder/api/openstack/wsgi.py:854}}
Feb 17 04:40:49.238624 dv-cinder-829630-1-iscsi devstack@c-api.service[115062]: INFO cinder.api.openstack.wsgi [None req-6719467a-70bc-474c-80e5-05a2b34736f1 tempest-VolumeTypesTest-712640168 tempest-VolumeTypesTest-712640168-project-admin] http://10.222.0.61/volume/v3/c9cf6219a3ac4e938abb7a7c7d5c8455/types returned with HTTP 200
Feb 17 04:40:49.239570 dv-cinder-829630-1-iscsi devstack@c-api.service[115062]: [pid: 115062|app: 0|req: 92/169] 10.222.0.61 () {60 vars in 1229 bytes} [Thu Feb 17 04:40:48 2022] POST /volume/v3/c9cf6219a3ac4e938abb7a7c7d5c8455/types => generated 276 bytes in 341 msecs (HTTP/1.1 200) 7 headers in 285 bytes (1 switches on core 0)
Feb 17 04:40:49.245393 dv-cinder-829630-1-iscsi devstack@c-api.service[115062]: INFO cinder.api.openstack.wsgi [None req-ec48386a-7b4f-48ef-b1d8-715230477b86 tempest-GroupSnapshotsTest-627561815 tempest-GroupSnapshotsTest-627561815-project] POST http://10.222.0.61/volume/v3/1059bd3d857749388734e152544af79e/groups/b481fc1d-58ab-4c86-8495-cec8815f3e74/action
Feb 17 04:40:49.246130 dv-cinder-829630-1-iscsi devstack@c-api.service[115062]: DEBUG cinder.api.openstack.wsgi [None req-ec48386a-7b4f-48ef-b1d8-715230477b86 tempest-GroupSnapshotsTest-627561815 tempest-GroupSnapshotsTest-627561815-project] Action body: b'{"delete": {"delete-volumes": true}}' {{(pid=115062) get_method /opt/stack/cinder/cinder/api/openstack/wsgi.py:971}}
Feb 17 04:40:49.246611 dv-cinder-829630-1-iscsi devstack@c-api.service[115062]: DEBUG cinder.api.openstack.wsgi [None req-ec48386a-7b4f-48ef-b1d8-715230477b86 tempest-GroupSnapshotsTest-627561815 tempest-GroupSnapshotsTest-627561815-project] Action: 'action', calling method: version_select, body: {"delete": {"delete-volumes": true}} {{(pid=115062) _process_stack /opt/stack/cinder/cinder/api/openstack/wsgi.py:854}}
Feb 17 04:40:49.253285 dv-cinder-829630-1-iscsi devstack@c-api.service[115061]: INFO cinder.volume.api [None req-3e7d46ff-1866-4fa0-bc1a-82f3eed81d5d tempest-VolumeQuotasAdminTestJSON-60378497 tempest-VolumeQuotasAdminTestJSON-60378497-project] Delete volume request issued successfully.
Feb 17 04:40:49.253715 dv-cinder-829630-1-iscsi devstack@c-api.service[115061]: INFO cinder.api.openstack.wsgi [None req-3e7d46ff-1866-4fa0-bc1a-82f3eed81d5d tempest-VolumeQuotasAdminTestJSON-60378497 tempest-VolumeQuotasAdminTestJSON-60378497-project] http://10.222.0.61/volume/v3/dd686c566d114864a7766a9e14cc3f29/volumes/24bf7c52-7e8a-463c-9156-2e838a27bf2e returned with HTTP 202
Feb 17 04:40:49.254641 dv-cinder-829630-1-iscsi devstack@c-api.service[115061]: [pid: 115061|app: 0|req: 78/170] 10.222.0.61 () {58 vars in 1327 bytes} [Thu Feb 17 04:40:49 2022] DELETE /volume/v3/dd686c566d114864a7766a9e14cc3f29/volumes/24bf7c52-7e8a-463c-9156-2e838a27bf2e => generated 0 bytes in 166 msecs (HTTP/1.1 202) 6 headers in 233 bytes (1 switches on core 0)
Feb 17 04:40:49.257742 dv-cinder-829630-1-iscsi devstack@c-api.service[115062]: DEBUG cinder.api.v3.groups [None req-ec48386a-7b4f-48ef-b1d8-715230477b86 tempest-GroupSnapshotsTest-627561815 tempest-GroupSnapshotsTest-627561815-project] delete called for group b481fc1d-58ab-4c86-8495-cec8815f3e74 {{(pid=115062) _delete /opt/stack/cinder/cinder/api/v3/groups.py:117}}
Feb 17 04:40:49.258041 dv-cinder-829630-1-iscsi devstack@c-api.service[115062]: INFO cinder.api.v3.groups [None req-ec48386a-7b4f-48ef-b1d8-715230477b86 tempest-GroupSnapshotsTest-627561815 tempest-GroupSnapshotsTest-627561815-project] Delete group with id: b481fc1d-58ab-4c86-8495-cec8815f3e74
Feb 17 04:40:49.263382 dv-cinder-829630-1-iscsi devstack@c-api.service[115061]: INFO cinder.api.openstack.wsgi [None req-d058055b-1458-406d-a85c-b00aae177e56 tempest-SnapshotsActionsTest-1727577126 tempest-SnapshotsActionsTest-1727577126-project] GET http://10.222.0.61/volume/v3/5c9a313609cb4649b27272ffe691b30b/snapshots/f7f3cdc2-6ef3-473c-b798-0735048843de
Feb 17 04:40:49.263858 dv-cinder-829630-1-iscsi devstack@c-api.service[115061]: DEBUG cinder.api.openstack.wsgi [None req-d058055b-1458-406d-a85c-b00aae177e56 tempest-SnapshotsActionsTest-1727577126 tempest-SnapshotsActionsTest-1727577126-project] Empty body provided in request {{(pid=115061) get_body /opt/stack/cinder/cinder/api/openstack/wsgi.py:703}}
Feb 17 04:40:49.264135 dv-cinder-829630-1-iscsi devstack@c-api.service[115061]: /usr/local/lib/python3.8/dist-packages/webob/acceptparse.py:1047: DeprecationWarning: The behavior of AcceptValidHeader.best_match is currently being maintained for backward compatibility, but it will be deprecated in the future, as it does not conform to the RFC.
Feb 17 04:40:49.264135 dv-cinder-829630-1-iscsi devstack@c-api.service[115061]: warnings.warn(
Feb 17 04:40:49.264467 dv-cinder-829630-1-iscsi devstack@c-api.service[115061]: DEBUG cinder.api.openstack.wsgi [None req-d058055b-1458-406d-a85c-b00aae177e56 tempest-SnapshotsActionsTest-1727577126 tempest-SnapshotsActionsTest-1727577126-project] Calling method 'show' {{(pid=115061) _process_stack /opt/stack/cinder/cinder/api/openstack/wsgi.py:856}}
Feb 17 04:40:49.265316 dv-cinder-829630-1-iscsi devstack@c-api.service[115062]: /usr/local/lib/python3.8/dist-packages/oslo_context/context.py:105: DeprecationWarning: Policy enforcement is depending on the value of is_admin. This key is deprecated. Please update your policy file to use the standard policy values.
Feb 17 04:40:49.265316 dv-cinder-829630-1-iscsi devstack@c-api.service[115062]: warnings.warn('Policy enforcement is depending on the value of '
Feb 17 04:40:49.289759 dv-cinder-829630-1-iscsi devstack@c-api.service[115061]: /usr/local/lib/python3.8/dist-packages/oslo_context/context.py:105: DeprecationWarning: Policy enforcement is depending on the value of is_admin. This key is deprecated. Please update your policy file to use the standard policy values.
Feb 17 04:40:49.289759 dv-cinder-829630-1-iscsi devstack@c-api.service[115061]: warnings.warn('Policy enforcement is depending on the value of '
Feb 17 04:40:49.292485 dv-cinder-829630-1-iscsi devstack@c-api.service[115061]: INFO cinder.volume.api [None req-d058055b-1458-406d-a85c-b00aae177e56 tempest-SnapshotsActionsTest-1727577126 tempest-SnapshotsActionsTest-1727577126-project] Snapshot retrieved successfully.
Feb 17 04:40:49.298410 dv-cinder-829630-1-iscsi devstack@c-api.service[115061]: INFO cinder.api.openstack.wsgi [None req-d058055b-1458-406d-a85c-b00aae177e56 tempest-SnapshotsActionsTest-1727577126 tempest-SnapshotsActionsTest-1727577126-project] http://10.222.0.61/volume/v3/5c9a313609cb4649b27272ffe691b30b/snapshots/f7f3cdc2-6ef3-473c-b798-0735048843de returned with HTTP 200
Feb 17 04:40:49.301270 dv-cinder-829630-1-iscsi devstack@c-api.service[115061]: [pid: 115061|app: 0|req: 79/171] 10.222.0.61 () {58 vars in 1330 bytes} [Thu Feb 17 04:40:49 2022] GET /volume/v3/5c9a313609cb4649b27272ffe691b30b/snapshots/f7f3cdc2-6ef3-473c-b798-0735048843de => generated 439 bytes in 43 msecs (HTTP/1.1 200) 7 headers in 285 bytes (1 switches on core 0)
Feb 17 04:40:49.309824 dv-cinder-829630-1-iscsi devstack@c-api.service[115061]: INFO cinder.api.openstack.wsgi [None req-7f794fc2-37ea-44eb-86fb-96ab50282860 tempest-VolumeTypesTest-712640168 tempest-VolumeTypesTest-712640168-project-admin] POST http://10.222.0.61/volume/v3/c9cf6219a3ac4e938abb7a7c7d5c8455/types
Feb 17 04:40:49.310214 dv-cinder-829630-1-iscsi devstack@c-api.service[115061]: /usr/local/lib/python3.8/dist-packages/webob/acceptparse.py:1047: DeprecationWarning: The behavior of AcceptValidHeader.best_match is currently being maintained for backward compatibility, but it will be deprecated in the future, as it does not conform to the RFC.
Feb 17 04:40:49.310214 dv-cinder-829630-1-iscsi devstack@c-api.service[115061]: warnings.warn(
Feb 17 04:40:49.310599 dv-cinder-829630-1-iscsi devstack@c-api.service[115061]: DEBUG cinder.api.openstack.wsgi [None req-7f794fc2-37ea-44eb-86fb-96ab50282860 tempest-VolumeTypesTest-712640168 tempest-VolumeTypesTest-712640168-project-admin] Action: 'create', calling method: _create, body: {"volume_type": {"name": "tempest-VolumeTypesTest-volume-type-326933716", "extra_specs": {"storage_protocol": "iSCSI", "vendor_name": "Microsoft"}}} {{(pid=115061) _process_stack /opt/stack/cinder/cinder/api/openstack/wsgi.py:854}}
Feb 17 04:40:49.360577 dv-cinder-829630-1-iscsi devstack@c-api.service[115061]: INFO cinder.api.openstack.wsgi [None req-7f794fc2-37ea-44eb-86fb-96ab50282860 tempest-VolumeTypesTest-712640168 tempest-VolumeTypesTest-712640168-project-admin] http://10.222.0.61/volume/v3/c9cf6219a3ac4e938abb7a7c7d5c8455/types returned with HTTP 200
Feb 17 04:40:49.364117 dv-cinder-829630-1-iscsi devstack@c-api.service[115061]: [pid: 115061|app: 0|req: 80/172] 10.222.0.61 () {60 vars in 1229 bytes} [Thu Feb 17 04:40:49 2022] POST /volume/v3/c9cf6219a3ac4e938abb7a7c7d5c8455/types => generated 275 bytes in 60 msecs (HTTP/1.1 200) 7 headers in 285 bytes (1 switches on core 0)
Feb 17 04:40:49.373065 dv-cinder-829630-1-iscsi devstack@c-api.service[115061]: INFO cinder.api.openstack.wsgi [None req-fbdfd5c4-6db6-4b6f-81da-435de9eaf2c9 tempest-VolumeQuotasAdminTestJSON-60378497 tempest-VolumeQuotasAdminTestJSON-60378497-project] GET http://10.222.0.61/volume/v3/dd686c566d114864a7766a9e14cc3f29/volumes/24bf7c52-7e8a-463c-9156-2e838a27bf2e
Feb 17 04:40:49.376314 dv-cinder-829630-1-iscsi devstack@c-api.service[115061]: DEBUG cinder.api.openstack.wsgi [None req-fbdfd5c4-6db6-4b6f-81da-435de9eaf2c9 tempest-VolumeQuotasAdminTestJSON-60378497 tempest-VolumeQuotasAdminTestJSON-60378497-project] Empty body provided in request {{(pid=115061) get_body /opt/stack/cinder/cinder/api/openstack/wsgi.py:703}}
Feb 17 04:40:49.377016 dv-cinder-829630-1-iscsi devstack@c-api.service[115061]: DEBUG cinder.api.openstack.wsgi [None req-fbdfd5c4-6db6-4b6f-81da-435de9eaf2c9 tempest-VolumeQuotasAdminTestJSON-60378497 tempest-VolumeQuotasAdminTestJSON-60378497-project] Calling method 'show' {{(pid=115061) _process_stack /opt/stack/cinder/cinder/api/openstack/wsgi.py:856}}
Feb 17 04:40:49.384333 dv-cinder-829630-1-iscsi devstack@c-api.service[115062]: INFO cinder.api.openstack.wsgi [None req-ec48386a-7b4f-48ef-b1d8-715230477b86 tempest-GroupSnapshotsTest-627561815 tempest-GroupSnapshotsTest-627561815-project] http://10.222.0.61/volume/v3/1059bd3d857749388734e152544af79e/groups/b481fc1d-58ab-4c86-8495-cec8815f3e74/action returned with HTTP 202
Feb 17 04:40:49.385436 dv-cinder-829630-1-iscsi devstack@c-api.service[115062]: [pid: 115062|app: 0|req: 93/173] 10.222.0.61 () {62 vars in 1404 bytes} [Thu Feb 17 04:40:49 2022] POST /volume/v3/1059bd3d857749388734e152544af79e/groups/b481fc1d-58ab-4c86-8495-cec8815f3e74/action => generated 0 bytes in 145 msecs (HTTP/1.1 202) 6 headers in 234 bytes (1 switches on core 0)
Feb 17 04:40:49.417355 dv-cinder-829630-1-iscsi devstack@c-api.service[115061]: /usr/local/lib/python3.8/dist-packages/oslo_context/context.py:105: DeprecationWarning: Policy enforcement is depending on the value of is_admin. This key is deprecated. Please update your policy file to use the standard policy values.
Feb 17 04:40:49.417355 dv-cinder-829630-1-iscsi devstack@c-api.service[115061]: warnings.warn('Policy enforcement is depending on the value of '
Feb 17 04:40:49.429017 dv-cinder-829630-1-iscsi devstack@c-api.service[115061]: INFO cinder.volume.api [None req-fbdfd5c4-6db6-4b6f-81da-435de9eaf2c9 tempest-VolumeQuotasAdminTestJSON-60378497 tempest-VolumeQuotasAdminTestJSON-60378497-project] Volume info retrieved successfully.
Feb 17 04:40:49.452488 dv-cinder-829630-1-iscsi devstack@c-api.service[115061]: INFO cinder.api.openstack.wsgi [None req-fbdfd5c4-6db6-4b6f-81da-435de9eaf2c9 tempest-VolumeQuotasAdminTestJSON-60378497 tempest-VolumeQuotasAdminTestJSON-60378497-project] http://10.222.0.61/volume/v3/dd686c566d114864a7766a9e14cc3f29/volumes/24bf7c52-7e8a-463c-9156-2e838a27bf2e returned with HTTP 200
Feb 17 04:40:49.455915 dv-cinder-829630-1-iscsi devstack@c-api.service[115061]: [pid: 115061|app: 0|req: 81/174] 10.222.0.61 () {58 vars in 1324 bytes} [Thu Feb 17 04:40:49 2022] GET /volume/v3/dd686c566d114864a7766a9e14cc3f29/volumes/24bf7c52-7e8a-463c-9156-2e838a27bf2e => generated 916 bytes in 93 msecs (HTTP/1.1 200) 7 headers in 285 bytes (1 switches on core 0)
Feb 17 04:40:49.460203 dv-cinder-829630-1-iscsi devstack@c-api.service[115061]: INFO cinder.api.openstack.wsgi [None req-d9dfb336-1c3e-4f07-a3fe-cd4166a98408 tempest-GroupSnapshotsTest-627561815 tempest-GroupSnapshotsTest-627561815-project] GET http://10.222.0.61/volume/v3/1059bd3d857749388734e152544af79e/volumes/56609f99-6f69-481a-b0b4-fd8966b59526
Feb 17 04:40:49.461059 dv-cinder-829630-1-iscsi devstack@c-api.service[115061]: DEBUG cinder.api.openstack.wsgi [None req-d9dfb336-1c3e-4f07-a3fe-cd4166a98408 tempest-GroupSnapshotsTest-627561815 tempest-GroupSnapshotsTest-627561815-project] Empty body provided in request {{(pid=115061) get_body /opt/stack/cinder/cinder/api/openstack/wsgi.py:703}}
Feb 17 04:40:49.461367 dv-cinder-829630-1-iscsi devstack@c-api.service[115061]: /usr/local/lib/python3.8/dist-packages/webob/acceptparse.py:1047: DeprecationWarning: The behavior of AcceptValidHeader.best_match is currently being maintained for backward compatibility, but it will be deprecated in the future, as it does not conform to the RFC.
Feb 17 04:40:49.461367 dv-cinder-829630-1-iscsi devstack@c-api.service[115061]: warnings.warn(
Feb 17 04:40:49.461869 dv-cinder-829630-1-iscsi devstack@c-api.service[115061]: DEBUG cinder.api.openstack.wsgi [None req-d9dfb336-1c3e-4f07-a3fe-cd4166a98408 tempest-GroupSnapshotsTest-627561815 tempest-GroupSnapshotsTest-627561815-project] Calling method 'show' {{(pid=115061) _process_stack /opt/stack/cinder/cinder/api/openstack/wsgi.py:856}}
Feb 17 04:40:49.485146 dv-cinder-829630-1-iscsi devstack@c-api.service[115061]: /usr/local/lib/python3.8/dist-packages/oslo_context/context.py:105: DeprecationWarning: Policy enforcement is depending on the value of is_admin. This key is deprecated. Please update your policy file to use the standard policy values.
Feb 17 04:40:49.485146 dv-cinder-829630-1-iscsi devstack@c-api.service[115061]: warnings.warn('Policy enforcement is depending on the value of '
Feb 17 04:40:49.506919 dv-cinder-829630-1-iscsi devstack@c-api.service[115061]: INFO cinder.volume.api [None req-d9dfb336-1c3e-4f07-a3fe-cd4166a98408 tempest-GroupSnapshotsTest-627561815 tempest-GroupSnapshotsTest-627561815-project] Volume info retrieved successfully.
Feb 17 04:40:49.508878 dv-cinder-829630-1-iscsi devstack@c-api.service[115061]: WARNING stevedore.named [None req-d9dfb336-1c3e-4f07-a3fe-cd4166a98408 tempest-GroupSnapshotsTest-627561815 tempest-GroupSnapshotsTest-627561815-project] Could not load cinder.keymgr.conf_key_mgr.ConfKeyManager
Feb 17 04:40:49.509417 dv-cinder-829630-1-iscsi devstack@c-api.service[115061]: WARNING castellan.key_manager [None req-d9dfb336-1c3e-4f07-a3fe-cd4166a98408 tempest-GroupSnapshotsTest-627561815 tempest-GroupSnapshotsTest-627561815-project] Deprecation Warning : cinder.keymgr.conf_key_mgr.ConfKeyManager is not a stevedore based driver, trying to load it as a class: stevedore.exception.NoMatches: No 'castellan.drivers' driver found, looking for 'cinder.keymgr.conf_key_mgr.ConfKeyManager'
Feb 17 04:40:49.521254 dv-cinder-829630-1-iscsi devstack@c-api.service[115061]: DEBUG oslo_db.sqlalchemy.engines [None req-d9dfb336-1c3e-4f07-a3fe-cd4166a98408 tempest-GroupSnapshotsTest-627561815 tempest-GroupSnapshotsTest-627561815-project] MySQL server mode set to STRICT_TRANS_TABLES,STRICT_ALL_TABLES,NO_ZERO_IN_DATE,NO_ZERO_DATE,ERROR_FOR_DIVISION_BY_ZERO,TRADITIONAL,NO_ENGINE_SUBSTITUTION {{(pid=115061) _check_effective_sql_mode /usr/local/lib/python3.8/dist-packages/oslo_db/sqlalchemy/engines.py:314}}
Feb 17 04:40:49.530182 dv-cinder-829630-1-iscsi devstack@c-api.service[115061]: /usr/local/lib/python3.8/dist-packages/oslo_context/context.py:105: DeprecationWarning: Policy enforcement is depending on the value of is_admin. This key is deprecated. Please update your policy file to use the standard policy values.
Feb 17 04:40:49.530182 dv-cinder-829630-1-iscsi devstack@c-api.service[115061]: warnings.warn('Policy enforcement is depending on the value of '
Feb 17 04:40:49.566989 dv-cinder-829630-1-iscsi devstack@c-api.service[115061]: INFO cinder.api.openstack.wsgi [None req-d9dfb336-1c3e-4f07-a3fe-cd4166a98408 tempest-GroupSnapshotsTest-627561815 tempest-GroupSnapshotsTest-627561815-project] http://10.222.0.61/volume/v3/1059bd3d857749388734e152544af79e/volumes/56609f99-6f69-481a-b0b4-fd8966b59526 returned with HTTP 200
Feb 17 04:40:49.571908 dv-cinder-829630-1-iscsi devstack@c-api.service[115061]: [pid: 115061|app: 0|req: 82/175] 10.222.0.61 () {60 vars in 1365 bytes} [Thu Feb 17 04:40:49 2022] GET /volume/v3/1059bd3d857749388734e152544af79e/volumes/56609f99-6f69-481a-b0b4-fd8966b59526 => generated 992 bytes in 115 msecs (HTTP/1.1 200) 7 headers in 286 bytes (1 switches on core 0)
Feb 17 04:40:49.589515 dv-cinder-829630-1-iscsi devstack@c-api.service[115062]: INFO cinder.api.openstack.wsgi [None req-e74fedda-2579-4540-9ce4-19d3f2f2f6ee tempest-VolumeTypesTest-2128113067 tempest-VolumeTypesTest-2128113067-project] POST http://10.222.0.61/volume/v3/c259525c522745d7a3ee5725140634e0/volumes
Feb 17 04:40:49.590014 dv-cinder-829630-1-iscsi devstack@c-api.service[115062]: /usr/local/lib/python3.8/dist-packages/webob/acceptparse.py:1047: DeprecationWarning: The behavior of AcceptValidHeader.best_match is currently being maintained for backward compatibility, but it will be deprecated in the future, as it does not conform to the RFC.
Feb 17 04:40:49.590014 dv-cinder-829630-1-iscsi devstack@c-api.service[115062]: warnings.warn(
Feb 17 04:40:49.590292 dv-cinder-829630-1-iscsi devstack@c-api.service[115062]: DEBUG cinder.api.openstack.wsgi [None req-e74fedda-2579-4540-9ce4-19d3f2f2f6ee tempest-VolumeTypesTest-2128113067 tempest-VolumeTypesTest-2128113067-project] Action: 'create', calling method: create, body: {"volume": {"name": "tempest-VolumeTypesTest-volume-1285618129", "volume_type": "8081deeb-4bd8-4c17-89df-88019d8b59cf", "size": 1}} {{(pid=115062) _process_stack /opt/stack/cinder/cinder/api/openstack/wsgi.py:854}}
Feb 17 04:40:49.591277 dv-cinder-829630-1-iscsi devstack@c-api.service[115062]: DEBUG cinder.api.v3.volumes [None req-e74fedda-2579-4540-9ce4-19d3f2f2f6ee tempest-VolumeTypesTest-2128113067 tempest-VolumeTypesTest-2128113067-project] Create volume request body: {'volume': {'name': 'tempest-VolumeTypesTest-volume-1285618129', 'volume_type': '8081deeb-4bd8-4c17-89df-88019d8b59cf', 'size': 1}} {{(pid=115062) create /opt/stack/cinder/cinder/api/v3/volumes.py:298}}
Feb 17 04:40:49.599436 dv-cinder-829630-1-iscsi devstack@c-api.service[115062]: INFO cinder.api.v3.volumes [None req-e74fedda-2579-4540-9ce4-19d3f2f2f6ee tempest-VolumeTypesTest-2128113067 tempest-VolumeTypesTest-2128113067-project] Create volume of 1 GB
Feb 17 04:40:49.600391 dv-cinder-829630-1-iscsi devstack@c-api.service[115062]: /usr/local/lib/python3.8/dist-packages/oslo_context/context.py:105: DeprecationWarning: Policy enforcement is depending on the value of is_admin. This key is deprecated. Please update your policy file to use the standard policy values.
Feb 17 04:40:49.600391 dv-cinder-829630-1-iscsi devstack@c-api.service[115062]: warnings.warn('Policy enforcement is depending on the value of '
Feb 17 04:40:49.601659 dv-cinder-829630-1-iscsi devstack@c-api.service[115062]: INFO cinder.volume.api [None req-e74fedda-2579-4540-9ce4-19d3f2f2f6ee tempest-VolumeTypesTest-2128113067 tempest-VolumeTypesTest-2128113067-project] Availability Zones retrieved successfully.
Feb 17 04:40:49.619329 dv-cinder-829630-1-iscsi devstack@c-api.service[115062]: DEBUG cinder.volume.api [None req-e74fedda-2579-4540-9ce4-19d3f2f2f6ee tempest-VolumeTypesTest-2128113067 tempest-VolumeTypesTest-2128113067-project] Flow 'volume_create_api' (b1384543-2707-4186-94ea-030305c72845) transitioned into state 'RUNNING' from state 'PENDING' {{(pid=115062) _flow_receiver /usr/local/lib/python3.8/dist-packages/taskflow/listeners/logging.py:141}}
Feb 17 04:40:49.621800 dv-cinder-829630-1-iscsi devstack@c-api.service[115062]: DEBUG cinder.volume.api [None req-e74fedda-2579-4540-9ce4-19d3f2f2f6ee tempest-VolumeTypesTest-2128113067 tempest-VolumeTypesTest-2128113067-project] Task 'cinder.volume.flows.api.create_volume.ExtractVolumeRequestTask;volume:create' (abda1ca4-750e-434e-9154-b1c46385c6da) transitioned into state 'RUNNING' from state 'PENDING' {{(pid=115062) _task_receiver /usr/local/lib/python3.8/dist-packages/taskflow/listeners/logging.py:190}}
Feb 17 04:40:49.624792 dv-cinder-829630-1-iscsi devstack@c-api.service[115062]: DEBUG cinder.volume.flows.api.create_volume [None req-e74fedda-2579-4540-9ce4-19d3f2f2f6ee tempest-VolumeTypesTest-2128113067 tempest-VolumeTypesTest-2128113067-project] Validating volume size '1' using validate_int {{(pid=115062) _extract_size /opt/stack/cinder/cinder/volume/flows/api/create_volume.py:225}}
Feb 17 04:40:49.656745 dv-cinder-829630-1-iscsi devstack@c-api.service[115062]: DEBUG cinder.volume.api [None req-e74fedda-2579-4540-9ce4-19d3f2f2f6ee tempest-VolumeTypesTest-2128113067 tempest-VolumeTypesTest-2128113067-project] Task 'cinder.volume.flows.api.create_volume.ExtractVolumeRequestTask;volume:create' (abda1ca4-750e-434e-9154-b1c46385c6da) transitioned into state 'SUCCESS' from state 'RUNNING' with result '{'size': 1, 'snapshot_id': None, 'source_volid': None, 'volume_type': VolumeType(created_at=2022-02-17T04:40:49Z,deleted=False,deleted_at=None,description=None,extra_specs={storage_protocol='iSCSI',vendor_name='Microsoft'},id=8081deeb-4bd8-4c17-89df-88019d8b59cf,is_public=True,name='tempest-VolumeTypesTest-volume-type-1369263204',projects=[],qos_specs=,qos_specs_id=None,updated_at=None), 'volume_type_id': '8081deeb-4bd8-4c17-89df-88019d8b59cf', 'encryption_key_id': None, 'qos_specs': None, 'consistencygroup_id': None, 'cgsnapshot_id': None, 'group_id': None, 'replication_status': 'disabled', 'refresh_az': False, 'backup_id': None, 'multiattach': False, 'availability_zones': ['nova']}' {{(pid=115062) _task_receiver /usr/local/lib/python3.8/dist-packages/taskflow/listeners/logging.py:178}}
Feb 17 04:40:49.659100 dv-cinder-829630-1-iscsi devstack@c-api.service[115062]: DEBUG cinder.volume.api [None req-e74fedda-2579-4540-9ce4-19d3f2f2f6ee tempest-VolumeTypesTest-2128113067 tempest-VolumeTypesTest-2128113067-project] Task 'cinder.volume.flows.api.create_volume.QuotaReserveTask;volume:create' (10237b7c-824f-4c01-a190-216c5069135f) transitioned into state 'RUNNING' from state 'PENDING' {{(pid=115062) _task_receiver /usr/local/lib/python3.8/dist-packages/taskflow/listeners/logging.py:190}}
Feb 17 04:40:49.699702 dv-cinder-829630-1-iscsi devstack@c-api.service[115062]: WARNING cinder.quota [None req-e74fedda-2579-4540-9ce4-19d3f2f2f6ee tempest-VolumeTypesTest-2128113067 tempest-VolumeTypesTest-2128113067-project] Deprecated: Default quota for resource: volumes_tempest-VolumeTypesTest-volume-type-1369263204 is set by the default quota flag: quota_volumes_tempest-VolumeTypesTest-volume-type-1369263204, it is now deprecated. Please use the default quota class for default quota.
Feb 17 04:40:49.700672 dv-cinder-829630-1-iscsi devstack@c-api.service[115062]: WARNING cinder.quota [None req-e74fedda-2579-4540-9ce4-19d3f2f2f6ee tempest-VolumeTypesTest-2128113067 tempest-VolumeTypesTest-2128113067-project] Deprecated: Default quota for resource: gigabytes_tempest-VolumeTypesTest-volume-type-1369263204 is set by the default quota flag: quota_gigabytes_tempest-VolumeTypesTest-volume-type-1369263204, it is now deprecated. Please use the default quota class for default quota.
Feb 17 04:40:49.768435 dv-cinder-829630-1-iscsi devstack@c-api.service[115062]: DEBUG cinder.quota [None req-e74fedda-2579-4540-9ce4-19d3f2f2f6ee tempest-VolumeTypesTest-2128113067 tempest-VolumeTypesTest-2128113067-project] Created reservations ['3b1f9fa4-1023-4564-b675-3c0a1997f682', '397cedb2-48a9-4b17-85db-b8fbd4b372d9', 'c24fb4d0-8d25-4afa-b605-dc4ec773ecb7', 'fd4fc1c9-1bde-41bd-8adf-e0db98acdb5d'] {{(pid=115062) reserve /opt/stack/cinder/cinder/quota.py:755}}
