Feb 16 16:56:55.926852 dv-cinder-829565-2-smb devstack@c-api.service[109449]: INFO cinder.api.openstack.wsgi [None req-41c732c8-3549-42d5-a0df-0a8d887f6a10 tempest-VolumesTransfersTest-422934386 tempest-VolumesTransfersTest-422934386-project-admin] http://10.222.0.87/volume/v3/0b0df8901de0475581eef79fdcabe314/volumes/a36a2173-f72b-458d-91ad-8b46f2f3cbbf returned with HTTP 404
Feb 16 16:56:55.928428 dv-cinder-829565-2-smb devstack@c-api.service[109449]: [pid: 109449|app: 0|req: 161/320] 10.222.0.87 () {58 vars in 1324 bytes} [Wed Feb 16 16:56:55 2022] GET /volume/v3/0b0df8901de0475581eef79fdcabe314/volumes/a36a2173-f72b-458d-91ad-8b46f2f3cbbf => generated 109 bytes in 26 msecs (HTTP/1.1 404) 7 headers in 292 bytes (1 switches on core 0)
Feb 16 16:56:55.939522 dv-cinder-829565-2-smb devstack@c-api.service[109450]: INFO cinder.api.openstack.wsgi [None req-df2f3026-b277-41ec-9882-878451486e12 tempest-VolumesTransfersTest-1663193706 tempest-VolumesTransfersTest-1663193706-project] DELETE http://10.222.0.87/volume/v3/6e796a88b5734062a8233def85b45588/volumes/a36a2173-f72b-458d-91ad-8b46f2f3cbbf
Feb 16 16:56:55.939522 dv-cinder-829565-2-smb devstack@c-api.service[109450]: DEBUG cinder.api.openstack.wsgi [None req-df2f3026-b277-41ec-9882-878451486e12 tempest-VolumesTransfersTest-1663193706 tempest-VolumesTransfersTest-1663193706-project] Empty body provided in request {{(pid=109450) get_body /opt/stack/cinder/cinder/api/openstack/wsgi.py:715}}
Feb 16 16:56:55.939522 dv-cinder-829565-2-smb devstack@c-api.service[109450]: DEBUG cinder.api.openstack.wsgi [None req-df2f3026-b277-41ec-9882-878451486e12 tempest-VolumesTransfersTest-1663193706 tempest-VolumesTransfersTest-1663193706-project] Calling method 'delete' {{(pid=109450) _process_stack /opt/stack/cinder/cinder/api/openstack/wsgi.py:868}}
Feb 16 16:56:55.940287 dv-cinder-829565-2-smb devstack@c-api.service[109450]: INFO cinder.api.v3.volumes [None req-df2f3026-b277-41ec-9882-878451486e12 tempest-VolumesTransfersTest-1663193706 tempest-VolumesTransfersTest-1663193706-project] Delete volume with id: a36a2173-f72b-458d-91ad-8b46f2f3cbbf
Feb 16 16:56:55.953180 dv-cinder-829565-2-smb devstack@c-api.service[109450]: INFO cinder.api.openstack.wsgi [None req-df2f3026-b277-41ec-9882-878451486e12 tempest-VolumesTransfersTest-1663193706 tempest-VolumesTransfersTest-1663193706-project] http://10.222.0.87/volume/v3/6e796a88b5734062a8233def85b45588/volumes/a36a2173-f72b-458d-91ad-8b46f2f3cbbf returned with HTTP 404
Feb 16 16:56:55.957145 dv-cinder-829565-2-smb devstack@c-api.service[109450]: [pid: 109450|app: 0|req: 160/321] 10.222.0.87 () {58 vars in 1327 bytes} [Wed Feb 16 16:56:55 2022] DELETE /volume/v3/6e796a88b5734062a8233def85b45588/volumes/a36a2173-f72b-458d-91ad-8b46f2f3cbbf => generated 109 bytes in 19 msecs (HTTP/1.1 404) 7 headers in 292 bytes (1 switches on core 0)
Feb 16 16:56:55.962003 dv-cinder-829565-2-smb devstack@c-api.service[109449]: INFO cinder.api.openstack.wsgi [None req-6d0abad5-92e6-4dba-a8b2-f6d3e5a27565 tempest-VolumesTransfersTest-1663193706 tempest-VolumesTransfersTest-1663193706-project] DELETE http://10.222.0.87/volume/v3/6e796a88b5734062a8233def85b45588/volumes/2fd1f06f-6d17-41ee-adeb-0aca4e392d1e
Feb 16 16:56:55.962714 dv-cinder-829565-2-smb devstack@c-api.service[109449]: DEBUG cinder.api.openstack.wsgi [None req-6d0abad5-92e6-4dba-a8b2-f6d3e5a27565 tempest-VolumesTransfersTest-1663193706 tempest-VolumesTransfersTest-1663193706-project] Empty body provided in request {{(pid=109449) get_body /opt/stack/cinder/cinder/api/openstack/wsgi.py:715}}
Feb 16 16:56:55.963389 dv-cinder-829565-2-smb devstack@c-api.service[109449]: DEBUG cinder.api.openstack.wsgi [None req-6d0abad5-92e6-4dba-a8b2-f6d3e5a27565 tempest-VolumesTransfersTest-1663193706 tempest-VolumesTransfersTest-1663193706-project] Calling method 'delete' {{(pid=109449) _process_stack /opt/stack/cinder/cinder/api/openstack/wsgi.py:868}}
Feb 16 16:56:55.963962 dv-cinder-829565-2-smb devstack@c-api.service[109449]: INFO cinder.api.v3.volumes [None req-6d0abad5-92e6-4dba-a8b2-f6d3e5a27565 tempest-VolumesTransfersTest-1663193706 tempest-VolumesTransfersTest-1663193706-project] Delete volume with id: 2fd1f06f-6d17-41ee-adeb-0aca4e392d1e
Feb 16 16:56:55.976240 dv-cinder-829565-2-smb devstack@c-api.service[109449]: INFO cinder.api.openstack.wsgi [None req-6d0abad5-92e6-4dba-a8b2-f6d3e5a27565 tempest-VolumesTransfersTest-1663193706 tempest-VolumesTransfersTest-1663193706-project] http://10.222.0.87/volume/v3/6e796a88b5734062a8233def85b45588/volumes/2fd1f06f-6d17-41ee-adeb-0aca4e392d1e returned with HTTP 404
Feb 16 16:56:55.977279 dv-cinder-829565-2-smb devstack@c-api.service[109449]: [pid: 109449|app: 0|req: 162/322] 10.222.0.87 () {58 vars in 1327 bytes} [Wed Feb 16 16:56:55 2022] DELETE /volume/v3/6e796a88b5734062a8233def85b45588/volumes/2fd1f06f-6d17-41ee-adeb-0aca4e392d1e => generated 109 bytes in 19 msecs (HTTP/1.1 404) 7 headers in 292 bytes (1 switches on core 0)
Feb 16 16:56:59.200158 dv-cinder-829565-2-smb devstack@c-api.service[109450]: INFO cinder.api.openstack.wsgi [None req-6cbce422-0b41-46de-9e0f-18e92b475f64 tempest-UserMessagesTest-1961457857 tempest-UserMessagesTest-1961457857-project-admin] POST http://10.222.0.87/volume/v3/a9f3036ae25a4a84b6058c0afcaeb05d/types
Feb 16 16:56:59.200898 dv-cinder-829565-2-smb devstack@c-api.service[109450]: DEBUG cinder.api.openstack.wsgi [None req-6cbce422-0b41-46de-9e0f-18e92b475f64 tempest-UserMessagesTest-1961457857 tempest-UserMessagesTest-1961457857-project-admin] Action: 'create', calling method: _create, body: {"volume_type": {"name": "tempest-UserMessagesTest-volume-type-2074822655", "extra_specs": {"storage_protocol": "tempest-storage_protocol-1986245355", "vendor_name": "tempest-vendor_name-438828464"}}} {{(pid=109450) _process_stack /opt/stack/cinder/cinder/api/openstack/wsgi.py:866}}
Feb 16 16:56:59.229477 dv-cinder-829565-2-smb devstack@c-api.service[109450]: INFO cinder.api.openstack.wsgi [None req-6cbce422-0b41-46de-9e0f-18e92b475f64 tempest-UserMessagesTest-1961457857 tempest-UserMessagesTest-1961457857-project-admin] http://10.222.0.87/volume/v3/a9f3036ae25a4a84b6058c0afcaeb05d/types returned with HTTP 200
Feb 16 16:56:59.230461 dv-cinder-829565-2-smb devstack@c-api.service[109450]: [pid: 109450|app: 0|req: 161/323] 10.222.0.87 () {60 vars in 1229 bytes} [Wed Feb 16 16:56:59 2022] POST /volume/v3/a9f3036ae25a4a84b6058c0afcaeb05d/types => generated 327 bytes in 177 msecs (HTTP/1.1 200) 7 headers in 285 bytes (1 switches on core 0)
Feb 16 16:56:59.441271 dv-cinder-829565-2-smb devstack@c-api.service[109449]: INFO cinder.api.openstack.wsgi [None req-955e3d27-7e34-421b-8689-9196f4db677e tempest-UserMessagesTest-1250315763 tempest-UserMessagesTest-1250315763-project] POST http://10.222.0.87/volume/v3/f50a5c09432f4ea3870b487497178246/volumes
Feb 16 16:56:59.444451 dv-cinder-829565-2-smb devstack@c-api.service[109449]: DEBUG cinder.api.openstack.wsgi [None req-955e3d27-7e34-421b-8689-9196f4db677e tempest-UserMessagesTest-1250315763 tempest-UserMessagesTest-1250315763-project] Action: 'create', calling method: create, body: {"volume": {"volume_type": "db91e526-ead1-42e3-893c-23f615c2582d", "size": 1, "name": "tempest-UserMessagesTest-Volume-297875065"}} {{(pid=109449) _process_stack /opt/stack/cinder/cinder/api/openstack/wsgi.py:866}}
Feb 16 16:56:59.445411 dv-cinder-829565-2-smb devstack@c-api.service[109449]: DEBUG cinder.api.v3.volumes [None req-955e3d27-7e34-421b-8689-9196f4db677e tempest-UserMessagesTest-1250315763 tempest-UserMessagesTest-1250315763-project] Create volume request body: {'volume': {'volume_type': 'db91e526-ead1-42e3-893c-23f615c2582d', 'size': 1, 'name': 'tempest-UserMessagesTest-Volume-297875065'}} {{(pid=109449) create /opt/stack/cinder/cinder/api/v3/volumes.py:298}}
Feb 16 16:56:59.452088 dv-cinder-829565-2-smb devstack@c-api.service[109449]: INFO cinder.api.v3.volumes [None req-955e3d27-7e34-421b-8689-9196f4db677e tempest-UserMessagesTest-1250315763 tempest-UserMessagesTest-1250315763-project] Create volume of 1 GB
Feb 16 16:56:59.452782 dv-cinder-829565-2-smb devstack@c-api.service[109449]: /usr/local/lib/python3.8/dist-packages/oslo_context/context.py:105: DeprecationWarning: Policy enforcement is depending on the value of is_admin. This key is deprecated. Please update your policy file to use the standard policy values.
Feb 16 16:56:59.452782 dv-cinder-829565-2-smb devstack@c-api.service[109449]: warnings.warn('Policy enforcement is depending on the value of '
Feb 16 16:56:59.453846 dv-cinder-829565-2-smb devstack@c-api.service[109449]: INFO cinder.volume.api [None req-955e3d27-7e34-421b-8689-9196f4db677e tempest-UserMessagesTest-1250315763 tempest-UserMessagesTest-1250315763-project] Availability Zones retrieved successfully.
Feb 16 16:56:59.470846 dv-cinder-829565-2-smb devstack@c-api.service[109449]: DEBUG cinder.volume.api [None req-955e3d27-7e34-421b-8689-9196f4db677e tempest-UserMessagesTest-1250315763 tempest-UserMessagesTest-1250315763-project] Flow 'volume_create_api' (55aff626-28be-4c26-9523-7aeb03a0745e) transitioned into state 'RUNNING' from state 'PENDING' {{(pid=109449) _flow_receiver /usr/local/lib/python3.8/dist-packages/taskflow/listeners/logging.py:141}}
Feb 16 16:56:59.473353 dv-cinder-829565-2-smb devstack@c-api.service[109449]: DEBUG cinder.volume.api [None req-955e3d27-7e34-421b-8689-9196f4db677e tempest-UserMessagesTest-1250315763 tempest-UserMessagesTest-1250315763-project] Task 'cinder.volume.flows.api.create_volume.ExtractVolumeRequestTask;volume:create' (b39cce24-9c8d-4eea-adbb-5067ff83d84f) transitioned into state 'RUNNING' from state 'PENDING' {{(pid=109449) _task_receiver /usr/local/lib/python3.8/dist-packages/taskflow/listeners/logging.py:190}}
Feb 16 16:56:59.475967 dv-cinder-829565-2-smb devstack@c-api.service[109449]: DEBUG cinder.volume.flows.api.create_volume [None req-955e3d27-7e34-421b-8689-9196f4db677e tempest-UserMessagesTest-1250315763 tempest-UserMessagesTest-1250315763-project] Validating volume size '1' using validate_int {{(pid=109449) _extract_size /opt/stack/cinder/cinder/volume/flows/api/create_volume.py:225}}
Feb 16 16:56:59.487808 dv-cinder-829565-2-smb devstack@c-api.service[109450]: INFO cinder.api.openstack.wsgi [None req-42dcf5f6-8c5b-488b-ba71-8ade753c7c5e tempest-VolumesCloneTest-1111102116 tempest-VolumesCloneTest-1111102116-project] POST http://10.222.0.87/volume/v3/ab52161741bc437d945b3240875c570f/volumes
Feb 16 16:56:59.489611 dv-cinder-829565-2-smb devstack@c-api.service[109450]: DEBUG cinder.api.openstack.wsgi [None req-42dcf5f6-8c5b-488b-ba71-8ade753c7c5e tempest-VolumesCloneTest-1111102116 tempest-VolumesCloneTest-1111102116-project] Action: 'create', calling method: create, body: {"volume": {"imageRef": "f61bfe1c-7f9d-4522-a8da-b788060c1131", "size": 1, "name": "tempest-VolumesCloneTest-Volume-159608936"}} {{(pid=109450) _process_stack /opt/stack/cinder/cinder/api/openstack/wsgi.py:866}}
Feb 16 16:56:59.490834 dv-cinder-829565-2-smb devstack@c-api.service[109450]: DEBUG cinder.api.v3.volumes [None req-42dcf5f6-8c5b-488b-ba71-8ade753c7c5e tempest-VolumesCloneTest-1111102116 tempest-VolumesCloneTest-1111102116-project] Create volume request body: {'volume': {'imageRef': 'f61bfe1c-7f9d-4522-a8da-b788060c1131', 'size': 1, 'name': 'tempest-VolumesCloneTest-Volume-159608936'}} {{(pid=109450) create /opt/stack/cinder/cinder/api/v3/volumes.py:298}}
Feb 16 16:56:59.502457 dv-cinder-829565-2-smb devstack@c-api.service[109449]: DEBUG cinder.volume.api [None req-955e3d27-7e34-421b-8689-9196f4db677e tempest-UserMessagesTest-1250315763 tempest-UserMessagesTest-1250315763-project] Task 'cinder.volume.flows.api.create_volume.ExtractVolumeRequestTask;volume:create' (b39cce24-9c8d-4eea-adbb-5067ff83d84f) transitioned into state 'SUCCESS' from state 'RUNNING' with result '{'size': 1, 'snapshot_id': None, 'source_volid': None, 'volume_type': VolumeType(created_at=2022-02-16T16:56:59Z,deleted=False,deleted_at=None,description=None,extra_specs={storage_protocol='tempest-storage_protocol-1986245355',vendor_name='tempest-vendor_name-438828464'},id=db91e526-ead1-42e3-893c-23f615c2582d,is_public=True,name='tempest-UserMessagesTest-volume-type-2074822655',projects=[],qos_specs=,qos_specs_id=None,updated_at=None), 'volume_type_id': 'db91e526-ead1-42e3-893c-23f615c2582d', 'encryption_key_id': None, 'qos_specs': None, 'consistencygroup_id': None, 'cgsnapshot_id': None, 'group_id': None, 'replication_status': 'disabled', 'refresh_az': False, 'backup_id': None, 'multiattach': False, 'availability_zones': ['nova']}' {{(pid=109449) _task_receiver /usr/local/lib/python3.8/dist-packages/taskflow/listeners/logging.py:178}}
Feb 16 16:56:59.504845 dv-cinder-829565-2-smb devstack@c-api.service[109449]: DEBUG cinder.volume.api [None req-955e3d27-7e34-421b-8689-9196f4db677e tempest-UserMessagesTest-1250315763 tempest-UserMessagesTest-1250315763-project] Task 'cinder.volume.flows.api.create_volume.QuotaReserveTask;volume:create' (238f2b99-402a-4ef8-856e-c7213c992c75) transitioned into state 'RUNNING' from state 'PENDING' {{(pid=109449) _task_receiver /usr/local/lib/python3.8/dist-packages/taskflow/listeners/logging.py:190}}
Feb 16 16:56:59.540634 dv-cinder-829565-2-smb devstack@c-api.service[109449]: WARNING cinder.quota [None req-955e3d27-7e34-421b-8689-9196f4db677e tempest-UserMessagesTest-1250315763 tempest-UserMessagesTest-1250315763-project] Deprecated: Default quota for resource: volumes_tempest-UserMessagesTest-volume-type-2074822655 is set by the default quota flag: quota_volumes_tempest-UserMessagesTest-volume-type-2074822655, it is now deprecated. Please use the default quota class for default quota.
Feb 16 16:56:59.541403 dv-cinder-829565-2-smb devstack@c-api.service[109449]: WARNING cinder.quota [None req-955e3d27-7e34-421b-8689-9196f4db677e tempest-UserMessagesTest-1250315763 tempest-UserMessagesTest-1250315763-project] Deprecated: Default quota for resource: gigabytes_tempest-UserMessagesTest-volume-type-2074822655 is set by the default quota flag: quota_gigabytes_tempest-UserMessagesTest-volume-type-2074822655, it is now deprecated. Please use the default quota class for default quota.
Feb 16 16:56:59.601117 dv-cinder-829565-2-smb devstack@c-api.service[109450]: INFO cinder.api.v3.volumes [None req-42dcf5f6-8c5b-488b-ba71-8ade753c7c5e tempest-VolumesCloneTest-1111102116 tempest-VolumesCloneTest-1111102116-project] Create volume of 1 GB
Feb 16 16:56:59.609129 dv-cinder-829565-2-smb devstack@c-api.service[109449]: DEBUG cinder.quota [None req-955e3d27-7e34-421b-8689-9196f4db677e tempest-UserMessagesTest-1250315763 tempest-UserMessagesTest-1250315763-project] Created reservations ['29a99ac1-da19-4552-b442-914022d17108', 'aa74c31d-92c3-4be9-bfed-2c5588b23090', '1e6c0183-6146-494f-ab7b-e3f38c339462', 'f5d0c354-a2b9-415b-921d-b582fcac81af'] {{(pid=109449) reserve /opt/stack/cinder/cinder/quota.py:755}}
Feb 16 16:56:59.610510 dv-cinder-829565-2-smb devstack@c-api.service[109450]: INFO cinder.volume.api [None req-42dcf5f6-8c5b-488b-ba71-8ade753c7c5e tempest-VolumesCloneTest-1111102116 tempest-VolumesCloneTest-1111102116-project] Availability Zones retrieved successfully.
Feb 16 16:56:59.611538 dv-cinder-829565-2-smb devstack@c-api.service[109449]: DEBUG cinder.volume.api [None req-955e3d27-7e34-421b-8689-9196f4db677e tempest-UserMessagesTest-1250315763 tempest-UserMessagesTest-1250315763-project] Task 'cinder.volume.flows.api.create_volume.QuotaReserveTask;volume:create' (238f2b99-402a-4ef8-856e-c7213c992c75) transitioned into state 'SUCCESS' from state 'RUNNING' with result '{'reservations': ['29a99ac1-da19-4552-b442-914022d17108', 'aa74c31d-92c3-4be9-bfed-2c5588b23090', '1e6c0183-6146-494f-ab7b-e3f38c339462', 'f5d0c354-a2b9-415b-921d-b582fcac81af']}' {{(pid=109449) _task_receiver /usr/local/lib/python3.8/dist-packages/taskflow/listeners/logging.py:178}}
Feb 16 16:56:59.613560 dv-cinder-829565-2-smb devstack@c-api.service[109449]: DEBUG cinder.volume.api [None req-955e3d27-7e34-421b-8689-9196f4db677e tempest-UserMessagesTest-1250315763 tempest-UserMessagesTest-1250315763-project] Task 'cinder.volume.flows.api.create_volume.EntryCreateTask;volume:create' (47133620-eb62-4860-b27f-6be158e30f11) transitioned into state 'RUNNING' from state 'PENDING' {{(pid=109449) _task_receiver /usr/local/lib/python3.8/dist-packages/taskflow/listeners/logging.py:190}}
Feb 16 16:56:59.625400 dv-cinder-829565-2-smb devstack@c-api.service[109450]: DEBUG cinder.volume.api [None req-42dcf5f6-8c5b-488b-ba71-8ade753c7c5e tempest-VolumesCloneTest-1111102116 tempest-VolumesCloneTest-1111102116-project] Flow 'volume_create_api' (ba7b7384-ddf9-4ef7-9af3-582d391f6e58) transitioned into state 'RUNNING' from state 'PENDING' {{(pid=109450) _flow_receiver /usr/local/lib/python3.8/dist-packages/taskflow/listeners/logging.py:141}}
Feb 16 16:56:59.627828 dv-cinder-829565-2-smb devstack@c-api.service[109450]: DEBUG cinder.volume.api [None req-42dcf5f6-8c5b-488b-ba71-8ade753c7c5e tempest-VolumesCloneTest-1111102116 tempest-VolumesCloneTest-1111102116-project] Task 'cinder.volume.flows.api.create_volume.ExtractVolumeRequestTask;volume:create' (a6bc3c03-5eea-4d78-a147-260399cdbf94) transitioned into state 'RUNNING' from state 'PENDING' {{(pid=109450) _task_receiver /usr/local/lib/python3.8/dist-packages/taskflow/listeners/logging.py:190}}
Feb 16 16:56:59.630231 dv-cinder-829565-2-smb devstack@c-api.service[109450]: DEBUG cinder.volume.flows.api.create_volume [None req-42dcf5f6-8c5b-488b-ba71-8ade753c7c5e tempest-VolumesCloneTest-1111102116 tempest-VolumesCloneTest-1111102116-project] Validating volume size '1' using validate_int {{(pid=109450) _extract_size /opt/stack/cinder/cinder/volume/flows/api/create_volume.py:225}}
Feb 16 16:56:59.636889 dv-cinder-829565-2-smb devstack@c-api.service[109449]: DEBUG cinder.volume.api [None req-955e3d27-7e34-421b-8689-9196f4db677e tempest-UserMessagesTest-1250315763 tempest-UserMessagesTest-1250315763-project] Task 'cinder.volume.flows.api.create_volume.EntryCreateTask;volume:create' (47133620-eb62-4860-b27f-6be158e30f11) transitioned into state 'SUCCESS' from state 'RUNNING' with result '{'volume_id': '6588ef42-43ce-4b23-9687-85406809681a', 'volume_properties': VolumeProperties(attach_status='detached',availability_zone='nova',cgsnapshot_id=None,consistencygroup_id=None,display_description=None,display_name='tempest-UserMessagesTest-Volume-297875065',encryption_key_id=None,group_id=None,group_type_id=,metadata={},multiattach=False,project_id='f50a5c09432f4ea3870b487497178246',qos_specs=None,replication_status=,reservations=['29a99ac1-da19-4552-b442-914022d17108','aa74c31d-92c3-4be9-bfed-2c5588b23090','1e6c0183-6146-494f-ab7b-e3f38c339462','f5d0c354-a2b9-415b-921d-b582fcac81af'],size=1,snapshot_id=None,source_replicaid=,source_volid=None,status='creating',user_id='322d7e75e75246dca7c8c40a3c54dd05',volume_type_id=db91e526-ead1-42e3-893c-23f615c2582d), 'volume': Volume(_name_id=None,admin_metadata=,attach_status='detached',availability_zone='nova',bootable=False,cluster=,cluster_name=None,consistencygroup=,consistencygroup_id=None,created_at=2022-02-16T16:56:59Z,deleted=False,deleted_at=None,display_description=None,display_name='tempest-UserMessagesTest-Volume-297875065',ec2_id=None,encryption_key_id=None,glance_metadata=,group=,group_id=None,host=None,id=6588ef42-43ce-4b23-9687-85406809681a,launched_at=None,metadata={},migration_status=None,multiattach=False,previous_status=None,project_id='f50a5c09432f4ea3870b487497178246',provider_auth=None,provider_geometry=None,provider_id=None,provider_location=None,replication_driver_data=None,replication_extended_status=None,replication_status=None,scheduled_at=None,service_uuid=None,shared_targets=True,size=1,snapshot_id=None,snapshots=,source_volid=None,status='creating',terminated_at=None,updated_at=None,use_quota=True,user_id='322d7e75e75246dca7c8c40a3c54dd05',volume_attachment=VolumeAttachmentList,volume_type=VolumeType(db91e526-ead1-42e3-893c-23f615c2582d),volume_type_id=db91e526-ead1-42e3-893c-23f615c2582d)}' {{(pid=109449) _task_receiver /usr/local/lib/python3.8/dist-packages/taskflow/listeners/logging.py:178}}
Feb 16 16:56:59.638716 dv-cinder-829565-2-smb devstack@c-api.service[109449]: DEBUG cinder.volume.api [None req-955e3d27-7e34-421b-8689-9196f4db677e tempest-UserMessagesTest-1250315763 tempest-UserMessagesTest-1250315763-project] Task 'cinder.volume.flows.api.create_volume.QuotaCommitTask;volume:create' (c4305698-3c90-4ab6-af6e-d1485b2ba727) transitioned into state 'RUNNING' from state 'PENDING' {{(pid=109449) _task_receiver /usr/local/lib/python3.8/dist-packages/taskflow/listeners/logging.py:190}}
Feb 16 16:56:59.663114 dv-cinder-829565-2-smb devstack@c-api.service[109449]: DEBUG cinder.volume.api [None req-955e3d27-7e34-421b-8689-9196f4db677e tempest-UserMessagesTest-1250315763 tempest-UserMessagesTest-1250315763-project] Task 'cinder.volume.flows.api.create_volume.QuotaCommitTask;volume:create' (c4305698-3c90-4ab6-af6e-d1485b2ba727) transitioned into state 'SUCCESS' from state 'RUNNING' with result '{'volume_properties': VolumeProperties(attach_status='detached',availability_zone='nova',cgsnapshot_id=None,consistencygroup_id=None,display_description=None,display_name='tempest-UserMessagesTest-Volume-297875065',encryption_key_id=None,group_id=None,group_type_id=,metadata={},multiattach=False,project_id='f50a5c09432f4ea3870b487497178246',qos_specs=None,replication_status=,reservations=['29a99ac1-da19-4552-b442-914022d17108','aa74c31d-92c3-4be9-bfed-2c5588b23090','1e6c0183-6146-494f-ab7b-e3f38c339462','f5d0c354-a2b9-415b-921d-b582fcac81af'],size=1,snapshot_id=None,source_replicaid=,source_volid=None,status='creating',user_id='322d7e75e75246dca7c8c40a3c54dd05',volume_type_id=db91e526-ead1-42e3-893c-23f615c2582d)}' {{(pid=109449) _task_receiver /usr/local/lib/python3.8/dist-packages/taskflow/listeners/logging.py:178}}
Feb 16 16:56:59.665031 dv-cinder-829565-2-smb devstack@c-api.service[109449]: DEBUG cinder.volume.api [None req-955e3d27-7e34-421b-8689-9196f4db677e tempest-UserMessagesTest-1250315763 tempest-UserMessagesTest-1250315763-project] Task 'cinder.volume.flows.api.create_volume.VolumeCastTask;volume:create' (1ad00d2d-0715-4b33-8217-fc845e81e7e7) transitioned into state 'RUNNING' from state 'PENDING' {{(pid=109449) _task_receiver /usr/local/lib/python3.8/dist-packages/taskflow/listeners/logging.py:190}}
Feb 16 16:56:59.680986 dv-cinder-829565-2-smb devstack@c-api.service[109449]: DEBUG cinder.volume.api [None req-955e3d27-7e34-421b-8689-9196f4db677e tempest-UserMessagesTest-1250315763 tempest-UserMessagesTest-1250315763-project] Task 'cinder.volume.flows.api.create_volume.VolumeCastTask;volume:create' (1ad00d2d-0715-4b33-8217-fc845e81e7e7) transitioned into state 'SUCCESS' from state 'RUNNING' with result 'None' {{(pid=109449) _task_receiver /usr/local/lib/python3.8/dist-packages/taskflow/listeners/logging.py:178}}
Feb 16 16:56:59.683368 dv-cinder-829565-2-smb devstack@c-api.service[109449]: DEBUG cinder.volume.api [None req-955e3d27-7e34-421b-8689-9196f4db677e tempest-UserMessagesTest-1250315763 tempest-UserMessagesTest-1250315763-project] Flow 'volume_create_api' (55aff626-28be-4c26-9523-7aeb03a0745e) transitioned into state 'SUCCESS' from state 'RUNNING' {{(pid=109449) _flow_receiver /usr/local/lib/python3.8/dist-packages/taskflow/listeners/logging.py:141}}
Feb 16 16:56:59.684039 dv-cinder-829565-2-smb devstack@c-api.service[109449]: INFO cinder.volume.api [None req-955e3d27-7e34-421b-8689-9196f4db677e tempest-UserMessagesTest-1250315763 tempest-UserMessagesTest-1250315763-project] Create volume request issued successfully.
Feb 16 16:56:59.685251 dv-cinder-829565-2-smb devstack@c-api.service[109449]: INFO cinder.api.openstack.wsgi [None req-955e3d27-7e34-421b-8689-9196f4db677e tempest-UserMessagesTest-1250315763 tempest-UserMessagesTest-1250315763-project] http://10.222.0.87/volume/v3/f50a5c09432f4ea3870b487497178246/volumes returned with HTTP 202
Feb 16 16:56:59.686440 dv-cinder-829565-2-smb devstack@c-api.service[109449]: [pid: 109449|app: 0|req: 163/324] 10.222.0.87 () {62 vars in 1275 bytes} [Wed Feb 16 16:56:59 2022] POST /volume/v3/f50a5c09432f4ea3870b487497178246/volumes => generated 851 bytes in 450 msecs (HTTP/1.1 202) 7 headers in 291 bytes (1 switches on core 0)
Feb 16 16:56:59.708388 dv-cinder-829565-2-smb devstack@c-api.service[109449]: INFO cinder.api.openstack.wsgi [None req-1e58ed1c-8ce5-4cb1-ae15-81f43d73b5e7 tempest-UserMessagesTest-1250315763 tempest-UserMessagesTest-1250315763-project] GET http://10.222.0.87/volume/v3/f50a5c09432f4ea3870b487497178246/volumes/6588ef42-43ce-4b23-9687-85406809681a
Feb 16 16:56:59.709075 dv-cinder-829565-2-smb devstack@c-api.service[109449]: DEBUG cinder.api.openstack.wsgi [None req-1e58ed1c-8ce5-4cb1-ae15-81f43d73b5e7 tempest-UserMessagesTest-1250315763 tempest-UserMessagesTest-1250315763-project] Empty body provided in request {{(pid=109449) get_body /opt/stack/cinder/cinder/api/openstack/wsgi.py:715}}
Feb 16 16:56:59.709679 dv-cinder-829565-2-smb devstack@c-api.service[109449]: DEBUG cinder.api.openstack.wsgi [None req-1e58ed1c-8ce5-4cb1-ae15-81f43d73b5e7 tempest-UserMessagesTest-1250315763 tempest-UserMessagesTest-1250315763-project] Calling method 'show' {{(pid=109449) _process_stack /opt/stack/cinder/cinder/api/openstack/wsgi.py:868}}
Feb 16 16:56:59.717170 dv-cinder-829565-2-smb devstack@c-api.service[109450]: DEBUG cinder.volume.api [None req-42dcf5f6-8c5b-488b-ba71-8ade753c7c5e tempest-VolumesCloneTest-1111102116 tempest-VolumesCloneTest-1111102116-project] Task 'cinder.volume.flows.api.create_volume.ExtractVolumeRequestTask;volume:create' (a6bc3c03-5eea-4d78-a147-260399cdbf94) transitioned into state 'SUCCESS' from state 'RUNNING' with result '{'size': 1, 'snapshot_id': None, 'source_volid': None, 'volume_type': VolumeType(created_at=2022-02-16T16:45:57Z,deleted=False,deleted_at=None,description='Default Volume Type',extra_specs={},id=869d6729-d5c0-48b3-ab79-6351b0ff76fe,is_public=True,name='__DEFAULT__',projects=[],qos_specs=,qos_specs_id=None,updated_at=2022-02-16T16:45:57Z), 'volume_type_id': '869d6729-d5c0-48b3-ab79-6351b0ff76fe', 'encryption_key_id': None, 'qos_specs': None, 'consistencygroup_id': None, 'cgsnapshot_id': None, 'group_id': None, 'replication_status': 'disabled', 'refresh_az': False, 'backup_id': None, 'multiattach': False, 'availability_zones': ['nova']}' {{(pid=109450) _task_receiver /usr/local/lib/python3.8/dist-packages/taskflow/listeners/logging.py:178}}
Feb 16 16:56:59.720281 dv-cinder-829565-2-smb devstack@c-api.service[109450]: DEBUG cinder.volume.api [None req-42dcf5f6-8c5b-488b-ba71-8ade753c7c5e tempest-VolumesCloneTest-1111102116 tempest-VolumesCloneTest-1111102116-project] Task 'cinder.volume.flows.api.create_volume.QuotaReserveTask;volume:create' (ecacf167-2306-4425-ab29-2642381051c3) transitioned into state 'RUNNING' from state 'PENDING' {{(pid=109450) _task_receiver /usr/local/lib/python3.8/dist-packages/taskflow/listeners/logging.py:190}}
Feb 16 16:56:59.728190 dv-cinder-829565-2-smb devstack@c-api.service[109449]: /usr/local/lib/python3.8/dist-packages/oslo_context/context.py:105: DeprecationWarning: Policy enforcement is depending on the value of is_admin. This key is deprecated. Please update your policy file to use the standard policy values.
Feb 16 16:56:59.728190 dv-cinder-829565-2-smb devstack@c-api.service[109449]: warnings.warn('Policy enforcement is depending on the value of '
Feb 16 16:56:59.737408 dv-cinder-829565-2-smb devstack@c-api.service[109449]: INFO cinder.volume.api [None req-1e58ed1c-8ce5-4cb1-ae15-81f43d73b5e7 tempest-UserMessagesTest-1250315763 tempest-UserMessagesTest-1250315763-project] Volume info retrieved successfully.
Feb 16 16:56:59.746569 dv-cinder-829565-2-smb devstack@c-api.service[109449]: INFO cinder.api.openstack.wsgi [None req-1e58ed1c-8ce5-4cb1-ae15-81f43d73b5e7 tempest-UserMessagesTest-1250315763 tempest-UserMessagesTest-1250315763-project] http://10.222.0.87/volume/v3/f50a5c09432f4ea3870b487497178246/volumes/6588ef42-43ce-4b23-9687-85406809681a returned with HTTP 200
Feb 16 16:56:59.747290 dv-cinder-829565-2-smb devstack@c-api.service[109449]: [pid: 109449|app: 0|req: 164/325] 10.222.0.87 () {60 vars in 1364 bytes} [Wed Feb 16 16:56:59 2022] GET /volume/v3/f50a5c09432f4ea3870b487497178246/volumes/6588ef42-43ce-4b23-9687-85406809681a => generated 919 bytes in 50 msecs (HTTP/1.1 200) 7 headers in 285 bytes (2 switches on core 0)
Feb 16 16:56:59.810720 dv-cinder-829565-2-smb devstack@c-api.service[109450]: DEBUG cinder.quota [None req-42dcf5f6-8c5b-488b-ba71-8ade753c7c5e tempest-VolumesCloneTest-1111102116 tempest-VolumesCloneTest-1111102116-project] Created reservations ['fd4d915e-fc0d-49b9-b1ce-473df533c63f', 'e74315c1-26b9-48e7-b4e7-0ca12c793df7', '4975afb3-c3de-4a31-95a4-70f8f545e8d4', '0baaa74b-c88a-47e6-b696-7fb8aa0caddc'] {{(pid=109450) reserve /opt/stack/cinder/cinder/quota.py:755}}
Feb 16 16:56:59.812507 dv-cinder-829565-2-smb devstack@c-api.service[109450]: DEBUG cinder.volume.api [None req-42dcf5f6-8c5b-488b-ba71-8ade753c7c5e tempest-VolumesCloneTest-1111102116 tempest-VolumesCloneTest-1111102116-project] Task 'cinder.volume.flows.api.create_volume.QuotaReserveTask;volume:create' (ecacf167-2306-4425-ab29-2642381051c3) transitioned into state 'SUCCESS' from state 'RUNNING' with result '{'reservations': ['fd4d915e-fc0d-49b9-b1ce-473df533c63f', 'e74315c1-26b9-48e7-b4e7-0ca12c793df7', '4975afb3-c3de-4a31-95a4-70f8f545e8d4', '0baaa74b-c88a-47e6-b696-7fb8aa0caddc']}' {{(pid=109450) _task_receiver /usr/local/lib/python3.8/dist-packages/taskflow/listeners/logging.py:178}}
Feb 16 16:56:59.814438 dv-cinder-829565-2-smb devstack@c-api.service[109450]: DEBUG cinder.volume.api [None req-42dcf5f6-8c5b-488b-ba71-8ade753c7c5e tempest-VolumesCloneTest-1111102116 tempest-VolumesCloneTest-1111102116-project] Task 'cinder.volume.flows.api.create_volume.EntryCreateTask;volume:create' (e2e98363-892c-40e1-af41-26dc5a4f5490) transitioned into state 'RUNNING' from state 'PENDING' {{(pid=109450) _task_receiver /usr/local/lib/python3.8/dist-packages/taskflow/listeners/logging.py:190}}
Feb 16 16:56:59.836254 dv-cinder-829565-2-smb devstack@c-api.service[109450]: DEBUG cinder.volume.api [None req-42dcf5f6-8c5b-488b-ba71-8ade753c7c5e tempest-VolumesCloneTest-1111102116 tempest-VolumesCloneTest-1111102116-project] Task 'cinder.volume.flows.api.create_volume.EntryCreateTask;volume:create' (e2e98363-892c-40e1-af41-26dc5a4f5490) transitioned into state 'SUCCESS' from state 'RUNNING' with result '{'volume_id': 'c6562633-c5f8-4a7c-9d6b-cb13bcdfff3c', 'volume_properties': VolumeProperties(attach_status='detached',availability_zone='nova',cgsnapshot_id=None,consistencygroup_id=None,display_description=None,display_name='tempest-VolumesCloneTest-Volume-159608936',encryption_key_id=None,group_id=None,group_type_id=,metadata={},multiattach=False,project_id='ab52161741bc437d945b3240875c570f',qos_specs=None,replication_status=,reservations=['fd4d915e-fc0d-49b9-b1ce-473df533c63f','e74315c1-26b9-48e7-b4e7-0ca12c793df7','4975afb3-c3de-4a31-95a4-70f8f545e8d4','0baaa74b-c88a-47e6-b696-7fb8aa0caddc'],size=1,snapshot_id=None,source_replicaid=,source_volid=None,status='creating',user_id='880d8ff652af4003b526a07643fa16cc',volume_type_id=869d6729-d5c0-48b3-ab79-6351b0ff76fe), 'volume': Volume(_name_id=None,admin_metadata=,attach_status='detached',availability_zone='nova',bootable=False,cluster=,cluster_name=None,consistencygroup=,consistencygroup_id=None,created_at=2022-02-16T16:56:59Z,deleted=False,deleted_at=None,display_description=None,display_name='tempest-VolumesCloneTest-Volume-159608936',ec2_id=None,encryption_key_id=None,glance_metadata=,group=,group_id=None,host=None,id=c6562633-c5f8-4a7c-9d6b-cb13bcdfff3c,launched_at=None,metadata={},migration_status=None,multiattach=False,previous_status=None,project_id='ab52161741bc437d945b3240875c570f',provider_auth=None,provider_geometry=None,provider_id=None,provider_location=None,replication_driver_data=None,replication_extended_status=None,replication_status=None,scheduled_at=None,service_uuid=None,shared_targets=True,size=1,snapshot_id=None,snapshots=,source_volid=None,status='creating',terminated_at=None,updated_at=None,use_quota=True,user_id='880d8ff652af4003b526a07643fa16cc',volume_attachment=VolumeAttachmentList,volume_type=VolumeType(869d6729-d5c0-48b3-ab79-6351b0ff76fe),volume_type_id=869d6729-d5c0-48b3-ab79-6351b0ff76fe)}' {{(pid=109450) _task_receiver /usr/local/lib/python3.8/dist-packages/taskflow/listeners/logging.py:178}}
Feb 16 16:56:59.838097 dv-cinder-829565-2-smb devstack@c-api.service[109450]: DEBUG cinder.volume.api [None req-42dcf5f6-8c5b-488b-ba71-8ade753c7c5e tempest-VolumesCloneTest-1111102116 tempest-VolumesCloneTest-1111102116-project] Task 'cinder.volume.flows.api.create_volume.QuotaCommitTask;volume:create' (d435e4ad-8968-490e-b428-400e63084c3d) transitioned into state 'RUNNING' from state 'PENDING' {{(pid=109450) _task_receiver /usr/local/lib/python3.8/dist-packages/taskflow/listeners/logging.py:190}}
Feb 16 16:56:59.862116 dv-cinder-829565-2-smb devstack@c-api.service[109450]: DEBUG cinder.volume.api [None req-42dcf5f6-8c5b-488b-ba71-8ade753c7c5e tempest-VolumesCloneTest-1111102116 tempest-VolumesCloneTest-1111102116-project] Task 'cinder.volume.flows.api.create_volume.QuotaCommitTask;volume:create' (d435e4ad-8968-490e-b428-400e63084c3d) transitioned into state 'SUCCESS' from state 'RUNNING' with result '{'volume_properties': VolumeProperties(attach_status='detached',availability_zone='nova',cgsnapshot_id=None,consistencygroup_id=None,display_description=None,display_name='tempest-VolumesCloneTest-Volume-159608936',encryption_key_id=None,group_id=None,group_type_id=,metadata={},multiattach=False,project_id='ab52161741bc437d945b3240875c570f',qos_specs=None,replication_status=,reservations=['fd4d915e-fc0d-49b9-b1ce-473df533c63f','e74315c1-26b9-48e7-b4e7-0ca12c793df7','4975afb3-c3de-4a31-95a4-70f8f545e8d4','0baaa74b-c88a-47e6-b696-7fb8aa0caddc'],size=1,snapshot_id=None,source_replicaid=,source_volid=None,status='creating',user_id='880d8ff652af4003b526a07643fa16cc',volume_type_id=869d6729-d5c0-48b3-ab79-6351b0ff76fe)}' {{(pid=109450) _task_receiver /usr/local/lib/python3.8/dist-packages/taskflow/listeners/logging.py:178}}
Feb 16 16:56:59.863861 dv-cinder-829565-2-smb devstack@c-api.service[109450]: DEBUG cinder.volume.api [None req-42dcf5f6-8c5b-488b-ba71-8ade753c7c5e tempest-VolumesCloneTest-1111102116 tempest-VolumesCloneTest-1111102116-project] Task 'cinder.volume.flows.api.create_volume.VolumeCastTask;volume:create' (bcae3865-155b-401a-b357-3438f6c3813e) transitioned into state 'RUNNING' from state 'PENDING' {{(pid=109450) _task_receiver /usr/local/lib/python3.8/dist-packages/taskflow/listeners/logging.py:190}}
Feb 16 16:56:59.878586 dv-cinder-829565-2-smb devstack@c-api.service[109450]: DEBUG cinder.volume.api [None req-42dcf5f6-8c5b-488b-ba71-8ade753c7c5e tempest-VolumesCloneTest-1111102116 tempest-VolumesCloneTest-1111102116-project] Task 'cinder.volume.flows.api.create_volume.VolumeCastTask;volume:create' (bcae3865-155b-401a-b357-3438f6c3813e) transitioned into state 'SUCCESS' from state 'RUNNING' with result 'None' {{(pid=109450) _task_receiver /usr/local/lib/python3.8/dist-packages/taskflow/listeners/logging.py:178}}
Feb 16 16:56:59.881052 dv-cinder-829565-2-smb devstack@c-api.service[109450]: DEBUG cinder.volume.api [None req-42dcf5f6-8c5b-488b-ba71-8ade753c7c5e tempest-VolumesCloneTest-1111102116 tempest-VolumesCloneTest-1111102116-project] Flow 'volume_create_api' (ba7b7384-ddf9-4ef7-9af3-582d391f6e58) transitioned into state 'SUCCESS' from state 'RUNNING' {{(pid=109450) _flow_receiver /usr/local/lib/python3.8/dist-packages/taskflow/listeners/logging.py:141}}
Feb 16 16:56:59.881695 dv-cinder-829565-2-smb devstack@c-api.service[109450]: INFO cinder.volume.api [None req-42dcf5f6-8c5b-488b-ba71-8ade753c7c5e tempest-VolumesCloneTest-1111102116 tempest-VolumesCloneTest-1111102116-project] Create volume request issued successfully.
Feb 16 16:56:59.882817 dv-cinder-829565-2-smb devstack@c-api.service[109450]: INFO cinder.api.openstack.wsgi [None req-42dcf5f6-8c5b-488b-ba71-8ade753c7c5e tempest-VolumesCloneTest-1111102116 tempest-VolumesCloneTest-1111102116-project] http://10.222.0.87/volume/v3/ab52161741bc437d945b3240875c570f/volumes returned with HTTP 202
Feb 16 16:56:59.883580 dv-cinder-829565-2-smb devstack@c-api.service[109450]: [pid: 109450|app: 0|req: 162/326] 10.222.0.87 () {60 vars in 1235 bytes} [Wed Feb 16 16:56:59 2022] POST /volume/v3/ab52161741bc437d945b3240875c570f/volumes => generated 815 bytes in 400 msecs (HTTP/1.1 202) 7 headers in 291 bytes (2 switches on core 0)
Feb 16 16:56:59.896555 dv-cinder-829565-2-smb devstack@c-api.service[109449]: INFO cinder.api.openstack.wsgi [None req-df916081-d774-4d60-8a6e-d0ea4839164f tempest-VolumesCloneTest-1111102116 tempest-VolumesCloneTest-1111102116-project] GET http://10.222.0.87/volume/v3/ab52161741bc437d945b3240875c570f/volumes/c6562633-c5f8-4a7c-9d6b-cb13bcdfff3c
Feb 16 16:56:59.896994 dv-cinder-829565-2-smb devstack@c-api.service[109449]: DEBUG cinder.api.openstack.wsgi [None req-df916081-d774-4d60-8a6e-d0ea4839164f tempest-VolumesCloneTest-1111102116 tempest-VolumesCloneTest-1111102116-project] Empty body provided in request {{(pid=109449) get_body /opt/stack/cinder/cinder/api/openstack/wsgi.py:715}}
Feb 16 16:56:59.897440 dv-cinder-829565-2-smb devstack@c-api.service[109449]: DEBUG cinder.api.openstack.wsgi [None req-df916081-d774-4d60-8a6e-d0ea4839164f tempest-VolumesCloneTest-1111102116 tempest-VolumesCloneTest-1111102116-project] Calling method 'show' {{(pid=109449) _process_stack /opt/stack/cinder/cinder/api/openstack/wsgi.py:868}}
Feb 16 16:56:59.911101 dv-cinder-829565-2-smb devstack@c-api.service[109449]: /usr/local/lib/python3.8/dist-packages/oslo_context/context.py:105: DeprecationWarning: Policy enforcement is depending on the value of is_admin. This key is deprecated. Please update your policy file to use the standard policy values.
Feb 16 16:56:59.911101 dv-cinder-829565-2-smb devstack@c-api.service[109449]: warnings.warn('Policy enforcement is depending on the value of '
Feb 16 16:56:59.918174 dv-cinder-829565-2-smb devstack@c-api.service[109449]: INFO cinder.volume.api [None req-df916081-d774-4d60-8a6e-d0ea4839164f tempest-VolumesCloneTest-1111102116 tempest-VolumesCloneTest-1111102116-project] Volume info retrieved successfully.
Feb 16 16:56:59.927472 dv-cinder-829565-2-smb devstack@c-api.service[109449]: INFO cinder.api.openstack.wsgi [None req-df916081-d774-4d60-8a6e-d0ea4839164f tempest-VolumesCloneTest-1111102116 tempest-VolumesCloneTest-1111102116-project] http://10.222.0.87/volume/v3/ab52161741bc437d945b3240875c570f/volumes/c6562633-c5f8-4a7c-9d6b-cb13bcdfff3c returned with HTTP 200
Feb 16 16:56:59.928225 dv-cinder-829565-2-smb devstack@c-api.service[109449]: [pid: 109449|app: 0|req: 165/327] 10.222.0.87 () {58 vars in 1324 bytes} [Wed Feb 16 16:56:59 2022] GET /volume/v3/ab52161741bc437d945b3240875c570f/volumes/c6562633-c5f8-4a7c-9d6b-cb13bcdfff3c => generated 883 bytes in 35 msecs (HTTP/1.1 200) 7 headers in 285 bytes (1 switches on core 0)
Feb 16 16:57:00.762153 dv-cinder-829565-2-smb devstack@c-api.service[109450]: INFO cinder.api.openstack.wsgi [None req-554f1eae-baaf-4d46-a26f-9f05c3440faf tempest-UserMessagesTest-1250315763 tempest-UserMessagesTest-1250315763-project] GET http://10.222.0.87/volume/v3/f50a5c09432f4ea3870b487497178246/volumes/6588ef42-43ce-4b23-9687-85406809681a
Feb 16 16:57:00.762651 dv-cinder-829565-2-smb devstack@c-api.service[109450]: DEBUG cinder.api.openstack.wsgi [None req-554f1eae-baaf-4d46-a26f-9f05c3440faf tempest-UserMessagesTest-1250315763 tempest-UserMessagesTest-1250315763-project] Empty body provided in request {{(pid=109450) get_body /opt/stack/cinder/cinder/api/openstack/wsgi.py:715}}
Feb 16 16:57:00.763061 dv-cinder-829565-2-smb devstack@c-api.service[109450]: DEBUG cinder.api.openstack.wsgi [None req-554f1eae-baaf-4d46-a26f-9f05c3440faf tempest-UserMessagesTest-1250315763 tempest-UserMessagesTest-1250315763-project] Calling method 'show' {{(pid=109450) _process_stack /opt/stack/cinder/cinder/api/openstack/wsgi.py:868}}
Feb 16 16:57:00.776893 dv-cinder-829565-2-smb devstack@c-api.service[109450]: /usr/local/lib/python3.8/dist-packages/oslo_context/context.py:105: DeprecationWarning: Policy enforcement is depending on the value of is_admin. This key is deprecated. Please update your policy file to use the standard policy values.
Feb 16 16:57:00.776893 dv-cinder-829565-2-smb devstack@c-api.service[109450]: warnings.warn('Policy enforcement is depending on the value of '
Feb 16 16:57:00.783891 dv-cinder-829565-2-smb devstack@c-api.service[109450]: INFO cinder.volume.api [None req-554f1eae-baaf-4d46-a26f-9f05c3440faf tempest-UserMessagesTest-1250315763 tempest-UserMessagesTest-1250315763-project] Volume info retrieved successfully.
Feb 16 16:57:00.792355 dv-cinder-829565-2-smb devstack@c-api.service[109450]: INFO cinder.api.openstack.wsgi [None req-554f1eae-baaf-4d46-a26f-9f05c3440faf tempest-UserMessagesTest-1250315763 tempest-UserMessagesTest-1250315763-project] http://10.222.0.87/volume/v3/f50a5c09432f4ea3870b487497178246/volumes/6588ef42-43ce-4b23-9687-85406809681a returned with HTTP 200
Feb 16 16:57:00.793062 dv-cinder-829565-2-smb devstack@c-api.service[109450]: [pid: 109450|app: 0|req: 163/328] 10.222.0.87 () {60 vars in 1364 bytes} [Wed Feb 16 16:57:00 2022] GET /volume/v3/f50a5c09432f4ea3870b487497178246/volumes/6588ef42-43ce-4b23-9687-85406809681a => generated 940 bytes in 35 msecs (HTTP/1.1 200) 7 headers in 285 bytes (1 switches on core 0)
Feb 16 16:57:00.807611 dv-cinder-829565-2-smb devstack@c-api.service[109449]: INFO cinder.api.openstack.wsgi [None req-239ff41b-3cd3-422d-9a26-cca270dad1da tempest-UserMessagesTest-1250315763 tempest-UserMessagesTest-1250315763-project] GET http://10.222.0.87/volume/v3/f50a5c09432f4ea3870b487497178246/messages
Feb 16 16:57:00.808221 dv-cinder-829565-2-smb devstack@c-api.service[109449]: DEBUG cinder.api.openstack.wsgi [None req-239ff41b-3cd3-422d-9a26-cca270dad1da tempest-UserMessagesTest-1250315763 tempest-UserMessagesTest-1250315763-project] Empty body provided in request {{(pid=109449) get_body /opt/stack/cinder/cinder/api/openstack/wsgi.py:715}}
Feb 16 16:57:00.808607 dv-cinder-829565-2-smb devstack@c-api.service[109449]: DEBUG cinder.api.openstack.wsgi [None req-239ff41b-3cd3-422d-9a26-cca270dad1da tempest-UserMessagesTest-1250315763 tempest-UserMessagesTest-1250315763-project] Calling method 'version_select' {{(pid=109449) _process_stack /opt/stack/cinder/cinder/api/openstack/wsgi.py:868}}
Feb 16 16:57:00.819492 dv-cinder-829565-2-smb devstack@c-api.service[109449]: INFO cinder.api.openstack.wsgi [None req-239ff41b-3cd3-422d-9a26-cca270dad1da tempest-UserMessagesTest-1250315763 tempest-UserMessagesTest-1250315763-project] http://10.222.0.87/volume/v3/f50a5c09432f4ea3870b487497178246/messages returned with HTTP 200
Feb 16 16:57:00.820330 dv-cinder-829565-2-smb devstack@c-api.service[109449]: [pid: 109449|app: 0|req: 166/329] 10.222.0.87 () {60 vars in 1256 bytes} [Wed Feb 16 16:57:00 2022] GET /volume/v3/f50a5c09432f4ea3870b487497178246/messages => generated 736 bytes in 16 msecs (HTTP/1.1 200) 7 headers in 285 bytes (1 switches on core 0)
Feb 16 16:57:00.831615 dv-cinder-829565-2-smb devstack@c-api.service[109450]: INFO cinder.api.openstack.wsgi [None req-315c9748-7186-4070-8908-1f8df69c5776 tempest-UserMessagesTest-1250315763 tempest-UserMessagesTest-1250315763-project] DELETE http://10.222.0.87/volume/v3/f50a5c09432f4ea3870b487497178246/messages/d22d973a-98ea-4d20-9ab0-f5e9f48d3de3
Feb 16 16:57:00.832130 dv-cinder-829565-2-smb devstack@c-api.service[109450]: DEBUG cinder.api.openstack.wsgi [None req-315c9748-7186-4070-8908-1f8df69c5776 tempest-UserMessagesTest-1250315763 tempest-UserMessagesTest-1250315763-project] Empty body provided in request {{(pid=109450) get_body /opt/stack/cinder/cinder/api/openstack/wsgi.py:715}}
Feb 16 16:57:00.832815 dv-cinder-829565-2-smb devstack@c-api.service[109450]: DEBUG cinder.api.openstack.wsgi [None req-315c9748-7186-4070-8908-1f8df69c5776 tempest-UserMessagesTest-1250315763 tempest-UserMessagesTest-1250315763-project] Calling method 'version_select' {{(pid=109450) _process_stack /opt/stack/cinder/cinder/api/openstack/wsgi.py:868}}
Feb 16 16:57:00.850323 dv-cinder-829565-2-smb devstack@c-api.service[109450]: INFO cinder.api.openstack.wsgi [None req-315c9748-7186-4070-8908-1f8df69c5776 tempest-UserMessagesTest-1250315763 tempest-UserMessagesTest-1250315763-project] http://10.222.0.87/volume/v3/f50a5c09432f4ea3870b487497178246/messages/d22d973a-98ea-4d20-9ab0-f5e9f48d3de3 returned with HTTP 204
Feb 16 16:57:00.851274 dv-cinder-829565-2-smb devstack@c-api.service[109450]: [pid: 109450|app: 0|req: 164/330] 10.222.0.87 () {60 vars in 1370 bytes} [Wed Feb 16 16:57:00 2022] DELETE /volume/v3/f50a5c09432f4ea3870b487497178246/messages/d22d973a-98ea-4d20-9ab0-f5e9f48d3de3 => generated 0 bytes in 24 msecs (HTTP/1.1 204) 6 headers in 235 bytes (1 switches on core 0)
Feb 16 16:57:00.858132 dv-cinder-829565-2-smb devstack@c-api.service[109449]: INFO cinder.api.openstack.wsgi [None req-c1f8ab79-363e-4690-9c44-999bffcf475e tempest-UserMessagesTest-1250315763 tempest-UserMessagesTest-1250315763-project] GET http://10.222.0.87/volume/v3/f50a5c09432f4ea3870b487497178246/messages/d22d973a-98ea-4d20-9ab0-f5e9f48d3de3
Feb 16 16:57:00.858608 dv-cinder-829565-2-smb devstack@c-api.service[109449]: DEBUG cinder.api.openstack.wsgi [None req-c1f8ab79-363e-4690-9c44-999bffcf475e tempest-UserMessagesTest-1250315763 tempest-UserMessagesTest-1250315763-project] Empty body provided in request {{(pid=109449) get_body /opt/stack/cinder/cinder/api/openstack/wsgi.py:715}}
Feb 16 16:57:00.859055 dv-cinder-829565-2-smb devstack@c-api.service[109449]: DEBUG cinder.api.openstack.wsgi [None req-c1f8ab79-363e-4690-9c44-999bffcf475e tempest-UserMessagesTest-1250315763 tempest-UserMessagesTest-1250315763-project] Calling method 'version_select' {{(pid=109449) _process_stack /opt/stack/cinder/cinder/api/openstack/wsgi.py:868}}
Feb 16 16:57:00.866055 dv-cinder-829565-2-smb devstack@c-api.service[109449]: INFO cinder.api.openstack.wsgi [None req-c1f8ab79-363e-4690-9c44-999bffcf475e tempest-UserMessagesTest-1250315763 tempest-UserMessagesTest-1250315763-project] http://10.222.0.87/volume/v3/f50a5c09432f4ea3870b487497178246/messages/d22d973a-98ea-4d20-9ab0-f5e9f48d3de3 returned with HTTP 404
Feb 16 16:57:00.866801 dv-cinder-829565-2-smb devstack@c-api.service[109449]: [pid: 109449|app: 0|req: 167/331] 10.222.0.87 () {60 vars in 1367 bytes} [Wed Feb 16 16:57:00 2022] GET /volume/v3/f50a5c09432f4ea3870b487497178246/messages/d22d973a-98ea-4d20-9ab0-f5e9f48d3de3 => generated 110 bytes in 12 msecs (HTTP/1.1 404) 7 headers in 292 bytes (1 switches on core 0)
Feb 16 16:57:00.874433 dv-cinder-829565-2-smb devstack@c-api.service[109450]: INFO cinder.api.openstack.wsgi [None req-ab7b568f-0305-4483-b520-02c2aac9528a tempest-UserMessagesTest-1961457857 tempest-UserMessagesTest-1961457857-project-admin] POST http://10.222.0.87/volume/v3/a9f3036ae25a4a84b6058c0afcaeb05d/types
Feb 16 16:57:00.875970 dv-cinder-829565-2-smb devstack@c-api.service[109450]: DEBUG cinder.api.openstack.wsgi [None req-ab7b568f-0305-4483-b520-02c2aac9528a tempest-UserMessagesTest-1961457857 tempest-UserMessagesTest-1961457857-project-admin] Action: 'create', calling method: _create, body: {"volume_type": {"name": "tempest-UserMessagesTest-volume-type-1190883692", "extra_specs": {"storage_protocol": "tempest-storage_protocol-1663443417", "vendor_name": "tempest-vendor_name-296574811"}}} {{(pid=109450) _process_stack /opt/stack/cinder/cinder/api/openstack/wsgi.py:866}}
Feb 16 16:57:00.900149 dv-cinder-829565-2-smb devstack@c-api.service[109450]: INFO cinder.api.openstack.wsgi [None req-ab7b568f-0305-4483-b520-02c2aac9528a tempest-UserMessagesTest-1961457857 tempest-UserMessagesTest-1961457857-project-admin] http://10.222.0.87/volume/v3/a9f3036ae25a4a84b6058c0afcaeb05d/types returned with HTTP 200
Feb 16 16:57:00.901041 dv-cinder-829565-2-smb devstack@c-api.service[109450]: [pid: 109450|app: 0|req: 165/332] 10.222.0.87 () {60 vars in 1229 bytes} [Wed Feb 16 16:57:00 2022] POST /volume/v3/a9f3036ae25a4a84b6058c0afcaeb05d/types => generated 327 bytes in 30 msecs (HTTP/1.1 200) 7 headers in 285 bytes (1 switches on core 0)
Feb 16 16:57:00.909466 dv-cinder-829565-2-smb devstack@c-api.service[109449]: INFO cinder.api.openstack.wsgi [None req-638df187-3f6a-4408-9d07-b9afedca01c2 tempest-UserMessagesTest-1250315763 tempest-UserMessagesTest-1250315763-project] POST http://10.222.0.87/volume/v3/f50a5c09432f4ea3870b487497178246/volumes
Feb 16 16:57:00.910213 dv-cinder-829565-2-smb devstack@c-api.service[109449]: DEBUG cinder.api.openstack.wsgi [None req-638df187-3f6a-4408-9d07-b9afedca01c2 tempest-UserMessagesTest-1250315763 tempest-UserMessagesTest-1250315763-project] Action: 'create', calling method: create, body: {"volume": {"volume_type": "bdb0a03d-9310-487a-a285-b1472bea37d1", "size": 1, "name": "tempest-UserMessagesTest-Volume-664994445"}} {{(pid=109449) _process_stack /opt/stack/cinder/cinder/api/openstack/wsgi.py:866}}
Feb 16 16:57:00.911222 dv-cinder-829565-2-smb devstack@c-api.service[109449]: DEBUG cinder.api.v3.volumes [None req-638df187-3f6a-4408-9d07-b9afedca01c2 tempest-UserMessagesTest-1250315763 tempest-UserMessagesTest-1250315763-project] Create volume request body: {'volume': {'volume_type': 'bdb0a03d-9310-487a-a285-b1472bea37d1', 'size': 1, 'name': 'tempest-UserMessagesTest-Volume-664994445'}} {{(pid=109449) create /opt/stack/cinder/cinder/api/v3/volumes.py:298}}
