Feb 16 16:13:24.730974 dv-cinder-829560-1-smb neutron-server[103192]: DEBUG neutron_lib.callbacks.manager [None req-3749fdf7-a8e1-45b6-9415-285c9cc73915 admin admin] Publish callbacks [] for security_group (None), before_response {{(pid=103192) _notify_loop /usr/local/lib/python3.8/dist-packages/neutron_lib/callbacks/manager.py:176}}
Feb 16 16:13:24.734143 dv-cinder-829560-1-smb neutron-server[103192]: INFO neutron.wsgi [None req-3749fdf7-a8e1-45b6-9415-285c9cc73915 admin admin] 10.222.0.71 "DELETE /v2.0/security-groups/221fa954-bf10-4f30-a6a8-ce38fb426cbc HTTP/1.1" status: 204 len: 168 time: 0.5123155
Feb 16 16:13:24.750585 dv-cinder-829560-1-smb neutron-server[103192]: INFO neutron.wsgi [req-0758561a-044b-4743-bffd-798fa295516d req-d16c7d70-c2fe-49c0-ba8e-9a44f9eef9bd service neutron] 10.222.0.26 "GET /v2.0/networks/e607ca2a-2612-49c0-a08f-793b5c8d3579?fields=segments HTTP/1.1" status: 200 len: 212 time: 0.1859834
Feb 16 16:13:24.777886 dv-cinder-829560-1-smb neutron-server[103191]: INFO neutron.wsgi [req-b6a1fab7-0fcc-43b4-9f47-6c35c8b739de req-5bd99c27-6c65-46db-93b5-b835e0d3253a tempest-AttachVolumeTestJSON-696723584 tempest-AttachVolumeTestJSON-696723584-project] 10.222.0.71 "GET /v2.0/security-groups?id=3e4ae7ad-9349-4dac-a317-60f6e1f2d5f3&fields=id&fields=name HTTP/1.1" status: 200 len: 312 time: 0.0956576
Feb 16 16:13:24.794861 dv-cinder-829560-1-smb neutron-server[103191]: INFO neutron.wsgi [req-cbc86f12-58b1-4eca-bea6-3126bccc8a7e req-6a35426f-22c5-4d0b-bf93-d49eab2f964f tempest-DeleteServersTestJSON-1756374676 tempest-DeleteServersTestJSON-1756374676-project] 10.222.0.71 "GET /v2.0/security-groups?id=d0bd1ac6-a266-45a4-be84-7d8e614a2091&fields=id&fields=name HTTP/1.1" status: 200 len: 286 time: 0.1095650
Feb 16 16:13:24.805353 dv-cinder-829560-1-smb neutron-server[103192]: DEBUG neutron.api.rpc.handlers.resources_rpc [None req-3749fdf7-a8e1-45b6-9415-285c9cc73915 admin admin] Pushing event deleted for resources: {'SecurityGroup': ['ID=221fa954-bf10-4f30-a6a8-ce38fb426cbc,revision_number=None']} {{(pid=103192) push /opt/stack/neutron/neutron/api/rpc/handlers/resources_rpc.py:237}}
Feb 16 16:13:24.890625 dv-cinder-829560-1-smb neutron-server[103192]: INFO neutron.wsgi [req-bd01c3fc-4d18-4df8-b6db-aadfd696a541 req-fa85f447-9888-4027-8c8e-cc5442ab64f5 service neutron] 10.222.0.26 "GET /v2.0/networks/1d5227a3-55fa-4308-a40d-e5a78606ca69?fields=segments HTTP/1.1" status: 200 len: 212 time: 0.1995704
Feb 16 16:13:24.942546 dv-cinder-829560-1-smb neutron-server[103192]: INFO neutron.wsgi [req-0758561a-044b-4743-bffd-798fa295516d req-e61ecd45-d039-470a-932a-e13ad17990db service neutron] 10.222.0.26 "GET /v2.0/networks/e607ca2a-2612-49c0-a08f-793b5c8d3579?fields=provider%3Aphysical_network&fields=provider%3Anetwork_type HTTP/1.1" status: 200 len: 281 time: 0.1792929
Feb 16 16:13:24.959309 dv-cinder-829560-1-smb neutron-server[103192]: DEBUG neutron.notifiers.nova [-] Sending events: [{'name': 'network-changed', 'server_uuid': '19330bdf-d242-4aea-a643-b2c979ce4626', 'tag': 'a2af952a-8ac9-4581-b7e2-9afdea9a268c'}] {{(pid=103192) send_events /opt/stack/neutron/neutron/notifiers/nova.py:271}}
Feb 16 16:13:24.961700 dv-cinder-829560-1-smb neutron-server[103192]: DEBUG novaclient.v2.client [-] REQ: curl -g -i --cacert "/opt/stack/data/ca-bundle.pem" -X POST http://10.222.0.71/compute/v2.1/os-server-external-events -H "Accept: application/json" -H "Content-Type: application/json" -H "User-Agent: python-novaclient" -H "X-Auth-Token: {SHA256}2fad3dd5a9f0c9cee60ff29f794ace1396b36ee8ff7a865829928b12109bbd08" -H "X-OpenStack-Nova-API-Version: 2.1" -H "X-OpenStack-Request-ID: req-6e637530-ced3-4731-a282-e548ed12b156" -d '{"events": [{"name": "network-changed", "server_uuid": "19330bdf-d242-4aea-a643-b2c979ce4626", "tag": "a2af952a-8ac9-4581-b7e2-9afdea9a268c"}]}' {{(pid=103192) _http_log_request /usr/local/lib/python3.8/dist-packages/keystoneauth1/session.py:519}}
Feb 16 16:13:24.995639 dv-cinder-829560-1-smb neutron-server[103194]: DEBUG neutron.plugins.ml2.db [None req-f330c4bb-ca2b-44ef-a670-a3d2fff4543f None None] For port 194f1c8b-dfeb-4546-be0a-97cd2c03a00e, host hv-cinder-82956, got binding levels [PortBindingLevel(driver='hyperv',host='hv-cinder-82956',level=0,port_id=194f1c8b-dfeb-4546-be0a-97cd2c03a00e,segment=NetworkSegment(aa15e984-4dd0-4abc-8156-a7583f79c862),segment_id=aa15e984-4dd0-4abc-8156-a7583f79c862)] {{(pid=103194) get_binding_level_objs /opt/stack/neutron/neutron/plugins/ml2/db.py:74}}
Feb 16 16:13:24.999422 dv-cinder-829560-1-smb neutron-server[103192]: DEBUG neutron_lib.callbacks.manager [None req-4a638e5c-04b2-4b2b-9b86-b9d90af283f3 admin admin] Publish callbacks ['neutron.plugins.ml2.ovo_rpc._ObjectChangeHandler.handle_event-596863'] for security_group (1448d00e-5352-4fd0-b9ae-742296ea6ac3), after_delete {{(pid=103192) _notify_loop /usr/local/lib/python3.8/dist-packages/neutron_lib/callbacks/manager.py:176}}
Feb 16 16:13:25.001975 dv-cinder-829560-1-smb neutron-server[103192]: DEBUG neutron_lib.callbacks.manager [None req-4a638e5c-04b2-4b2b-9b86-b9d90af283f3 admin admin] Publish callbacks [] for security_group (None), before_response {{(pid=103192) _notify_loop /usr/local/lib/python3.8/dist-packages/neutron_lib/callbacks/manager.py:176}}
Feb 16 16:13:25.006200 dv-cinder-829560-1-smb neutron-server[103192]: INFO neutron.wsgi [None req-4a638e5c-04b2-4b2b-9b86-b9d90af283f3 admin admin] 10.222.0.71 "DELETE /v2.0/security-groups/1448d00e-5352-4fd0-b9ae-742296ea6ac3 HTTP/1.1" status: 204 len: 168 time: 0.5428803
Feb 16 16:13:25.012620 dv-cinder-829560-1-smb neutron-server[103194]: DEBUG neutron.plugins.ml2.rpc [None req-f330c4bb-ca2b-44ef-a670-a3d2fff4543f None None] Returning: {'device': '194f1c8b-dfeb-4546-be0a-97cd2c03a00e', 'network_id': 'a58f1748-9128-4abb-850e-be9736e2ab44', 'port_id': '194f1c8b-dfeb-4546-be0a-97cd2c03a00e', 'mac_address': 'fa:16:3e:92:bf:f9', 'admin_state_up': True, 'network_type': 'vlan', 'segmentation_id': 273, 'physical_network': 'physnet1', 'mtu': 1500, 'fixed_ips': [{'subnet_id': 'e8ae002c-2521-4872-b3c8-b545b14d0685', 'ip_address': '172.20.0.6'}], 'device_owner': 'compute:nova', 'allowed_address_pairs': [], 'port_security_enabled': True, 'qos_policy_id': None, 'network_qos_policy_id': None, 'profile': {}, 'propagate_uplink_status': False} {{(pid=103194) _get_device_details /opt/stack/neutron/neutron/plugins/ml2/rpc.py:184}}
Feb 16 16:13:25.023766 dv-cinder-829560-1-smb neutron-server[103192]: DEBUG neutron.api.rpc.handlers.resources_rpc [None req-4a638e5c-04b2-4b2b-9b86-b9d90af283f3 admin admin] Pushing event deleted for resources: {'SecurityGroup': ['ID=1448d00e-5352-4fd0-b9ae-742296ea6ac3,revision_number=None']} {{(pid=103192) push /opt/stack/neutron/neutron/api/rpc/handlers/resources_rpc.py:237}}
Feb 16 16:13:25.061686 dv-cinder-829560-1-smb neutron-server[103192]: INFO neutron.wsgi [req-bd01c3fc-4d18-4df8-b6db-aadfd696a541 req-ce8bdf8a-420f-4791-acb8-3a040dc3f6bd service neutron] 10.222.0.26 "GET /v2.0/networks/1d5227a3-55fa-4308-a40d-e5a78606ca69?fields=provider%3Aphysical_network&fields=provider%3Anetwork_type HTTP/1.1" status: 200 len: 281 time: 0.1547878
Feb 16 16:13:25.088707 dv-cinder-829560-1-smb neutron-server[103194]: DEBUG neutron.plugins.ml2.plugin [None req-f330c4bb-ca2b-44ef-a670-a3d2fff4543f None None] Current status of the port 194f1c8b-dfeb-4546-be0a-97cd2c03a00e is: DOWN; New status is: BUILD {{(pid=103194) _update_individual_port_db_status /opt/stack/neutron/neutron/plugins/ml2/plugin.py:2232}}
Feb 16 16:13:25.088707 dv-cinder-829560-1-smb neutron-server[103194]: DEBUG neutron_lib.callbacks.manager [None req-f330c4bb-ca2b-44ef-a670-a3d2fff4543f None None] Publish callbacks ['neutron.plugins.ml2.plugin.SecurityGroupDbMixin._ensure_default_security_group_handler-8303946'] for port (194f1c8b-dfeb-4546-be0a-97cd2c03a00e), before_update {{(pid=103194) _notify_loop /usr/local/lib/python3.8/dist-packages/neutron_lib/callbacks/manager.py:176}}
Feb 16 16:13:25.114423 dv-cinder-829560-1-smb neutron-server[103194]: DEBUG neutron.notifiers.nova [None req-f330c4bb-ca2b-44ef-a670-a3d2fff4543f None None] Ignoring state change previous_port_status: DOWN current_port_status: BUILD port_id 194f1c8b-dfeb-4546-be0a-97cd2c03a00e {{(pid=103194) record_port_status_changed /opt/stack/neutron/neutron/notifiers/nova.py:233}}
Feb 16 16:13:25.128745 dv-cinder-829560-1-smb neutron-server[103191]: DEBUG neutron.pecan_wsgi.hooks.policy_enforcement [req-b92f0ff4-f679-464a-97e9-3b808f026a53 req-6614686b-a2c2-41f3-a32d-92345f5a40e8 tempest-AttachVolumeNegativeTest-698883570 tempest-AttachVolumeNegativeTest-698883570-project] Attributes excluded by policy engine: ['standard_attr_id', 'binding:profile', 'binding:host_id', 'binding:vif_type', 'binding:vif_details'] {{(pid=103191) _exclude_attributes_by_policy /opt/stack/neutron/neutron/pecan_wsgi/hooks/policy_enforcement.py:255}}
Feb 16 16:13:25.130321 dv-cinder-829560-1-smb neutron-server[103191]: INFO neutron.wsgi [req-b92f0ff4-f679-464a-97e9-3b808f026a53 req-6614686b-a2c2-41f3-a32d-92345f5a40e8 tempest-AttachVolumeNegativeTest-698883570 tempest-AttachVolumeNegativeTest-698883570-project] 10.222.0.71 "GET /v2.0/ports?device_id=3a715c31-c0e0-4ac0-ae43-926d97ced7c7 HTTP/1.1" status: 200 len: 946 time: 0.1943200
Feb 16 16:13:25.139597 dv-cinder-829560-1-smb neutron-server[103194]: DEBUG neutron.plugins.ml2.db [None req-f330c4bb-ca2b-44ef-a670-a3d2fff4543f None None] For port 194f1c8b-dfeb-4546-be0a-97cd2c03a00e, host hv-cinder-82956, got binding levels [PortBindingLevel(driver='hyperv',host='hv-cinder-82956',level=0,port_id=194f1c8b-dfeb-4546-be0a-97cd2c03a00e,segment=NetworkSegment(aa15e984-4dd0-4abc-8156-a7583f79c862),segment_id=aa15e984-4dd0-4abc-8156-a7583f79c862)] {{(pid=103194) get_binding_level_objs /opt/stack/neutron/neutron/plugins/ml2/db.py:74}}
Feb 16 16:13:25.142372 dv-cinder-829560-1-smb neutron-server[103191]: DEBUG neutron.pecan_wsgi.hooks.policy_enforcement [req-467c374c-a1bc-433c-8f0a-907b04943bb3 req-69cbeaee-276a-4331-9a1d-3368dbfcb54c tempest-AttachVolumeShelveTestJSON-871321707 tempest-AttachVolumeShelveTestJSON-871321707-project] Attributes excluded by policy engine: ['standard_attr_id', 'binding:profile', 'binding:host_id', 'binding:vif_type', 'binding:vif_details'] {{(pid=103191) _exclude_attributes_by_policy /opt/stack/neutron/neutron/pecan_wsgi/hooks/policy_enforcement.py:255}}
Feb 16 16:13:25.143886 dv-cinder-829560-1-smb neutron-server[103191]: INFO neutron.wsgi [req-467c374c-a1bc-433c-8f0a-907b04943bb3 req-69cbeaee-276a-4331-9a1d-3368dbfcb54c tempest-AttachVolumeShelveTestJSON-871321707 tempest-AttachVolumeShelveTestJSON-871321707-project] 10.222.0.71 "GET /v2.0/ports?device_id=19330bdf-d242-4aea-a643-b2c979ce4626 HTTP/1.1" status: 200 len: 943 time: 0.1438048
Feb 16 16:13:25.216652 dv-cinder-829560-1-smb neutron-server[103191]: INFO neutron.wsgi [req-b92f0ff4-f679-464a-97e9-3b808f026a53 req-fd5dd0b4-1853-48cf-b09a-4caa1262220c tempest-AttachVolumeNegativeTest-698883570 tempest-AttachVolumeNegativeTest-698883570-project] 10.222.0.71 "GET /v2.0/security-groups?id=0fd72d41-376e-46d0-a588-1d2d37d11517&fields=id&fields=name HTTP/1.1" status: 200 len: 286 time: 0.0696678
Feb 16 16:13:25.223236 dv-cinder-829560-1-smb neutron-server[103191]: INFO neutron.wsgi [req-467c374c-a1bc-433c-8f0a-907b04943bb3 req-b714f780-8f6b-420d-8e80-904b663bc44a tempest-AttachVolumeShelveTestJSON-871321707 tempest-AttachVolumeShelveTestJSON-871321707-project] 10.222.0.71 "GET /v2.0/security-groups?id=ea3dcd5b-d4d5-4b98-9442-3e32c52e3743&fields=id&fields=name HTTP/1.1" status: 200 len: 313 time: 0.0683541
Feb 16 16:13:25.275001 dv-cinder-829560-1-smb neutron-server[103192]: DEBUG novaclient.v2.client [-] RESP: [200] Connection: close Content-Length: 179 Content-Type: application/json Date: Wed, 16 Feb 2022 16:13:24 GMT OpenStack-API-Version: compute 2.1 Server: Apache/2.4.41 (Ubuntu) Vary: OpenStack-API-Version,X-OpenStack-Nova-API-Version X-OpenStack-Nova-API-Version: 2.1 x-compute-request-id: req-5509c9de-034f-473b-ad8f-769bccf1af4c x-openstack-request-id: req-5509c9de-034f-473b-ad8f-769bccf1af4c {{(pid=103192) _http_log_response /usr/local/lib/python3.8/dist-packages/keystoneauth1/session.py:550}}
Feb 16 16:13:25.275491 dv-cinder-829560-1-smb neutron-server[103192]: DEBUG novaclient.v2.client [-] RESP BODY: {"events": [{"name": "network-changed", "server_uuid": "19330bdf-d242-4aea-a643-b2c979ce4626", "tag": "a2af952a-8ac9-4581-b7e2-9afdea9a268c", "status": "completed", "code": 200}]} {{(pid=103192) _http_log_response /usr/local/lib/python3.8/dist-packages/keystoneauth1/session.py:582}}
Feb 16 16:13:25.275848 dv-cinder-829560-1-smb neutron-server[103194]: DEBUG neutron_lib.callbacks.manager [None req-f330c4bb-ca2b-44ef-a670-a3d2fff4543f None None] Publish callbacks ['neutron.plugins.ml2.plugin.SecurityGroupServerNotifierRpcMixin._notify_sg_on_port_change-8304271', 'neutron.plugins.ml2.ovo_rpc._ObjectChangeHandler.handle_event-31845', 'neutron.api.rpc.agentnotifiers.dhcp_rpc_agent_api.DhcpAgentNotifyAPI._native_event_send_dhcp_notification-1005580', 'neutron.db.l3_db.L3RpcNotifierMixin._notify_gateway_port_ip_changed-8776308186480', 'neutron.db.l3_dvrscheduler_db._notify_l3_agent_port_update-8776307678504', 'neutron.db.l3_hascheduler_db._notify_l3_agent_ha_port_update-8776307678522'] for port (194f1c8b-dfeb-4546-be0a-97cd2c03a00e), after_update {{(pid=103194) _notify_loop /usr/local/lib/python3.8/dist-packages/neutron_lib/callbacks/manager.py:176}}
Feb 16 16:13:25.276072 dv-cinder-829560-1-smb neutron-server[103192]: DEBUG novaclient.v2.client [-] POST call to compute for http://10.222.0.71/compute/v2.1/os-server-external-events used request id req-5509c9de-034f-473b-ad8f-769bccf1af4c {{(pid=103192) request /usr/local/lib/python3.8/dist-packages/keystoneauth1/session.py:954}}
Feb 16 16:13:25.276741 dv-cinder-829560-1-smb neutron-server[103194]: DEBUG neutron.plugins.ml2.rpc [None req-f330c4bb-ca2b-44ef-a670-a3d2fff4543f None None] Device d69f4842-7f5f-418c-9416-7155c6097306 details requested by agent hyperv_hv-cinder-82956 with host hv-cinder-82956 {{(pid=103194) get_device_details /opt/stack/neutron/neutron/plugins/ml2/rpc.py:102}}
Feb 16 16:13:25.277298 dv-cinder-829560-1-smb neutron-server[103192]: INFO neutron.notifiers.nova [-] Nova event response: {'name': 'network-changed', 'server_uuid': '19330bdf-d242-4aea-a643-b2c979ce4626', 'tag': 'a2af952a-8ac9-4581-b7e2-9afdea9a268c', 'status': 'completed', 'code': 200}
Feb 16 16:13:25.353087 dv-cinder-829560-1-smb neutron-server[103194]: DEBUG neutron.api.rpc.handlers.resources_rpc [None req-f330c4bb-ca2b-44ef-a670-a3d2fff4543f None None] Pushing event updated for resources: {'Port': ['ID=194f1c8b-dfeb-4546-be0a-97cd2c03a00e,revision_number=4']} {{(pid=103194) push /opt/stack/neutron/neutron/api/rpc/handlers/resources_rpc.py:237}}
Feb 16 16:13:25.379097 dv-cinder-829560-1-smb neutron-server[103192]: DEBUG neutron.pecan_wsgi.hooks.policy_enforcement [req-6e637530-ced3-4731-a282-e548ed12b156 req-47ac0d3d-7549-4005-a3b0-f45c90d06ac5 service neutron] Attributes excluded by policy engine: ['standard_attr_id'] {{(pid=103192) _exclude_attributes_by_policy /opt/stack/neutron/neutron/pecan_wsgi/hooks/policy_enforcement.py:255}}
Feb 16 16:13:25.381059 dv-cinder-829560-1-smb neutron-server[103192]: INFO neutron.wsgi [req-6e637530-ced3-4731-a282-e548ed12b156 req-47ac0d3d-7549-4005-a3b0-f45c90d06ac5 service neutron] 10.222.0.26 "GET /v2.0/ports?tenant_id=75f4d51e1b444300b4f9d187a97e5554&device_id=19330bdf-d242-4aea-a643-b2c979ce4626 HTTP/1.1" status: 200 len: 1127 time: 0.0669804
Feb 16 16:13:25.424896 dv-cinder-829560-1-smb neutron-server[103191]: DEBUG neutron.pecan_wsgi.hooks.policy_enforcement [req-748a5d02-578b-40d1-ac13-b678e29bd363 req-c39e598e-ad2e-4dee-8033-796f1f43b4ac tempest-ServerRescueNegativeTestJSON-60706535 tempest-ServerRescueNegativeTestJSON-60706535-project] Attributes excluded by policy engine: ['standard_attr_id', 'binding:profile', 'binding:host_id', 'binding:vif_type', 'binding:vif_details'] {{(pid=103191) _exclude_attributes_by_policy /opt/stack/neutron/neutron/pecan_wsgi/hooks/policy_enforcement.py:255}}
Feb 16 16:13:25.426852 dv-cinder-829560-1-smb neutron-server[103191]: INFO neutron.wsgi [req-748a5d02-578b-40d1-ac13-b678e29bd363 req-c39e598e-ad2e-4dee-8033-796f1f43b4ac tempest-ServerRescueNegativeTestJSON-60706535 tempest-ServerRescueNegativeTestJSON-60706535-project] 10.222.0.71 "GET /v2.0/ports?device_id=5efdb228-fdb9-4af5-b2e7-a0e95e8f0d98 HTTP/1.1" status: 200 len: 943 time: 0.0781133
Feb 16 16:13:25.487896 dv-cinder-829560-1-smb neutron-server[103194]: DEBUG neutron.plugins.ml2.db [None req-f330c4bb-ca2b-44ef-a670-a3d2fff4543f None None] For port d69f4842-7f5f-418c-9416-7155c6097306, host hv-cinder-82956, got binding levels [PortBindingLevel(driver='hyperv',host='hv-cinder-82956',level=0,port_id=d69f4842-7f5f-418c-9416-7155c6097306,segment=NetworkSegment(5800d92c-9373-4066-bd70-3259fb0218d5),segment_id=5800d92c-9373-4066-bd70-3259fb0218d5)] {{(pid=103194) get_binding_level_objs /opt/stack/neutron/neutron/plugins/ml2/db.py:74}}
Feb 16 16:13:25.500334 dv-cinder-829560-1-smb neutron-server[103194]: DEBUG neutron.plugins.ml2.rpc [None req-f330c4bb-ca2b-44ef-a670-a3d2fff4543f None None] Returning: {'device': 'd69f4842-7f5f-418c-9416-7155c6097306', 'network_id': 'e607ca2a-2612-49c0-a08f-793b5c8d3579', 'port_id': 'd69f4842-7f5f-418c-9416-7155c6097306', 'mac_address': 'fa:16:3e:1b:25:44', 'admin_state_up': True, 'network_type': 'vlan', 'segmentation_id': 286, 'physical_network': 'physnet1', 'mtu': 1500, 'fixed_ips': [{'subnet_id': 'af44210e-2736-4c00-87da-bd73521df8bb', 'ip_address': '172.20.0.8'}], 'device_owner': 'compute:nova', 'allowed_address_pairs': [], 'port_security_enabled': True, 'qos_policy_id': None, 'network_qos_policy_id': None, 'profile': {}, 'propagate_uplink_status': False} {{(pid=103194) _get_device_details /opt/stack/neutron/neutron/plugins/ml2/rpc.py:184}}
Feb 16 16:13:25.526842 dv-cinder-829560-1-smb neutron-server[103191]: INFO neutron.wsgi [req-748a5d02-578b-40d1-ac13-b678e29bd363 req-aa8180d1-e05c-413c-a38f-b47e8df69ede tempest-ServerRescueNegativeTestJSON-60706535 tempest-ServerRescueNegativeTestJSON-60706535-project] 10.222.0.71 "GET /v2.0/security-groups?id=3ca5a93a-767e-4b72-bf44-1dc2ae1a55f4&fields=id&fields=name HTTP/1.1" status: 200 len: 286 time: 0.0937188
Feb 16 16:13:25.561784 dv-cinder-829560-1-smb neutron-server[103194]: DEBUG neutron.plugins.ml2.plugin [None req-f330c4bb-ca2b-44ef-a670-a3d2fff4543f None None] Current status of the port d69f4842-7f5f-418c-9416-7155c6097306 is: DOWN; New status is: BUILD {{(pid=103194) _update_individual_port_db_status /opt/stack/neutron/neutron/plugins/ml2/plugin.py:2232}}
Feb 16 16:13:25.563675 dv-cinder-829560-1-smb neutron-server[103194]: DEBUG neutron_lib.callbacks.manager [None req-f330c4bb-ca2b-44ef-a670-a3d2fff4543f None None] Publish callbacks ['neutron.plugins.ml2.plugin.SecurityGroupDbMixin._ensure_default_security_group_handler-8303946'] for port (d69f4842-7f5f-418c-9416-7155c6097306), before_update {{(pid=103194) _notify_loop /usr/local/lib/python3.8/dist-packages/neutron_lib/callbacks/manager.py:176}}
Feb 16 16:13:25.567274 dv-cinder-829560-1-smb neutron-server[103192]: DEBUG neutron.pecan_wsgi.hooks.policy_enforcement [req-6e637530-ced3-4731-a282-e548ed12b156 req-a6c776df-a7d9-47f2-80a7-96f6e705eb04 service neutron] Attributes excluded by policy engine: ['standard_attr_id', 'vlan_transparent'] {{(pid=103192) _exclude_attributes_by_policy /opt/stack/neutron/neutron/pecan_wsgi/hooks/policy_enforcement.py:255}}
Feb 16 16:13:25.569704 dv-cinder-829560-1-smb neutron-server[103192]: INFO neutron.wsgi [req-6e637530-ced3-4731-a282-e548ed12b156 req-a6c776df-a7d9-47f2-80a7-96f6e705eb04 service neutron] 10.222.0.26 "GET /v2.0/networks?id=1d5227a3-55fa-4308-a40d-e5a78606ca69 HTTP/1.1" status: 200 len: 917 time: 0.1807764
Feb 16 16:13:25.581339 dv-cinder-829560-1-smb neutron-server[103194]: DEBUG neutron.notifiers.nova [None req-f330c4bb-ca2b-44ef-a670-a3d2fff4543f None None] Ignoring state change previous_port_status: DOWN current_port_status: BUILD port_id d69f4842-7f5f-418c-9416-7155c6097306 {{(pid=103194) record_port_status_changed /opt/stack/neutron/neutron/notifiers/nova.py:233}}
Feb 16 16:13:25.609156 dv-cinder-829560-1-smb neutron-server[103194]: DEBUG neutron.plugins.ml2.db [None req-f330c4bb-ca2b-44ef-a670-a3d2fff4543f None None] For port d69f4842-7f5f-418c-9416-7155c6097306, host hv-cinder-82956, got binding levels [PortBindingLevel(driver='hyperv',host='hv-cinder-82956',level=0,port_id=d69f4842-7f5f-418c-9416-7155c6097306,segment=NetworkSegment(5800d92c-9373-4066-bd70-3259fb0218d5),segment_id=5800d92c-9373-4066-bd70-3259fb0218d5)] {{(pid=103194) get_binding_level_objs /opt/stack/neutron/neutron/plugins/ml2/db.py:74}}
Feb 16 16:13:25.618954 dv-cinder-829560-1-smb neutron-server[103192]: INFO neutron.wsgi [req-6e637530-ced3-4731-a282-e548ed12b156 req-291e8aa0-2921-4c17-92bb-fd9cdbdd9945 service neutron] 10.222.0.26 "GET /v2.0/floatingips?fixed_ip_address=172.20.0.8&port_id=a2af952a-8ac9-4581-b7e2-9afdea9a268c HTTP/1.1" status: 200 len: 217 time: 0.0414965
Feb 16 16:13:25.683513 dv-cinder-829560-1-smb neutron-server[103192]: DEBUG neutron.pecan_wsgi.hooks.policy_enforcement [req-6e637530-ced3-4731-a282-e548ed12b156 req-e9cb9f94-de82-44d1-8202-0c3198a5151a service neutron] Attributes excluded by policy engine: ['standard_attr_id', 'shared'] {{(pid=103192) _exclude_attributes_by_policy /opt/stack/neutron/neutron/pecan_wsgi/hooks/policy_enforcement.py:255}}
Feb 16 16:13:25.685020 dv-cinder-829560-1-smb neutron-server[103192]: INFO neutron.wsgi [req-6e637530-ced3-4731-a282-e548ed12b156 req-e9cb9f94-de82-44d1-8202-0c3198a5151a service neutron] 10.222.0.26 "GET /v2.0/subnets?id=0e43b881-5f80-4c34-ae92-d04ae8fad3f0 HTTP/1.1" status: 200 len: 855 time: 0.0597503
Feb 16 16:13:25.703594 dv-cinder-829560-1-smb neutron-server[103194]: DEBUG neutron_lib.callbacks.manager [None req-f330c4bb-ca2b-44ef-a670-a3d2fff4543f None None] Publish callbacks ['neutron.plugins.ml2.plugin.SecurityGroupServerNotifierRpcMixin._notify_sg_on_port_change-8304271', 'neutron.plugins.ml2.ovo_rpc._ObjectChangeHandler.handle_event-31845', 'neutron.api.rpc.agentnotifiers.dhcp_rpc_agent_api.DhcpAgentNotifyAPI._native_event_send_dhcp_notification-1005580', 'neutron.db.l3_db.L3RpcNotifierMixin._notify_gateway_port_ip_changed-8776308186480', 'neutron.db.l3_dvrscheduler_db._notify_l3_agent_port_update-8776307678504', 'neutron.db.l3_hascheduler_db._notify_l3_agent_ha_port_update-8776307678522'] for port (d69f4842-7f5f-418c-9416-7155c6097306), after_update {{(pid=103194) _notify_loop /usr/local/lib/python3.8/dist-packages/neutron_lib/callbacks/manager.py:176}}
Feb 16 16:13:25.750136 dv-cinder-829560-1-smb neutron-server[103192]: DEBUG neutron.pecan_wsgi.hooks.policy_enforcement [req-6e637530-ced3-4731-a282-e548ed12b156 req-61d936c1-db4f-4386-add8-aedb872abafb service neutron] Attributes excluded by policy engine: ['standard_attr_id'] {{(pid=103192) _exclude_attributes_by_policy /opt/stack/neutron/neutron/pecan_wsgi/hooks/policy_enforcement.py:255}}
Feb 16 16:13:25.751787 dv-cinder-829560-1-smb neutron-server[103192]: INFO neutron.wsgi [req-6e637530-ced3-4731-a282-e548ed12b156 req-61d936c1-db4f-4386-add8-aedb872abafb service neutron] 10.222.0.26 "GET /v2.0/ports?network_id=1d5227a3-55fa-4308-a40d-e5a78606ca69&device_owner=network%3Adhcp HTTP/1.1" status: 200 len: 1210 time: 0.0523520
Feb 16 16:13:25.755731 dv-cinder-829560-1-smb neutron-server[103194]: DEBUG neutron.api.rpc.handlers.resources_rpc [None req-f330c4bb-ca2b-44ef-a670-a3d2fff4543f None None] Pushing event updated for resources: {'Port': ['ID=d69f4842-7f5f-418c-9416-7155c6097306,revision_number=4']} {{(pid=103194) push /opt/stack/neutron/neutron/api/rpc/handlers/resources_rpc.py:237}}
Feb 16 16:13:25.880313 dv-cinder-829560-1-smb neutron-server[103192]: INFO neutron.wsgi [req-6e637530-ced3-4731-a282-e548ed12b156 req-c1ac055d-fb5d-40ae-b072-78a4ab9fbf53 service neutron] 10.222.0.26 "GET /v2.0/networks/1d5227a3-55fa-4308-a40d-e5a78606ca69?fields=segments HTTP/1.1" status: 200 len: 212 time: 0.1204281
Feb 16 16:13:26.021524 dv-cinder-829560-1-smb neutron-server[103191]: DEBUG neutron.pecan_wsgi.hooks.policy_enforcement [req-2c378df8-f9e5-47eb-8169-eac6c4071a75 req-4228b906-8689-462d-bdf3-e65d9e09f1f1 tempest-AttachVolumeTestJSON-696723584 tempest-AttachVolumeTestJSON-696723584-project] Attributes excluded by policy engine: ['standard_attr_id', 'binding:profile', 'binding:host_id', 'binding:vif_type', 'binding:vif_details'] {{(pid=103191) _exclude_attributes_by_policy /opt/stack/neutron/neutron/pecan_wsgi/hooks/policy_enforcement.py:255}}
Feb 16 16:13:26.023990 dv-cinder-829560-1-smb neutron-server[103191]: INFO neutron.wsgi [req-2c378df8-f9e5-47eb-8169-eac6c4071a75 req-4228b906-8689-462d-bdf3-e65d9e09f1f1 tempest-AttachVolumeTestJSON-696723584 tempest-AttachVolumeTestJSON-696723584-project] 10.222.0.71 "GET /v2.0/ports?device_id=8777fd5c-8264-48ce-a85b-e79835370511 HTTP/1.1" status: 200 len: 944 time: 0.1059284
Feb 16 16:13:26.032791 dv-cinder-829560-1-smb neutron-server[103192]: INFO neutron.wsgi [req-6e637530-ced3-4731-a282-e548ed12b156 req-cb11b0c6-823e-48a1-88bd-ffeeaf58e64d service neutron] 10.222.0.26 "GET /v2.0/networks/1d5227a3-55fa-4308-a40d-e5a78606ca69?fields=provider%3Aphysical_network&fields=provider%3Anetwork_type HTTP/1.1" status: 200 len: 281 time: 0.1372230
Feb 16 16:13:26.089129 dv-cinder-829560-1-smb neutron-server[103191]: INFO neutron.wsgi [req-2c378df8-f9e5-47eb-8169-eac6c4071a75 req-a72dacb3-9a94-45f7-abc3-dd6bcc299ea6 tempest-AttachVolumeTestJSON-696723584 tempest-AttachVolumeTestJSON-696723584-project] 10.222.0.71 "GET /v2.0/security-groups?id=3e4ae7ad-9349-4dac-a317-60f6e1f2d5f3&fields=id&fields=name HTTP/1.1" status: 200 len: 312 time: 0.0582440
Feb 16 16:13:26.100365 dv-cinder-829560-1-smb neutron-server[103194]: DEBUG neutron.plugins.ml2.db [None req-f330c4bb-ca2b-44ef-a670-a3d2fff4543f None None] get_ports_and_sgs() called for port_ids ['d69f4842-7f5f-418c-9416-7155c6097306'] {{(pid=103194) get_ports_and_sgs /opt/stack/neutron/neutron/plugins/ml2/db.py:156}}
Feb 16 16:13:26.128909 dv-cinder-829560-1-smb neutron-server[103194]: DEBUG neutron.plugins.ml2.db [None req-f330c4bb-ca2b-44ef-a670-a3d2fff4543f None None] get_ports_and_sgs() called for port_ids ['194f1c8b-dfeb-4546-be0a-97cd2c03a00e'] {{(pid=103194) get_ports_and_sgs /opt/stack/neutron/neutron/plugins/ml2/db.py:156}}
Feb 16 16:13:26.468090 dv-cinder-829560-1-smb neutron-server[103191]: DEBUG neutron.pecan_wsgi.hooks.policy_enforcement [req-c3ab0127-42f2-4087-b297-f0cc809a1add req-fb14699a-9fac-41e8-a9e2-2e54b706a575 tempest-AttachVolumeShelveTestJSON-871321707 tempest-AttachVolumeShelveTestJSON-871321707-project] Attributes excluded by policy engine: ['standard_attr_id', 'binding:profile', 'binding:host_id', 'binding:vif_type', 'binding:vif_details'] {{(pid=103191) _exclude_attributes_by_policy /opt/stack/neutron/neutron/pecan_wsgi/hooks/policy_enforcement.py:255}}
Feb 16 16:13:26.469743 dv-cinder-829560-1-smb neutron-server[103191]: INFO neutron.wsgi [req-c3ab0127-42f2-4087-b297-f0cc809a1add req-fb14699a-9fac-41e8-a9e2-2e54b706a575 tempest-AttachVolumeShelveTestJSON-871321707 tempest-AttachVolumeShelveTestJSON-871321707-project] 10.222.0.71 "GET /v2.0/ports?device_id=19330bdf-d242-4aea-a643-b2c979ce4626 HTTP/1.1" status: 200 len: 943 time: 0.0745597
Feb 16 16:13:26.529387 dv-cinder-829560-1-smb neutron-server[103191]: INFO neutron.wsgi [req-c3ab0127-42f2-4087-b297-f0cc809a1add req-a95fb14b-0b24-46eb-ad06-398ab31c7ae1 tempest-AttachVolumeShelveTestJSON-871321707 tempest-AttachVolumeShelveTestJSON-871321707-project] 10.222.0.71 "GET /v2.0/security-groups?id=ea3dcd5b-d4d5-4b98-9442-3e32c52e3743&fields=id&fields=name HTTP/1.1" status: 200 len: 313 time: 0.0511909
Feb 16 16:13:26.671349 dv-cinder-829560-1-smb neutron-server[103191]: DEBUG neutron.pecan_wsgi.hooks.policy_enforcement [req-d17ef938-1219-4e0a-bf7f-a2aecba2f2d2 req-5e0a6c3f-0e66-42ac-a739-c18c86dfe402 tempest-ServerRescueNegativeTestJSON-60706535 tempest-ServerRescueNegativeTestJSON-60706535-project] Attributes excluded by policy engine: ['standard_attr_id', 'binding:profile', 'binding:host_id', 'binding:vif_type', 'binding:vif_details'] {{(pid=103191) _exclude_attributes_by_policy /opt/stack/neutron/neutron/pecan_wsgi/hooks/policy_enforcement.py:255}}
Feb 16 16:13:26.672951 dv-cinder-829560-1-smb neutron-server[103191]: INFO neutron.wsgi [req-d17ef938-1219-4e0a-bf7f-a2aecba2f2d2 req-5e0a6c3f-0e66-42ac-a739-c18c86dfe402 tempest-ServerRescueNegativeTestJSON-60706535 tempest-ServerRescueNegativeTestJSON-60706535-project] 10.222.0.71 "GET /v2.0/ports?device_id=5efdb228-fdb9-4af5-b2e7-a0e95e8f0d98 HTTP/1.1" status: 200 len: 943 time: 0.0631268
Feb 16 16:13:26.721100 dv-cinder-829560-1-smb neutron-server[103191]: INFO neutron.wsgi [req-d17ef938-1219-4e0a-bf7f-a2aecba2f2d2 req-fdee1dc2-fc6f-440b-90ff-8431791e7271 tempest-ServerRescueNegativeTestJSON-60706535 tempest-ServerRescueNegativeTestJSON-60706535-project] 10.222.0.71 "GET /v2.0/security-groups?id=3ca5a93a-767e-4b72-bf44-1dc2ae1a55f4&fields=id&fields=name HTTP/1.1" status: 200 len: 286 time: 0.0425382
Feb 16 16:13:27.093560 dv-cinder-829560-1-smb neutron-server[103192]: DEBUG neutron.wsgi [-] (103192) accepted ('10.222.0.71', 37890) {{(pid=103192) server /usr/local/lib/python3.8/dist-packages/eventlet/wsgi.py:1004}}
Feb 16 16:13:27.211014 dv-cinder-829560-1-smb neutron-server[103191]: DEBUG neutron.pecan_wsgi.hooks.policy_enforcement [req-adeefe15-605e-4287-a298-333b96c0e0cd req-474e292a-317a-4849-8180-82985fbe01ba tempest-AttachVolumeTestJSON-696723584 tempest-AttachVolumeTestJSON-696723584-project] Attributes excluded by policy engine: ['standard_attr_id', 'binding:profile', 'binding:host_id', 'binding:vif_type', 'binding:vif_details'] {{(pid=103191) _exclude_attributes_by_policy /opt/stack/neutron/neutron/pecan_wsgi/hooks/policy_enforcement.py:255}}
Feb 16 16:13:27.212494 dv-cinder-829560-1-smb neutron-server[103191]: INFO neutron.wsgi [req-adeefe15-605e-4287-a298-333b96c0e0cd req-474e292a-317a-4849-8180-82985fbe01ba tempest-AttachVolumeTestJSON-696723584 tempest-AttachVolumeTestJSON-696723584-project] 10.222.0.71 "GET /v2.0/ports?device_id=8777fd5c-8264-48ce-a85b-e79835370511 HTTP/1.1" status: 200 len: 944 time: 0.0549426
Feb 16 16:13:27.235908 dv-cinder-829560-1-smb neutron-server[103192]: DEBUG neutron_lib.callbacks.manager [None req-6cf5359d-9360-4b4b-85e6-9f546421495c admin admin] Publish callbacks [] for security_group (None), before_create {{(pid=103192) _notify_loop /usr/local/lib/python3.8/dist-packages/neutron_lib/callbacks/manager.py:176}}
Feb 16 16:13:27.272920 dv-cinder-829560-1-smb neutron-server[103191]: INFO neutron.wsgi [req-adeefe15-605e-4287-a298-333b96c0e0cd req-571b2d00-6a92-4d26-9462-5734fb35324a tempest-AttachVolumeTestJSON-696723584 tempest-AttachVolumeTestJSON-696723584-project] 10.222.0.71 "GET /v2.0/security-groups?id=3e4ae7ad-9349-4dac-a317-60f6e1f2d5f3&fields=id&fields=name HTTP/1.1" status: 200 len: 312 time: 0.0516813
Feb 16 16:13:27.324416 dv-cinder-829560-1-smb neutron-server[103192]: DEBUG neutron_lib.callbacks.manager [None req-6cf5359d-9360-4b4b-85e6-9f546421495c admin admin] Publish callbacks [] for security_group (f27c009f-2b65-4a0b-8b03-dcb6b44a82a0), precommit_create {{(pid=103192) _notify_loop /usr/local/lib/python3.8/dist-packages/neutron_lib/callbacks/manager.py:176}}
Feb 16 16:13:27.328142 dv-cinder-829560-1-smb neutron-server[103192]: DEBUG neutron.wsgi [-] (103192) accepted ('10.222.0.71', 37902) {{(pid=103192) server /usr/local/lib/python3.8/dist-packages/eventlet/wsgi.py:1004}}
Feb 16 16:13:27.370356 dv-cinder-829560-1-smb neutron-server[103192]: DEBUG neutron_lib.callbacks.manager [None req-6cf5359d-9360-4b4b-85e6-9f546421495c admin admin] Publish callbacks ['neutron.plugins.ml2.ovo_rpc._ObjectChangeHandler.handle_event-596863'] for security_group (f27c009f-2b65-4a0b-8b03-dcb6b44a82a0), after_create {{(pid=103192) _notify_loop /usr/local/lib/python3.8/dist-packages/neutron_lib/callbacks/manager.py:176}}
Feb 16 16:13:27.412530 dv-cinder-829560-1-smb neutron-server[103192]: INFO neutron.wsgi [None req-6cf5359d-9360-4b4b-85e6-9f546421495c admin admin] 10.222.0.71 "GET /v2.0/security-groups?tenant_id=6dd1943efc0a4168a418e208502312e5&name=default HTTP/1.1" status: 200 len: 2996 time: 0.3178856
Feb 16 16:13:27.415401 dv-cinder-829560-1-smb neutron-server[103191]: DEBUG neutron.wsgi [-] (103191) accepted ('10.222.0.71', 37912) {{(pid=103191) server /usr/local/lib/python3.8/dist-packages/eventlet/wsgi.py:1004}}
Feb 16 16:13:27.416446 dv-cinder-829560-1-smb neutron-server[103192]: DEBUG neutron.api.rpc.handlers.resources_rpc [None req-6cf5359d-9360-4b4b-85e6-9f546421495c admin admin] Pushing event updated for resources: {'SecurityGroup': ['ID=f27c009f-2b65-4a0b-8b03-dcb6b44a82a0,revision_number=1']} {{(pid=103192) push /opt/stack/neutron/neutron/api/rpc/handlers/resources_rpc.py:237}}
Feb 16 16:13:27.527811 dv-cinder-829560-1-smb neutron-server[103191]: DEBUG neutron_lib.callbacks.manager [None req-ca97dbd7-4d67-46ad-aa0c-166a57c567fc admin admin] Publish callbacks [] for security_group (f27c009f-2b65-4a0b-8b03-dcb6b44a82a0), before_delete {{(pid=103191) _notify_loop /usr/local/lib/python3.8/dist-packages/neutron_lib/callbacks/manager.py:176}}
Feb 16 16:13:27.560540 dv-cinder-829560-1-smb neutron-server[103191]: DEBUG neutron_lib.callbacks.manager [None req-ca97dbd7-4d67-46ad-aa0c-166a57c567fc admin admin] Publish callbacks [] for security_group (f27c009f-2b65-4a0b-8b03-dcb6b44a82a0), precommit_delete {{(pid=103191) _notify_loop /usr/local/lib/python3.8/dist-packages/neutron_lib/callbacks/manager.py:176}}
Feb 16 16:13:27.623844 dv-cinder-829560-1-smb neutron-server[103192]: DEBUG neutron_lib.callbacks.manager [None req-12a2a9e0-f579-4d7a-bd58-eab8fcfb2ff6 admin admin] Publish callbacks [] for security_group (None), before_create {{(pid=103192) _notify_loop /usr/local/lib/python3.8/dist-packages/neutron_lib/callbacks/manager.py:176}}
Feb 16 16:13:27.690110 dv-cinder-829560-1-smb neutron-server[103191]: DEBUG neutron_lib.callbacks.manager [None req-ca97dbd7-4d67-46ad-aa0c-166a57c567fc admin admin] Publish callbacks ['neutron.plugins.ml2.ovo_rpc._ObjectChangeHandler.handle_event-596863'] for security_group (f27c009f-2b65-4a0b-8b03-dcb6b44a82a0), after_delete {{(pid=103191) _notify_loop /usr/local/lib/python3.8/dist-packages/neutron_lib/callbacks/manager.py:176}}
Feb 16 16:13:27.692975 dv-cinder-829560-1-smb neutron-server[103191]: DEBUG neutron_lib.callbacks.manager [None req-ca97dbd7-4d67-46ad-aa0c-166a57c567fc admin admin] Publish callbacks [] for security_group (None), before_response {{(pid=103191) _notify_loop /usr/local/lib/python3.8/dist-packages/neutron_lib/callbacks/manager.py:176}}
Feb 16 16:13:27.696455 dv-cinder-829560-1-smb neutron-server[103191]: INFO neutron.wsgi [None req-ca97dbd7-4d67-46ad-aa0c-166a57c567fc admin admin] 10.222.0.71 "DELETE /v2.0/security-groups/f27c009f-2b65-4a0b-8b03-dcb6b44a82a0 HTTP/1.1" status: 204 len: 168 time: 0.2778082
Feb 16 16:13:27.704290 dv-cinder-829560-1-smb neutron-server[103191]: DEBUG neutron.api.rpc.handlers.resources_rpc [None req-ca97dbd7-4d67-46ad-aa0c-166a57c567fc admin admin] Pushing event deleted for resources: {'SecurityGroup': ['ID=f27c009f-2b65-4a0b-8b03-dcb6b44a82a0,revision_number=None']} {{(pid=103191) push /opt/stack/neutron/neutron/api/rpc/handlers/resources_rpc.py:237}}
Feb 16 16:13:27.756384 dv-cinder-829560-1-smb neutron-server[103192]: DEBUG neutron_lib.callbacks.manager [None req-12a2a9e0-f579-4d7a-bd58-eab8fcfb2ff6 admin admin] Publish callbacks [] for security_group (0fa4aaa6-a769-4f55-9b39-74095a4f551f), precommit_create {{(pid=103192) _notify_loop /usr/local/lib/python3.8/dist-packages/neutron_lib/callbacks/manager.py:176}}
Feb 16 16:13:27.867385 dv-cinder-829560-1-smb neutron-server[103192]: DEBUG neutron_lib.callbacks.manager [None req-12a2a9e0-f579-4d7a-bd58-eab8fcfb2ff6 admin admin] Publish callbacks ['neutron.plugins.ml2.ovo_rpc._ObjectChangeHandler.handle_event-596863'] for security_group (0fa4aaa6-a769-4f55-9b39-74095a4f551f), after_create {{(pid=103192) _notify_loop /usr/local/lib/python3.8/dist-packages/neutron_lib/callbacks/manager.py:176}}
Feb 16 16:13:27.912455 dv-cinder-829560-1-smb neutron-server[103192]: INFO neutron.wsgi [None req-12a2a9e0-f579-4d7a-bd58-eab8fcfb2ff6 admin admin] 10.222.0.71 "GET /v2.0/security-groups?tenant_id=470a449c965e4d4d9acca8403c0544cf&name=default HTTP/1.1" status: 200 len: 2996 time: 0.5803699
Feb 16 16:13:27.912964 dv-cinder-829560-1-smb neutron-server[103192]: DEBUG neutron.wsgi [-] (103192) accepted ('10.222.0.71', 37948) {{(pid=103192) server /usr/local/lib/python3.8/dist-packages/eventlet/wsgi.py:1004}}
Feb 16 16:13:27.925269 dv-cinder-829560-1-smb neutron-server[103192]: DEBUG neutron.api.rpc.handlers.resources_rpc [None req-12a2a9e0-f579-4d7a-bd58-eab8fcfb2ff6 admin admin] Pushing event updated for resources: {'SecurityGroup': ['ID=0fa4aaa6-a769-4f55-9b39-74095a4f551f,revision_number=1']} {{(pid=103192) push /opt/stack/neutron/neutron/api/rpc/handlers/resources_rpc.py:237}}
Feb 16 16:13:27.965784 dv-cinder-829560-1-smb neutron-server[103192]: DEBUG neutron_lib.callbacks.manager [None req-25b9d017-c5e7-48ef-87f4-a6700f87f26e admin admin] Publish callbacks [] for security_group (0fa4aaa6-a769-4f55-9b39-74095a4f551f), before_delete {{(pid=103192) _notify_loop /usr/local/lib/python3.8/dist-packages/neutron_lib/callbacks/manager.py:176}}
Feb 16 16:13:27.989575 dv-cinder-829560-1-smb neutron-server[103192]: DEBUG neutron_lib.callbacks.manager [None req-25b9d017-c5e7-48ef-87f4-a6700f87f26e admin admin] Publish callbacks [] for security_group (0fa4aaa6-a769-4f55-9b39-74095a4f551f), precommit_delete {{(pid=103192) _notify_loop /usr/local/lib/python3.8/dist-packages/neutron_lib/callbacks/manager.py:176}}
Feb 16 16:13:28.108394 dv-cinder-829560-1-smb neutron-server[103192]: DEBUG neutron_lib.callbacks.manager [None req-25b9d017-c5e7-48ef-87f4-a6700f87f26e admin admin] Publish callbacks ['neutron.plugins.ml2.ovo_rpc._ObjectChangeHandler.handle_event-596863'] for security_group (0fa4aaa6-a769-4f55-9b39-74095a4f551f), after_delete {{(pid=103192) _notify_loop /usr/local/lib/python3.8/dist-packages/neutron_lib/callbacks/manager.py:176}}
Feb 16 16:13:28.110998 dv-cinder-829560-1-smb neutron-server[103192]: DEBUG neutron_lib.callbacks.manager [None req-25b9d017-c5e7-48ef-87f4-a6700f87f26e admin admin] Publish callbacks [] for security_group (None), before_response {{(pid=103192) _notify_loop /usr/local/lib/python3.8/dist-packages/neutron_lib/callbacks/manager.py:176}}
Feb 16 16:13:28.114546 dv-cinder-829560-1-smb neutron-server[103192]: INFO neutron.wsgi [None req-25b9d017-c5e7-48ef-87f4-a6700f87f26e admin admin] 10.222.0.71 "DELETE /v2.0/security-groups/0fa4aaa6-a769-4f55-9b39-74095a4f551f HTTP/1.1" status: 204 len: 168 time: 0.1982687
Feb 16 16:13:28.120962 dv-cinder-829560-1-smb neutron-server[103192]: DEBUG neutron.api.rpc.handlers.resources_rpc [None req-25b9d017-c5e7-48ef-87f4-a6700f87f26e admin admin] Pushing event deleted for resources: {'SecurityGroup': ['ID=0fa4aaa6-a769-4f55-9b39-74095a4f551f,revision_number=None']} {{(pid=103192) push /opt/stack/neutron/neutron/api/rpc/handlers/resources_rpc.py:237}}
Feb 16 16:13:28.394617 dv-cinder-829560-1-smb neutron-server[103191]: DEBUG neutron.pecan_wsgi.hooks.policy_enforcement [req-6831d83a-cb71-4ab5-81a3-7e07692ce9eb req-cc0140bd-5ed5-479a-9a4b-e4de633ef827 tempest-AttachVolumeShelveTestJSON-871321707 tempest-AttachVolumeShelveTestJSON-871321707-project] Attributes excluded by policy engine: ['standard_attr_id', 'binding:profile', 'binding:host_id', 'binding:vif_type', 'binding:vif_details'] {{(pid=103191) _exclude_attributes_by_policy /opt/stack/neutron/neutron/pecan_wsgi/hooks/policy_enforcement.py:255}}
Feb 16 16:13:28.396097 dv-cinder-829560-1-smb neutron-server[103191]: INFO neutron.wsgi [req-6831d83a-cb71-4ab5-81a3-7e07692ce9eb req-cc0140bd-5ed5-479a-9a4b-e4de633ef827 tempest-AttachVolumeShelveTestJSON-871321707 tempest-AttachVolumeShelveTestJSON-871321707-project] 10.222.0.71 "GET /v2.0/ports?device_id=19330bdf-d242-4aea-a643-b2c979ce4626 HTTP/1.1" status: 200 len: 943 time: 0.0545740
Feb 16 16:13:28.446476 dv-cinder-829560-1-smb neutron-server[103191]: INFO neutron.wsgi [req-6831d83a-cb71-4ab5-81a3-7e07692ce9eb req-7cc0e052-6374-4a60-a3de-bbf3dcd11b43 tempest-AttachVolumeShelveTestJSON-871321707 tempest-AttachVolumeShelveTestJSON-871321707-project] 10.222.0.71 "GET /v2.0/security-groups?id=ea3dcd5b-d4d5-4b98-9442-3e32c52e3743&fields=id&fields=name HTTP/1.1" status: 200 len: 313 time: 0.0441468
Feb 16 16:13:28.553721 dv-cinder-829560-1-smb neutron-server[103192]: DEBUG neutron.wsgi [-] (103192) accepted ('10.222.0.71', 37964) {{(pid=103192) server /usr/local/lib/python3.8/dist-packages/eventlet/wsgi.py:1004}}
Feb 16 16:13:28.565616 dv-cinder-829560-1-smb neutron-server[103191]: DEBUG neutron.pecan_wsgi.hooks.policy_enforcement [req-0d43533c-7a55-41fa-8ab6-9fa77ebfc2d3 req-922c5a44-7e9d-4d73-a00d-70c69b151cc7 tempest-ServerRescueNegativeTestJSON-60706535 tempest-ServerRescueNegativeTestJSON-60706535-project] Attributes excluded by policy engine: ['standard_attr_id', 'binding:profile', 'binding:host_id', 'binding:vif_type', 'binding:vif_details'] {{(pid=103191) _exclude_attributes_by_policy /opt/stack/neutron/neutron/pecan_wsgi/hooks/policy_enforcement.py:255}}
Feb 16 16:13:28.567965 dv-cinder-829560-1-smb neutron-server[103191]: INFO neutron.wsgi [req-0d43533c-7a55-41fa-8ab6-9fa77ebfc2d3 req-922c5a44-7e9d-4d73-a00d-70c69b151cc7 tempest-ServerRescueNegativeTestJSON-60706535 tempest-ServerRescueNegativeTestJSON-60706535-project] 10.222.0.71 "GET /v2.0/ports?device_id=5efdb228-fdb9-4af5-b2e7-a0e95e8f0d98 HTTP/1.1" status: 200 len: 943 time: 0.0618978
Feb 16 16:13:28.571827 dv-cinder-829560-1-smb neutron-server[103192]: DEBUG neutron_lib.callbacks.manager [None req-7a242d37-473a-4386-b250-13bcbe415142 admin admin] Publish callbacks [] for security_group (None), before_create {{(pid=103192) _notify_loop /usr/local/lib/python3.8/dist-packages/neutron_lib/callbacks/manager.py:176}}
Feb 16 16:13:28.629712 dv-cinder-829560-1-smb neutron-server[103191]: INFO neutron.wsgi [req-0d43533c-7a55-41fa-8ab6-9fa77ebfc2d3 req-33f31f4f-22d6-4ddb-a67c-e0c14174b1a1 tempest-ServerRescueNegativeTestJSON-60706535 tempest-ServerRescueNegativeTestJSON-60706535-project] 10.222.0.71 "GET /v2.0/security-groups?id=3ca5a93a-767e-4b72-bf44-1dc2ae1a55f4&fields=id&fields=name HTTP/1.1" status: 200 len: 286 time: 0.0552347
Feb 16 16:13:28.661127 dv-cinder-829560-1-smb neutron-server[103192]: DEBUG neutron_lib.callbacks.manager [None req-7a242d37-473a-4386-b250-13bcbe415142 admin admin] Publish callbacks [] for security_group (942559f0-8ece-4d25-8c9b-4ff7767b6b41), precommit_create {{(pid=103192) _notify_loop /usr/local/lib/python3.8/dist-packages/neutron_lib/callbacks/manager.py:176}}
Feb 16 16:13:28.721124 dv-cinder-829560-1-smb neutron-server[103192]: DEBUG neutron_lib.callbacks.manager [None req-7a242d37-473a-4386-b250-13bcbe415142 admin admin] Publish callbacks ['neutron.plugins.ml2.ovo_rpc._ObjectChangeHandler.handle_event-596863'] for security_group (942559f0-8ece-4d25-8c9b-4ff7767b6b41), after_create {{(pid=103192) _notify_loop /usr/local/lib/python3.8/dist-packages/neutron_lib/callbacks/manager.py:176}}
Feb 16 16:13:28.754053 dv-cinder-829560-1-smb neutron-server[103194]: DEBUG neutron.plugins.ml2.rpc [None req-f330c4bb-ca2b-44ef-a670-a3d2fff4543f None None] Device e689e088-c260-454e-a52f-b74ff3b76b55 details requested by agent hyperv_hv-cinder-82956 with host hv-cinder-82956 {{(pid=103194) get_device_details /opt/stack/neutron/neutron/plugins/ml2/rpc.py:102}}
Feb 16 16:13:28.842453 dv-cinder-829560-1-smb neutron-server[103191]: DEBUG neutron.wsgi [-] (103191) accepted ('10.222.0.71', 37976) {{(pid=103191) server /usr/local/lib/python3.8/dist-packages/eventlet/wsgi.py:1004}}
Feb 16 16:13:28.851102 dv-cinder-829560-1-smb neutron-server[103192]: INFO neutron.wsgi [None req-7a242d37-473a-4386-b250-13bcbe415142 admin admin] 10.222.0.71 "GET /v2.0/security-groups?tenant_id=e8640983fb944b4cae20a4e715afb538&name=default HTTP/1.1" status: 200 len: 2996 time: 0.2955921
Feb 16 16:13:28.875874 dv-cinder-829560-1-smb neutron-server[103192]: DEBUG neutron.api.rpc.handlers.resources_rpc [None req-7a242d37-473a-4386-b250-13bcbe415142 admin admin] Pushing event updated for resources: {'SecurityGroup': ['ID=942559f0-8ece-4d25-8c9b-4ff7767b6b41,revision_number=1']} {{(pid=103192) push /opt/stack/neutron/neutron/api/rpc/handlers/resources_rpc.py:237}}
Feb 16 16:13:28.924434 dv-cinder-829560-1-smb neutron-server[103194]: DEBUG neutron.plugins.ml2.db [None req-f330c4bb-ca2b-44ef-a670-a3d2fff4543f None None] For port e689e088-c260-454e-a52f-b74ff3b76b55, host hv-cinder-82956, got binding levels [PortBindingLevel(driver='hyperv',host='hv-cinder-82956',level=0,port_id=e689e088-c260-454e-a52f-b74ff3b76b55,segment=NetworkSegment(5800d92c-9373-4066-bd70-3259fb0218d5),segment_id=5800d92c-9373-4066-bd70-3259fb0218d5)] {{(pid=103194) get_binding_level_objs /opt/stack/neutron/neutron/plugins/ml2/db.py:74}}
Feb 16 16:13:28.953371 dv-cinder-829560-1-smb neutron-server[103194]: DEBUG neutron.plugins.ml2.rpc [None req-f330c4bb-ca2b-44ef-a670-a3d2fff4543f None None] Device 194f1c8b-dfeb-4546-be0a-97cd2c03a00e up at agent hyperv_hv-cinder-82956 {{(pid=103194) update_device_up /opt/stack/neutron/neutron/plugins/ml2/rpc.py:296}}
Feb 16 16:13:28.975086 dv-cinder-829560-1-smb neutron-server[103191]: DEBUG neutron_lib.callbacks.manager [None req-31c66543-2a61-4249-b69b-42ea2f3dab0f admin admin] Publish callbacks [] for security_group (942559f0-8ece-4d25-8c9b-4ff7767b6b41), before_delete {{(pid=103191) _notify_loop /usr/local/lib/python3.8/dist-packages/neutron_lib/callbacks/manager.py:176}}
Feb 16 16:13:29.005418 dv-cinder-829560-1-smb neutron-server[103194]: DEBUG neutron.plugins.ml2.rpc [None req-f330c4bb-ca2b-44ef-a670-a3d2fff4543f None None] Returning: {'device': 'e689e088-c260-454e-a52f-b74ff3b76b55', 'network_id': 'e607ca2a-2612-49c0-a08f-793b5c8d3579', 'port_id': 'e689e088-c260-454e-a52f-b74ff3b76b55', 'mac_address': 'fa:16:3e:f3:09:6c', 'admin_state_up': True, 'network_type': 'vlan', 'segmentation_id': 286, 'physical_network': 'physnet1', 'mtu': 1500, 'fixed_ips': [{'subnet_id': 'af44210e-2736-4c00-87da-bd73521df8bb', 'ip_address': '172.20.0.7'}], 'device_owner': 'compute:nova', 'allowed_address_pairs': [], 'port_security_enabled': True, 'qos_policy_id': None, 'network_qos_policy_id': None, 'profile': {}, 'propagate_uplink_status': False} {{(pid=103194) _get_device_details /opt/stack/neutron/neutron/plugins/ml2/rpc.py:184}}
Feb 16 16:13:29.012804 dv-cinder-829560-1-smb neutron-server[103191]: DEBUG neutron_lib.callbacks.manager [None req-31c66543-2a61-4249-b69b-42ea2f3dab0f admin admin] Publish callbacks [] for security_group (942559f0-8ece-4d25-8c9b-4ff7767b6b41), precommit_delete {{(pid=103191) _notify_loop /usr/local/lib/python3.8/dist-packages/neutron_lib/callbacks/manager.py:176}}
Feb 16 16:13:29.024184 dv-cinder-829560-1-smb neutron-server[103191]: DEBUG neutron.pecan_wsgi.hooks.policy_enforcement [req-fc3d7cbb-27fd-4cfc-9828-57f9e5738a7b req-ba5e3942-e2fd-448f-a836-399999ddbf53 tempest-AttachVolumeTestJSON-696723584 tempest-AttachVolumeTestJSON-696723584-project] Attributes excluded by policy engine: ['standard_attr_id', 'binding:profile', 'binding:host_id', 'binding:vif_type', 'binding:vif_details'] {{(pid=103191) _exclude_attributes_by_policy /opt/stack/neutron/neutron/pecan_wsgi/hooks/policy_enforcement.py:255}}
Feb 16 16:13:29.045264 dv-cinder-829560-1-smb neutron-server[103191]: INFO neutron.wsgi [req-fc3d7cbb-27fd-4cfc-9828-57f9e5738a7b req-ba5e3942-e2fd-448f-a836-399999ddbf53 tempest-AttachVolumeTestJSON-696723584 tempest-AttachVolumeTestJSON-696723584-project] 10.222.0.71 "GET /v2.0/ports?device_id=8777fd5c-8264-48ce-a85b-e79835370511 HTTP/1.1" status: 200 len: 944 time: 0.1126301
Feb 16 16:13:29.095156 dv-cinder-829560-1-smb neutron-server[103194]: DEBUG neutron.plugins.ml2.plugin [None req-f330c4bb-ca2b-44ef-a670-a3d2fff4543f None None] Current status of the port e689e088-c260-454e-a52f-b74ff3b76b55 is: DOWN; New status is: BUILD {{(pid=103194) _update_individual_port_db_status /opt/stack/neutron/neutron/plugins/ml2/plugin.py:2232}}
Feb 16 16:13:29.095644 dv-cinder-829560-1-smb neutron-server[103194]: DEBUG neutron_lib.callbacks.manager [None req-f330c4bb-ca2b-44ef-a670-a3d2fff4543f None None] Publish callbacks ['neutron.plugins.ml2.plugin.SecurityGroupDbMixin._ensure_default_security_group_handler-8303946'] for port (e689e088-c260-454e-a52f-b74ff3b76b55), before_update {{(pid=103194) _notify_loop /usr/local/lib/python3.8/dist-packages/neutron_lib/callbacks/manager.py:176}}
Feb 16 16:13:29.110852 dv-cinder-829560-1-smb neutron-server[103194]: DEBUG neutron.notifiers.nova [None req-f330c4bb-ca2b-44ef-a670-a3d2fff4543f None None] Ignoring state change previous_port_status: DOWN current_port_status: BUILD port_id e689e088-c260-454e-a52f-b74ff3b76b55 {{(pid=103194) record_port_status_changed /opt/stack/neutron/neutron/notifiers/nova.py:233}}
Feb 16 16:13:29.127040 dv-cinder-829560-1-smb neutron-server[103191]: INFO neutron.wsgi [req-fc3d7cbb-27fd-4cfc-9828-57f9e5738a7b req-1490672f-b817-4275-bf9c-27c21cc2a1ce tempest-AttachVolumeTestJSON-696723584 tempest-AttachVolumeTestJSON-696723584-project] 10.222.0.71 "GET /v2.0/security-groups?id=3e4ae7ad-9349-4dac-a317-60f6e1f2d5f3&fields=id&fields=name HTTP/1.1" status: 200 len: 312 time: 0.0688322
