Feb 16 16:02:40.104934 dv-cinder-829560-1-iscsi devstack@n-api.service[116516]: INFO nova.api.openstack.requestlog [None req-3f066394-e782-4fec-8514-501578b508ec tempest-DeleteServersTestJSON-1984511691 tempest-DeleteServersTestJSON-1984511691-project] 10.222.0.69 "GET /compute/v2.1/servers/1ea386e1-1943-47ed-991e-e43b481a227a" status: 200 len: 1214 microversion: 2.1 time: 0.249146
Feb 16 16:02:40.111618 dv-cinder-829560-1-iscsi devstack@n-api.service[116516]: [pid: 116516|app: 0|req: 22/25] 10.222.0.69 () {58 vars in 1235 bytes} [Wed Feb 16 16:02:39 2022] GET /compute/v2.1/servers/1ea386e1-1943-47ed-991e-e43b481a227a => generated 1214 bytes in 256 msecs (HTTP/1.1 200) 9 headers in 358 bytes (1 switches on core 0)
Feb 16 16:02:40.267969 dv-cinder-829560-1-iscsi devstack@n-api.service[116517]: INFO nova.api.openstack.requestlog [None req-15c3bc5f-7992-406a-9d62-036d10ade4f4 tempest-VolumesSnapshotsTestJSON-467413948 tempest-VolumesSnapshotsTestJSON-467413948-project] 10.222.0.69 "GET /compute/v2.1/os-snapshots/d7431f69-89c5-4343-9aa3-b35a4dc44541" status: 200 len: 287 microversion: 2.1 time: 0.256484
Feb 16 16:02:40.268665 dv-cinder-829560-1-iscsi devstack@n-api.service[116517]: [pid: 116517|app: 0|req: 4/26] 10.222.0.69 () {58 vars in 1250 bytes} [Wed Feb 16 16:02:40 2022] GET /compute/v2.1/os-snapshots/d7431f69-89c5-4343-9aa3-b35a4dc44541 => generated 287 bytes in 265 msecs (HTTP/1.1 200) 9 headers in 357 bytes (1 switches on core 0)
Feb 16 16:02:41.140736 dv-cinder-829560-1-iscsi devstack@n-api.service[116517]: DEBUG nova.api.openstack.wsgi [None req-264957e4-470e-466b-9230-4e62d35e01a3 tempest-DeleteServersTestJSON-1984511691 tempest-DeleteServersTestJSON-1984511691-project] Calling method '>' {{(pid=116517) _process_stack /opt/stack/nova/nova/api/openstack/wsgi.py:513}}
Feb 16 16:02:41.141810 dv-cinder-829560-1-iscsi devstack@n-api.service[116517]: DEBUG nova.compute.api [None req-264957e4-470e-466b-9230-4e62d35e01a3 tempest-DeleteServersTestJSON-1984511691 tempest-DeleteServersTestJSON-1984511691-project] [instance: 1ea386e1-1943-47ed-991e-e43b481a227a] Fetching instance by UUID {{(pid=116517) get /opt/stack/nova/nova/compute/api.py:2865}}
Feb 16 16:02:41.185315 dv-cinder-829560-1-iscsi devstack@n-api.service[116517]: DEBUG oslo_concurrency.lockutils [None req-264957e4-470e-466b-9230-4e62d35e01a3 tempest-DeleteServersTestJSON-1984511691 tempest-DeleteServersTestJSON-1984511691-project] Lock "f0830be9-6345-497a-b959-2f179e176873" acquired by "nova.context.set_target_cell..get_or_set_cached_cell_and_set_connections" :: waited 0.000s {{(pid=116517) inner /usr/local/lib/python3.8/dist-packages/oslo_concurrency/lockutils.py:386}}
Feb 16 16:02:41.186722 dv-cinder-829560-1-iscsi devstack@n-api.service[116517]: DEBUG oslo_concurrency.lockutils [None req-264957e4-470e-466b-9230-4e62d35e01a3 tempest-DeleteServersTestJSON-1984511691 tempest-DeleteServersTestJSON-1984511691-project] Lock "f0830be9-6345-497a-b959-2f179e176873" "released" by "nova.context.set_target_cell..get_or_set_cached_cell_and_set_connections" :: held 0.001s {{(pid=116517) inner /usr/local/lib/python3.8/dist-packages/oslo_concurrency/lockutils.py:400}}
Feb 16 16:02:41.188083 dv-cinder-829560-1-iscsi devstack@n-api.service[116517]: DEBUG oslo_concurrency.lockutils [None req-264957e4-470e-466b-9230-4e62d35e01a3 tempest-DeleteServersTestJSON-1984511691 tempest-DeleteServersTestJSON-1984511691-project] Lock "f0830be9-6345-497a-b959-2f179e176873" acquired by "nova.context.set_target_cell..get_or_set_cached_cell_and_set_connections" :: waited 0.000s {{(pid=116517) inner /usr/local/lib/python3.8/dist-packages/oslo_concurrency/lockutils.py:386}}
Feb 16 16:02:41.188830 dv-cinder-829560-1-iscsi devstack@n-api.service[116517]: DEBUG oslo_concurrency.lockutils [None req-264957e4-470e-466b-9230-4e62d35e01a3 tempest-DeleteServersTestJSON-1984511691 tempest-DeleteServersTestJSON-1984511691-project] Lock "f0830be9-6345-497a-b959-2f179e176873" "released" by "nova.context.set_target_cell..get_or_set_cached_cell_and_set_connections" :: held 0.001s {{(pid=116517) inner /usr/local/lib/python3.8/dist-packages/oslo_concurrency/lockutils.py:400}}
Feb 16 16:02:41.497538 dv-cinder-829560-1-iscsi devstack@n-api.service[116516]: DEBUG nova.api.openstack.wsgi [None req-f885f2df-e57e-479f-b73c-f64eb493fe94 tempest-AttachVolumeTestJSON-191447090 tempest-AttachVolumeTestJSON-191447090-project] Action: 'create', calling method: .version_select at 0x7f4444305a60>, body: {"keypair": {"name": "tempest-keypair-1946748176"}} {{(pid=116516) _process_stack /opt/stack/nova/nova/api/openstack/wsgi.py:511}}
Feb 16 16:02:41.547633 dv-cinder-829560-1-iscsi devstack@n-api.service[116517]: DEBUG nova.policy [None req-264957e4-470e-466b-9230-4e62d35e01a3 tempest-DeleteServersTestJSON-1984511691 tempest-DeleteServersTestJSON-1984511691-project] Policy check for os_compute_api:os-extended-server-attributes failed with credentials {'is_admin': False, 'user_id': '4979748bba524b599ba0814f04fe40a1', 'user_domain_id': 'default', 'system_scope': None, 'domain_id': None, 'project_id': '481f8d49dbdc4f668e3b887bebea6df6', 'project_domain_id': 'default', 'roles': ['reader', 'member'], 'is_admin_project': True, 'service_user_id': None, 'service_user_domain_id': None, 'service_project_id': None, 'service_project_domain_id': None, 'service_roles': []} {{(pid=116517) authorize /opt/stack/nova/nova/policy.py:199}}
Feb 16 16:02:41.598323 dv-cinder-829560-1-iscsi devstack@n-api.service[116517]: INFO nova.api.openstack.requestlog [None req-264957e4-470e-466b-9230-4e62d35e01a3 tempest-DeleteServersTestJSON-1984511691 tempest-DeleteServersTestJSON-1984511691-project] 10.222.0.69 "GET /compute/v2.1/servers/1ea386e1-1943-47ed-991e-e43b481a227a" status: 200 len: 1210 microversion: 2.1 time: 0.471469
Feb 16 16:02:41.603876 dv-cinder-829560-1-iscsi devstack@n-api.service[116517]: [pid: 116517|app: 0|req: 5/27] 10.222.0.69 () {58 vars in 1235 bytes} [Wed Feb 16 16:02:41 2022] GET /compute/v2.1/servers/1ea386e1-1943-47ed-991e-e43b481a227a => generated 1210 bytes in 479 msecs (HTTP/1.1 200) 9 headers in 358 bytes (1 switches on core 0)
Feb 16 16:02:41.616867 dv-cinder-829560-1-iscsi devstack@n-api.service[116517]: DEBUG nova.api.openstack.wsgi [None req-eb621c31-c32b-493f-a3a0-1daf26deca56 tempest-VolumesSnapshotsTestJSON-467413948 tempest-VolumesSnapshotsTestJSON-467413948-project] Calling method '.version_select at 0x7f4444227dc0>' {{(pid=116517) _process_stack /opt/stack/nova/nova/api/openstack/wsgi.py:513}}
Feb 16 16:02:41.628524 dv-cinder-829560-1-iscsi devstack@n-api.service[116516]: DEBUG nova.quota [None req-f885f2df-e57e-479f-b73c-f64eb493fe94 tempest-AttachVolumeTestJSON-191447090 tempest-AttachVolumeTestJSON-191447090-project] Getting quotas for project 1b25eafaa6dc4da1b018bc9c0dfb4d0a. Resources: {'key_pairs'} {{(pid=116516) _get_quotas /opt/stack/nova/nova/quota.py:387}}
Feb 16 16:02:41.645366 dv-cinder-829560-1-iscsi devstack@n-api.service[116516]: DEBUG nova.quota [None req-f885f2df-e57e-479f-b73c-f64eb493fe94 tempest-AttachVolumeTestJSON-191447090 tempest-AttachVolumeTestJSON-191447090-project] Getting quotas for user fc190a0ce582414d9c4197c1a55a7eaa and project 1b25eafaa6dc4da1b018bc9c0dfb4d0a. Resources: {'key_pairs'} {{(pid=116516) _get_quotas /opt/stack/nova/nova/quota.py:377}}
Feb 16 16:02:41.681918 dv-cinder-829560-1-iscsi devstack@n-api.service[116517]: INFO nova.api.openstack.requestlog [None req-eb621c31-c32b-493f-a3a0-1daf26deca56 tempest-VolumesSnapshotsTestJSON-467413948 tempest-VolumesSnapshotsTestJSON-467413948-project] 10.222.0.69 "GET /compute/v2.1/os-snapshots/d7431f69-89c5-4343-9aa3-b35a4dc44541" status: 200 len: 288 microversion: 2.1 time: 0.076180
Feb 16 16:02:41.682948 dv-cinder-829560-1-iscsi devstack@n-api.service[116517]: [pid: 116517|app: 0|req: 6/28] 10.222.0.69 () {58 vars in 1250 bytes} [Wed Feb 16 16:02:41 2022] GET /compute/v2.1/os-snapshots/d7431f69-89c5-4343-9aa3-b35a4dc44541 => generated 288 bytes in 78 msecs (HTTP/1.1 200) 9 headers in 357 bytes (1 switches on core 0)
Feb 16 16:02:41.729590 dv-cinder-829560-1-iscsi devstack@n-api.service[116517]: DEBUG nova.api.openstack.wsgi [None req-38cf430a-4ccf-4551-bb48-ea85d29d22a8 tempest-VolumesSnapshotsTestJSON-467413948 tempest-VolumesSnapshotsTestJSON-467413948-project] Calling method '.version_select at 0x7f44431334c0>' {{(pid=116517) _process_stack /opt/stack/nova/nova/api/openstack/wsgi.py:513}}
Feb 16 16:02:41.816884 dv-cinder-829560-1-iscsi devstack@n-api.service[116517]: INFO nova.api.openstack.requestlog [None req-38cf430a-4ccf-4551-bb48-ea85d29d22a8 tempest-VolumesSnapshotsTestJSON-467413948 tempest-VolumesSnapshotsTestJSON-467413948-project] 10.222.0.69 "DELETE /compute/v2.1/os-snapshots/d7431f69-89c5-4343-9aa3-b35a4dc44541" status: 202 len: 0 microversion: 2.1 time: 0.126584
Feb 16 16:02:41.821268 dv-cinder-829560-1-iscsi devstack@n-api.service[116517]: [pid: 116517|app: 0|req: 7/29] 10.222.0.69 () {58 vars in 1253 bytes} [Wed Feb 16 16:02:41 2022] DELETE /compute/v2.1/os-snapshots/d7431f69-89c5-4343-9aa3-b35a4dc44541 => generated 0 bytes in 132 msecs (HTTP/1.1 202) 9 headers in 361 bytes (1 switches on core 0)
Feb 16 16:02:41.827617 dv-cinder-829560-1-iscsi devstack@n-api.service[116517]: DEBUG nova.api.openstack.wsgi [None req-2a24cf71-df09-46fb-ab75-117aa0981152 tempest-VolumesSnapshotsTestJSON-467413948 tempest-VolumesSnapshotsTestJSON-467413948-project] Calling method '.version_select at 0x7f4443144ca0>' {{(pid=116517) _process_stack /opt/stack/nova/nova/api/openstack/wsgi.py:513}}
Feb 16 16:02:41.884668 dv-cinder-829560-1-iscsi devstack@n-api.service[116517]: INFO nova.api.openstack.requestlog [None req-2a24cf71-df09-46fb-ab75-117aa0981152 tempest-VolumesSnapshotsTestJSON-467413948 tempest-VolumesSnapshotsTestJSON-467413948-project] 10.222.0.69 "GET /compute/v2.1/os-snapshots/d7431f69-89c5-4343-9aa3-b35a4dc44541" status: 200 len: 287 microversion: 2.1 time: 0.061919
Feb 16 16:02:41.889190 dv-cinder-829560-1-iscsi devstack@n-api.service[116517]: [pid: 116517|app: 0|req: 8/30] 10.222.0.69 () {58 vars in 1250 bytes} [Wed Feb 16 16:02:41 2022] GET /compute/v2.1/os-snapshots/d7431f69-89c5-4343-9aa3-b35a4dc44541 => generated 287 bytes in 67 msecs (HTTP/1.1 200) 9 headers in 357 bytes (1 switches on core 0)
Feb 16 16:02:41.908677 dv-cinder-829560-1-iscsi devstack@n-api.service[116516]: DEBUG nova.quota [None req-f885f2df-e57e-479f-b73c-f64eb493fe94 tempest-AttachVolumeTestJSON-191447090 tempest-AttachVolumeTestJSON-191447090-project] Getting quotas for project 1b25eafaa6dc4da1b018bc9c0dfb4d0a. Resources: {'key_pairs'} {{(pid=116516) _get_quotas /opt/stack/nova/nova/quota.py:387}}
Feb 16 16:02:41.918822 dv-cinder-829560-1-iscsi devstack@n-api.service[116516]: DEBUG nova.quota [None req-f885f2df-e57e-479f-b73c-f64eb493fe94 tempest-AttachVolumeTestJSON-191447090 tempest-AttachVolumeTestJSON-191447090-project] Getting quotas for user fc190a0ce582414d9c4197c1a55a7eaa and project 1b25eafaa6dc4da1b018bc9c0dfb4d0a. Resources: {'key_pairs'} {{(pid=116516) _get_quotas /opt/stack/nova/nova/quota.py:377}}
Feb 16 16:02:41.953020 dv-cinder-829560-1-iscsi devstack@n-api.service[116516]: INFO nova.api.openstack.requestlog [None req-f885f2df-e57e-479f-b73c-f64eb493fe94 tempest-AttachVolumeTestJSON-191447090 tempest-AttachVolumeTestJSON-191447090-project] 10.222.0.69 "POST /compute/v2.1/os-keypairs" status: 200 len: 2305 microversion: 2.1 time: 0.898642
Feb 16 16:02:41.955675 dv-cinder-829560-1-iscsi devstack@n-api.service[116516]: [pid: 116516|app: 0|req: 23/31] 10.222.0.69 () {60 vars in 1157 bytes} [Wed Feb 16 16:02:41 2022] POST /compute/v2.1/os-keypairs => generated 2305 bytes in 901 msecs (HTTP/1.1 200) 9 headers in 358 bytes (1 switches on core 0)
Feb 16 16:02:42.621133 dv-cinder-829560-1-iscsi devstack@n-api.service[116517]: DEBUG nova.api.openstack.wsgi [None req-cf9baae9-57e1-4369-a837-3d8b272f3dac tempest-DeleteServersTestJSON-1984511691 tempest-DeleteServersTestJSON-1984511691-project] Calling method '>' {{(pid=116517) _process_stack /opt/stack/nova/nova/api/openstack/wsgi.py:513}}
Feb 16 16:02:42.621823 dv-cinder-829560-1-iscsi devstack@n-api.service[116517]: DEBUG nova.compute.api [None req-cf9baae9-57e1-4369-a837-3d8b272f3dac tempest-DeleteServersTestJSON-1984511691 tempest-DeleteServersTestJSON-1984511691-project] [instance: 1ea386e1-1943-47ed-991e-e43b481a227a] Fetching instance by UUID {{(pid=116517) get /opt/stack/nova/nova/compute/api.py:2865}}
Feb 16 16:02:42.629420 dv-cinder-829560-1-iscsi devstack@n-api.service[116517]: DEBUG oslo_concurrency.lockutils [None req-cf9baae9-57e1-4369-a837-3d8b272f3dac tempest-DeleteServersTestJSON-1984511691 tempest-DeleteServersTestJSON-1984511691-project] Lock "f0830be9-6345-497a-b959-2f179e176873" acquired by "nova.context.set_target_cell..get_or_set_cached_cell_and_set_connections" :: waited 0.000s {{(pid=116517) inner /usr/local/lib/python3.8/dist-packages/oslo_concurrency/lockutils.py:386}}
Feb 16 16:02:42.629876 dv-cinder-829560-1-iscsi devstack@n-api.service[116517]: DEBUG oslo_concurrency.lockutils [None req-cf9baae9-57e1-4369-a837-3d8b272f3dac tempest-DeleteServersTestJSON-1984511691 tempest-DeleteServersTestJSON-1984511691-project] Lock "f0830be9-6345-497a-b959-2f179e176873" "released" by "nova.context.set_target_cell..get_or_set_cached_cell_and_set_connections" :: held 0.001s {{(pid=116517) inner /usr/local/lib/python3.8/dist-packages/oslo_concurrency/lockutils.py:400}}
Feb 16 16:02:42.636004 dv-cinder-829560-1-iscsi devstack@n-api.service[116517]: DEBUG oslo_concurrency.lockutils [None req-cf9baae9-57e1-4369-a837-3d8b272f3dac tempest-DeleteServersTestJSON-1984511691 tempest-DeleteServersTestJSON-1984511691-project] Lock "f0830be9-6345-497a-b959-2f179e176873" acquired by "nova.context.set_target_cell..get_or_set_cached_cell_and_set_connections" :: waited 0.000s {{(pid=116517) inner /usr/local/lib/python3.8/dist-packages/oslo_concurrency/lockutils.py:386}}
Feb 16 16:02:42.636472 dv-cinder-829560-1-iscsi devstack@n-api.service[116517]: DEBUG oslo_concurrency.lockutils [None req-cf9baae9-57e1-4369-a837-3d8b272f3dac tempest-DeleteServersTestJSON-1984511691 tempest-DeleteServersTestJSON-1984511691-project] Lock "f0830be9-6345-497a-b959-2f179e176873" "released" by "nova.context.set_target_cell..get_or_set_cached_cell_and_set_connections" :: held 0.001s {{(pid=116517) inner /usr/local/lib/python3.8/dist-packages/oslo_concurrency/lockutils.py:400}}
Feb 16 16:02:42.843663 dv-cinder-829560-1-iscsi devstack@n-api.service[116517]: DEBUG nova.policy [None req-cf9baae9-57e1-4369-a837-3d8b272f3dac tempest-DeleteServersTestJSON-1984511691 tempest-DeleteServersTestJSON-1984511691-project] Policy check for os_compute_api:os-extended-server-attributes failed with credentials {'is_admin': False, 'user_id': '4979748bba524b599ba0814f04fe40a1', 'user_domain_id': 'default', 'system_scope': None, 'domain_id': None, 'project_id': '481f8d49dbdc4f668e3b887bebea6df6', 'project_domain_id': 'default', 'roles': ['reader', 'member'], 'is_admin_project': True, 'service_user_id': None, 'service_user_domain_id': None, 'service_project_id': None, 'service_project_domain_id': None, 'service_roles': []} {{(pid=116517) authorize /opt/stack/nova/nova/policy.py:199}}
Feb 16 16:02:42.851669 dv-cinder-829560-1-iscsi devstack@n-api.service[116517]: INFO nova.api.openstack.requestlog [None req-cf9baae9-57e1-4369-a837-3d8b272f3dac tempest-DeleteServersTestJSON-1984511691 tempest-DeleteServersTestJSON-1984511691-project] 10.222.0.69 "GET /compute/v2.1/servers/1ea386e1-1943-47ed-991e-e43b481a227a" status: 200 len: 1272 microversion: 2.1 time: 0.234649
Feb 16 16:02:42.852365 dv-cinder-829560-1-iscsi devstack@n-api.service[116517]: [pid: 116517|app: 0|req: 9/32] 10.222.0.69 () {58 vars in 1235 bytes} [Wed Feb 16 16:02:42 2022] GET /compute/v2.1/servers/1ea386e1-1943-47ed-991e-e43b481a227a => generated 1272 bytes in 236 msecs (HTTP/1.1 200) 9 headers in 358 bytes (1 switches on core 0)
Feb 16 16:02:42.896909 dv-cinder-829560-1-iscsi devstack@n-api.service[116516]: DEBUG nova.api.openstack.wsgi [None req-ea0b2885-a54e-4e25-bf84-963c61987f3f tempest-VolumesSnapshotsTestJSON-467413948 tempest-VolumesSnapshotsTestJSON-467413948-project] Calling method '.version_select at 0x7f44442378b0>' {{(pid=116516) _process_stack /opt/stack/nova/nova/api/openstack/wsgi.py:513}}
Feb 16 16:02:42.935682 dv-cinder-829560-1-iscsi devstack@n-api.service[116516]: INFO nova.api.openstack.wsgi [None req-ea0b2885-a54e-4e25-bf84-963c61987f3f tempest-VolumesSnapshotsTestJSON-467413948 tempest-VolumesSnapshotsTestJSON-467413948-project] HTTP exception thrown: Snapshot d7431f69-89c5-4343-9aa3-b35a4dc44541 could not be found.
Feb 16 16:02:42.936415 dv-cinder-829560-1-iscsi devstack@n-api.service[116516]: DEBUG nova.api.openstack.wsgi [None req-ea0b2885-a54e-4e25-bf84-963c61987f3f tempest-VolumesSnapshotsTestJSON-467413948 tempest-VolumesSnapshotsTestJSON-467413948-project] Returning 404 to user: Snapshot d7431f69-89c5-4343-9aa3-b35a4dc44541 could not be found. {{(pid=116516) __call__ /opt/stack/nova/nova/api/openstack/wsgi.py:936}}
Feb 16 16:02:42.937556 dv-cinder-829560-1-iscsi devstack@n-api.service[116516]: INFO nova.api.openstack.requestlog [None req-ea0b2885-a54e-4e25-bf84-963c61987f3f tempest-VolumesSnapshotsTestJSON-467413948 tempest-VolumesSnapshotsTestJSON-467413948-project] 10.222.0.69 "GET /compute/v2.1/os-snapshots/d7431f69-89c5-4343-9aa3-b35a4dc44541" status: 404 len: 111 microversion: 2.1 time: 0.044367
Feb 16 16:02:42.938193 dv-cinder-829560-1-iscsi devstack@n-api.service[116516]: [pid: 116516|app: 0|req: 24/33] 10.222.0.69 () {58 vars in 1250 bytes} [Wed Feb 16 16:02:42 2022] GET /compute/v2.1/os-snapshots/d7431f69-89c5-4343-9aa3-b35a4dc44541 => generated 111 bytes in 46 msecs (HTTP/1.1 404) 9 headers in 379 bytes (1 switches on core 0)
Feb 16 16:02:42.946492 dv-cinder-829560-1-iscsi devstack@n-api.service[116517]: DEBUG nova.api.openstack.wsgi [None req-d6a2aca8-6616-4262-a923-9f7d6ae5941c tempest-VolumesSnapshotsTestJSON-467413948 tempest-VolumesSnapshotsTestJSON-467413948-project] Calling method '.version_select at 0x7f44430edee0>' {{(pid=116517) _process_stack /opt/stack/nova/nova/api/openstack/wsgi.py:513}}
Feb 16 16:02:43.136139 dv-cinder-829560-1-iscsi devstack@n-api.service[116517]: INFO nova.api.openstack.requestlog [None req-d6a2aca8-6616-4262-a923-9f7d6ae5941c tempest-VolumesSnapshotsTestJSON-467413948 tempest-VolumesSnapshotsTestJSON-467413948-project] 10.222.0.69 "DELETE /compute/v2.1/os-volumes/5a4ca407-fc5a-4a14-ba70-02ed28879467" status: 202 len: 0 microversion: 2.1 time: 0.192973
Feb 16 16:02:43.137053 dv-cinder-829560-1-iscsi devstack@n-api.service[116517]: [pid: 116517|app: 0|req: 10/34] 10.222.0.69 () {58 vars in 1247 bytes} [Wed Feb 16 16:02:42 2022] DELETE /compute/v2.1/os-volumes/5a4ca407-fc5a-4a14-ba70-02ed28879467 => generated 0 bytes in 195 msecs (HTTP/1.1 202) 9 headers in 361 bytes (1 switches on core 0)
Feb 16 16:02:43.147443 dv-cinder-829560-1-iscsi devstack@n-api.service[116516]: DEBUG nova.api.openstack.wsgi [None req-7e772b01-bbcf-4803-81c4-166013ffa587 tempest-VolumesSnapshotsTestJSON-467413948 tempest-VolumesSnapshotsTestJSON-467413948-project] Calling method '.version_select at 0x7f44442ae280>' {{(pid=116516) _process_stack /opt/stack/nova/nova/api/openstack/wsgi.py:513}}
Feb 16 16:02:43.271438 dv-cinder-829560-1-iscsi devstack@n-api.service[116516]: INFO nova.api.openstack.requestlog [None req-7e772b01-bbcf-4803-81c4-166013ffa587 tempest-VolumesSnapshotsTestJSON-467413948 tempest-VolumesSnapshotsTestJSON-467413948-project] 10.222.0.69 "GET /compute/v2.1/os-volumes/5a4ca407-fc5a-4a14-ba70-02ed28879467" status: 200 len: 344 microversion: 2.1 time: 0.128202
Feb 16 16:02:43.272676 dv-cinder-829560-1-iscsi devstack@n-api.service[116516]: [pid: 116516|app: 0|req: 25/35] 10.222.0.69 () {58 vars in 1244 bytes} [Wed Feb 16 16:02:43 2022] GET /compute/v2.1/os-volumes/5a4ca407-fc5a-4a14-ba70-02ed28879467 => generated 344 bytes in 130 msecs (HTTP/1.1 200) 9 headers in 357 bytes (1 switches on core 0)
Feb 16 16:02:43.868133 dv-cinder-829560-1-iscsi devstack@n-api.service[116517]: DEBUG nova.api.openstack.wsgi [None req-78c6bf4d-d56c-4fbf-9d6a-a4984beb14db tempest-DeleteServersTestJSON-1984511691 tempest-DeleteServersTestJSON-1984511691-project] Calling method '>' {{(pid=116517) _process_stack /opt/stack/nova/nova/api/openstack/wsgi.py:513}}
Feb 16 16:02:43.868922 dv-cinder-829560-1-iscsi devstack@n-api.service[116517]: DEBUG nova.compute.api [None req-78c6bf4d-d56c-4fbf-9d6a-a4984beb14db tempest-DeleteServersTestJSON-1984511691 tempest-DeleteServersTestJSON-1984511691-project] [instance: 1ea386e1-1943-47ed-991e-e43b481a227a] Fetching instance by UUID {{(pid=116517) get /opt/stack/nova/nova/compute/api.py:2865}}
Feb 16 16:02:43.882095 dv-cinder-829560-1-iscsi devstack@n-api.service[116517]: DEBUG oslo_concurrency.lockutils [None req-78c6bf4d-d56c-4fbf-9d6a-a4984beb14db tempest-DeleteServersTestJSON-1984511691 tempest-DeleteServersTestJSON-1984511691-project] Lock "f0830be9-6345-497a-b959-2f179e176873" acquired by "nova.context.set_target_cell..get_or_set_cached_cell_and_set_connections" :: waited 0.000s {{(pid=116517) inner /usr/local/lib/python3.8/dist-packages/oslo_concurrency/lockutils.py:386}}
Feb 16 16:02:43.893346 dv-cinder-829560-1-iscsi devstack@n-api.service[116517]: DEBUG oslo_concurrency.lockutils [None req-78c6bf4d-d56c-4fbf-9d6a-a4984beb14db tempest-DeleteServersTestJSON-1984511691 tempest-DeleteServersTestJSON-1984511691-project] Lock "f0830be9-6345-497a-b959-2f179e176873" "released" by "nova.context.set_target_cell..get_or_set_cached_cell_and_set_connections" :: held 0.011s {{(pid=116517) inner /usr/local/lib/python3.8/dist-packages/oslo_concurrency/lockutils.py:400}}
Feb 16 16:02:43.904858 dv-cinder-829560-1-iscsi devstack@n-api.service[116517]: DEBUG oslo_concurrency.lockutils [None req-78c6bf4d-d56c-4fbf-9d6a-a4984beb14db tempest-DeleteServersTestJSON-1984511691 tempest-DeleteServersTestJSON-1984511691-project] Lock "f0830be9-6345-497a-b959-2f179e176873" acquired by "nova.context.set_target_cell..get_or_set_cached_cell_and_set_connections" :: waited 0.000s {{(pid=116517) inner /usr/local/lib/python3.8/dist-packages/oslo_concurrency/lockutils.py:386}}
Feb 16 16:02:43.907681 dv-cinder-829560-1-iscsi devstack@n-api.service[116517]: DEBUG oslo_concurrency.lockutils [None req-78c6bf4d-d56c-4fbf-9d6a-a4984beb14db tempest-DeleteServersTestJSON-1984511691 tempest-DeleteServersTestJSON-1984511691-project] Lock "f0830be9-6345-497a-b959-2f179e176873" "released" by "nova.context.set_target_cell..get_or_set_cached_cell_and_set_connections" :: held 0.001s {{(pid=116517) inner /usr/local/lib/python3.8/dist-packages/oslo_concurrency/lockutils.py:400}}
Feb 16 16:02:44.284226 dv-cinder-829560-1-iscsi devstack@n-api.service[116516]: DEBUG nova.api.openstack.wsgi [None req-d236e674-b30b-4df3-9d1e-7fde983d977c tempest-VolumesSnapshotsTestJSON-467413948 tempest-VolumesSnapshotsTestJSON-467413948-project] Calling method '.version_select at 0x7f44439ec700>' {{(pid=116516) _process_stack /opt/stack/nova/nova/api/openstack/wsgi.py:513}}
Feb 16 16:02:44.376705 dv-cinder-829560-1-iscsi devstack@n-api.service[116516]: INFO nova.api.openstack.wsgi [None req-d236e674-b30b-4df3-9d1e-7fde983d977c tempest-VolumesSnapshotsTestJSON-467413948 tempest-VolumesSnapshotsTestJSON-467413948-project] HTTP exception thrown: Volume 5a4ca407-fc5a-4a14-ba70-02ed28879467 could not be found.
Feb 16 16:02:44.378249 dv-cinder-829560-1-iscsi devstack@n-api.service[116516]: DEBUG nova.api.openstack.wsgi [None req-d236e674-b30b-4df3-9d1e-7fde983d977c tempest-VolumesSnapshotsTestJSON-467413948 tempest-VolumesSnapshotsTestJSON-467413948-project] Returning 404 to user: Volume 5a4ca407-fc5a-4a14-ba70-02ed28879467 could not be found. {{(pid=116516) __call__ /opt/stack/nova/nova/api/openstack/wsgi.py:936}}
Feb 16 16:02:44.380444 dv-cinder-829560-1-iscsi devstack@n-api.service[116516]: INFO nova.api.openstack.requestlog [None req-d236e674-b30b-4df3-9d1e-7fde983d977c tempest-VolumesSnapshotsTestJSON-467413948 tempest-VolumesSnapshotsTestJSON-467413948-project] 10.222.0.69 "GET /compute/v2.1/os-volumes/5a4ca407-fc5a-4a14-ba70-02ed28879467" status: 404 len: 109 microversion: 2.1 time: 0.099752
Feb 16 16:02:44.395719 dv-cinder-829560-1-iscsi devstack@n-api.service[116516]: [pid: 116516|app: 0|req: 26/36] 10.222.0.69 () {58 vars in 1244 bytes} [Wed Feb 16 16:02:44 2022] GET /compute/v2.1/os-volumes/5a4ca407-fc5a-4a14-ba70-02ed28879467 => generated 109 bytes in 116 msecs (HTTP/1.1 404) 9 headers in 379 bytes (1 switches on core 0)
Feb 16 16:02:44.414880 dv-cinder-829560-1-iscsi devstack@n-api.service[116516]: DEBUG nova.api.openstack.wsgi [None req-4e88493f-d108-4da7-aa22-54f85e69af5f tempest-VolumesSnapshotsTestJSON-467413948 tempest-VolumesSnapshotsTestJSON-467413948-project] Calling method '.version_select at 0x7f44439f4790>' {{(pid=116516) _process_stack /opt/stack/nova/nova/api/openstack/wsgi.py:513}}
Feb 16 16:02:44.553253 dv-cinder-829560-1-iscsi devstack@n-api.service[116516]: INFO nova.api.openstack.wsgi [None req-4e88493f-d108-4da7-aa22-54f85e69af5f tempest-VolumesSnapshotsTestJSON-467413948 tempest-VolumesSnapshotsTestJSON-467413948-project] HTTP exception thrown: Volume 5a4ca407-fc5a-4a14-ba70-02ed28879467 could not be found.
Feb 16 16:02:44.554023 dv-cinder-829560-1-iscsi devstack@n-api.service[116516]: DEBUG nova.api.openstack.wsgi [None req-4e88493f-d108-4da7-aa22-54f85e69af5f tempest-VolumesSnapshotsTestJSON-467413948 tempest-VolumesSnapshotsTestJSON-467413948-project] Returning 404 to user: Volume 5a4ca407-fc5a-4a14-ba70-02ed28879467 could not be found. {{(pid=116516) __call__ /opt/stack/nova/nova/api/openstack/wsgi.py:936}}
Feb 16 16:02:44.555297 dv-cinder-829560-1-iscsi devstack@n-api.service[116516]: INFO nova.api.openstack.requestlog [None req-4e88493f-d108-4da7-aa22-54f85e69af5f tempest-VolumesSnapshotsTestJSON-467413948 tempest-VolumesSnapshotsTestJSON-467413948-project] 10.222.0.69 "DELETE /compute/v2.1/os-volumes/5a4ca407-fc5a-4a14-ba70-02ed28879467" status: 404 len: 109 microversion: 2.1 time: 0.148090
Feb 16 16:02:44.556082 dv-cinder-829560-1-iscsi devstack@n-api.service[116516]: [pid: 116516|app: 0|req: 27/37] 10.222.0.69 () {58 vars in 1247 bytes} [Wed Feb 16 16:02:44 2022] DELETE /compute/v2.1/os-volumes/5a4ca407-fc5a-4a14-ba70-02ed28879467 => generated 109 bytes in 150 msecs (HTTP/1.1 404) 9 headers in 379 bytes (1 switches on core 0)
Feb 16 16:02:44.564445 dv-cinder-829560-1-iscsi devstack@n-api.service[116517]: DEBUG nova.policy [None req-78c6bf4d-d56c-4fbf-9d6a-a4984beb14db tempest-DeleteServersTestJSON-1984511691 tempest-DeleteServersTestJSON-1984511691-project] Policy check for os_compute_api:os-extended-server-attributes failed with credentials {'is_admin': False, 'user_id': '4979748bba524b599ba0814f04fe40a1', 'user_domain_id': 'default', 'system_scope': None, 'domain_id': None, 'project_id': '481f8d49dbdc4f668e3b887bebea6df6', 'project_domain_id': 'default', 'roles': ['reader', 'member'], 'is_admin_project': True, 'service_user_id': None, 'service_user_domain_id': None, 'service_project_id': None, 'service_project_domain_id': None, 'service_roles': []} {{(pid=116517) authorize /opt/stack/nova/nova/policy.py:199}}
Feb 16 16:02:44.567477 dv-cinder-829560-1-iscsi devstack@n-api.service[116516]: DEBUG nova.api.openstack.wsgi [None req-67738ac5-6a7d-48e3-9c7a-dac8b3afc955 tempest-VolumesSnapshotsTestJSON-467413948 tempest-VolumesSnapshotsTestJSON-467413948-project] Calling method '.version_select at 0x7f44439ec0d0>' {{(pid=116516) _process_stack /opt/stack/nova/nova/api/openstack/wsgi.py:513}}
Feb 16 16:02:44.580514 dv-cinder-829560-1-iscsi devstack@n-api.service[116517]: INFO nova.api.openstack.requestlog [None req-78c6bf4d-d56c-4fbf-9d6a-a4984beb14db tempest-DeleteServersTestJSON-1984511691 tempest-DeleteServersTestJSON-1984511691-project] 10.222.0.69 "GET /compute/v2.1/servers/1ea386e1-1943-47ed-991e-e43b481a227a" status: 200 len: 1272 microversion: 2.1 time: 0.714108
Feb 16 16:02:44.581295 dv-cinder-829560-1-iscsi devstack@n-api.service[116517]: [pid: 116517|app: 0|req: 11/38] 10.222.0.69 () {58 vars in 1235 bytes} [Wed Feb 16 16:02:43 2022] GET /compute/v2.1/servers/1ea386e1-1943-47ed-991e-e43b481a227a => generated 1272 bytes in 717 msecs (HTTP/1.1 200) 9 headers in 358 bytes (2 switches on core 0)
Feb 16 16:02:44.758482 dv-cinder-829560-1-iscsi devstack@n-api.service[116516]: INFO nova.api.openstack.wsgi [None req-67738ac5-6a7d-48e3-9c7a-dac8b3afc955 tempest-VolumesSnapshotsTestJSON-467413948 tempest-VolumesSnapshotsTestJSON-467413948-project] HTTP exception thrown: Volume 5a4ca407-fc5a-4a14-ba70-02ed28879467 could not be found.
Feb 16 16:02:44.759115 dv-cinder-829560-1-iscsi devstack@n-api.service[116516]: DEBUG nova.api.openstack.wsgi [None req-67738ac5-6a7d-48e3-9c7a-dac8b3afc955 tempest-VolumesSnapshotsTestJSON-467413948 tempest-VolumesSnapshotsTestJSON-467413948-project] Returning 404 to user: Volume 5a4ca407-fc5a-4a14-ba70-02ed28879467 could not be found. {{(pid=116516) __call__ /opt/stack/nova/nova/api/openstack/wsgi.py:936}}
Feb 16 16:02:44.759952 dv-cinder-829560-1-iscsi devstack@n-api.service[116516]: INFO nova.api.openstack.requestlog [None req-67738ac5-6a7d-48e3-9c7a-dac8b3afc955 tempest-VolumesSnapshotsTestJSON-467413948 tempest-VolumesSnapshotsTestJSON-467413948-project] 10.222.0.69 "GET /compute/v2.1/os-volumes/5a4ca407-fc5a-4a14-ba70-02ed28879467" status: 404 len: 109 microversion: 2.1 time: 0.196927
Feb 16 16:02:44.760966 dv-cinder-829560-1-iscsi devstack@n-api.service[116516]: [pid: 116516|app: 0|req: 28/39] 10.222.0.69 () {58 vars in 1244 bytes} [Wed Feb 16 16:02:44 2022] GET /compute/v2.1/os-volumes/5a4ca407-fc5a-4a14-ba70-02ed28879467 => generated 109 bytes in 198 msecs (HTTP/1.1 404) 9 headers in 379 bytes (1 switches on core 0)
Feb 16 16:02:44.861664 dv-cinder-829560-1-iscsi devstack@n-api.service[116517]: DEBUG nova.api.openstack.wsgi [None req-83485ef1-3590-4e50-bf69-5df17d7cecb4 tempest-VolumesTestJSON-709255737 tempest-VolumesTestJSON-709255737-project] Calling method '.version_select at 0x7f4443133310>' {{(pid=116517) _process_stack /opt/stack/nova/nova/api/openstack/wsgi.py:513}}
Feb 16 16:02:45.107257 dv-cinder-829560-1-iscsi devstack@n-api.service[116517]: INFO nova.api.openstack.requestlog [None req-83485ef1-3590-4e50-bf69-5df17d7cecb4 tempest-VolumesTestJSON-709255737 tempest-VolumesTestJSON-709255737-project] 10.222.0.69 "GET /compute/v2.1/os-volumes/da5ec5e9-2c9d-4f07-8499-ed4e46d1e978" status: 200 len: 351 microversion: 2.1 time: 0.255393
Feb 16 16:02:45.108902 dv-cinder-829560-1-iscsi devstack@n-api.service[116517]: [pid: 116517|app: 0|req: 12/40] 10.222.0.69 () {58 vars in 1244 bytes} [Wed Feb 16 16:02:44 2022] GET /compute/v2.1/os-volumes/da5ec5e9-2c9d-4f07-8499-ed4e46d1e978 => generated 351 bytes in 258 msecs (HTTP/1.1 200) 9 headers in 357 bytes (1 switches on core 0)
Feb 16 16:02:45.608006 dv-cinder-829560-1-iscsi devstack@n-api.service[116516]: DEBUG nova.api.openstack.wsgi [None req-fa7ab1c5-1186-41cd-8b80-ce04ff06e563 tempest-DeleteServersTestJSON-1984511691 tempest-DeleteServersTestJSON-1984511691-project] Calling method '>' {{(pid=116516) _process_stack /opt/stack/nova/nova/api/openstack/wsgi.py:513}}
Feb 16 16:02:45.612425 dv-cinder-829560-1-iscsi devstack@n-api.service[116516]: DEBUG nova.compute.api [None req-fa7ab1c5-1186-41cd-8b80-ce04ff06e563 tempest-DeleteServersTestJSON-1984511691 tempest-DeleteServersTestJSON-1984511691-project] [instance: 1ea386e1-1943-47ed-991e-e43b481a227a] Fetching instance by UUID {{(pid=116516) get /opt/stack/nova/nova/compute/api.py:2865}}
Feb 16 16:02:45.659758 dv-cinder-829560-1-iscsi devstack@n-api.service[116516]: DEBUG oslo_concurrency.lockutils [None req-fa7ab1c5-1186-41cd-8b80-ce04ff06e563 tempest-DeleteServersTestJSON-1984511691 tempest-DeleteServersTestJSON-1984511691-project] Lock "f0830be9-6345-497a-b959-2f179e176873" acquired by "nova.context.set_target_cell..get_or_set_cached_cell_and_set_connections" :: waited 0.000s {{(pid=116516) inner /usr/local/lib/python3.8/dist-packages/oslo_concurrency/lockutils.py:386}}
Feb 16 16:02:45.670712 dv-cinder-829560-1-iscsi devstack@n-api.service[116516]: DEBUG oslo_concurrency.lockutils [None req-fa7ab1c5-1186-41cd-8b80-ce04ff06e563 tempest-DeleteServersTestJSON-1984511691 tempest-DeleteServersTestJSON-1984511691-project] Lock "f0830be9-6345-497a-b959-2f179e176873" "released" by "nova.context.set_target_cell..get_or_set_cached_cell_and_set_connections" :: held 0.009s {{(pid=116516) inner /usr/local/lib/python3.8/dist-packages/oslo_concurrency/lockutils.py:400}}
Feb 16 16:02:45.672522 dv-cinder-829560-1-iscsi devstack@n-api.service[116516]: DEBUG oslo_concurrency.lockutils [None req-fa7ab1c5-1186-41cd-8b80-ce04ff06e563 tempest-DeleteServersTestJSON-1984511691 tempest-DeleteServersTestJSON-1984511691-project] Lock "f0830be9-6345-497a-b959-2f179e176873" acquired by "nova.context.set_target_cell..get_or_set_cached_cell_and_set_connections" :: waited 0.000s {{(pid=116516) inner /usr/local/lib/python3.8/dist-packages/oslo_concurrency/lockutils.py:386}}
Feb 16 16:02:45.690432 dv-cinder-829560-1-iscsi devstack@n-api.service[116516]: DEBUG oslo_concurrency.lockutils [None req-fa7ab1c5-1186-41cd-8b80-ce04ff06e563 tempest-DeleteServersTestJSON-1984511691 tempest-DeleteServersTestJSON-1984511691-project] Lock "f0830be9-6345-497a-b959-2f179e176873" "released" by "nova.context.set_target_cell..get_or_set_cached_cell_and_set_connections" :: held 0.017s {{(pid=116516) inner /usr/local/lib/python3.8/dist-packages/oslo_concurrency/lockutils.py:400}}
Feb 16 16:02:46.629167 dv-cinder-829560-1-iscsi devstack@n-api.service[116516]: DEBUG nova.policy [None req-fa7ab1c5-1186-41cd-8b80-ce04ff06e563 tempest-DeleteServersTestJSON-1984511691 tempest-DeleteServersTestJSON-1984511691-project] Policy check for os_compute_api:os-extended-server-attributes failed with credentials {'is_admin': False, 'user_id': '4979748bba524b599ba0814f04fe40a1', 'user_domain_id': 'default', 'system_scope': None, 'domain_id': None, 'project_id': '481f8d49dbdc4f668e3b887bebea6df6', 'project_domain_id': 'default', 'roles': ['reader', 'member'], 'is_admin_project': True, 'service_user_id': None, 'service_user_domain_id': None, 'service_project_id': None, 'service_project_domain_id': None, 'service_roles': []} {{(pid=116516) authorize /opt/stack/nova/nova/policy.py:199}}
Feb 16 16:02:46.670831 dv-cinder-829560-1-iscsi devstack@n-api.service[116516]: INFO nova.api.openstack.requestlog [None req-fa7ab1c5-1186-41cd-8b80-ce04ff06e563 tempest-DeleteServersTestJSON-1984511691 tempest-DeleteServersTestJSON-1984511691-project] 10.222.0.69 "GET /compute/v2.1/servers/1ea386e1-1943-47ed-991e-e43b481a227a" status: 200 len: 1272 microversion: 2.1 time: 1.072128
Feb 16 16:02:46.673274 dv-cinder-829560-1-iscsi devstack@n-api.service[116516]: [pid: 116516|app: 0|req: 29/41] 10.222.0.69 () {58 vars in 1235 bytes} [Wed Feb 16 16:02:45 2022] GET /compute/v2.1/servers/1ea386e1-1943-47ed-991e-e43b481a227a => generated 1272 bytes in 1078 msecs (HTTP/1.1 200) 9 headers in 358 bytes (1 switches on core 0)
Feb 16 16:02:47.613443 dv-cinder-829560-1-iscsi devstack@n-api.service[116517]: DEBUG nova.api.openstack.wsgi [None req-0e892c49-c762-4806-908d-5a6a51c6bfb7 tempest-VolumesTestJSON-709255737 tempest-VolumesTestJSON-709255737-project] Calling method '.version_select at 0x7f444310fd30>' {{(pid=116517) _process_stack /opt/stack/nova/nova/api/openstack/wsgi.py:513}}
Feb 16 16:02:47.688440 dv-cinder-829560-1-iscsi devstack@n-api.service[116516]: DEBUG nova.api.openstack.wsgi [None req-d4bbb595-28aa-44b1-86fd-010cf3b958c4 tempest-DeleteServersTestJSON-1984511691 tempest-DeleteServersTestJSON-1984511691-project] Calling method '>' {{(pid=116516) _process_stack /opt/stack/nova/nova/api/openstack/wsgi.py:513}}
Feb 16 16:02:47.689858 dv-cinder-829560-1-iscsi devstack@n-api.service[116516]: DEBUG nova.compute.api [None req-d4bbb595-28aa-44b1-86fd-010cf3b958c4 tempest-DeleteServersTestJSON-1984511691 tempest-DeleteServersTestJSON-1984511691-project] [instance: 1ea386e1-1943-47ed-991e-e43b481a227a] Fetching instance by UUID {{(pid=116516) get /opt/stack/nova/nova/compute/api.py:2865}}
Feb 16 16:02:47.702114 dv-cinder-829560-1-iscsi devstack@n-api.service[116516]: DEBUG oslo_concurrency.lockutils [None req-d4bbb595-28aa-44b1-86fd-010cf3b958c4 tempest-DeleteServersTestJSON-1984511691 tempest-DeleteServersTestJSON-1984511691-project] Lock "f0830be9-6345-497a-b959-2f179e176873" acquired by "nova.context.set_target_cell..get_or_set_cached_cell_and_set_connections" :: waited 0.000s {{(pid=116516) inner /usr/local/lib/python3.8/dist-packages/oslo_concurrency/lockutils.py:386}}
Feb 16 16:02:47.704853 dv-cinder-829560-1-iscsi devstack@n-api.service[116516]: DEBUG oslo_concurrency.lockutils [None req-d4bbb595-28aa-44b1-86fd-010cf3b958c4 tempest-DeleteServersTestJSON-1984511691 tempest-DeleteServersTestJSON-1984511691-project] Lock "f0830be9-6345-497a-b959-2f179e176873" "released" by "nova.context.set_target_cell..get_or_set_cached_cell_and_set_connections" :: held 0.003s {{(pid=116516) inner /usr/local/lib/python3.8/dist-packages/oslo_concurrency/lockutils.py:400}}
Feb 16 16:02:47.706590 dv-cinder-829560-1-iscsi devstack@n-api.service[116516]: DEBUG oslo_concurrency.lockutils [None req-d4bbb595-28aa-44b1-86fd-010cf3b958c4 tempest-DeleteServersTestJSON-1984511691 tempest-DeleteServersTestJSON-1984511691-project] Lock "f0830be9-6345-497a-b959-2f179e176873" acquired by "nova.context.set_target_cell..get_or_set_cached_cell_and_set_connections" :: waited 0.000s {{(pid=116516) inner /usr/local/lib/python3.8/dist-packages/oslo_concurrency/lockutils.py:386}}
Feb 16 16:02:47.710653 dv-cinder-829560-1-iscsi devstack@n-api.service[116516]: DEBUG oslo_concurrency.lockutils [None req-d4bbb595-28aa-44b1-86fd-010cf3b958c4 tempest-DeleteServersTestJSON-1984511691 tempest-DeleteServersTestJSON-1984511691-project] Lock "f0830be9-6345-497a-b959-2f179e176873" "released" by "nova.context.set_target_cell..get_or_set_cached_cell_and_set_connections" :: held 0.004s {{(pid=116516) inner /usr/local/lib/python3.8/dist-packages/oslo_concurrency/lockutils.py:400}}
Feb 16 16:02:47.790365 dv-cinder-829560-1-iscsi devstack@n-api.service[116517]: INFO nova.api.openstack.requestlog [None req-0e892c49-c762-4806-908d-5a6a51c6bfb7 tempest-VolumesTestJSON-709255737 tempest-VolumesTestJSON-709255737-project] 10.222.0.69 "GET /compute/v2.1/os-volumes/d310aa7f-5858-4a78-b35d-8b268d27d669" status: 200 len: 350 microversion: 2.1 time: 0.182453
Feb 16 16:02:47.791381 dv-cinder-829560-1-iscsi devstack@n-api.service[116517]: [pid: 116517|app: 0|req: 13/42] 10.222.0.69 () {58 vars in 1244 bytes} [Wed Feb 16 16:02:47 2022] GET /compute/v2.1/os-volumes/d310aa7f-5858-4a78-b35d-8b268d27d669 => generated 350 bytes in 184 msecs (HTTP/1.1 200) 9 headers in 357 bytes (1 switches on core 0)
Feb 16 16:02:48.968412 dv-cinder-829560-1-iscsi devstack@n-api.service[116516]: DEBUG nova.policy [None req-d4bbb595-28aa-44b1-86fd-010cf3b958c4 tempest-DeleteServersTestJSON-1984511691 tempest-DeleteServersTestJSON-1984511691-project] Policy check for os_compute_api:os-extended-server-attributes failed with credentials {'is_admin': False, 'user_id': '4979748bba524b599ba0814f04fe40a1', 'user_domain_id': 'default', 'system_scope': None, 'domain_id': None, 'project_id': '481f8d49dbdc4f668e3b887bebea6df6', 'project_domain_id': 'default', 'roles': ['reader', 'member'], 'is_admin_project': True, 'service_user_id': None, 'service_user_domain_id': None, 'service_project_id': None, 'service_project_domain_id': None, 'service_roles': []} {{(pid=116516) authorize /opt/stack/nova/nova/policy.py:199}}
Feb 16 16:02:48.979563 dv-cinder-829560-1-iscsi devstack@n-api.service[116516]: INFO nova.api.openstack.requestlog [None req-d4bbb595-28aa-44b1-86fd-010cf3b958c4 tempest-DeleteServersTestJSON-1984511691 tempest-DeleteServersTestJSON-1984511691-project] 10.222.0.69 "GET /compute/v2.1/servers/1ea386e1-1943-47ed-991e-e43b481a227a" status: 200 len: 1314 microversion: 2.1 time: 1.295211
Feb 16 16:02:48.980152 dv-cinder-829560-1-iscsi devstack@n-api.service[116516]: [pid: 116516|app: 0|req: 30/43] 10.222.0.69 () {58 vars in 1235 bytes} [Wed Feb 16 16:02:47 2022] GET /compute/v2.1/servers/1ea386e1-1943-47ed-991e-e43b481a227a => generated 1314 bytes in 1297 msecs (HTTP/1.1 200) 9 headers in 358 bytes (2 switches on core 0)
Feb 16 16:02:49.652922 dv-cinder-829560-1-iscsi devstack@n-api.service[116517]: DEBUG nova.api.openstack.wsgi [None req-ab079c57-809b-43fd-9cd9-6afc1d05709e tempest-VolumesTestJSON-709255737 tempest-VolumesTestJSON-709255737-project] Calling method '.version_select at 0x7f444310f280>' {{(pid=116517) _process_stack /opt/stack/nova/nova/api/openstack/wsgi.py:513}}
Feb 16 16:02:49.786540 dv-cinder-829560-1-iscsi devstack@n-api.service[116517]: INFO nova.api.openstack.requestlog [None req-ab079c57-809b-43fd-9cd9-6afc1d05709e tempest-VolumesTestJSON-709255737 tempest-VolumesTestJSON-709255737-project] 10.222.0.69 "GET /compute/v2.1/os-volumes/3e3f3351-3c3b-46e6-b6d6-9268196e62d3" status: 200 len: 350 microversion: 2.1 time: 0.136929
Feb 16 16:02:49.787882 dv-cinder-829560-1-iscsi devstack@n-api.service[116517]: [pid: 116517|app: 0|req: 14/44] 10.222.0.69 () {58 vars in 1244 bytes} [Wed Feb 16 16:02:49 2022] GET /compute/v2.1/os-volumes/3e3f3351-3c3b-46e6-b6d6-9268196e62d3 => generated 350 bytes in 139 msecs (HTTP/1.1 200) 9 headers in 357 bytes (1 switches on core 0)
Feb 16 16:02:49.803452 dv-cinder-829560-1-iscsi devstack@n-api.service[116516]: DEBUG nova.api.openstack.wsgi [None req-e62ed0b3-b192-459a-8885-35bfa34c824b tempest-VolumesTestJSON-709255737 tempest-VolumesTestJSON-709255737-project] Calling method '.version_select at 0x7f444392ee50>' {{(pid=116516) _process_stack /opt/stack/nova/nova/api/openstack/wsgi.py:513}}
Feb 16 16:02:49.997461 dv-cinder-829560-1-iscsi devstack@n-api.service[116517]: DEBUG nova.api.openstack.wsgi [None req-3b66aeb6-9d0b-4731-ad9b-a09f5fe96773 tempest-DeleteServersTestJSON-1984511691 tempest-DeleteServersTestJSON-1984511691-project] Calling method '>' {{(pid=116517) _process_stack /opt/stack/nova/nova/api/openstack/wsgi.py:513}}
Feb 16 16:02:49.998481 dv-cinder-829560-1-iscsi devstack@n-api.service[116517]: DEBUG nova.compute.api [None req-3b66aeb6-9d0b-4731-ad9b-a09f5fe96773 tempest-DeleteServersTestJSON-1984511691 tempest-DeleteServersTestJSON-1984511691-project] [instance: 1ea386e1-1943-47ed-991e-e43b481a227a] Fetching instance by UUID {{(pid=116517) get /opt/stack/nova/nova/compute/api.py:2865}}
Feb 16 16:02:50.017683 dv-cinder-829560-1-iscsi devstack@n-api.service[116517]: DEBUG oslo_concurrency.lockutils [None req-3b66aeb6-9d0b-4731-ad9b-a09f5fe96773 tempest-DeleteServersTestJSON-1984511691 tempest-DeleteServersTestJSON-1984511691-project] Lock "f0830be9-6345-497a-b959-2f179e176873" acquired by "nova.context.set_target_cell..get_or_set_cached_cell_and_set_connections" :: waited 0.000s {{(pid=116517) inner /usr/local/lib/python3.8/dist-packages/oslo_concurrency/lockutils.py:386}}
Feb 16 16:02:50.018440 dv-cinder-829560-1-iscsi devstack@n-api.service[116517]: DEBUG oslo_concurrency.lockutils [None req-3b66aeb6-9d0b-4731-ad9b-a09f5fe96773 tempest-DeleteServersTestJSON-1984511691 tempest-DeleteServersTestJSON-1984511691-project] Lock "f0830be9-6345-497a-b959-2f179e176873" "released" by "nova.context.set_target_cell..get_or_set_cached_cell_and_set_connections" :: held 0.001s {{(pid=116517) inner /usr/local/lib/python3.8/dist-packages/oslo_concurrency/lockutils.py:400}}
Feb 16 16:02:50.020211 dv-cinder-829560-1-iscsi devstack@n-api.service[116517]: DEBUG oslo_concurrency.lockutils [None req-3b66aeb6-9d0b-4731-ad9b-a09f5fe96773 tempest-DeleteServersTestJSON-1984511691 tempest-DeleteServersTestJSON-1984511691-project] Lock "f0830be9-6345-497a-b959-2f179e176873" acquired by "nova.context.set_target_cell..get_or_set_cached_cell_and_set_connections" :: waited 0.000s {{(pid=116517) inner /usr/local/lib/python3.8/dist-packages/oslo_concurrency/lockutils.py:386}}
Feb 16 16:02:50.020856 dv-cinder-829560-1-iscsi devstack@n-api.service[116517]: DEBUG oslo_concurrency.lockutils [None req-3b66aeb6-9d0b-4731-ad9b-a09f5fe96773 tempest-DeleteServersTestJSON-1984511691 tempest-DeleteServersTestJSON-1984511691-project] Lock "f0830be9-6345-497a-b959-2f179e176873" "released" by "nova.context.set_target_cell..get_or_set_cached_cell_and_set_connections" :: held 0.001s {{(pid=116517) inner /usr/local/lib/python3.8/dist-packages/oslo_concurrency/lockutils.py:400}}
Feb 16 16:02:50.084672 dv-cinder-829560-1-iscsi devstack@n-api.service[116516]: INFO nova.api.openstack.requestlog [None req-e62ed0b3-b192-459a-8885-35bfa34c824b tempest-VolumesTestJSON-709255737 tempest-VolumesTestJSON-709255737-project] 10.222.0.69 "GET /compute/v2.1/os-volumes" status: 200 len: 1034 microversion: 2.1 time: 0.288481
Feb 16 16:02:50.088518 dv-cinder-829560-1-iscsi devstack@n-api.service[116516]: [pid: 116516|app: 0|req: 31/45] 10.222.0.69 () {58 vars in 1133 bytes} [Wed Feb 16 16:02:49 2022] GET /compute/v2.1/os-volumes => generated 1034 bytes in 293 msecs (HTTP/1.1 200) 9 headers in 358 bytes (1 switches on core 0)
Feb 16 16:02:50.098914 dv-cinder-829560-1-iscsi devstack@n-api.service[116516]: DEBUG nova.api.openstack.wsgi [None req-367ba2aa-1866-4272-bfa8-2e9ffa897383 tempest-VolumesTestJSON-709255737 tempest-VolumesTestJSON-709255737-project] Calling method '.version_select at 0x7f4443946160>' {{(pid=116516) _process_stack /opt/stack/nova/nova/api/openstack/wsgi.py:513}}
Feb 16 16:02:50.405151 dv-cinder-829560-1-iscsi devstack@n-api.service[116516]: INFO nova.api.openstack.requestlog [None req-367ba2aa-1866-4272-bfa8-2e9ffa897383 tempest-VolumesTestJSON-709255737 tempest-VolumesTestJSON-709255737-project] 10.222.0.69 "GET /compute/v2.1/os-volumes?limit=2" status: 200 len: 693 microversion: 2.1 time: 0.308982
Feb 16 16:02:50.407341 dv-cinder-829560-1-iscsi devstack@n-api.service[116516]: [pid: 116516|app: 0|req: 32/46] 10.222.0.69 () {58 vars in 1148 bytes} [Wed Feb 16 16:02:50 2022] GET /compute/v2.1/os-volumes?limit=2 => generated 693 bytes in 313 msecs (HTTP/1.1 200) 9 headers in 357 bytes (1 switches on core 0)
Feb 16 16:02:50.422094 dv-cinder-829560-1-iscsi devstack@n-api.service[116516]: DEBUG nova.api.openstack.wsgi [None req-b653d90a-3d3f-4253-93cb-3cf68d29e564 tempest-VolumesTestJSON-709255737 tempest-VolumesTestJSON-709255737-project] Calling method '.version_select at 0x7f44439539d0>' {{(pid=116516) _process_stack /opt/stack/nova/nova/api/openstack/wsgi.py:513}}
Feb 16 16:02:50.731073 dv-cinder-829560-1-iscsi devstack@n-api.service[116516]: INFO nova.api.openstack.requestlog [None req-b653d90a-3d3f-4253-93cb-3cf68d29e564 tempest-VolumesTestJSON-709255737 tempest-VolumesTestJSON-709255737-project] 10.222.0.69 "GET /compute/v2.1/os-volumes" status: 200 len: 1034 microversion: 2.1 time: 0.315444
Feb 16 16:02:50.731711 dv-cinder-829560-1-iscsi devstack@n-api.service[116516]: [pid: 116516|app: 0|req: 33/47] 10.222.0.69 () {58 vars in 1133 bytes} [Wed Feb 16 16:02:50 2022] GET /compute/v2.1/os-volumes => generated 1034 bytes in 317 msecs (HTTP/1.1 200) 9 headers in 358 bytes (2 switches on core 0)
Feb 16 16:02:50.762029 dv-cinder-829560-1-iscsi devstack@n-api.service[116516]: DEBUG nova.api.openstack.wsgi [None req-52ae7ac2-3c9b-4c14-87b5-f2e178b17097 tempest-VolumesTestJSON-709255737 tempest-VolumesTestJSON-709255737-project] Calling method '.version_select at 0x7f4443953820>' {{(pid=116516) _process_stack /opt/stack/nova/nova/api/openstack/wsgi.py:513}}
Feb 16 16:02:51.013169 dv-cinder-829560-1-iscsi devstack@n-api.service[116516]: INFO nova.api.openstack.requestlog [None req-52ae7ac2-3c9b-4c14-87b5-f2e178b17097 tempest-VolumesTestJSON-709255737 tempest-VolumesTestJSON-709255737-project] 10.222.0.69 "GET /compute/v2.1/os-volumes?offset=1&limit=1" status: 200 len: 353 microversion: 2.1 time: 0.268338
Feb 16 16:02:51.015006 dv-cinder-829560-1-iscsi devstack@n-api.service[116516]: [pid: 116516|app: 0|req: 34/48] 10.222.0.69 () {58 vars in 1166 bytes} [Wed Feb 16 16:02:50 2022] GET /compute/v2.1/os-volumes?offset=1&limit=1 => generated 353 bytes in 275 msecs (HTTP/1.1 200) 9 headers in 357 bytes (1 switches on core 0)
Feb 16 16:02:51.026459 dv-cinder-829560-1-iscsi devstack@n-api.service[116516]: DEBUG nova.api.openstack.wsgi [None req-60163b80-166d-47e6-b481-e78b07a1d158 tempest-VolumesTestJSON-709255737 tempest-VolumesTestJSON-709255737-project] Calling method '.version_select at 0x7f4443946310>' {{(pid=116516) _process_stack /opt/stack/nova/nova/api/openstack/wsgi.py:513}}
Feb 16 16:02:51.304585 dv-cinder-829560-1-iscsi devstack@n-api.service[116516]: INFO nova.api.openstack.requestlog [None req-60163b80-166d-47e6-b481-e78b07a1d158 tempest-VolumesTestJSON-709255737 tempest-VolumesTestJSON-709255737-project] 10.222.0.69 "GET /compute/v2.1/os-volumes/detail?limit=2" status: 200 len: 693 microversion: 2.1 time: 0.282467
Feb 16 16:02:51.305219 dv-cinder-829560-1-iscsi devstack@n-api.service[116516]: [pid: 116516|app: 0|req: 35/49] 10.222.0.69 () {58 vars in 1169 bytes} [Wed Feb 16 16:02:51 2022] GET /compute/v2.1/os-volumes/detail?limit=2 => generated 693 bytes in 284 msecs (HTTP/1.1 200) 9 headers in 357 bytes (2 switches on core 0)
Feb 16 16:02:51.317913 dv-cinder-829560-1-iscsi devstack@n-api.service[116516]: DEBUG nova.api.openstack.wsgi [None req-479ae61e-fb6c-4ced-9bfa-76a66aac0831 tempest-VolumesTestJSON-709255737 tempest-VolumesTestJSON-709255737-project] Calling method '.version_select at 0x7f444392e5e0>' {{(pid=116516) _process_stack /opt/stack/nova/nova/api/openstack/wsgi.py:513}}
