Feb 17 07:25:49.353883 dv-cinder-829110-2-iscsi neutron-server[103258]: INFO neutron.wsgi [req-35408b28-8e13-4ecf-8496-39ac743c28a9 req-d9cb54b5-48d2-41ff-8c83-c440d251f353 tempest-ServerRescueNegativeTestJSON-2065813151 tempest-ServerRescueNegativeTestJSON-2065813151-project] 10.222.0.109 "GET /v2.0/ports?device_id=6326659a-0013-4635-a507-fa5b1581463f HTTP/1.1" status: 200 len: 946 time: 0.0863204
Feb 17 07:25:49.406981 dv-cinder-829110-2-iscsi neutron-server[103258]: DEBUG neutron.pecan_wsgi.hooks.policy_enforcement [req-1e572abc-d073-4de3-88a2-28209d49e306 req-f4d50313-cce5-4fad-99aa-17441aebe13e tempest-AttachVolumeTestJSON-1450786596 tempest-AttachVolumeTestJSON-1450786596-project] Attributes excluded by policy engine: ['standard_attr_id', 'binding:profile', 'binding:host_id', 'binding:vif_type', 'binding:vif_details'] {{(pid=103258) _exclude_attributes_by_policy /opt/stack/neutron/neutron/pecan_wsgi/hooks/policy_enforcement.py:255}}
Feb 17 07:25:49.408566 dv-cinder-829110-2-iscsi neutron-server[103258]: INFO neutron.wsgi [req-1e572abc-d073-4de3-88a2-28209d49e306 req-f4d50313-cce5-4fad-99aa-17441aebe13e tempest-AttachVolumeTestJSON-1450786596 tempest-AttachVolumeTestJSON-1450786596-project] 10.222.0.109 "GET /v2.0/ports?device_id=99ab24d4-7f63-4964-9db5-b461dee7e3b4 HTTP/1.1" status: 200 len: 945 time: 0.0980761
Feb 17 07:25:49.428436 dv-cinder-829110-2-iscsi neutron-server[103258]: INFO neutron.wsgi [req-35408b28-8e13-4ecf-8496-39ac743c28a9 req-152a7d5f-a9f1-4359-b405-10fbdac31ba2 tempest-ServerRescueNegativeTestJSON-2065813151 tempest-ServerRescueNegativeTestJSON-2065813151-project] 10.222.0.109 "GET /v2.0/security-groups?id=a888ff66-8241-4f16-a8cd-88149b0fabb2&fields=id&fields=name HTTP/1.1" status: 200 len: 286 time: 0.0676403
Feb 17 07:25:49.463994 dv-cinder-829110-2-iscsi neutron-server[103258]: INFO neutron.wsgi [req-1e572abc-d073-4de3-88a2-28209d49e306 req-25032548-07f5-4c13-aeea-d23d5ca1f8bc tempest-AttachVolumeTestJSON-1450786596 tempest-AttachVolumeTestJSON-1450786596-project] 10.222.0.109 "GET /v2.0/security-groups?id=9a4ba0c4-f421-4fae-bf85-f2fed151a6f1&fields=id&fields=name HTTP/1.1" status: 200 len: 312 time: 0.0478272
Feb 17 07:25:50.189940 dv-cinder-829110-2-iscsi neutron-server[103258]: DEBUG neutron.wsgi [-] (103258) accepted ('10.222.0.109', 39762) {{(pid=103258) server /usr/local/lib/python3.8/dist-packages/eventlet/wsgi.py:1004}}
Feb 17 07:25:50.288445 dv-cinder-829110-2-iscsi neutron-server[103258]: DEBUG neutron.pecan_wsgi.hooks.policy_enforcement [req-229b6b41-0319-4426-bb8f-cb27a763a2f1 req-8dfef58b-b648-419a-88d2-cee401e02432 tempest-VolumesActionsTest-77524214 tempest-VolumesActionsTest-77524214-project] Attributes excluded by policy engine: ['standard_attr_id', 'binding:profile', 'binding:host_id', 'binding:vif_type', 'binding:vif_details'] {{(pid=103258) _exclude_attributes_by_policy /opt/stack/neutron/neutron/pecan_wsgi/hooks/policy_enforcement.py:255}}
Feb 17 07:25:50.289976 dv-cinder-829110-2-iscsi neutron-server[103258]: INFO neutron.wsgi [req-229b6b41-0319-4426-bb8f-cb27a763a2f1 req-8dfef58b-b648-419a-88d2-cee401e02432 tempest-VolumesActionsTest-77524214 tempest-VolumesActionsTest-77524214-project] 10.222.0.109 "GET /v2.0/ports?device_id=02c2d13e-5225-42b6-aa9d-126a78dabfc7 HTTP/1.1" status: 200 len: 943 time: 0.0590522
Feb 17 07:25:50.333759 dv-cinder-829110-2-iscsi neutron-server[103258]: DEBUG neutron_lib.callbacks.manager [None req-7b815eee-3806-4b9b-9c5a-26b3bc638ea0 admin admin] Publish callbacks [] for security_group (None), before_create {{(pid=103258) _notify_loop /usr/local/lib/python3.8/dist-packages/neutron_lib/callbacks/manager.py:176}}
Feb 17 07:25:50.404790 dv-cinder-829110-2-iscsi neutron-server[103258]: INFO neutron.wsgi [req-229b6b41-0319-4426-bb8f-cb27a763a2f1 req-04be49aa-e1b9-4b9a-a534-a7d64cd1d20b tempest-VolumesActionsTest-77524214 tempest-VolumesActionsTest-77524214-project] 10.222.0.109 "GET /v2.0/security-groups?id=2ad46c58-7fae-4f4a-a320-b6f76156b532&fields=id&fields=name HTTP/1.1" status: 200 len: 286 time: 0.1022785
Feb 17 07:25:50.423679 dv-cinder-829110-2-iscsi neutron-server[103258]: DEBUG neutron.pecan_wsgi.hooks.policy_enforcement [req-9568db73-e167-41ae-a32e-77323a1b6d3c req-55c924fa-e2cc-4da9-a6b8-097b75ea95d6 tempest-AttachVolumeShelveTestJSON-1716727781 tempest-AttachVolumeShelveTestJSON-1716727781-project] Attributes excluded by policy engine: ['standard_attr_id', 'binding:profile', 'binding:host_id', 'binding:vif_type', 'binding:vif_details'] {{(pid=103258) _exclude_attributes_by_policy /opt/stack/neutron/neutron/pecan_wsgi/hooks/policy_enforcement.py:255}}
Feb 17 07:25:50.425173 dv-cinder-829110-2-iscsi neutron-server[103258]: INFO neutron.wsgi [req-9568db73-e167-41ae-a32e-77323a1b6d3c req-55c924fa-e2cc-4da9-a6b8-097b75ea95d6 tempest-AttachVolumeShelveTestJSON-1716727781 tempest-AttachVolumeShelveTestJSON-1716727781-project] 10.222.0.109 "GET /v2.0/ports?device_id=dd02bf05-ce04-4c33-a36e-c8f97f7bb6e1 HTTP/1.1" status: 200 len: 946 time: 0.1116402
Feb 17 07:25:50.500077 dv-cinder-829110-2-iscsi neutron-server[103258]: INFO neutron.wsgi [req-9568db73-e167-41ae-a32e-77323a1b6d3c req-75da776d-0b9a-4182-9f2b-9f9204d9c6d9 tempest-AttachVolumeShelveTestJSON-1716727781 tempest-AttachVolumeShelveTestJSON-1716727781-project] 10.222.0.109 "GET /v2.0/security-groups?id=2bc64aa7-8371-4813-8ee3-2e8609fb4701&fields=id&fields=name HTTP/1.1" status: 200 len: 313 time: 0.0684783
Feb 17 07:25:50.513322 dv-cinder-829110-2-iscsi neutron-server[103258]: DEBUG neutron_lib.callbacks.manager [None req-7b815eee-3806-4b9b-9c5a-26b3bc638ea0 admin admin] Publish callbacks [] for security_group (f866ff19-16a4-493c-a1fb-f32ba07042ea), precommit_create {{(pid=103258) _notify_loop /usr/local/lib/python3.8/dist-packages/neutron_lib/callbacks/manager.py:176}}
Feb 17 07:25:50.554793 dv-cinder-829110-2-iscsi neutron-server[103258]: DEBUG neutron.pecan_wsgi.hooks.policy_enforcement [req-8341095f-15b6-4dfe-92cf-e3e0b74a1394 req-95bb4486-24e9-4cde-91a3-795d38caea03 tempest-ServerRescueNegativeTestJSON-2065813151 tempest-ServerRescueNegativeTestJSON-2065813151-project] Attributes excluded by policy engine: ['standard_attr_id', 'binding:profile', 'binding:host_id', 'binding:vif_type', 'binding:vif_details'] {{(pid=103258) _exclude_attributes_by_policy /opt/stack/neutron/neutron/pecan_wsgi/hooks/policy_enforcement.py:255}}
Feb 17 07:25:50.556289 dv-cinder-829110-2-iscsi neutron-server[103258]: INFO neutron.wsgi [req-8341095f-15b6-4dfe-92cf-e3e0b74a1394 req-95bb4486-24e9-4cde-91a3-795d38caea03 tempest-ServerRescueNegativeTestJSON-2065813151 tempest-ServerRescueNegativeTestJSON-2065813151-project] 10.222.0.109 "GET /v2.0/ports?device_id=6326659a-0013-4635-a507-fa5b1581463f HTTP/1.1" status: 200 len: 946 time: 0.0600688
Feb 17 07:25:50.593746 dv-cinder-829110-2-iscsi neutron-server[103258]: DEBUG neutron_lib.callbacks.manager [None req-7b815eee-3806-4b9b-9c5a-26b3bc638ea0 admin admin] Publish callbacks ['neutron.plugins.ml2.ovo_rpc._ObjectChangeHandler.handle_event-544711'] for security_group (f866ff19-16a4-493c-a1fb-f32ba07042ea), after_create {{(pid=103258) _notify_loop /usr/local/lib/python3.8/dist-packages/neutron_lib/callbacks/manager.py:176}}
Feb 17 07:25:50.658851 dv-cinder-829110-2-iscsi neutron-server[103258]: INFO neutron.wsgi [None req-7b815eee-3806-4b9b-9c5a-26b3bc638ea0 admin admin] 10.222.0.109 "GET /v2.0/security-groups?tenant_id=1e58fb069abe43c68a7238f53b623b2a&name=default HTTP/1.1" status: 200 len: 2996 time: 0.4677413
Feb 17 07:25:50.661555 dv-cinder-829110-2-iscsi neutron-server[103259]: DEBUG neutron.wsgi [-] (103259) accepted ('10.222.0.109', 39774) {{(pid=103259) server /usr/local/lib/python3.8/dist-packages/eventlet/wsgi.py:1004}}
Feb 17 07:25:50.663392 dv-cinder-829110-2-iscsi neutron-server[103258]: DEBUG neutron.api.rpc.handlers.resources_rpc [None req-7b815eee-3806-4b9b-9c5a-26b3bc638ea0 admin admin] Pushing event updated for resources: {'SecurityGroup': ['ID=f866ff19-16a4-493c-a1fb-f32ba07042ea,revision_number=1']} {{(pid=103258) push /opt/stack/neutron/neutron/api/rpc/handlers/resources_rpc.py:237}}
Feb 17 07:25:50.679424 dv-cinder-829110-2-iscsi neutron-server[103258]: DEBUG neutron.api.rpc.callbacks.version_manager [None req-7b815eee-3806-4b9b-9c5a-26b3bc638ea0 admin admin] Version for resource type AddressGroup changed None to 1.2 on consumer Open vSwitch agent@dv-cinder-829110-2-iscsi {{(pid=103258) _set_version /opt/stack/neutron/neutron/api/rpc/callbacks/version_manager.py:113}}
Feb 17 07:25:50.679793 dv-cinder-829110-2-iscsi neutron-server[103258]: DEBUG neutron.api.rpc.callbacks.version_manager [None req-7b815eee-3806-4b9b-9c5a-26b3bc638ea0 admin admin] Version for resource type ConntrackHelper changed None to 1.0 on consumer Open vSwitch agent@dv-cinder-829110-2-iscsi {{(pid=103258) _set_version /opt/stack/neutron/neutron/api/rpc/callbacks/version_manager.py:113}}
Feb 17 07:25:50.680168 dv-cinder-829110-2-iscsi neutron-server[103258]: DEBUG neutron.api.rpc.callbacks.version_manager [None req-7b815eee-3806-4b9b-9c5a-26b3bc638ea0 admin admin] Version for resource type LocalIPAssociation changed None to 1.0 on consumer Open vSwitch agent@dv-cinder-829110-2-iscsi {{(pid=103258) _set_version /opt/stack/neutron/neutron/api/rpc/callbacks/version_manager.py:113}}
Feb 17 07:25:50.680504 dv-cinder-829110-2-iscsi neutron-server[103258]: DEBUG neutron.api.rpc.callbacks.version_manager [None req-7b815eee-3806-4b9b-9c5a-26b3bc638ea0 admin admin] Version for resource type Log changed None to 1.0 on consumer Open vSwitch agent@dv-cinder-829110-2-iscsi {{(pid=103258) _set_version /opt/stack/neutron/neutron/api/rpc/callbacks/version_manager.py:113}}
Feb 17 07:25:50.680866 dv-cinder-829110-2-iscsi neutron-server[103258]: DEBUG neutron.api.rpc.callbacks.version_manager [None req-7b815eee-3806-4b9b-9c5a-26b3bc638ea0 admin admin] Version for resource type Network changed None to 1.1 on consumer Open vSwitch agent@dv-cinder-829110-2-iscsi {{(pid=103258) _set_version /opt/stack/neutron/neutron/api/rpc/callbacks/version_manager.py:113}}
Feb 17 07:25:50.681196 dv-cinder-829110-2-iscsi neutron-server[103258]: DEBUG neutron.api.rpc.callbacks.version_manager [None req-7b815eee-3806-4b9b-9c5a-26b3bc638ea0 admin admin] Version for resource type Port changed None to 1.7 on consumer Open vSwitch agent@dv-cinder-829110-2-iscsi {{(pid=103258) _set_version /opt/stack/neutron/neutron/api/rpc/callbacks/version_manager.py:113}}
Feb 17 07:25:50.681539 dv-cinder-829110-2-iscsi neutron-server[103258]: DEBUG neutron.api.rpc.callbacks.version_manager [None req-7b815eee-3806-4b9b-9c5a-26b3bc638ea0 admin admin] Version for resource type PortForwarding changed None to 1.2 on consumer Open vSwitch agent@dv-cinder-829110-2-iscsi {{(pid=103258) _set_version /opt/stack/neutron/neutron/api/rpc/callbacks/version_manager.py:113}}
Feb 17 07:25:50.681871 dv-cinder-829110-2-iscsi neutron-server[103258]: DEBUG neutron.api.rpc.callbacks.version_manager [None req-7b815eee-3806-4b9b-9c5a-26b3bc638ea0 admin admin] Version for resource type QosPolicy changed None to 1.10 on consumer Open vSwitch agent@dv-cinder-829110-2-iscsi {{(pid=103258) _set_version /opt/stack/neutron/neutron/api/rpc/callbacks/version_manager.py:113}}
Feb 17 07:25:50.682192 dv-cinder-829110-2-iscsi neutron-server[103258]: DEBUG neutron.api.rpc.callbacks.version_manager [None req-7b815eee-3806-4b9b-9c5a-26b3bc638ea0 admin admin] Version for resource type SecurityGroup changed None to 1.5 on consumer Open vSwitch agent@dv-cinder-829110-2-iscsi {{(pid=103258) _set_version /opt/stack/neutron/neutron/api/rpc/callbacks/version_manager.py:113}}
Feb 17 07:25:50.682533 dv-cinder-829110-2-iscsi neutron-server[103258]: DEBUG neutron.api.rpc.callbacks.version_manager [None req-7b815eee-3806-4b9b-9c5a-26b3bc638ea0 admin admin] Version for resource type SecurityGroupRule changed None to 1.2 on consumer Open vSwitch agent@dv-cinder-829110-2-iscsi {{(pid=103258) _set_version /opt/stack/neutron/neutron/api/rpc/callbacks/version_manager.py:113}}
Feb 17 07:25:50.682860 dv-cinder-829110-2-iscsi neutron-server[103258]: DEBUG neutron.api.rpc.callbacks.version_manager [None req-7b815eee-3806-4b9b-9c5a-26b3bc638ea0 admin admin] Version for resource type SubPort changed None to 1.0 on consumer Open vSwitch agent@dv-cinder-829110-2-iscsi {{(pid=103258) _set_version /opt/stack/neutron/neutron/api/rpc/callbacks/version_manager.py:113}}
Feb 17 07:25:50.683178 dv-cinder-829110-2-iscsi neutron-server[103258]: DEBUG neutron.api.rpc.callbacks.version_manager [None req-7b815eee-3806-4b9b-9c5a-26b3bc638ea0 admin admin] Version for resource type Subnet changed None to 1.1 on consumer Open vSwitch agent@dv-cinder-829110-2-iscsi {{(pid=103258) _set_version /opt/stack/neutron/neutron/api/rpc/callbacks/version_manager.py:113}}
Feb 17 07:25:50.683495 dv-cinder-829110-2-iscsi neutron-server[103258]: DEBUG neutron.api.rpc.callbacks.version_manager [None req-7b815eee-3806-4b9b-9c5a-26b3bc638ea0 admin admin] Version for resource type Trunk changed None to 1.1 on consumer Open vSwitch agent@dv-cinder-829110-2-iscsi {{(pid=103258) _set_version /opt/stack/neutron/neutron/api/rpc/callbacks/version_manager.py:113}}
Feb 17 07:25:50.691860 dv-cinder-829110-2-iscsi neutron-server[103258]: INFO neutron.wsgi [req-8341095f-15b6-4dfe-92cf-e3e0b74a1394 req-bbf73794-8fca-4e84-82e0-4c89aacf9a0a tempest-ServerRescueNegativeTestJSON-2065813151 tempest-ServerRescueNegativeTestJSON-2065813151-project] 10.222.0.109 "GET /v2.0/security-groups?id=a888ff66-8241-4f16-a8cd-88149b0fabb2&fields=id&fields=name HTTP/1.1" status: 200 len: 286 time: 0.1251509
Feb 17 07:25:50.699789 dv-cinder-829110-2-iscsi neutron-server[103258]: DEBUG neutron.pecan_wsgi.hooks.policy_enforcement [req-5d694159-ffb2-45cf-afe0-d4e9dcb9d459 req-5e5010ff-94b5-432a-8d06-86762c23e380 tempest-AttachVolumeTestJSON-1450786596 tempest-AttachVolumeTestJSON-1450786596-project] Attributes excluded by policy engine: ['standard_attr_id', 'binding:profile', 'binding:host_id', 'binding:vif_type', 'binding:vif_details'] {{(pid=103258) _exclude_attributes_by_policy /opt/stack/neutron/neutron/pecan_wsgi/hooks/policy_enforcement.py:255}}
Feb 17 07:25:50.701943 dv-cinder-829110-2-iscsi neutron-server[103258]: INFO neutron.wsgi [req-5d694159-ffb2-45cf-afe0-d4e9dcb9d459 req-5e5010ff-94b5-432a-8d06-86762c23e380 tempest-AttachVolumeTestJSON-1450786596 tempest-AttachVolumeTestJSON-1450786596-project] 10.222.0.109 "GET /v2.0/ports?device_id=99ab24d4-7f63-4964-9db5-b461dee7e3b4 HTTP/1.1" status: 200 len: 945 time: 0.1437495
Feb 17 07:25:50.718714 dv-cinder-829110-2-iscsi neutron-server[103259]: DEBUG neutron_lib.callbacks.manager [None req-f60dcaf6-9420-4c02-8d6a-65e423576ef9 admin admin] Publish callbacks [] for security_group (f866ff19-16a4-493c-a1fb-f32ba07042ea), before_delete {{(pid=103259) _notify_loop /usr/local/lib/python3.8/dist-packages/neutron_lib/callbacks/manager.py:176}}
Feb 17 07:25:50.744685 dv-cinder-829110-2-iscsi neutron-server[103259]: DEBUG neutron_lib.callbacks.manager [None req-f60dcaf6-9420-4c02-8d6a-65e423576ef9 admin admin] Publish callbacks [] for security_group (f866ff19-16a4-493c-a1fb-f32ba07042ea), precommit_delete {{(pid=103259) _notify_loop /usr/local/lib/python3.8/dist-packages/neutron_lib/callbacks/manager.py:176}}
Feb 17 07:25:50.751339 dv-cinder-829110-2-iscsi neutron-server[103258]: INFO neutron.wsgi [req-5d694159-ffb2-45cf-afe0-d4e9dcb9d459 req-0e7b8443-31cd-400b-9ab7-32b01b952a37 tempest-AttachVolumeTestJSON-1450786596 tempest-AttachVolumeTestJSON-1450786596-project] 10.222.0.109 "GET /v2.0/security-groups?id=9a4ba0c4-f421-4fae-bf85-f2fed151a6f1&fields=id&fields=name HTTP/1.1" status: 200 len: 312 time: 0.0429239
Feb 17 07:25:50.873328 dv-cinder-829110-2-iscsi neutron-server[103259]: DEBUG neutron_lib.callbacks.manager [None req-f60dcaf6-9420-4c02-8d6a-65e423576ef9 admin admin] Publish callbacks ['neutron.plugins.ml2.ovo_rpc._ObjectChangeHandler.handle_event-544711'] for security_group (f866ff19-16a4-493c-a1fb-f32ba07042ea), after_delete {{(pid=103259) _notify_loop /usr/local/lib/python3.8/dist-packages/neutron_lib/callbacks/manager.py:176}}
Feb 17 07:25:50.876029 dv-cinder-829110-2-iscsi neutron-server[103259]: DEBUG neutron_lib.callbacks.manager [None req-f60dcaf6-9420-4c02-8d6a-65e423576ef9 admin admin] Publish callbacks [] for security_group (None), before_response {{(pid=103259) _notify_loop /usr/local/lib/python3.8/dist-packages/neutron_lib/callbacks/manager.py:176}}
Feb 17 07:25:50.877292 dv-cinder-829110-2-iscsi neutron-server[103259]: INFO neutron.wsgi [None req-f60dcaf6-9420-4c02-8d6a-65e423576ef9 admin admin] 10.222.0.109 "DELETE /v2.0/security-groups/f866ff19-16a4-493c-a1fb-f32ba07042ea HTTP/1.1" status: 204 len: 168 time: 0.2147245
Feb 17 07:25:50.888982 dv-cinder-829110-2-iscsi neutron-server[103259]: DEBUG neutron.api.rpc.handlers.resources_rpc [None req-f60dcaf6-9420-4c02-8d6a-65e423576ef9 admin admin] Pushing event deleted for resources: {'SecurityGroup': ['ID=f866ff19-16a4-493c-a1fb-f32ba07042ea,revision_number=None']} {{(pid=103259) push /opt/stack/neutron/neutron/api/rpc/handlers/resources_rpc.py:237}}
Feb 17 07:25:50.896519 dv-cinder-829110-2-iscsi neutron-server[103259]: DEBUG neutron.api.rpc.callbacks.version_manager [None req-f60dcaf6-9420-4c02-8d6a-65e423576ef9 admin admin] Version for resource type AddressGroup changed None to 1.2 on consumer Open vSwitch agent@dv-cinder-829110-2-iscsi {{(pid=103259) _set_version /opt/stack/neutron/neutron/api/rpc/callbacks/version_manager.py:113}}
Feb 17 07:25:50.896972 dv-cinder-829110-2-iscsi neutron-server[103259]: DEBUG neutron.api.rpc.callbacks.version_manager [None req-f60dcaf6-9420-4c02-8d6a-65e423576ef9 admin admin] Version for resource type ConntrackHelper changed None to 1.0 on consumer Open vSwitch agent@dv-cinder-829110-2-iscsi {{(pid=103259) _set_version /opt/stack/neutron/neutron/api/rpc/callbacks/version_manager.py:113}}
Feb 17 07:25:50.897284 dv-cinder-829110-2-iscsi neutron-server[103259]: DEBUG neutron.api.rpc.callbacks.version_manager [None req-f60dcaf6-9420-4c02-8d6a-65e423576ef9 admin admin] Version for resource type LocalIPAssociation changed None to 1.0 on consumer Open vSwitch agent@dv-cinder-829110-2-iscsi {{(pid=103259) _set_version /opt/stack/neutron/neutron/api/rpc/callbacks/version_manager.py:113}}
Feb 17 07:25:50.897621 dv-cinder-829110-2-iscsi neutron-server[103259]: DEBUG neutron.api.rpc.callbacks.version_manager [None req-f60dcaf6-9420-4c02-8d6a-65e423576ef9 admin admin] Version for resource type Log changed None to 1.0 on consumer Open vSwitch agent@dv-cinder-829110-2-iscsi {{(pid=103259) _set_version /opt/stack/neutron/neutron/api/rpc/callbacks/version_manager.py:113}}
Feb 17 07:25:50.897954 dv-cinder-829110-2-iscsi neutron-server[103259]: DEBUG neutron.api.rpc.callbacks.version_manager [None req-f60dcaf6-9420-4c02-8d6a-65e423576ef9 admin admin] Version for resource type Network changed None to 1.1 on consumer Open vSwitch agent@dv-cinder-829110-2-iscsi {{(pid=103259) _set_version /opt/stack/neutron/neutron/api/rpc/callbacks/version_manager.py:113}}
Feb 17 07:25:50.898318 dv-cinder-829110-2-iscsi neutron-server[103259]: DEBUG neutron.api.rpc.callbacks.version_manager [None req-f60dcaf6-9420-4c02-8d6a-65e423576ef9 admin admin] Version for resource type Port changed None to 1.7 on consumer Open vSwitch agent@dv-cinder-829110-2-iscsi {{(pid=103259) _set_version /opt/stack/neutron/neutron/api/rpc/callbacks/version_manager.py:113}}
Feb 17 07:25:50.898738 dv-cinder-829110-2-iscsi neutron-server[103259]: DEBUG neutron.api.rpc.callbacks.version_manager [None req-f60dcaf6-9420-4c02-8d6a-65e423576ef9 admin admin] Version for resource type PortForwarding changed None to 1.2 on consumer Open vSwitch agent@dv-cinder-829110-2-iscsi {{(pid=103259) _set_version /opt/stack/neutron/neutron/api/rpc/callbacks/version_manager.py:113}}
Feb 17 07:25:50.899339 dv-cinder-829110-2-iscsi neutron-server[103259]: DEBUG neutron.api.rpc.callbacks.version_manager [None req-f60dcaf6-9420-4c02-8d6a-65e423576ef9 admin admin] Version for resource type QosPolicy changed None to 1.10 on consumer Open vSwitch agent@dv-cinder-829110-2-iscsi {{(pid=103259) _set_version /opt/stack/neutron/neutron/api/rpc/callbacks/version_manager.py:113}}
Feb 17 07:25:50.899944 dv-cinder-829110-2-iscsi neutron-server[103259]: DEBUG neutron.api.rpc.callbacks.version_manager [None req-f60dcaf6-9420-4c02-8d6a-65e423576ef9 admin admin] Version for resource type SecurityGroup changed None to 1.5 on consumer Open vSwitch agent@dv-cinder-829110-2-iscsi {{(pid=103259) _set_version /opt/stack/neutron/neutron/api/rpc/callbacks/version_manager.py:113}}
Feb 17 07:25:50.900422 dv-cinder-829110-2-iscsi neutron-server[103259]: DEBUG neutron.api.rpc.callbacks.version_manager [None req-f60dcaf6-9420-4c02-8d6a-65e423576ef9 admin admin] Version for resource type SecurityGroupRule changed None to 1.2 on consumer Open vSwitch agent@dv-cinder-829110-2-iscsi {{(pid=103259) _set_version /opt/stack/neutron/neutron/api/rpc/callbacks/version_manager.py:113}}
Feb 17 07:25:50.900889 dv-cinder-829110-2-iscsi neutron-server[103259]: DEBUG neutron.api.rpc.callbacks.version_manager [None req-f60dcaf6-9420-4c02-8d6a-65e423576ef9 admin admin] Version for resource type SubPort changed None to 1.0 on consumer Open vSwitch agent@dv-cinder-829110-2-iscsi {{(pid=103259) _set_version /opt/stack/neutron/neutron/api/rpc/callbacks/version_manager.py:113}}
Feb 17 07:25:50.901286 dv-cinder-829110-2-iscsi neutron-server[103259]: DEBUG neutron.api.rpc.callbacks.version_manager [None req-f60dcaf6-9420-4c02-8d6a-65e423576ef9 admin admin] Version for resource type Subnet changed None to 1.1 on consumer Open vSwitch agent@dv-cinder-829110-2-iscsi {{(pid=103259) _set_version /opt/stack/neutron/neutron/api/rpc/callbacks/version_manager.py:113}}
Feb 17 07:25:50.901783 dv-cinder-829110-2-iscsi neutron-server[103259]: DEBUG neutron.api.rpc.callbacks.version_manager [None req-f60dcaf6-9420-4c02-8d6a-65e423576ef9 admin admin] Version for resource type Trunk changed None to 1.1 on consumer Open vSwitch agent@dv-cinder-829110-2-iscsi {{(pid=103259) _set_version /opt/stack/neutron/neutron/api/rpc/callbacks/version_manager.py:113}}
Feb 17 07:25:51.494223 dv-cinder-829110-2-iscsi neutron-server[103259]: DEBUG neutron.wsgi [-] (103259) accepted ('10.222.0.109', 39790) {{(pid=103259) server /usr/local/lib/python3.8/dist-packages/eventlet/wsgi.py:1004}}
Feb 17 07:25:51.505369 dv-cinder-829110-2-iscsi neutron-server[103259]: DEBUG neutron_lib.callbacks.manager [None req-f42568a5-af3e-4aef-8049-998d3c12c826 admin admin] Publish callbacks [] for security_group (None), before_create {{(pid=103259) _notify_loop /usr/local/lib/python3.8/dist-packages/neutron_lib/callbacks/manager.py:176}}
Feb 17 07:25:51.518648 dv-cinder-829110-2-iscsi neutron-server[103258]: DEBUG neutron.pecan_wsgi.hooks.policy_enforcement [req-f860f630-23a9-46b9-aaa8-6d7376cd94c5 req-a5f6a88a-e031-44b6-b0a8-c9ccc26a6b19 tempest-VolumesActionsTest-77524214 tempest-VolumesActionsTest-77524214-project] Attributes excluded by policy engine: ['standard_attr_id', 'binding:profile', 'binding:host_id', 'binding:vif_type', 'binding:vif_details'] {{(pid=103258) _exclude_attributes_by_policy /opt/stack/neutron/neutron/pecan_wsgi/hooks/policy_enforcement.py:255}}
Feb 17 07:25:51.520174 dv-cinder-829110-2-iscsi neutron-server[103258]: INFO neutron.wsgi [req-f860f630-23a9-46b9-aaa8-6d7376cd94c5 req-a5f6a88a-e031-44b6-b0a8-c9ccc26a6b19 tempest-VolumesActionsTest-77524214 tempest-VolumesActionsTest-77524214-project] 10.222.0.109 "GET /v2.0/ports?device_id=02c2d13e-5225-42b6-aa9d-126a78dabfc7 HTTP/1.1" status: 200 len: 943 time: 0.0536325
Feb 17 07:25:51.569553 dv-cinder-829110-2-iscsi neutron-server[103258]: INFO neutron.wsgi [req-f860f630-23a9-46b9-aaa8-6d7376cd94c5 req-ca20574c-ace0-4446-b026-f6dcd1909153 tempest-VolumesActionsTest-77524214 tempest-VolumesActionsTest-77524214-project] 10.222.0.109 "GET /v2.0/security-groups?id=2ad46c58-7fae-4f4a-a320-b6f76156b532&fields=id&fields=name HTTP/1.1" status: 200 len: 286 time: 0.0431311
Feb 17 07:25:51.589940 dv-cinder-829110-2-iscsi neutron-server[103259]: DEBUG neutron_lib.callbacks.manager [None req-f42568a5-af3e-4aef-8049-998d3c12c826 admin admin] Publish callbacks [] for security_group (e570944f-4ba8-4202-935d-2742cc4e7de4), precommit_create {{(pid=103259) _notify_loop /usr/local/lib/python3.8/dist-packages/neutron_lib/callbacks/manager.py:176}}
Feb 17 07:25:51.639877 dv-cinder-829110-2-iscsi neutron-server[103258]: DEBUG neutron.pecan_wsgi.hooks.policy_enforcement [req-85b987c1-8eab-443d-a2a4-e25ed4933d6b req-4d7351ed-42ad-498f-bad8-443cf96401b9 tempest-AttachVolumeShelveTestJSON-1716727781 tempest-AttachVolumeShelveTestJSON-1716727781-project] Attributes excluded by policy engine: ['standard_attr_id', 'binding:profile', 'binding:host_id', 'binding:vif_type', 'binding:vif_details'] {{(pid=103258) _exclude_attributes_by_policy /opt/stack/neutron/neutron/pecan_wsgi/hooks/policy_enforcement.py:255}}
Feb 17 07:25:51.641394 dv-cinder-829110-2-iscsi neutron-server[103258]: INFO neutron.wsgi [req-85b987c1-8eab-443d-a2a4-e25ed4933d6b req-4d7351ed-42ad-498f-bad8-443cf96401b9 tempest-AttachVolumeShelveTestJSON-1716727781 tempest-AttachVolumeShelveTestJSON-1716727781-project] 10.222.0.109 "GET /v2.0/ports?device_id=dd02bf05-ce04-4c33-a36e-c8f97f7bb6e1 HTTP/1.1" status: 200 len: 946 time: 0.0525150
Feb 17 07:25:51.673228 dv-cinder-829110-2-iscsi neutron-server[103259]: DEBUG neutron_lib.callbacks.manager [None req-f42568a5-af3e-4aef-8049-998d3c12c826 admin admin] Publish callbacks ['neutron.plugins.ml2.ovo_rpc._ObjectChangeHandler.handle_event-544711'] for security_group (e570944f-4ba8-4202-935d-2742cc4e7de4), after_create {{(pid=103259) _notify_loop /usr/local/lib/python3.8/dist-packages/neutron_lib/callbacks/manager.py:176}}
Feb 17 07:25:51.693115 dv-cinder-829110-2-iscsi neutron-server[103258]: INFO neutron.wsgi [req-85b987c1-8eab-443d-a2a4-e25ed4933d6b req-361ecc73-6f70-4ef9-ba6f-96c0b4cfc2af tempest-AttachVolumeShelveTestJSON-1716727781 tempest-AttachVolumeShelveTestJSON-1716727781-project] 10.222.0.109 "GET /v2.0/security-groups?id=2bc64aa7-8371-4813-8ee3-2e8609fb4701&fields=id&fields=name HTTP/1.1" status: 200 len: 313 time: 0.0458887
Feb 17 07:25:51.733727 dv-cinder-829110-2-iscsi neutron-server[103259]: INFO neutron.wsgi [None req-f42568a5-af3e-4aef-8049-998d3c12c826 admin admin] 10.222.0.109 "GET /v2.0/security-groups?tenant_id=1cf9fc1d79c045a29d341b3289e10ab8&name=default HTTP/1.1" status: 200 len: 2996 time: 0.2408254
Feb 17 07:25:51.734737 dv-cinder-829110-2-iscsi neutron-server[103259]: DEBUG neutron.api.rpc.handlers.resources_rpc [None req-f42568a5-af3e-4aef-8049-998d3c12c826 admin admin] Pushing event updated for resources: {'SecurityGroup': ['ID=e570944f-4ba8-4202-935d-2742cc4e7de4,revision_number=1']} {{(pid=103259) push /opt/stack/neutron/neutron/api/rpc/handlers/resources_rpc.py:237}}
Feb 17 07:25:51.736958 dv-cinder-829110-2-iscsi neutron-server[103258]: DEBUG neutron.wsgi [-] (103258) accepted ('10.222.0.109', 39796) {{(pid=103258) server /usr/local/lib/python3.8/dist-packages/eventlet/wsgi.py:1004}}
Feb 17 07:25:51.756365 dv-cinder-829110-2-iscsi neutron-server[103259]: DEBUG neutron.pecan_wsgi.hooks.policy_enforcement [req-9172be38-0215-467d-b835-c87d28940e52 req-090dcc42-7386-4026-bd1b-a2a1bb3e7048 service neutron] Attributes excluded by policy engine: ['standard_attr_id'] {{(pid=103259) _exclude_attributes_by_policy /opt/stack/neutron/neutron/pecan_wsgi/hooks/policy_enforcement.py:255}}
Feb 17 07:25:51.758543 dv-cinder-829110-2-iscsi neutron-server[103259]: INFO neutron.wsgi [req-9172be38-0215-467d-b835-c87d28940e52 req-090dcc42-7386-4026-bd1b-a2a1bb3e7048 service neutron] 10.222.0.105 "GET /v2.0/ports?device_id=dd02bf05-ce04-4c33-a36e-c8f97f7bb6e1 HTTP/1.1" status: 200 len: 1130 time: 0.0544395
Feb 17 07:25:51.815682 dv-cinder-829110-2-iscsi neutron-server[103258]: DEBUG neutron_lib.callbacks.manager [None req-7be2bc16-58c2-4b13-9e9e-cd8901eaebcb admin admin] Publish callbacks [] for security_group (e570944f-4ba8-4202-935d-2742cc4e7de4), before_delete {{(pid=103258) _notify_loop /usr/local/lib/python3.8/dist-packages/neutron_lib/callbacks/manager.py:176}}
Feb 17 07:25:51.816918 dv-cinder-829110-2-iscsi neutron-server[103259]: INFO neutron.wsgi [req-9172be38-0215-467d-b835-c87d28940e52 req-cbddee57-c998-475f-a76d-b0fc5cb68e55 service neutron] 10.222.0.105 "GET /v2.0/security-groups?id=2bc64aa7-8371-4813-8ee3-2e8609fb4701&fields=id&fields=name HTTP/1.1" status: 200 len: 313 time: 0.0446982
Feb 17 07:25:51.869945 dv-cinder-829110-2-iscsi neutron-server[103258]: DEBUG neutron_lib.callbacks.manager [None req-7be2bc16-58c2-4b13-9e9e-cd8901eaebcb admin admin] Publish callbacks [] for security_group (e570944f-4ba8-4202-935d-2742cc4e7de4), precommit_delete {{(pid=103258) _notify_loop /usr/local/lib/python3.8/dist-packages/neutron_lib/callbacks/manager.py:176}}
Feb 17 07:25:51.926821 dv-cinder-829110-2-iscsi neutron-server[103258]: DEBUG neutron.pecan_wsgi.hooks.policy_enforcement [req-1a92d629-c336-4d3a-9b21-8c72c9babfe8 req-428b7ff6-5c5c-4dac-89bd-2fac487a3c2e tempest-ServerRescueNegativeTestJSON-2065813151 tempest-ServerRescueNegativeTestJSON-2065813151-project] Attributes excluded by policy engine: ['standard_attr_id', 'binding:profile', 'binding:host_id', 'binding:vif_type', 'binding:vif_details'] {{(pid=103258) _exclude_attributes_by_policy /opt/stack/neutron/neutron/pecan_wsgi/hooks/policy_enforcement.py:255}}
Feb 17 07:25:51.928316 dv-cinder-829110-2-iscsi neutron-server[103258]: INFO neutron.wsgi [req-1a92d629-c336-4d3a-9b21-8c72c9babfe8 req-428b7ff6-5c5c-4dac-89bd-2fac487a3c2e tempest-ServerRescueNegativeTestJSON-2065813151 tempest-ServerRescueNegativeTestJSON-2065813151-project] 10.222.0.109 "GET /v2.0/ports?device_id=6326659a-0013-4635-a507-fa5b1581463f HTTP/1.1" status: 200 len: 946 time: 0.1593919
Feb 17 07:25:51.941215 dv-cinder-829110-2-iscsi neutron-server[103258]: DEBUG neutron.pecan_wsgi.hooks.policy_enforcement [req-6c8fad58-f664-419b-a390-bdf6ea656b71 req-9662337a-968f-4883-afe6-2c24734976b3 tempest-AttachVolumeTestJSON-1450786596 tempest-AttachVolumeTestJSON-1450786596-project] Attributes excluded by policy engine: ['standard_attr_id', 'binding:profile', 'binding:host_id', 'binding:vif_type', 'binding:vif_details'] {{(pid=103258) _exclude_attributes_by_policy /opt/stack/neutron/neutron/pecan_wsgi/hooks/policy_enforcement.py:255}}
Feb 17 07:25:51.941215 dv-cinder-829110-2-iscsi neutron-server[103258]: INFO neutron.wsgi [req-6c8fad58-f664-419b-a390-bdf6ea656b71 req-9662337a-968f-4883-afe6-2c24734976b3 tempest-AttachVolumeTestJSON-1450786596 tempest-AttachVolumeTestJSON-1450786596-project] 10.222.0.109 "GET /v2.0/ports?device_id=99ab24d4-7f63-4964-9db5-b461dee7e3b4 HTTP/1.1" status: 200 len: 945 time: 0.1201000
Feb 17 07:25:52.018219 dv-cinder-829110-2-iscsi neutron-server[103258]: INFO neutron.wsgi [req-1a92d629-c336-4d3a-9b21-8c72c9babfe8 req-96bf2638-9884-4ff5-8c98-edb4dcf2ac1f tempest-ServerRescueNegativeTestJSON-2065813151 tempest-ServerRescueNegativeTestJSON-2065813151-project] 10.222.0.109 "GET /v2.0/security-groups?id=a888ff66-8241-4f16-a8cd-88149b0fabb2&fields=id&fields=name HTTP/1.1" status: 200 len: 286 time: 0.0757389
Feb 17 07:25:52.027103 dv-cinder-829110-2-iscsi neutron-server[103258]: INFO neutron.wsgi [req-6c8fad58-f664-419b-a390-bdf6ea656b71 req-b41d724c-e635-41e5-bf57-3d75ee282285 tempest-AttachVolumeTestJSON-1450786596 tempest-AttachVolumeTestJSON-1450786596-project] 10.222.0.109 "GET /v2.0/security-groups?id=9a4ba0c4-f421-4fae-bf85-f2fed151a6f1&fields=id&fields=name HTTP/1.1" status: 200 len: 312 time: 0.0752316
Feb 17 07:25:52.039261 dv-cinder-829110-2-iscsi neutron-server[103258]: DEBUG neutron_lib.callbacks.manager [None req-7be2bc16-58c2-4b13-9e9e-cd8901eaebcb admin admin] Publish callbacks ['neutron.plugins.ml2.ovo_rpc._ObjectChangeHandler.handle_event-544711'] for security_group (e570944f-4ba8-4202-935d-2742cc4e7de4), after_delete {{(pid=103258) _notify_loop /usr/local/lib/python3.8/dist-packages/neutron_lib/callbacks/manager.py:176}}
Feb 17 07:25:52.042510 dv-cinder-829110-2-iscsi neutron-server[103258]: DEBUG neutron_lib.callbacks.manager [None req-7be2bc16-58c2-4b13-9e9e-cd8901eaebcb admin admin] Publish callbacks [] for security_group (None), before_response {{(pid=103258) _notify_loop /usr/local/lib/python3.8/dist-packages/neutron_lib/callbacks/manager.py:176}}
Feb 17 07:25:52.043678 dv-cinder-829110-2-iscsi neutron-server[103258]: INFO neutron.wsgi [None req-7be2bc16-58c2-4b13-9e9e-cd8901eaebcb admin admin] 10.222.0.109 "DELETE /v2.0/security-groups/e570944f-4ba8-4202-935d-2742cc4e7de4 HTTP/1.1" status: 204 len: 168 time: 0.3061166
Feb 17 07:25:52.051762 dv-cinder-829110-2-iscsi neutron-server[103258]: DEBUG neutron.api.rpc.handlers.resources_rpc [None req-7be2bc16-58c2-4b13-9e9e-cd8901eaebcb admin admin] Pushing event deleted for resources: {'SecurityGroup': ['ID=e570944f-4ba8-4202-935d-2742cc4e7de4,revision_number=None']} {{(pid=103258) push /opt/stack/neutron/neutron/api/rpc/handlers/resources_rpc.py:237}}
Feb 17 07:25:52.692600 dv-cinder-829110-2-iscsi neutron-server[103258]: DEBUG neutron.pecan_wsgi.hooks.policy_enforcement [req-cafb66cd-32a9-400e-868d-37b26a2417d6 req-394ab227-ee2b-4d12-910b-4ae5160ff77a tempest-VolumesActionsTest-77524214 tempest-VolumesActionsTest-77524214-project] Attributes excluded by policy engine: ['standard_attr_id', 'binding:profile', 'binding:host_id', 'binding:vif_type', 'binding:vif_details'] {{(pid=103258) _exclude_attributes_by_policy /opt/stack/neutron/neutron/pecan_wsgi/hooks/policy_enforcement.py:255}}
Feb 17 07:25:52.694122 dv-cinder-829110-2-iscsi neutron-server[103258]: INFO neutron.wsgi [req-cafb66cd-32a9-400e-868d-37b26a2417d6 req-394ab227-ee2b-4d12-910b-4ae5160ff77a tempest-VolumesActionsTest-77524214 tempest-VolumesActionsTest-77524214-project] 10.222.0.109 "GET /v2.0/ports?device_id=02c2d13e-5225-42b6-aa9d-126a78dabfc7 HTTP/1.1" status: 200 len: 943 time: 0.0529013
Feb 17 07:25:52.784109 dv-cinder-829110-2-iscsi neutron-server[103258]: INFO neutron.wsgi [req-cafb66cd-32a9-400e-868d-37b26a2417d6 req-e7334edf-9e46-4aba-99ec-ea102decc293 tempest-VolumesActionsTest-77524214 tempest-VolumesActionsTest-77524214-project] 10.222.0.109 "GET /v2.0/security-groups?id=2ad46c58-7fae-4f4a-a320-b6f76156b532&fields=id&fields=name HTTP/1.1" status: 200 len: 286 time: 0.0835650
Feb 17 07:25:52.862797 dv-cinder-829110-2-iscsi neutron-server[103258]: DEBUG neutron.pecan_wsgi.hooks.policy_enforcement [req-dbf58dec-aea8-43af-b42d-3d8b44c6e6be req-9813c30a-7678-4ffd-8605-5fb10a390903 tempest-AttachVolumeShelveTestJSON-1716727781 tempest-AttachVolumeShelveTestJSON-1716727781-project] Attributes excluded by policy engine: ['standard_attr_id', 'binding:profile', 'binding:host_id', 'binding:vif_type', 'binding:vif_details'] {{(pid=103258) _exclude_attributes_by_policy /opt/stack/neutron/neutron/pecan_wsgi/hooks/policy_enforcement.py:255}}
Feb 17 07:25:52.864498 dv-cinder-829110-2-iscsi neutron-server[103258]: INFO neutron.wsgi [req-dbf58dec-aea8-43af-b42d-3d8b44c6e6be req-9813c30a-7678-4ffd-8605-5fb10a390903 tempest-AttachVolumeShelveTestJSON-1716727781 tempest-AttachVolumeShelveTestJSON-1716727781-project] 10.222.0.109 "GET /v2.0/ports?device_id=dd02bf05-ce04-4c33-a36e-c8f97f7bb6e1 HTTP/1.1" status: 200 len: 946 time: 0.0667593
Feb 17 07:25:52.921566 dv-cinder-829110-2-iscsi neutron-server[103258]: INFO neutron.wsgi [req-dbf58dec-aea8-43af-b42d-3d8b44c6e6be req-184748f6-98e9-4c2e-8790-91474c134538 tempest-AttachVolumeShelveTestJSON-1716727781 tempest-AttachVolumeShelveTestJSON-1716727781-project] 10.222.0.109 "GET /v2.0/security-groups?id=2bc64aa7-8371-4813-8ee3-2e8609fb4701&fields=id&fields=name HTTP/1.1" status: 200 len: 313 time: 0.0453858
Feb 17 07:25:53.186040 dv-cinder-829110-2-iscsi neutron-server[103258]: DEBUG neutron.pecan_wsgi.hooks.policy_enforcement [req-7da5f154-fa24-4b44-b143-ec1648bcaa5f req-fbd43b12-c35e-41cd-a33d-66725cc3e644 tempest-ServerRescueNegativeTestJSON-2065813151 tempest-ServerRescueNegativeTestJSON-2065813151-project] Attributes excluded by policy engine: ['standard_attr_id', 'binding:profile', 'binding:host_id', 'binding:vif_type', 'binding:vif_details'] {{(pid=103258) _exclude_attributes_by_policy /opt/stack/neutron/neutron/pecan_wsgi/hooks/policy_enforcement.py:255}}
Feb 17 07:25:53.187544 dv-cinder-829110-2-iscsi neutron-server[103258]: INFO neutron.wsgi [req-7da5f154-fa24-4b44-b143-ec1648bcaa5f req-fbd43b12-c35e-41cd-a33d-66725cc3e644 tempest-ServerRescueNegativeTestJSON-2065813151 tempest-ServerRescueNegativeTestJSON-2065813151-project] 10.222.0.109 "GET /v2.0/ports?device_id=6326659a-0013-4635-a507-fa5b1581463f HTTP/1.1" status: 200 len: 946 time: 0.0984356
Feb 17 07:25:53.207164 dv-cinder-829110-2-iscsi neutron-server[103258]: DEBUG neutron.pecan_wsgi.hooks.policy_enforcement [req-fc616a4e-1236-408a-9de8-e3c50b3d22af req-07c081e9-b6af-43c9-b9a8-d7000764e207 tempest-AttachVolumeTestJSON-1450786596 tempest-AttachVolumeTestJSON-1450786596-project] Attributes excluded by policy engine: ['standard_attr_id', 'binding:profile', 'binding:host_id', 'binding:vif_type', 'binding:vif_details'] {{(pid=103258) _exclude_attributes_by_policy /opt/stack/neutron/neutron/pecan_wsgi/hooks/policy_enforcement.py:255}}
Feb 17 07:25:53.208596 dv-cinder-829110-2-iscsi neutron-server[103258]: INFO neutron.wsgi [req-fc616a4e-1236-408a-9de8-e3c50b3d22af req-07c081e9-b6af-43c9-b9a8-d7000764e207 tempest-AttachVolumeTestJSON-1450786596 tempest-AttachVolumeTestJSON-1450786596-project] 10.222.0.109 "GET /v2.0/ports?device_id=99ab24d4-7f63-4964-9db5-b461dee7e3b4 HTTP/1.1" status: 200 len: 945 time: 0.0898564
Feb 17 07:25:53.274841 dv-cinder-829110-2-iscsi neutron-server[103258]: INFO neutron.wsgi [req-7da5f154-fa24-4b44-b143-ec1648bcaa5f req-a1a734ab-e014-4e31-b3de-fbc3e71056c4 tempest-ServerRescueNegativeTestJSON-2065813151 tempest-ServerRescueNegativeTestJSON-2065813151-project] 10.222.0.109 "GET /v2.0/security-groups?id=a888ff66-8241-4f16-a8cd-88149b0fabb2&fields=id&fields=name HTTP/1.1" status: 200 len: 286 time: 0.0806165
Feb 17 07:25:53.286833 dv-cinder-829110-2-iscsi neutron-server[103258]: INFO neutron.wsgi [req-fc616a4e-1236-408a-9de8-e3c50b3d22af req-e79d8d24-0a5f-42c2-9c10-9403f487bd2e tempest-AttachVolumeTestJSON-1450786596 tempest-AttachVolumeTestJSON-1450786596-project] 10.222.0.109 "GET /v2.0/security-groups?id=9a4ba0c4-f421-4fae-bf85-f2fed151a6f1&fields=id&fields=name HTTP/1.1" status: 200 len: 312 time: 0.0676911
Feb 17 07:25:53.991646 dv-cinder-829110-2-iscsi neutron-server[103258]: DEBUG neutron.pecan_wsgi.hooks.policy_enforcement [req-2118d525-a4e7-4f96-8a5c-bf0d8a3ce6a3 req-5858e916-5f4f-4976-88ab-9605aa06cb8e tempest-VolumesActionsTest-77524214 tempest-VolumesActionsTest-77524214-project] Attributes excluded by policy engine: ['standard_attr_id', 'binding:profile', 'binding:host_id', 'binding:vif_type', 'binding:vif_details'] {{(pid=103258) _exclude_attributes_by_policy /opt/stack/neutron/neutron/pecan_wsgi/hooks/policy_enforcement.py:255}}
Feb 17 07:25:53.991646 dv-cinder-829110-2-iscsi neutron-server[103258]: INFO neutron.wsgi [req-2118d525-a4e7-4f96-8a5c-bf0d8a3ce6a3 req-5858e916-5f4f-4976-88ab-9605aa06cb8e tempest-VolumesActionsTest-77524214 tempest-VolumesActionsTest-77524214-project] 10.222.0.109 "GET /v2.0/ports?device_id=02c2d13e-5225-42b6-aa9d-126a78dabfc7 HTTP/1.1" status: 200 len: 943 time: 0.0583706
Feb 17 07:25:53.991646 dv-cinder-829110-2-iscsi neutron-server[103258]: INFO neutron.wsgi [req-2118d525-a4e7-4f96-8a5c-bf0d8a3ce6a3 req-7bba70e4-29a2-47fa-8407-df16e4d435c3 tempest-VolumesActionsTest-77524214 tempest-VolumesActionsTest-77524214-project] 10.222.0.109 "GET /v2.0/security-groups?id=2ad46c58-7fae-4f4a-a320-b6f76156b532&fields=id&fields=name HTTP/1.1" status: 200 len: 286 time: 0.0463684
Feb 17 07:25:54.062146 dv-cinder-829110-2-iscsi neutron-server[103258]: DEBUG neutron.pecan_wsgi.hooks.policy_enforcement [req-64a8ad60-8088-46a7-9781-e0ae36797cac req-f2e5c974-e8e0-41ce-89b6-aed4ebcdf4de tempest-AttachVolumeShelveTestJSON-1716727781 tempest-AttachVolumeShelveTestJSON-1716727781-project] Attributes excluded by policy engine: ['standard_attr_id', 'binding:profile', 'binding:host_id', 'binding:vif_type', 'binding:vif_details'] {{(pid=103258) _exclude_attributes_by_policy /opt/stack/neutron/neutron/pecan_wsgi/hooks/policy_enforcement.py:255}}
Feb 17 07:25:54.063865 dv-cinder-829110-2-iscsi neutron-server[103258]: INFO neutron.wsgi [req-64a8ad60-8088-46a7-9781-e0ae36797cac req-f2e5c974-e8e0-41ce-89b6-aed4ebcdf4de tempest-AttachVolumeShelveTestJSON-1716727781 tempest-AttachVolumeShelveTestJSON-1716727781-project] 10.222.0.109 "GET /v2.0/ports?device_id=dd02bf05-ce04-4c33-a36e-c8f97f7bb6e1 HTTP/1.1" status: 200 len: 946 time: 0.0621264
Feb 17 07:25:54.111408 dv-cinder-829110-2-iscsi neutron-server[103258]: INFO neutron.wsgi [req-64a8ad60-8088-46a7-9781-e0ae36797cac req-2dce679d-46aa-42e3-96ce-555f4534a343 tempest-AttachVolumeShelveTestJSON-1716727781 tempest-AttachVolumeShelveTestJSON-1716727781-project] 10.222.0.109 "GET /v2.0/security-groups?id=2bc64aa7-8371-4813-8ee3-2e8609fb4701&fields=id&fields=name HTTP/1.1" status: 200 len: 313 time: 0.0414367
Feb 17 07:25:54.435596 dv-cinder-829110-2-iscsi neutron-server[103258]: DEBUG neutron.pecan_wsgi.hooks.policy_enforcement [req-2b05f940-3f4e-4fbf-9528-2fbb2d41ff31 req-f711d60a-e80a-43c7-abb4-bcf87c94aebd tempest-ServerRescueNegativeTestJSON-2065813151 tempest-ServerRescueNegativeTestJSON-2065813151-project] Attributes excluded by policy engine: ['standard_attr_id', 'binding:profile', 'binding:host_id', 'binding:vif_type', 'binding:vif_details'] {{(pid=103258) _exclude_attributes_by_policy /opt/stack/neutron/neutron/pecan_wsgi/hooks/policy_enforcement.py:255}}
Feb 17 07:25:54.437164 dv-cinder-829110-2-iscsi neutron-server[103258]: INFO neutron.wsgi [req-2b05f940-3f4e-4fbf-9528-2fbb2d41ff31 req-f711d60a-e80a-43c7-abb4-bcf87c94aebd tempest-ServerRescueNegativeTestJSON-2065813151 tempest-ServerRescueNegativeTestJSON-2065813151-project] 10.222.0.109 "GET /v2.0/ports?device_id=6326659a-0013-4635-a507-fa5b1581463f HTTP/1.1" status: 200 len: 946 time: 0.0934494
Feb 17 07:25:54.444788 dv-cinder-829110-2-iscsi neutron-server[103258]: DEBUG neutron.pecan_wsgi.hooks.policy_enforcement [req-97e8bdb5-db05-49aa-a14b-4c4dc5bf530d req-af4bafb1-b855-4039-8ea0-f3aacf14417f tempest-AttachVolumeTestJSON-1450786596 tempest-AttachVolumeTestJSON-1450786596-project] Attributes excluded by policy engine: ['standard_attr_id', 'binding:profile', 'binding:host_id', 'binding:vif_type', 'binding:vif_details'] {{(pid=103258) _exclude_attributes_by_policy /opt/stack/neutron/neutron/pecan_wsgi/hooks/policy_enforcement.py:255}}
Feb 17 07:25:54.446223 dv-cinder-829110-2-iscsi neutron-server[103258]: INFO neutron.wsgi [req-97e8bdb5-db05-49aa-a14b-4c4dc5bf530d req-af4bafb1-b855-4039-8ea0-f3aacf14417f tempest-AttachVolumeTestJSON-1450786596 tempest-AttachVolumeTestJSON-1450786596-project] 10.222.0.109 "GET /v2.0/ports?device_id=99ab24d4-7f63-4964-9db5-b461dee7e3b4 HTTP/1.1" status: 200 len: 945 time: 0.0906715
Feb 17 07:25:54.493505 dv-cinder-829110-2-iscsi neutron-server[103259]: DEBUG neutron.wsgi [-] (103259) accepted ('10.222.0.109', 39884) {{(pid=103259) server /usr/local/lib/python3.8/dist-packages/eventlet/wsgi.py:1004}}
Feb 17 07:25:54.525624 dv-cinder-829110-2-iscsi neutron-server[103258]: INFO neutron.wsgi [req-2b05f940-3f4e-4fbf-9528-2fbb2d41ff31 req-de534ad1-40c1-4454-b6e4-608c9d673177 tempest-ServerRescueNegativeTestJSON-2065813151 tempest-ServerRescueNegativeTestJSON-2065813151-project] 10.222.0.109 "GET /v2.0/security-groups?id=a888ff66-8241-4f16-a8cd-88149b0fabb2&fields=id&fields=name HTTP/1.1" status: 200 len: 286 time: 0.0784221
Feb 17 07:25:54.529096 dv-cinder-829110-2-iscsi neutron-server[103258]: INFO neutron.wsgi [req-97e8bdb5-db05-49aa-a14b-4c4dc5bf530d req-5d19cb15-0016-48df-bb31-c0db409bb406 tempest-AttachVolumeTestJSON-1450786596 tempest-AttachVolumeTestJSON-1450786596-project] 10.222.0.109 "GET /v2.0/security-groups?id=9a4ba0c4-f421-4fae-bf85-f2fed151a6f1&fields=id&fields=name HTTP/1.1" status: 200 len: 312 time: 0.0760469
Feb 17 07:25:54.599362 dv-cinder-829110-2-iscsi neutron-server[103259]: DEBUG neutron_lib.callbacks.manager [None req-a93d6eef-b1dd-4431-bfcf-8be528300e00 admin admin] Publish callbacks [] for security_group (None), before_create {{(pid=103259) _notify_loop /usr/local/lib/python3.8/dist-packages/neutron_lib/callbacks/manager.py:176}}
Feb 17 07:25:54.645836 dv-cinder-829110-2-iscsi neutron-server[103258]: DEBUG neutron.pecan_wsgi.hooks.policy_enforcement [req-1394b93b-46f3-4c33-af26-0f9a36631915 req-d3c90d30-07c3-4f9b-839d-d05c26ec3e41 tempest-AttachVolumeTestJSON-1450786596 tempest-AttachVolumeTestJSON-1450786596-project] Attributes excluded by policy engine: ['standard_attr_id', 'binding:profile', 'binding:host_id', 'binding:vif_type', 'binding:vif_details'] {{(pid=103258) _exclude_attributes_by_policy /opt/stack/neutron/neutron/pecan_wsgi/hooks/policy_enforcement.py:255}}
Feb 17 07:25:54.647295 dv-cinder-829110-2-iscsi neutron-server[103258]: INFO neutron.wsgi [req-1394b93b-46f3-4c33-af26-0f9a36631915 req-d3c90d30-07c3-4f9b-839d-d05c26ec3e41 tempest-AttachVolumeTestJSON-1450786596 tempest-AttachVolumeTestJSON-1450786596-project] 10.222.0.109 "GET /v2.0/ports?device_id=99ab24d4-7f63-4964-9db5-b461dee7e3b4 HTTP/1.1" status: 200 len: 945 time: 0.0521443
Feb 17 07:25:54.656563 dv-cinder-829110-2-iscsi neutron-server[103259]: DEBUG neutron.wsgi [-] (103259) accepted ('10.222.0.109', 39890) {{(pid=103259) server /usr/local/lib/python3.8/dist-packages/eventlet/wsgi.py:1004}}
Feb 17 07:25:54.665663 dv-cinder-829110-2-iscsi neutron-server[103259]: DEBUG neutron.api.v2.base [None req-4dce7848-1d81-4383-86ae-ab9667455fe5 tempest-AttachVolumeTestJSON-1450786596 tempest-AttachVolumeTestJSON-1450786596-project] Request body: {'floatingip': {'port_id': '017ead8d-8e27-408f-876d-5e2b066795b3'}} {{(pid=103259) prepare_request_body /opt/stack/neutron/neutron/api/v2/base.py:729}}
Feb 17 07:25:54.742268 dv-cinder-829110-2-iscsi neutron-server[103259]: DEBUG neutron_lib.callbacks.manager [None req-a93d6eef-b1dd-4431-bfcf-8be528300e00 admin admin] Publish callbacks [] for security_group (3bb70fa8-1c68-4c67-bf07-828457e548e1), precommit_create {{(pid=103259) _notify_loop /usr/local/lib/python3.8/dist-packages/neutron_lib/callbacks/manager.py:176}}
Feb 17 07:25:54.744752 dv-cinder-829110-2-iscsi neutron-server[103259]: DEBUG neutron_lib.callbacks.manager [None req-4dce7848-1d81-4383-86ae-ab9667455fe5 tempest-AttachVolumeTestJSON-1450786596 tempest-AttachVolumeTestJSON-1450786596-project] Publish callbacks [] for floatingip (c56f0c90-2edd-4c1b-922f-1dc4b0afeaa7), before_update {{(pid=103259) _notify_loop /usr/local/lib/python3.8/dist-packages/neutron_lib/callbacks/manager.py:176}}
Feb 17 07:25:54.819357 dv-cinder-829110-2-iscsi neutron-server[103259]: DEBUG neutron_lib.callbacks.manager [None req-a93d6eef-b1dd-4431-bfcf-8be528300e00 admin admin] Publish callbacks ['neutron.plugins.ml2.ovo_rpc._ObjectChangeHandler.handle_event-544711'] for security_group (3bb70fa8-1c68-4c67-bf07-828457e548e1), after_create {{(pid=103259) _notify_loop /usr/local/lib/python3.8/dist-packages/neutron_lib/callbacks/manager.py:176}}
Feb 17 07:25:54.902336 dv-cinder-829110-2-iscsi neutron-server[103259]: INFO neutron.wsgi [None req-a93d6eef-b1dd-4431-bfcf-8be528300e00 admin admin] 10.222.0.109 "GET /v2.0/security-groups?tenant_id=fdada90055d94ff2800fdccbec1da780&name=default HTTP/1.1" status: 200 len: 2996 time: 0.4075115
Feb 17 07:25:54.904988 dv-cinder-829110-2-iscsi neutron-server[103258]: DEBUG neutron.wsgi [-] (103258) accepted ('10.222.0.109', 39894) {{(pid=103258) server /usr/local/lib/python3.8/dist-packages/eventlet/wsgi.py:1004}}
Feb 17 07:25:54.905984 dv-cinder-829110-2-iscsi neutron-server[103259]: DEBUG neutron.api.rpc.handlers.resources_rpc [None req-a93d6eef-b1dd-4431-bfcf-8be528300e00 admin admin] Pushing event updated for resources: {'SecurityGroup': ['ID=3bb70fa8-1c68-4c67-bf07-828457e548e1,revision_number=1']} {{(pid=103259) push /opt/stack/neutron/neutron/api/rpc/handlers/resources_rpc.py:237}}
Feb 17 07:25:54.956170 dv-cinder-829110-2-iscsi neutron-server[103258]: DEBUG neutron_lib.callbacks.manager [None req-e96771f1-12a4-4ca4-8b29-8f08e0531589 admin admin] Publish callbacks [] for security_group (3bb70fa8-1c68-4c67-bf07-828457e548e1), before_delete {{(pid=103258) _notify_loop /usr/local/lib/python3.8/dist-packages/neutron_lib/callbacks/manager.py:176}}
Feb 17 07:25:54.978896 dv-cinder-829110-2-iscsi neutron-server[103258]: DEBUG neutron_lib.callbacks.manager [None req-e96771f1-12a4-4ca4-8b29-8f08e0531589 admin admin] Publish callbacks [] for security_group (3bb70fa8-1c68-4c67-bf07-828457e548e1), precommit_delete {{(pid=103258) _notify_loop /usr/local/lib/python3.8/dist-packages/neutron_lib/callbacks/manager.py:176}}
Feb 17 07:25:55.112229 dv-cinder-829110-2-iscsi neutron-server[103258]: DEBUG neutron.pecan_wsgi.hooks.policy_enforcement [req-6452d1b6-0ee3-40c6-b1e0-e08470210aa3 req-62c757fa-3398-4b47-ac2d-c1fce73e1cd8 tempest-VolumesActionsTest-77524214 tempest-VolumesActionsTest-77524214-project] Attributes excluded by policy engine: ['standard_attr_id', 'binding:profile', 'binding:host_id', 'binding:vif_type', 'binding:vif_details'] {{(pid=103258) _exclude_attributes_by_policy /opt/stack/neutron/neutron/pecan_wsgi/hooks/policy_enforcement.py:255}}
