Feb 17 07:26:08.672621 dv-cinder-829110-2-iscsi devstack@c-api.service[110085]: DEBUG cinder.volume.api [None req-93bf9125-bb26-497a-995f-0157dc732359 tempest-VolumeTypesAccessTest-1589051082 tempest-VolumeTypesAccessTest-1589051082-project] Task 'cinder.volume.flows.api.create_volume.VolumeCastTask;volume:create' (a4de4222-e192-4650-b9d6-2ce5e606c14f) transitioned into state 'RUNNING' from state 'PENDING' {{(pid=110085) _task_receiver /usr/local/lib/python3.8/dist-packages/taskflow/listeners/logging.py:190}}
Feb 17 07:26:08.822765 dv-cinder-829110-2-iscsi devstack@c-api.service[110085]: DEBUG cinder.volume.api [None req-93bf9125-bb26-497a-995f-0157dc732359 tempest-VolumeTypesAccessTest-1589051082 tempest-VolumeTypesAccessTest-1589051082-project] Task 'cinder.volume.flows.api.create_volume.VolumeCastTask;volume:create' (a4de4222-e192-4650-b9d6-2ce5e606c14f) transitioned into state 'SUCCESS' from state 'RUNNING' with result 'None' {{(pid=110085) _task_receiver /usr/local/lib/python3.8/dist-packages/taskflow/listeners/logging.py:178}}
Feb 17 07:26:08.825499 dv-cinder-829110-2-iscsi devstack@c-api.service[110085]: DEBUG cinder.volume.api [None req-93bf9125-bb26-497a-995f-0157dc732359 tempest-VolumeTypesAccessTest-1589051082 tempest-VolumeTypesAccessTest-1589051082-project] Flow 'volume_create_api' (87046fce-5d7a-4c90-b347-b8629d053252) transitioned into state 'SUCCESS' from state 'RUNNING' {{(pid=110085) _flow_receiver /usr/local/lib/python3.8/dist-packages/taskflow/listeners/logging.py:141}}
Feb 17 07:26:08.831508 dv-cinder-829110-2-iscsi devstack@c-api.service[110085]: INFO cinder.volume.api [None req-93bf9125-bb26-497a-995f-0157dc732359 tempest-VolumeTypesAccessTest-1589051082 tempest-VolumeTypesAccessTest-1589051082-project] Create volume request issued successfully.
Feb 17 07:26:08.831508 dv-cinder-829110-2-iscsi devstack@c-api.service[110085]: INFO cinder.api.openstack.wsgi [None req-93bf9125-bb26-497a-995f-0157dc732359 tempest-VolumeTypesAccessTest-1589051082 tempest-VolumeTypesAccessTest-1589051082-project] http://10.222.0.109/volume/v3/8169553b52ee4220b566ff129c7150d3/volumes returned with HTTP 202
Feb 17 07:26:08.831508 dv-cinder-829110-2-iscsi devstack@c-api.service[110085]: [pid: 110085|app: 0|req: 233/452] 10.222.0.109 () {60 vars in 1240 bytes} [Thu Feb 17 07:26:08 2022] POST /volume/v3/8169553b52ee4220b566ff129c7150d3/volumes => generated 863 bytes in 695 msecs (HTTP/1.1 202) 7 headers in 291 bytes (1 switches on core 0)
Feb 17 07:26:08.838633 dv-cinder-829110-2-iscsi devstack@c-api.service[110085]: INFO cinder.api.openstack.wsgi [None req-12dce5bf-9f29-472b-a67a-a0a42e521545 tempest-VolumesMetadataTest-1753850327 tempest-VolumesMetadataTest-1753850327-project] DELETE http://10.222.0.109/volume/v3/a4cf7686ca384a66b7ff5ebcb0de07b2/volumes/26a462f7-6900-4337-8e30-9618b56986df/metadata/key1
Feb 17 07:26:08.839079 dv-cinder-829110-2-iscsi devstack@c-api.service[110085]: DEBUG cinder.api.openstack.wsgi [None req-12dce5bf-9f29-472b-a67a-a0a42e521545 tempest-VolumesMetadataTest-1753850327 tempest-VolumesMetadataTest-1753850327-project] Empty body provided in request {{(pid=110085) get_body /opt/stack/cinder/cinder/api/openstack/wsgi.py:715}}
Feb 17 07:26:08.839532 dv-cinder-829110-2-iscsi devstack@c-api.service[110085]: DEBUG cinder.api.openstack.wsgi [None req-12dce5bf-9f29-472b-a67a-a0a42e521545 tempest-VolumesMetadataTest-1753850327 tempest-VolumesMetadataTest-1753850327-project] Calling method 'delete' {{(pid=110085) _process_stack /opt/stack/cinder/cinder/api/openstack/wsgi.py:868}}
Feb 17 07:26:08.853654 dv-cinder-829110-2-iscsi devstack@c-api.service[110085]: /usr/local/lib/python3.8/dist-packages/oslo_context/context.py:105: DeprecationWarning: Policy enforcement is depending on the value of is_admin. This key is deprecated. Please update your policy file to use the standard policy values.
Feb 17 07:26:08.853654 dv-cinder-829110-2-iscsi devstack@c-api.service[110085]: warnings.warn('Policy enforcement is depending on the value of '
Feb 17 07:26:08.854703 dv-cinder-829110-2-iscsi devstack@c-api.service[110085]: INFO cinder.volume.api [None req-12dce5bf-9f29-472b-a67a-a0a42e521545 tempest-VolumesMetadataTest-1753850327 tempest-VolumesMetadataTest-1753850327-project] Volume info retrieved successfully.
Feb 17 07:26:08.863947 dv-cinder-829110-2-iscsi devstack@c-api.service[110085]: INFO cinder.volume.api [None req-12dce5bf-9f29-472b-a67a-a0a42e521545 tempest-VolumesMetadataTest-1753850327 tempest-VolumesMetadataTest-1753850327-project] Get volume metadata completed successfully.
Feb 17 07:26:08.975245 dv-cinder-829110-2-iscsi devstack@c-api.service[110086]: INFO cinder.transfer.api [None req-655562a3-14b0-4c74-8a16-2708cebcec3c tempest-VolumeQuotasAdminTestJSON-523305651 tempest-VolumeQuotasAdminTestJSON-523305651-project] Volume fe3dc7b4-8c30-4c35-bc42-407617c3275e has been transferred.
Feb 17 07:26:08.990048 dv-cinder-829110-2-iscsi devstack@c-api.service[110086]: INFO cinder.api.openstack.wsgi [None req-655562a3-14b0-4c74-8a16-2708cebcec3c tempest-VolumeQuotasAdminTestJSON-523305651 tempest-VolumeQuotasAdminTestJSON-523305651-project] http://10.222.0.109/volume/v3/97338365b6bf4351af933986c02bc3c7/os-volume-transfer/280dd9f5-229d-4bd5-8aa9-6dc29f9f0636/accept returned with HTTP 202
Feb 17 07:26:08.990806 dv-cinder-829110-2-iscsi devstack@c-api.service[110086]: [pid: 110086|app: 0|req: 220/453] 10.222.0.109 () {60 vars in 1404 bytes} [Thu Feb 17 07:26:06 2022] POST /volume/v3/97338365b6bf4351af933986c02bc3c7/os-volume-transfer/280dd9f5-229d-4bd5-8aa9-6dc29f9f0636/accept => generated 433 bytes in 1997 msecs (HTTP/1.1 202) 7 headers in 291 bytes (1 switches on core 0)
Feb 17 07:26:08.995175 dv-cinder-829110-2-iscsi devstack@c-api.service[110086]: INFO cinder.api.openstack.wsgi [None req-c23a5632-6d7f-4622-b39a-5ae972a55ef9 tempest-VolumeTypesAccessTest-1589051082 tempest-VolumeTypesAccessTest-1589051082-project] GET http://10.222.0.109/volume/v3/8169553b52ee4220b566ff129c7150d3/volumes/bffea328-913f-419f-88ca-713cd837bf1f
Feb 17 07:26:08.995772 dv-cinder-829110-2-iscsi devstack@c-api.service[110086]: DEBUG cinder.api.openstack.wsgi [None req-c23a5632-6d7f-4622-b39a-5ae972a55ef9 tempest-VolumeTypesAccessTest-1589051082 tempest-VolumeTypesAccessTest-1589051082-project] Empty body provided in request {{(pid=110086) get_body /opt/stack/cinder/cinder/api/openstack/wsgi.py:715}}
Feb 17 07:26:08.996048 dv-cinder-829110-2-iscsi devstack@c-api.service[110086]: DEBUG cinder.api.openstack.wsgi [None req-c23a5632-6d7f-4622-b39a-5ae972a55ef9 tempest-VolumeTypesAccessTest-1589051082 tempest-VolumeTypesAccessTest-1589051082-project] Calling method 'show' {{(pid=110086) _process_stack /opt/stack/cinder/cinder/api/openstack/wsgi.py:868}}
Feb 17 07:26:09.003708 dv-cinder-829110-2-iscsi devstack@c-api.service[110085]: INFO cinder.volume.api [None req-12dce5bf-9f29-472b-a67a-a0a42e521545 tempest-VolumesMetadataTest-1753850327 tempest-VolumesMetadataTest-1753850327-project] Delete volume metadata completed successfully.
Feb 17 07:26:09.004127 dv-cinder-829110-2-iscsi devstack@c-api.service[110085]: INFO cinder.api.openstack.wsgi [None req-12dce5bf-9f29-472b-a67a-a0a42e521545 tempest-VolumesMetadataTest-1753850327 tempest-VolumesMetadataTest-1753850327-project] http://10.222.0.109/volume/v3/a4cf7686ca384a66b7ff5ebcb0de07b2/volumes/26a462f7-6900-4337-8e30-9618b56986df/metadata/key1 returned with HTTP 200
Feb 17 07:26:09.005329 dv-cinder-829110-2-iscsi devstack@c-api.service[110085]: [pid: 110085|app: 0|req: 234/454] 10.222.0.109 () {58 vars in 1374 bytes} [Thu Feb 17 07:26:08 2022] DELETE /volume/v3/a4cf7686ca384a66b7ff5ebcb0de07b2/volumes/26a462f7-6900-4337-8e30-9618b56986df/metadata/key1 => generated 0 bytes in 176 msecs (HTTP/1.1 200) 6 headers in 227 bytes (1 switches on core 0)
Feb 17 07:26:09.009037 dv-cinder-829110-2-iscsi devstack@c-api.service[110086]: /usr/local/lib/python3.8/dist-packages/oslo_context/context.py:105: DeprecationWarning: Policy enforcement is depending on the value of is_admin. This key is deprecated. Please update your policy file to use the standard policy values.
Feb 17 07:26:09.009037 dv-cinder-829110-2-iscsi devstack@c-api.service[110086]: warnings.warn('Policy enforcement is depending on the value of '
Feb 17 07:26:09.012115 dv-cinder-829110-2-iscsi devstack@c-api.service[110085]: INFO cinder.api.openstack.wsgi [None req-35cdb3f8-1da2-490a-8a70-7e9e92332964 tempest-VolumeQuotasAdminTestJSON-523305651 tempest-VolumeQuotasAdminTestJSON-523305651-project] GET http://10.222.0.109/volume/v3/97338365b6bf4351af933986c02bc3c7/volumes/fe3dc7b4-8c30-4c35-bc42-407617c3275e
Feb 17 07:26:09.012594 dv-cinder-829110-2-iscsi devstack@c-api.service[110085]: DEBUG cinder.api.openstack.wsgi [None req-35cdb3f8-1da2-490a-8a70-7e9e92332964 tempest-VolumeQuotasAdminTestJSON-523305651 tempest-VolumeQuotasAdminTestJSON-523305651-project] Empty body provided in request {{(pid=110085) get_body /opt/stack/cinder/cinder/api/openstack/wsgi.py:715}}
Feb 17 07:26:09.013079 dv-cinder-829110-2-iscsi devstack@c-api.service[110085]: DEBUG cinder.api.openstack.wsgi [None req-35cdb3f8-1da2-490a-8a70-7e9e92332964 tempest-VolumeQuotasAdminTestJSON-523305651 tempest-VolumeQuotasAdminTestJSON-523305651-project] Calling method 'show' {{(pid=110085) _process_stack /opt/stack/cinder/cinder/api/openstack/wsgi.py:868}}
Feb 17 07:26:09.017298 dv-cinder-829110-2-iscsi devstack@c-api.service[110086]: INFO cinder.volume.api [None req-c23a5632-6d7f-4622-b39a-5ae972a55ef9 tempest-VolumeTypesAccessTest-1589051082 tempest-VolumeTypesAccessTest-1589051082-project] Volume info retrieved successfully.
Feb 17 07:26:09.028508 dv-cinder-829110-2-iscsi devstack@c-api.service[110086]: INFO cinder.api.openstack.wsgi [None req-c23a5632-6d7f-4622-b39a-5ae972a55ef9 tempest-VolumeTypesAccessTest-1589051082 tempest-VolumeTypesAccessTest-1589051082-project] http://10.222.0.109/volume/v3/8169553b52ee4220b566ff129c7150d3/volumes/bffea328-913f-419f-88ca-713cd837bf1f returned with HTTP 200
Feb 17 07:26:09.029570 dv-cinder-829110-2-iscsi devstack@c-api.service[110086]: [pid: 110086|app: 0|req: 221/455] 10.222.0.109 () {58 vars in 1329 bytes} [Thu Feb 17 07:26:08 2022] GET /volume/v3/8169553b52ee4220b566ff129c7150d3/volumes/bffea328-913f-419f-88ca-713cd837bf1f => generated 931 bytes in 38 msecs (HTTP/1.1 200) 7 headers in 285 bytes (1 switches on core 0)
Feb 17 07:26:09.030308 dv-cinder-829110-2-iscsi devstack@c-api.service[110085]: /usr/local/lib/python3.8/dist-packages/oslo_context/context.py:105: DeprecationWarning: Policy enforcement is depending on the value of is_admin. This key is deprecated. Please update your policy file to use the standard policy values.
Feb 17 07:26:09.030308 dv-cinder-829110-2-iscsi devstack@c-api.service[110085]: warnings.warn('Policy enforcement is depending on the value of '
Feb 17 07:26:09.034412 dv-cinder-829110-2-iscsi devstack@c-api.service[110086]: INFO cinder.api.openstack.wsgi [None req-d7b26b81-152c-48c4-bac8-d64fdfe2ee07 tempest-VolumesMetadataTest-1753850327 tempest-VolumesMetadataTest-1753850327-project] GET http://10.222.0.109/volume/v3/a4cf7686ca384a66b7ff5ebcb0de07b2/volumes/26a462f7-6900-4337-8e30-9618b56986df/metadata
Feb 17 07:26:09.034849 dv-cinder-829110-2-iscsi devstack@c-api.service[110086]: DEBUG cinder.api.openstack.wsgi [None req-d7b26b81-152c-48c4-bac8-d64fdfe2ee07 tempest-VolumesMetadataTest-1753850327 tempest-VolumesMetadataTest-1753850327-project] Empty body provided in request {{(pid=110086) get_body /opt/stack/cinder/cinder/api/openstack/wsgi.py:715}}
Feb 17 07:26:09.035396 dv-cinder-829110-2-iscsi devstack@c-api.service[110086]: DEBUG cinder.api.openstack.wsgi [None req-d7b26b81-152c-48c4-bac8-d64fdfe2ee07 tempest-VolumesMetadataTest-1753850327 tempest-VolumesMetadataTest-1753850327-project] Calling method 'index' {{(pid=110086) _process_stack /opt/stack/cinder/cinder/api/openstack/wsgi.py:868}}
Feb 17 07:26:09.040107 dv-cinder-829110-2-iscsi devstack@c-api.service[110085]: INFO cinder.volume.api [None req-35cdb3f8-1da2-490a-8a70-7e9e92332964 tempest-VolumeQuotasAdminTestJSON-523305651 tempest-VolumeQuotasAdminTestJSON-523305651-project] Volume info retrieved successfully.
Feb 17 07:26:09.051665 dv-cinder-829110-2-iscsi devstack@c-api.service[110085]: INFO cinder.api.openstack.wsgi [None req-35cdb3f8-1da2-490a-8a70-7e9e92332964 tempest-VolumeQuotasAdminTestJSON-523305651 tempest-VolumeQuotasAdminTestJSON-523305651-project] http://10.222.0.109/volume/v3/97338365b6bf4351af933986c02bc3c7/volumes/fe3dc7b4-8c30-4c35-bc42-407617c3275e returned with HTTP 200
Feb 17 07:26:09.052136 dv-cinder-829110-2-iscsi devstack@c-api.service[110086]: /usr/local/lib/python3.8/dist-packages/oslo_context/context.py:105: DeprecationWarning: Policy enforcement is depending on the value of is_admin. This key is deprecated. Please update your policy file to use the standard policy values.
Feb 17 07:26:09.052136 dv-cinder-829110-2-iscsi devstack@c-api.service[110086]: warnings.warn('Policy enforcement is depending on the value of '
Feb 17 07:26:09.052705 dv-cinder-829110-2-iscsi devstack@c-api.service[110085]: [pid: 110085|app: 0|req: 235/456] 10.222.0.109 () {58 vars in 1329 bytes} [Thu Feb 17 07:26:09 2022] GET /volume/v3/97338365b6bf4351af933986c02bc3c7/volumes/fe3dc7b4-8c30-4c35-bc42-407617c3275e => generated 918 bytes in 47 msecs (HTTP/1.1 200) 7 headers in 285 bytes (1 switches on core 0)
Feb 17 07:26:09.053257 dv-cinder-829110-2-iscsi devstack@c-api.service[110086]: INFO cinder.volume.api [None req-d7b26b81-152c-48c4-bac8-d64fdfe2ee07 tempest-VolumesMetadataTest-1753850327 tempest-VolumesMetadataTest-1753850327-project] Volume info retrieved successfully.
Feb 17 07:26:09.070683 dv-cinder-829110-2-iscsi devstack@c-api.service[110085]: INFO cinder.api.openstack.wsgi [None req-b2399c84-2c41-4bcc-a759-6216c5316137 tempest-VolumeQuotasAdminTestJSON-1791092508 tempest-VolumeQuotasAdminTestJSON-1791092508-project-admin] GET http://10.222.0.109/volume/v3/a59a91f1493345ceac19de4ea8b019bb/os-quota-sets/27984fecc773403fb8cb17196c01ba5c?usage=True
Feb 17 07:26:09.071097 dv-cinder-829110-2-iscsi devstack@c-api.service[110085]: DEBUG cinder.api.openstack.wsgi [None req-b2399c84-2c41-4bcc-a759-6216c5316137 tempest-VolumeQuotasAdminTestJSON-1791092508 tempest-VolumeQuotasAdminTestJSON-1791092508-project-admin] Empty body provided in request {{(pid=110085) get_body /opt/stack/cinder/cinder/api/openstack/wsgi.py:715}}
Feb 17 07:26:09.071605 dv-cinder-829110-2-iscsi devstack@c-api.service[110085]: DEBUG cinder.api.openstack.wsgi [None req-b2399c84-2c41-4bcc-a759-6216c5316137 tempest-VolumeQuotasAdminTestJSON-1791092508 tempest-VolumeQuotasAdminTestJSON-1791092508-project-admin] Calling method 'show' {{(pid=110085) _process_stack /opt/stack/cinder/cinder/api/openstack/wsgi.py:868}}
Feb 17 07:26:09.071758 dv-cinder-829110-2-iscsi devstack@c-api.service[110086]: INFO cinder.volume.api [None req-d7b26b81-152c-48c4-bac8-d64fdfe2ee07 tempest-VolumesMetadataTest-1753850327 tempest-VolumesMetadataTest-1753850327-project] Get volume metadata completed successfully.
Feb 17 07:26:09.073171 dv-cinder-829110-2-iscsi devstack@c-api.service[110086]: INFO cinder.api.openstack.wsgi [None req-d7b26b81-152c-48c4-bac8-d64fdfe2ee07 tempest-VolumesMetadataTest-1753850327 tempest-VolumesMetadataTest-1753850327-project] http://10.222.0.109/volume/v3/a4cf7686ca384a66b7ff5ebcb0de07b2/volumes/26a462f7-6900-4337-8e30-9618b56986df/metadata returned with HTTP 200
Feb 17 07:26:09.077982 dv-cinder-829110-2-iscsi devstack@c-api.service[110086]: [pid: 110086|app: 0|req: 222/457] 10.222.0.109 () {58 vars in 1356 bytes} [Thu Feb 17 07:26:09 2022] GET /volume/v3/a4cf7686ca384a66b7ff5ebcb0de07b2/volumes/26a462f7-6900-4337-8e30-9618b56986df/metadata => generated 32 bytes in 44 msecs (HTTP/1.1 200) 7 headers in 284 bytes (1 switches on core 0)
Feb 17 07:26:09.087338 dv-cinder-829110-2-iscsi devstack@c-api.service[110086]: INFO cinder.api.openstack.wsgi [None req-e6e507d4-dc7b-48f3-9264-537b16276966 tempest-VolumesMetadataTest-1753850327 tempest-VolumesMetadataTest-1753850327-project] PUT http://10.222.0.109/volume/v3/a4cf7686ca384a66b7ff5ebcb0de07b2/volumes/26a462f7-6900-4337-8e30-9618b56986df/metadata
Feb 17 07:26:09.088444 dv-cinder-829110-2-iscsi devstack@c-api.service[110086]: DEBUG cinder.api.openstack.wsgi [None req-e6e507d4-dc7b-48f3-9264-537b16276966 tempest-VolumesMetadataTest-1753850327 tempest-VolumesMetadataTest-1753850327-project] Action: 'update_all', calling method: update_all, body: {"metadata": {}} {{(pid=110086) _process_stack /opt/stack/cinder/cinder/api/openstack/wsgi.py:866}}
Feb 17 07:26:09.097119 dv-cinder-829110-2-iscsi devstack@c-api.service[110085]: WARNING cinder.quota [None req-b2399c84-2c41-4bcc-a759-6216c5316137 tempest-VolumeQuotasAdminTestJSON-1791092508 tempest-VolumeQuotasAdminTestJSON-1791092508-project-admin] Deprecated: Default quota for resource: snapshots_tempest-VolumeTypesAccessTest-volume-type-523580439 is set by the default quota flag: quota_snapshots_tempest-VolumeTypesAccessTest-volume-type-523580439, it is now deprecated. Please use the default quota class for default quota.
Feb 17 07:26:09.104365 dv-cinder-829110-2-iscsi devstack@c-api.service[110086]: /usr/local/lib/python3.8/dist-packages/oslo_context/context.py:105: DeprecationWarning: Policy enforcement is depending on the value of is_admin. This key is deprecated. Please update your policy file to use the standard policy values.
Feb 17 07:26:09.104365 dv-cinder-829110-2-iscsi devstack@c-api.service[110086]: warnings.warn('Policy enforcement is depending on the value of '
Feb 17 07:26:09.105415 dv-cinder-829110-2-iscsi devstack@c-api.service[110086]: INFO cinder.volume.api [None req-e6e507d4-dc7b-48f3-9264-537b16276966 tempest-VolumesMetadataTest-1753850327 tempest-VolumesMetadataTest-1753850327-project] Volume info retrieved successfully.
Feb 17 07:26:09.111520 dv-cinder-829110-2-iscsi devstack@c-api.service[110085]: INFO cinder.api.openstack.wsgi [None req-b2399c84-2c41-4bcc-a759-6216c5316137 tempest-VolumeQuotasAdminTestJSON-1791092508 tempest-VolumeQuotasAdminTestJSON-1791092508-project-admin] http://10.222.0.109/volume/v3/a59a91f1493345ceac19de4ea8b019bb/os-quota-sets/27984fecc773403fb8cb17196c01ba5c?usage=True returned with HTTP 200
Feb 17 07:26:09.112406 dv-cinder-829110-2-iscsi devstack@c-api.service[110085]: [pid: 110085|app: 0|req: 236/458] 10.222.0.109 () {58 vars in 1356 bytes} [Thu Feb 17 07:26:09 2022] GET /volume/v3/a59a91f1493345ceac19de4ea8b019bb/os-quota-sets/27984fecc773403fb8cb17196c01ba5c?usage=True => generated 1190 bytes in 47 msecs (HTTP/1.1 200) 7 headers in 286 bytes (1 switches on core 0)
Feb 17 07:26:09.127088 dv-cinder-829110-2-iscsi devstack@c-api.service[110085]: INFO cinder.api.openstack.wsgi [None req-fb373d67-1a8b-4f95-98a5-866c3390ab3a tempest-VolumeQuotasAdminTestJSON-1791092508 tempest-VolumeQuotasAdminTestJSON-1791092508-project-admin] GET http://10.222.0.109/volume/v3/a59a91f1493345ceac19de4ea8b019bb/os-quota-sets/97338365b6bf4351af933986c02bc3c7?usage=True
Feb 17 07:26:09.127605 dv-cinder-829110-2-iscsi devstack@c-api.service[110085]: DEBUG cinder.api.openstack.wsgi [None req-fb373d67-1a8b-4f95-98a5-866c3390ab3a tempest-VolumeQuotasAdminTestJSON-1791092508 tempest-VolumeQuotasAdminTestJSON-1791092508-project-admin] Empty body provided in request {{(pid=110085) get_body /opt/stack/cinder/cinder/api/openstack/wsgi.py:715}}
Feb 17 07:26:09.128049 dv-cinder-829110-2-iscsi devstack@c-api.service[110085]: DEBUG cinder.api.openstack.wsgi [None req-fb373d67-1a8b-4f95-98a5-866c3390ab3a tempest-VolumeQuotasAdminTestJSON-1791092508 tempest-VolumeQuotasAdminTestJSON-1791092508-project-admin] Calling method 'show' {{(pid=110085) _process_stack /opt/stack/cinder/cinder/api/openstack/wsgi.py:868}}
Feb 17 07:26:09.159968 dv-cinder-829110-2-iscsi devstack@c-api.service[110085]: INFO cinder.api.openstack.wsgi [None req-fb373d67-1a8b-4f95-98a5-866c3390ab3a tempest-VolumeQuotasAdminTestJSON-1791092508 tempest-VolumeQuotasAdminTestJSON-1791092508-project-admin] http://10.222.0.109/volume/v3/a59a91f1493345ceac19de4ea8b019bb/os-quota-sets/97338365b6bf4351af933986c02bc3c7?usage=True returned with HTTP 200
Feb 17 07:26:09.160937 dv-cinder-829110-2-iscsi devstack@c-api.service[110085]: [pid: 110085|app: 0|req: 237/459] 10.222.0.109 () {58 vars in 1356 bytes} [Thu Feb 17 07:26:09 2022] GET /volume/v3/a59a91f1493345ceac19de4ea8b019bb/os-quota-sets/97338365b6bf4351af933986c02bc3c7?usage=True => generated 1190 bytes in 39 msecs (HTTP/1.1 200) 7 headers in 286 bytes (2 switches on core 0)
Feb 17 07:26:09.173964 dv-cinder-829110-2-iscsi devstack@c-api.service[110085]: INFO cinder.api.openstack.wsgi [None req-c6828965-cba7-489d-8754-9d1e2bce0d1a tempest-VolumeQuotasAdminTestJSON-1791092508 tempest-VolumeQuotasAdminTestJSON-1791092508-project-admin] DELETE http://10.222.0.109/volume/v3/a59a91f1493345ceac19de4ea8b019bb/volumes/fe3dc7b4-8c30-4c35-bc42-407617c3275e
Feb 17 07:26:09.174535 dv-cinder-829110-2-iscsi devstack@c-api.service[110085]: DEBUG cinder.api.openstack.wsgi [None req-c6828965-cba7-489d-8754-9d1e2bce0d1a tempest-VolumeQuotasAdminTestJSON-1791092508 tempest-VolumeQuotasAdminTestJSON-1791092508-project-admin] Empty body provided in request {{(pid=110085) get_body /opt/stack/cinder/cinder/api/openstack/wsgi.py:715}}
Feb 17 07:26:09.174972 dv-cinder-829110-2-iscsi devstack@c-api.service[110085]: DEBUG cinder.api.openstack.wsgi [None req-c6828965-cba7-489d-8754-9d1e2bce0d1a tempest-VolumeQuotasAdminTestJSON-1791092508 tempest-VolumeQuotasAdminTestJSON-1791092508-project-admin] Calling method 'delete' {{(pid=110085) _process_stack /opt/stack/cinder/cinder/api/openstack/wsgi.py:868}}
Feb 17 07:26:09.175360 dv-cinder-829110-2-iscsi devstack@c-api.service[110085]: INFO cinder.api.v3.volumes [None req-c6828965-cba7-489d-8754-9d1e2bce0d1a tempest-VolumeQuotasAdminTestJSON-1791092508 tempest-VolumeQuotasAdminTestJSON-1791092508-project-admin] Delete volume with id: fe3dc7b4-8c30-4c35-bc42-407617c3275e
Feb 17 07:26:09.224154 dv-cinder-829110-2-iscsi devstack@c-api.service[110085]: /usr/local/lib/python3.8/dist-packages/oslo_context/context.py:105: DeprecationWarning: Policy enforcement is depending on the value of is_admin. This key is deprecated. Please update your policy file to use the standard policy values.
Feb 17 07:26:09.224154 dv-cinder-829110-2-iscsi devstack@c-api.service[110085]: warnings.warn('Policy enforcement is depending on the value of '
Feb 17 07:26:09.225031 dv-cinder-829110-2-iscsi devstack@c-api.service[110085]: INFO cinder.volume.api [None req-c6828965-cba7-489d-8754-9d1e2bce0d1a tempest-VolumeQuotasAdminTestJSON-1791092508 tempest-VolumeQuotasAdminTestJSON-1791092508-project-admin] Volume info retrieved successfully.
Feb 17 07:26:09.253433 dv-cinder-829110-2-iscsi devstack@c-api.service[110086]: INFO cinder.volume.api [None req-e6e507d4-dc7b-48f3-9264-537b16276966 tempest-VolumesMetadataTest-1753850327 tempest-VolumesMetadataTest-1753850327-project] Update volume metadata completed successfully.
Feb 17 07:26:09.253951 dv-cinder-829110-2-iscsi devstack@c-api.service[110086]: INFO cinder.api.openstack.wsgi [None req-e6e507d4-dc7b-48f3-9264-537b16276966 tempest-VolumesMetadataTest-1753850327 tempest-VolumesMetadataTest-1753850327-project] http://10.222.0.109/volume/v3/a4cf7686ca384a66b7ff5ebcb0de07b2/volumes/26a462f7-6900-4337-8e30-9618b56986df/metadata returned with HTTP 200
Feb 17 07:26:09.254923 dv-cinder-829110-2-iscsi devstack@c-api.service[110086]: [pid: 110086|app: 0|req: 223/460] 10.222.0.109 () {60 vars in 1376 bytes} [Thu Feb 17 07:26:09 2022] PUT /volume/v3/a4cf7686ca384a66b7ff5ebcb0de07b2/volumes/26a462f7-6900-4337-8e30-9618b56986df/metadata => generated 16 bytes in 176 msecs (HTTP/1.1 200) 7 headers in 284 bytes (1 switches on core 0)
Feb 17 07:26:09.265129 dv-cinder-829110-2-iscsi devstack@c-api.service[110086]: INFO cinder.api.openstack.wsgi [None req-c5eb0092-8645-4945-9048-452f6ae0b616 tempest-VolumesMetadataTest-1753850327 tempest-VolumesMetadataTest-1753850327-project] POST http://10.222.0.109/volume/v3/a4cf7686ca384a66b7ff5ebcb0de07b2/volumes/26a462f7-6900-4337-8e30-9618b56986df/metadata
Feb 17 07:26:09.266139 dv-cinder-829110-2-iscsi devstack@c-api.service[110086]: DEBUG cinder.api.openstack.wsgi [None req-c5eb0092-8645-4945-9048-452f6ae0b616 tempest-VolumesMetadataTest-1753850327 tempest-VolumesMetadataTest-1753850327-project] Action: 'create', calling method: create, body: {"metadata": {"key1": "value1", "key2": "value2", "key3": "value3"}} {{(pid=110086) _process_stack /opt/stack/cinder/cinder/api/openstack/wsgi.py:866}}
Feb 17 07:26:09.415278 dv-cinder-829110-2-iscsi devstack@c-api.service[110086]: /usr/local/lib/python3.8/dist-packages/oslo_context/context.py:105: DeprecationWarning: Policy enforcement is depending on the value of is_admin. This key is deprecated. Please update your policy file to use the standard policy values.
Feb 17 07:26:09.415278 dv-cinder-829110-2-iscsi devstack@c-api.service[110086]: warnings.warn('Policy enforcement is depending on the value of '
Feb 17 07:26:09.416376 dv-cinder-829110-2-iscsi devstack@c-api.service[110086]: INFO cinder.volume.api [None req-c5eb0092-8645-4945-9048-452f6ae0b616 tempest-VolumesMetadataTest-1753850327 tempest-VolumesMetadataTest-1753850327-project] Volume info retrieved successfully.
Feb 17 07:26:09.430567 dv-cinder-829110-2-iscsi devstack@c-api.service[110085]: INFO cinder.volume.api [None req-c6828965-cba7-489d-8754-9d1e2bce0d1a tempest-VolumeQuotasAdminTestJSON-1791092508 tempest-VolumeQuotasAdminTestJSON-1791092508-project-admin] Delete volume request issued successfully.
Feb 17 07:26:09.430994 dv-cinder-829110-2-iscsi devstack@c-api.service[110085]: INFO cinder.api.openstack.wsgi [None req-c6828965-cba7-489d-8754-9d1e2bce0d1a tempest-VolumeQuotasAdminTestJSON-1791092508 tempest-VolumeQuotasAdminTestJSON-1791092508-project-admin] http://10.222.0.109/volume/v3/a59a91f1493345ceac19de4ea8b019bb/volumes/fe3dc7b4-8c30-4c35-bc42-407617c3275e returned with HTTP 202
Feb 17 07:26:09.434082 dv-cinder-829110-2-iscsi devstack@c-api.service[110085]: [pid: 110085|app: 0|req: 238/461] 10.222.0.109 () {58 vars in 1332 bytes} [Thu Feb 17 07:26:09 2022] DELETE /volume/v3/a59a91f1493345ceac19de4ea8b019bb/volumes/fe3dc7b4-8c30-4c35-bc42-407617c3275e => generated 0 bytes in 262 msecs (HTTP/1.1 202) 6 headers in 233 bytes (2 switches on core 0)
Feb 17 07:26:09.446879 dv-cinder-829110-2-iscsi devstack@c-api.service[110085]: INFO cinder.api.openstack.wsgi [None req-afc2f946-043e-48cf-b1a7-fbac077470e0 tempest-VolumeQuotasAdminTestJSON-1791092508 tempest-VolumeQuotasAdminTestJSON-1791092508-project-admin] GET http://10.222.0.109/volume/v3/a59a91f1493345ceac19de4ea8b019bb/volumes/fe3dc7b4-8c30-4c35-bc42-407617c3275e
Feb 17 07:26:09.448259 dv-cinder-829110-2-iscsi devstack@c-api.service[110085]: DEBUG cinder.api.openstack.wsgi [None req-afc2f946-043e-48cf-b1a7-fbac077470e0 tempest-VolumeQuotasAdminTestJSON-1791092508 tempest-VolumeQuotasAdminTestJSON-1791092508-project-admin] Empty body provided in request {{(pid=110085) get_body /opt/stack/cinder/cinder/api/openstack/wsgi.py:715}}
Feb 17 07:26:09.449334 dv-cinder-829110-2-iscsi devstack@c-api.service[110085]: DEBUG cinder.api.openstack.wsgi [None req-afc2f946-043e-48cf-b1a7-fbac077470e0 tempest-VolumeQuotasAdminTestJSON-1791092508 tempest-VolumeQuotasAdminTestJSON-1791092508-project-admin] Calling method 'show' {{(pid=110085) _process_stack /opt/stack/cinder/cinder/api/openstack/wsgi.py:868}}
Feb 17 07:26:09.467485 dv-cinder-829110-2-iscsi devstack@c-api.service[110085]: /usr/local/lib/python3.8/dist-packages/oslo_context/context.py:105: DeprecationWarning: Policy enforcement is depending on the value of is_admin. This key is deprecated. Please update your policy file to use the standard policy values.
Feb 17 07:26:09.467485 dv-cinder-829110-2-iscsi devstack@c-api.service[110085]: warnings.warn('Policy enforcement is depending on the value of '
Feb 17 07:26:09.475314 dv-cinder-829110-2-iscsi devstack@c-api.service[110085]: INFO cinder.volume.api [None req-afc2f946-043e-48cf-b1a7-fbac077470e0 tempest-VolumeQuotasAdminTestJSON-1791092508 tempest-VolumeQuotasAdminTestJSON-1791092508-project-admin] Volume info retrieved successfully.
Feb 17 07:26:09.487701 dv-cinder-829110-2-iscsi devstack@c-api.service[110085]: INFO cinder.api.openstack.wsgi [None req-afc2f946-043e-48cf-b1a7-fbac077470e0 tempest-VolumeQuotasAdminTestJSON-1791092508 tempest-VolumeQuotasAdminTestJSON-1791092508-project-admin] http://10.222.0.109/volume/v3/a59a91f1493345ceac19de4ea8b019bb/volumes/fe3dc7b4-8c30-4c35-bc42-407617c3275e returned with HTTP 200
Feb 17 07:26:09.488543 dv-cinder-829110-2-iscsi devstack@c-api.service[110085]: [pid: 110085|app: 0|req: 239/462] 10.222.0.109 () {58 vars in 1329 bytes} [Thu Feb 17 07:26:09 2022] GET /volume/v3/a59a91f1493345ceac19de4ea8b019bb/volumes/fe3dc7b4-8c30-4c35-bc42-407617c3275e => generated 1093 bytes in 46 msecs (HTTP/1.1 200) 7 headers in 286 bytes (1 switches on core 0)
Feb 17 07:26:09.495930 dv-cinder-829110-2-iscsi devstack@c-api.service[110086]: INFO cinder.volume.api [None req-c5eb0092-8645-4945-9048-452f6ae0b616 tempest-VolumesMetadataTest-1753850327 tempest-VolumesMetadataTest-1753850327-project] Create volume metadata completed successfully.
Feb 17 07:26:09.496551 dv-cinder-829110-2-iscsi devstack@c-api.service[110086]: INFO cinder.api.openstack.wsgi [None req-c5eb0092-8645-4945-9048-452f6ae0b616 tempest-VolumesMetadataTest-1753850327 tempest-VolumesMetadataTest-1753850327-project] http://10.222.0.109/volume/v3/a4cf7686ca384a66b7ff5ebcb0de07b2/volumes/26a462f7-6900-4337-8e30-9618b56986df/metadata returned with HTTP 200
Feb 17 07:26:09.497736 dv-cinder-829110-2-iscsi devstack@c-api.service[110086]: [pid: 110086|app: 0|req: 224/463] 10.222.0.109 () {60 vars in 1377 bytes} [Thu Feb 17 07:26:09 2022] POST /volume/v3/a4cf7686ca384a66b7ff5ebcb0de07b2/volumes/26a462f7-6900-4337-8e30-9618b56986df/metadata => generated 68 bytes in 237 msecs (HTTP/1.1 200) 7 headers in 284 bytes (2 switches on core 0)
Feb 17 07:26:09.506327 dv-cinder-829110-2-iscsi devstack@c-api.service[110085]: INFO cinder.api.openstack.wsgi [None req-bbef76f1-c653-4e23-afef-08912d3a74a5 tempest-VolumesMetadataTest-1753850327 tempest-VolumesMetadataTest-1753850327-project] PUT http://10.222.0.109/volume/v3/a4cf7686ca384a66b7ff5ebcb0de07b2/volumes/26a462f7-6900-4337-8e30-9618b56986df/metadata/key3
Feb 17 07:26:09.507121 dv-cinder-829110-2-iscsi devstack@c-api.service[110085]: DEBUG cinder.api.openstack.wsgi [None req-bbef76f1-c653-4e23-afef-08912d3a74a5 tempest-VolumesMetadataTest-1753850327 tempest-VolumesMetadataTest-1753850327-project] Action: 'update', calling method: update, body: {"meta": {"key3": "value3_update"}} {{(pid=110085) _process_stack /opt/stack/cinder/cinder/api/openstack/wsgi.py:866}}
Feb 17 07:26:09.522677 dv-cinder-829110-2-iscsi devstack@c-api.service[110085]: /usr/local/lib/python3.8/dist-packages/oslo_context/context.py:105: DeprecationWarning: Policy enforcement is depending on the value of is_admin. This key is deprecated. Please update your policy file to use the standard policy values.
Feb 17 07:26:09.522677 dv-cinder-829110-2-iscsi devstack@c-api.service[110085]: warnings.warn('Policy enforcement is depending on the value of '
Feb 17 07:26:09.523667 dv-cinder-829110-2-iscsi devstack@c-api.service[110085]: INFO cinder.volume.api [None req-bbef76f1-c653-4e23-afef-08912d3a74a5 tempest-VolumesMetadataTest-1753850327 tempest-VolumesMetadataTest-1753850327-project] Volume info retrieved successfully.
Feb 17 07:26:09.580742 dv-cinder-829110-2-iscsi devstack@c-api.service[110085]: INFO cinder.volume.api [None req-bbef76f1-c653-4e23-afef-08912d3a74a5 tempest-VolumesMetadataTest-1753850327 tempest-VolumesMetadataTest-1753850327-project] Update volume metadata completed successfully.
Feb 17 07:26:09.581315 dv-cinder-829110-2-iscsi devstack@c-api.service[110085]: INFO cinder.api.openstack.wsgi [None req-bbef76f1-c653-4e23-afef-08912d3a74a5 tempest-VolumesMetadataTest-1753850327 tempest-VolumesMetadataTest-1753850327-project] http://10.222.0.109/volume/v3/a4cf7686ca384a66b7ff5ebcb0de07b2/volumes/26a462f7-6900-4337-8e30-9618b56986df/metadata/key3 returned with HTTP 200
Feb 17 07:26:09.582094 dv-cinder-829110-2-iscsi devstack@c-api.service[110085]: [pid: 110085|app: 0|req: 240/464] 10.222.0.109 () {60 vars in 1391 bytes} [Thu Feb 17 07:26:09 2022] PUT /volume/v3/a4cf7686ca384a66b7ff5ebcb0de07b2/volumes/26a462f7-6900-4337-8e30-9618b56986df/metadata/key3 => generated 35 bytes in 80 msecs (HTTP/1.1 200) 7 headers in 284 bytes (2 switches on core 0)
Feb 17 07:26:09.590943 dv-cinder-829110-2-iscsi devstack@c-api.service[110086]: INFO cinder.api.openstack.wsgi [None req-3688c770-5775-4478-8af1-5eaabb586507 tempest-VolumesMetadataTest-1753850327 tempest-VolumesMetadataTest-1753850327-project] GET http://10.222.0.109/volume/v3/a4cf7686ca384a66b7ff5ebcb0de07b2/volumes/26a462f7-6900-4337-8e30-9618b56986df/metadata/key3
Feb 17 07:26:09.591387 dv-cinder-829110-2-iscsi devstack@c-api.service[110086]: DEBUG cinder.api.openstack.wsgi [None req-3688c770-5775-4478-8af1-5eaabb586507 tempest-VolumesMetadataTest-1753850327 tempest-VolumesMetadataTest-1753850327-project] Empty body provided in request {{(pid=110086) get_body /opt/stack/cinder/cinder/api/openstack/wsgi.py:715}}
Feb 17 07:26:09.591870 dv-cinder-829110-2-iscsi devstack@c-api.service[110086]: DEBUG cinder.api.openstack.wsgi [None req-3688c770-5775-4478-8af1-5eaabb586507 tempest-VolumesMetadataTest-1753850327 tempest-VolumesMetadataTest-1753850327-project] Calling method 'show' {{(pid=110086) _process_stack /opt/stack/cinder/cinder/api/openstack/wsgi.py:868}}
Feb 17 07:26:09.606629 dv-cinder-829110-2-iscsi devstack@c-api.service[110086]: /usr/local/lib/python3.8/dist-packages/oslo_context/context.py:105: DeprecationWarning: Policy enforcement is depending on the value of is_admin. This key is deprecated. Please update your policy file to use the standard policy values.
Feb 17 07:26:09.606629 dv-cinder-829110-2-iscsi devstack@c-api.service[110086]: warnings.warn('Policy enforcement is depending on the value of '
Feb 17 07:26:09.607643 dv-cinder-829110-2-iscsi devstack@c-api.service[110086]: INFO cinder.volume.api [None req-3688c770-5775-4478-8af1-5eaabb586507 tempest-VolumesMetadataTest-1753850327 tempest-VolumesMetadataTest-1753850327-project] Volume info retrieved successfully.
Feb 17 07:26:09.616680 dv-cinder-829110-2-iscsi devstack@c-api.service[110086]: INFO cinder.volume.api [None req-3688c770-5775-4478-8af1-5eaabb586507 tempest-VolumesMetadataTest-1753850327 tempest-VolumesMetadataTest-1753850327-project] Get volume metadata completed successfully.
Feb 17 07:26:09.617208 dv-cinder-829110-2-iscsi devstack@c-api.service[110086]: INFO cinder.api.openstack.wsgi [None req-3688c770-5775-4478-8af1-5eaabb586507 tempest-VolumesMetadataTest-1753850327 tempest-VolumesMetadataTest-1753850327-project] http://10.222.0.109/volume/v3/a4cf7686ca384a66b7ff5ebcb0de07b2/volumes/26a462f7-6900-4337-8e30-9618b56986df/metadata/key3 returned with HTTP 200
Feb 17 07:26:09.617902 dv-cinder-829110-2-iscsi devstack@c-api.service[110086]: [pid: 110086|app: 0|req: 225/465] 10.222.0.109 () {58 vars in 1371 bytes} [Thu Feb 17 07:26:09 2022] GET /volume/v3/a4cf7686ca384a66b7ff5ebcb0de07b2/volumes/26a462f7-6900-4337-8e30-9618b56986df/metadata/key3 => generated 35 bytes in 31 msecs (HTTP/1.1 200) 7 headers in 284 bytes (1 switches on core 0)
Feb 17 07:26:09.626861 dv-cinder-829110-2-iscsi devstack@c-api.service[110085]: INFO cinder.api.openstack.wsgi [None req-85d412b2-e0b3-47c5-9472-de219d0b52cb tempest-VolumesMetadataTest-1753850327 tempest-VolumesMetadataTest-1753850327-project] GET http://10.222.0.109/volume/v3/a4cf7686ca384a66b7ff5ebcb0de07b2/volumes/26a462f7-6900-4337-8e30-9618b56986df/metadata
Feb 17 07:26:09.627298 dv-cinder-829110-2-iscsi devstack@c-api.service[110085]: DEBUG cinder.api.openstack.wsgi [None req-85d412b2-e0b3-47c5-9472-de219d0b52cb tempest-VolumesMetadataTest-1753850327 tempest-VolumesMetadataTest-1753850327-project] Empty body provided in request {{(pid=110085) get_body /opt/stack/cinder/cinder/api/openstack/wsgi.py:715}}
Feb 17 07:26:09.627753 dv-cinder-829110-2-iscsi devstack@c-api.service[110085]: DEBUG cinder.api.openstack.wsgi [None req-85d412b2-e0b3-47c5-9472-de219d0b52cb tempest-VolumesMetadataTest-1753850327 tempest-VolumesMetadataTest-1753850327-project] Calling method 'index' {{(pid=110085) _process_stack /opt/stack/cinder/cinder/api/openstack/wsgi.py:868}}
Feb 17 07:26:09.642055 dv-cinder-829110-2-iscsi devstack@c-api.service[110085]: /usr/local/lib/python3.8/dist-packages/oslo_context/context.py:105: DeprecationWarning: Policy enforcement is depending on the value of is_admin. This key is deprecated. Please update your policy file to use the standard policy values.
Feb 17 07:26:09.642055 dv-cinder-829110-2-iscsi devstack@c-api.service[110085]: warnings.warn('Policy enforcement is depending on the value of '
Feb 17 07:26:09.643037 dv-cinder-829110-2-iscsi devstack@c-api.service[110085]: INFO cinder.volume.api [None req-85d412b2-e0b3-47c5-9472-de219d0b52cb tempest-VolumesMetadataTest-1753850327 tempest-VolumesMetadataTest-1753850327-project] Volume info retrieved successfully.
Feb 17 07:26:09.651446 dv-cinder-829110-2-iscsi devstack@c-api.service[110085]: INFO cinder.volume.api [None req-85d412b2-e0b3-47c5-9472-de219d0b52cb tempest-VolumesMetadataTest-1753850327 tempest-VolumesMetadataTest-1753850327-project] Get volume metadata completed successfully.
Feb 17 07:26:09.651974 dv-cinder-829110-2-iscsi devstack@c-api.service[110085]: INFO cinder.api.openstack.wsgi [None req-85d412b2-e0b3-47c5-9472-de219d0b52cb tempest-VolumesMetadataTest-1753850327 tempest-VolumesMetadataTest-1753850327-project] http://10.222.0.109/volume/v3/a4cf7686ca384a66b7ff5ebcb0de07b2/volumes/26a462f7-6900-4337-8e30-9618b56986df/metadata returned with HTTP 200
Feb 17 07:26:09.652954 dv-cinder-829110-2-iscsi devstack@c-api.service[110085]: [pid: 110085|app: 0|req: 241/466] 10.222.0.109 () {58 vars in 1356 bytes} [Thu Feb 17 07:26:09 2022] GET /volume/v3/a4cf7686ca384a66b7ff5ebcb0de07b2/volumes/26a462f7-6900-4337-8e30-9618b56986df/metadata => generated 75 bytes in 30 msecs (HTTP/1.1 200) 7 headers in 284 bytes (1 switches on core 0)
Feb 17 07:26:09.661261 dv-cinder-829110-2-iscsi devstack@c-api.service[110086]: INFO cinder.api.openstack.wsgi [None req-5a33a0da-3547-440c-963a-1a9b2d220890 tempest-VolumesMetadataTest-1753850327 tempest-VolumesMetadataTest-1753850327-project] PUT http://10.222.0.109/volume/v3/a4cf7686ca384a66b7ff5ebcb0de07b2/volumes/26a462f7-6900-4337-8e30-9618b56986df/metadata
Feb 17 07:26:09.661961 dv-cinder-829110-2-iscsi devstack@c-api.service[110086]: DEBUG cinder.api.openstack.wsgi [None req-5a33a0da-3547-440c-963a-1a9b2d220890 tempest-VolumesMetadataTest-1753850327 tempest-VolumesMetadataTest-1753850327-project] Action: 'update_all', calling method: update_all, body: {"metadata": {}} {{(pid=110086) _process_stack /opt/stack/cinder/cinder/api/openstack/wsgi.py:866}}
Feb 17 07:26:09.677444 dv-cinder-829110-2-iscsi devstack@c-api.service[110086]: /usr/local/lib/python3.8/dist-packages/oslo_context/context.py:105: DeprecationWarning: Policy enforcement is depending on the value of is_admin. This key is deprecated. Please update your policy file to use the standard policy values.
Feb 17 07:26:09.677444 dv-cinder-829110-2-iscsi devstack@c-api.service[110086]: warnings.warn('Policy enforcement is depending on the value of '
Feb 17 07:26:09.678397 dv-cinder-829110-2-iscsi devstack@c-api.service[110086]: INFO cinder.volume.api [None req-5a33a0da-3547-440c-963a-1a9b2d220890 tempest-VolumesMetadataTest-1753850327 tempest-VolumesMetadataTest-1753850327-project] Volume info retrieved successfully.
Feb 17 07:26:09.791743 dv-cinder-829110-2-iscsi devstack@c-api.service[110086]: INFO cinder.volume.api [None req-5a33a0da-3547-440c-963a-1a9b2d220890 tempest-VolumesMetadataTest-1753850327 tempest-VolumesMetadataTest-1753850327-project] Update volume metadata completed successfully.
Feb 17 07:26:09.792456 dv-cinder-829110-2-iscsi devstack@c-api.service[110086]: INFO cinder.api.openstack.wsgi [None req-5a33a0da-3547-440c-963a-1a9b2d220890 tempest-VolumesMetadataTest-1753850327 tempest-VolumesMetadataTest-1753850327-project] http://10.222.0.109/volume/v3/a4cf7686ca384a66b7ff5ebcb0de07b2/volumes/26a462f7-6900-4337-8e30-9618b56986df/metadata returned with HTTP 200
Feb 17 07:26:09.793290 dv-cinder-829110-2-iscsi devstack@c-api.service[110086]: [pid: 110086|app: 0|req: 226/467] 10.222.0.109 () {60 vars in 1376 bytes} [Thu Feb 17 07:26:09 2022] PUT /volume/v3/a4cf7686ca384a66b7ff5ebcb0de07b2/volumes/26a462f7-6900-4337-8e30-9618b56986df/metadata => generated 16 bytes in 136 msecs (HTTP/1.1 200) 7 headers in 284 bytes (1 switches on core 0)
Feb 17 07:26:09.803013 dv-cinder-829110-2-iscsi devstack@c-api.service[110085]: INFO cinder.api.openstack.wsgi [None req-b2b27f55-3875-497a-820d-5be3588cce9c tempest-VolumesMetadataTest-1753850327 tempest-VolumesMetadataTest-1753850327-project] DELETE http://10.222.0.109/volume/v3/a4cf7686ca384a66b7ff5ebcb0de07b2/volumes/26a462f7-6900-4337-8e30-9618b56986df
Feb 17 07:26:09.803451 dv-cinder-829110-2-iscsi devstack@c-api.service[110085]: DEBUG cinder.api.openstack.wsgi [None req-b2b27f55-3875-497a-820d-5be3588cce9c tempest-VolumesMetadataTest-1753850327 tempest-VolumesMetadataTest-1753850327-project] Empty body provided in request {{(pid=110085) get_body /opt/stack/cinder/cinder/api/openstack/wsgi.py:715}}
Feb 17 07:26:09.803893 dv-cinder-829110-2-iscsi devstack@c-api.service[110085]: DEBUG cinder.api.openstack.wsgi [None req-b2b27f55-3875-497a-820d-5be3588cce9c tempest-VolumesMetadataTest-1753850327 tempest-VolumesMetadataTest-1753850327-project] Calling method 'delete' {{(pid=110085) _process_stack /opt/stack/cinder/cinder/api/openstack/wsgi.py:868}}
Feb 17 07:26:09.804282 dv-cinder-829110-2-iscsi devstack@c-api.service[110085]: INFO cinder.api.v3.volumes [None req-b2b27f55-3875-497a-820d-5be3588cce9c tempest-VolumesMetadataTest-1753850327 tempest-VolumesMetadataTest-1753850327-project] Delete volume with id: 26a462f7-6900-4337-8e30-9618b56986df
Feb 17 07:26:09.823040 dv-cinder-829110-2-iscsi devstack@c-api.service[110085]: /usr/local/lib/python3.8/dist-packages/oslo_context/context.py:105: DeprecationWarning: Policy enforcement is depending on the value of is_admin. This key is deprecated. Please update your policy file to use the standard policy values.
Feb 17 07:26:09.823040 dv-cinder-829110-2-iscsi devstack@c-api.service[110085]: warnings.warn('Policy enforcement is depending on the value of '
Feb 17 07:26:09.824041 dv-cinder-829110-2-iscsi devstack@c-api.service[110085]: INFO cinder.volume.api [None req-b2b27f55-3875-497a-820d-5be3588cce9c tempest-VolumesMetadataTest-1753850327 tempest-VolumesMetadataTest-1753850327-project] Volume info retrieved successfully.
Feb 17 07:26:09.956048 dv-cinder-829110-2-iscsi devstack@c-api.service[110085]: INFO cinder.volume.api [None req-b2b27f55-3875-497a-820d-5be3588cce9c tempest-VolumesMetadataTest-1753850327 tempest-VolumesMetadataTest-1753850327-project] Delete volume request issued successfully.
Feb 17 07:26:09.956453 dv-cinder-829110-2-iscsi devstack@c-api.service[110085]: INFO cinder.api.openstack.wsgi [None req-b2b27f55-3875-497a-820d-5be3588cce9c tempest-VolumesMetadataTest-1753850327 tempest-VolumesMetadataTest-1753850327-project] http://10.222.0.109/volume/v3/a4cf7686ca384a66b7ff5ebcb0de07b2/volumes/26a462f7-6900-4337-8e30-9618b56986df returned with HTTP 202
Feb 17 07:26:09.957273 dv-cinder-829110-2-iscsi devstack@c-api.service[110085]: [pid: 110085|app: 0|req: 242/468] 10.222.0.109 () {58 vars in 1332 bytes} [Thu Feb 17 07:26:09 2022] DELETE /volume/v3/a4cf7686ca384a66b7ff5ebcb0de07b2/volumes/26a462f7-6900-4337-8e30-9618b56986df => generated 0 bytes in 158 msecs (HTTP/1.1 202) 6 headers in 233 bytes (1 switches on core 0)
Feb 17 07:26:09.965071 dv-cinder-829110-2-iscsi devstack@c-api.service[110086]: INFO cinder.api.openstack.wsgi [None req-a9513e58-57ec-4288-9d10-2be8b1fdc4f3 tempest-VolumesMetadataTest-1753850327 tempest-VolumesMetadataTest-1753850327-project] GET http://10.222.0.109/volume/v3/a4cf7686ca384a66b7ff5ebcb0de07b2/volumes/26a462f7-6900-4337-8e30-9618b56986df
Feb 17 07:26:09.965668 dv-cinder-829110-2-iscsi devstack@c-api.service[110086]: DEBUG cinder.api.openstack.wsgi [None req-a9513e58-57ec-4288-9d10-2be8b1fdc4f3 tempest-VolumesMetadataTest-1753850327 tempest-VolumesMetadataTest-1753850327-project] Empty body provided in request {{(pid=110086) get_body /opt/stack/cinder/cinder/api/openstack/wsgi.py:715}}
Feb 17 07:26:09.966123 dv-cinder-829110-2-iscsi devstack@c-api.service[110086]: DEBUG cinder.api.openstack.wsgi [None req-a9513e58-57ec-4288-9d10-2be8b1fdc4f3 tempest-VolumesMetadataTest-1753850327 tempest-VolumesMetadataTest-1753850327-project] Calling method 'show' {{(pid=110086) _process_stack /opt/stack/cinder/cinder/api/openstack/wsgi.py:868}}
Feb 17 07:26:09.981149 dv-cinder-829110-2-iscsi devstack@c-api.service[110086]: /usr/local/lib/python3.8/dist-packages/oslo_context/context.py:105: DeprecationWarning: Policy enforcement is depending on the value of is_admin. This key is deprecated. Please update your policy file to use the standard policy values.
Feb 17 07:26:09.981149 dv-cinder-829110-2-iscsi devstack@c-api.service[110086]: warnings.warn('Policy enforcement is depending on the value of '
Feb 17 07:26:09.988186 dv-cinder-829110-2-iscsi devstack@c-api.service[110086]: INFO cinder.volume.api [None req-a9513e58-57ec-4288-9d10-2be8b1fdc4f3 tempest-VolumesMetadataTest-1753850327 tempest-VolumesMetadataTest-1753850327-project] Volume info retrieved successfully.
Feb 17 07:26:09.996783 dv-cinder-829110-2-iscsi devstack@c-api.service[110086]: INFO cinder.api.openstack.wsgi [None req-a9513e58-57ec-4288-9d10-2be8b1fdc4f3 tempest-VolumesMetadataTest-1753850327 tempest-VolumesMetadataTest-1753850327-project] http://10.222.0.109/volume/v3/a4cf7686ca384a66b7ff5ebcb0de07b2/volumes/26a462f7-6900-4337-8e30-9618b56986df returned with HTTP 200
Feb 17 07:26:09.997563 dv-cinder-829110-2-iscsi devstack@c-api.service[110086]: [pid: 110086|app: 0|req: 227/469] 10.222.0.109 () {58 vars in 1329 bytes} [Thu Feb 17 07:26:09 2022] GET /volume/v3/a4cf7686ca384a66b7ff5ebcb0de07b2/volumes/26a462f7-6900-4337-8e30-9618b56986df => generated 912 bytes in 37 msecs (HTTP/1.1 200) 7 headers in 285 bytes (1 switches on core 0)
Feb 17 07:26:10.044907 dv-cinder-829110-2-iscsi devstack@c-api.service[110085]: INFO cinder.api.openstack.wsgi [None req-ead81b1f-ebcb-4d1a-ba74-71cac7475760 tempest-VolumeTypesAccessTest-1589051082 tempest-VolumeTypesAccessTest-1589051082-project] GET http://10.222.0.109/volume/v3/8169553b52ee4220b566ff129c7150d3/volumes/bffea328-913f-419f-88ca-713cd837bf1f
Feb 17 07:26:10.045420 dv-cinder-829110-2-iscsi devstack@c-api.service[110085]: DEBUG cinder.api.openstack.wsgi [None req-ead81b1f-ebcb-4d1a-ba74-71cac7475760 tempest-VolumeTypesAccessTest-1589051082 tempest-VolumeTypesAccessTest-1589051082-project] Empty body provided in request {{(pid=110085) get_body /opt/stack/cinder/cinder/api/openstack/wsgi.py:715}}
Feb 17 07:26:10.046040 dv-cinder-829110-2-iscsi devstack@c-api.service[110085]: DEBUG cinder.api.openstack.wsgi [None req-ead81b1f-ebcb-4d1a-ba74-71cac7475760 tempest-VolumeTypesAccessTest-1589051082 tempest-VolumeTypesAccessTest-1589051082-project] Calling method 'show' {{(pid=110085) _process_stack /opt/stack/cinder/cinder/api/openstack/wsgi.py:868}}
Feb 17 07:26:10.059941 dv-cinder-829110-2-iscsi devstack@c-api.service[110085]: /usr/local/lib/python3.8/dist-packages/oslo_context/context.py:105: DeprecationWarning: Policy enforcement is depending on the value of is_admin. This key is deprecated. Please update your policy file to use the standard policy values.
Feb 17 07:26:10.059941 dv-cinder-829110-2-iscsi devstack@c-api.service[110085]: warnings.warn('Policy enforcement is depending on the value of '
Feb 17 07:26:10.067000 dv-cinder-829110-2-iscsi devstack@c-api.service[110085]: INFO cinder.volume.api [None req-ead81b1f-ebcb-4d1a-ba74-71cac7475760 tempest-VolumeTypesAccessTest-1589051082 tempest-VolumeTypesAccessTest-1589051082-project] Volume info retrieved successfully.
Feb 17 07:26:10.075784 dv-cinder-829110-2-iscsi devstack@c-api.service[110085]: INFO cinder.api.openstack.wsgi [None req-ead81b1f-ebcb-4d1a-ba74-71cac7475760 tempest-VolumeTypesAccessTest-1589051082 tempest-VolumeTypesAccessTest-1589051082-project] http://10.222.0.109/volume/v3/8169553b52ee4220b566ff129c7150d3/volumes/bffea328-913f-419f-88ca-713cd837bf1f returned with HTTP 200
Feb 17 07:26:10.076618 dv-cinder-829110-2-iscsi devstack@c-api.service[110085]: [pid: 110085|app: 0|req: 243/470] 10.222.0.109 () {58 vars in 1329 bytes} [Thu Feb 17 07:26:10 2022] GET /volume/v3/8169553b52ee4220b566ff129c7150d3/volumes/bffea328-913f-419f-88ca-713cd837bf1f => generated 956 bytes in 37 msecs (HTTP/1.1 200) 7 headers in 285 bytes (2 switches on core 0)
Feb 17 07:26:10.093626 dv-cinder-829110-2-iscsi devstack@c-api.service[110086]: INFO cinder.api.openstack.wsgi [None req-8a598db8-e139-4553-826d-203a020b15d6 tempest-VolumeTypesAccessTest-2043369008 tempest-VolumeTypesAccessTest-2043369008-project-admin] POST http://10.222.0.109/volume/v3/c96be145ada64ebd9076d2a825584998/types/68e90b78-6539-462d-976b-aca066611b09/action
