Sep 13 19:50:55.195272 dv-cinder-828807-6-iscsi devstack@c-api.service[124974]: DEBUG cinder.volume.flows.api.create_volume [None req-dbec1a7a-0bdb-46e0-8f74-c56722e25341 tempest-UserMessagesTest-437564598 tempest-UserMessagesTest-437564598-project] Validating volume size '1' using validate_int {{(pid=124974) _extract_size /opt/stack/cinder/cinder/volume/flows/api/create_volume.py:228}}
Sep 13 19:50:55.204376 dv-cinder-828807-6-iscsi devstack@c-api.service[124975]: /usr/local/lib/python3.8/dist-packages/oslo_context/context.py:100: DeprecationWarning: Policy enforcement is depending on the value of is_admin. This key is deprecated. Please update your policy file to use the standard policy values.
Sep 13 19:50:55.204376 dv-cinder-828807-6-iscsi devstack@c-api.service[124975]: warnings.warn('Policy enforcement is depending on the value of '
Sep 13 19:50:55.227313 dv-cinder-828807-6-iscsi devstack@c-api.service[124975]: INFO cinder.api.openstack.wsgi [None req-a5d9355c-901c-4dc5-9be8-960f39521481 tempest-GroupsTest-766228012 tempest-GroupsTest-766228012-project] http://10.222.0.15/volume/v3/89f4c563630d406ebae7aedc3d2a9ac7/volumes/detail returned with HTTP 200
Sep 13 19:50:55.242126 dv-cinder-828807-6-iscsi devstack@c-api.service[124975]: [pid: 124975|app: 0|req: 102/210] 10.222.0.15 () {60 vars in 1276 bytes} [Tue Sep 13 19:50:55 2022] GET /volume/v3/89f4c563630d406ebae7aedc3d2a9ac7/volumes/detail => generated 1963 bytes in 222 msecs (HTTP/1.1 200) 7 headers in 287 bytes (1 switches on core 0)
Sep 13 19:50:55.242126 dv-cinder-828807-6-iscsi devstack@c-api.service[124975]: DEBUG cinder.api.middleware.request_id [None req-155af5a6-68cf-4cce-a879-5ba8be71e261 None None] RequestId filter calling following filter/app {{(pid=124975) _context_setter /opt/stack/cinder/cinder/api/middleware/request_id.py:62}}
Sep 13 19:50:55.242126 dv-cinder-828807-6-iscsi devstack@c-api.service[124975]: INFO cinder.api.openstack.wsgi [None req-155af5a6-68cf-4cce-a879-5ba8be71e261 tempest-GroupSnapshotsTest-1083662810 tempest-GroupSnapshotsTest-1083662810-project] GET http://10.222.0.15/volume/v3/08a1ab177d4140788ef43f270491e970/volumes/be6c1f35-be03-45de-b9e2-e5aa2e31c824
Sep 13 19:50:55.242126 dv-cinder-828807-6-iscsi devstack@c-api.service[124975]: DEBUG cinder.api.openstack.wsgi [None req-155af5a6-68cf-4cce-a879-5ba8be71e261 tempest-GroupSnapshotsTest-1083662810 tempest-GroupSnapshotsTest-1083662810-project] Empty body provided in request {{(pid=124975) get_body /opt/stack/cinder/cinder/api/openstack/wsgi.py:715}}
Sep 13 19:50:55.242126 dv-cinder-828807-6-iscsi devstack@c-api.service[124975]: DEBUG cinder.api.openstack.wsgi [None req-155af5a6-68cf-4cce-a879-5ba8be71e261 tempest-GroupSnapshotsTest-1083662810 tempest-GroupSnapshotsTest-1083662810-project] Calling method 'show' {{(pid=124975) _process_stack /opt/stack/cinder/cinder/api/openstack/wsgi.py:868}}
Sep 13 19:50:55.242695 dv-cinder-828807-6-iscsi devstack@c-api.service[124974]: DEBUG cinder.volume.api [None req-dbec1a7a-0bdb-46e0-8f74-c56722e25341 tempest-UserMessagesTest-437564598 tempest-UserMessagesTest-437564598-project] Task 'cinder.volume.flows.api.create_volume.ExtractVolumeRequestTask;volume:create' (b87d5382-d32d-452d-919b-0cc2669619f3) transitioned into state 'SUCCESS' from state 'RUNNING' with result '{'size': 1, 'snapshot_id': None, 'source_volid': None, 'volume_type': VolumeType(created_at=2022-09-13T19:50:55Z,deleted=False,deleted_at=None,description=None,extra_specs={storage_protocol='tempest-storage_protocol-1374719526',vendor_name='tempest-vendor_name-1480141778'},id=806f9119-cf86-41cc-9173-f60420c6fbd5,is_public=True,name='tempest-UserMessagesTest-volume-type-582959064',projects=[],qos_specs=,qos_specs_id=None,updated_at=None), 'volume_type_id': '806f9119-cf86-41cc-9173-f60420c6fbd5', 'encryption_key_id': None, 'qos_specs': None, 'consistencygroup_id': None, 'cgsnapshot_id': None, 'group_id': None, 'replication_status': 'disabled', 'refresh_az': False, 'backup_id': None, 'multiattach': False, 'availability_zones': ['nova']}' {{(pid=124974) _task_receiver /usr/local/lib/python3.8/dist-packages/taskflow/listeners/logging.py:178}}
Sep 13 19:50:55.242695 dv-cinder-828807-6-iscsi devstack@c-api.service[124974]: DEBUG cinder.volume.api [None req-dbec1a7a-0bdb-46e0-8f74-c56722e25341 tempest-UserMessagesTest-437564598 tempest-UserMessagesTest-437564598-project] Task 'cinder.volume.flows.api.create_volume.QuotaReserveTask;volume:create' (9925ea8b-a305-4ee4-a07c-a5e65fff7e3f) transitioned into state 'RUNNING' from state 'PENDING' {{(pid=124974) _task_receiver /usr/local/lib/python3.8/dist-packages/taskflow/listeners/logging.py:190}}
Sep 13 19:50:55.253230 dv-cinder-828807-6-iscsi devstack@c-api.service[124975]: /usr/local/lib/python3.8/dist-packages/oslo_context/context.py:100: DeprecationWarning: Policy enforcement is depending on the value of is_admin. This key is deprecated. Please update your policy file to use the standard policy values.
Sep 13 19:50:55.253230 dv-cinder-828807-6-iscsi devstack@c-api.service[124975]: warnings.warn('Policy enforcement is depending on the value of '
Sep 13 19:50:55.262719 dv-cinder-828807-6-iscsi devstack@c-api.service[124975]: INFO cinder.volume.api [None req-155af5a6-68cf-4cce-a879-5ba8be71e261 tempest-GroupSnapshotsTest-1083662810 tempest-GroupSnapshotsTest-1083662810-project] Volume info retrieved successfully.
Sep 13 19:50:55.264066 dv-cinder-828807-6-iscsi devstack@c-api.service[124975]: WARNING stevedore.named [None req-155af5a6-68cf-4cce-a879-5ba8be71e261 tempest-GroupSnapshotsTest-1083662810 tempest-GroupSnapshotsTest-1083662810-project] Could not load cinder.keymgr.conf_key_mgr.ConfKeyManager
Sep 13 19:50:55.264392 dv-cinder-828807-6-iscsi devstack@c-api.service[124975]: WARNING castellan.key_manager [None req-155af5a6-68cf-4cce-a879-5ba8be71e261 tempest-GroupSnapshotsTest-1083662810 tempest-GroupSnapshotsTest-1083662810-project] Deprecation Warning : cinder.keymgr.conf_key_mgr.ConfKeyManager is not a stevedore based driver, trying to load it as a class: stevedore.exception.NoMatches: No 'castellan.drivers' driver found, looking for 'cinder.keymgr.conf_key_mgr.ConfKeyManager'
Sep 13 19:50:55.274521 dv-cinder-828807-6-iscsi devstack@c-api.service[124975]: DEBUG oslo_db.sqlalchemy.engines [None req-155af5a6-68cf-4cce-a879-5ba8be71e261 tempest-GroupSnapshotsTest-1083662810 tempest-GroupSnapshotsTest-1083662810-project] MySQL server mode set to STRICT_TRANS_TABLES,STRICT_ALL_TABLES,NO_ZERO_IN_DATE,NO_ZERO_DATE,ERROR_FOR_DIVISION_BY_ZERO,TRADITIONAL,NO_ENGINE_SUBSTITUTION {{(pid=124975) _check_effective_sql_mode /usr/local/lib/python3.8/dist-packages/oslo_db/sqlalchemy/engines.py:314}}
Sep 13 19:50:55.285973 dv-cinder-828807-6-iscsi devstack@c-api.service[124975]: /usr/local/lib/python3.8/dist-packages/oslo_context/context.py:100: DeprecationWarning: Policy enforcement is depending on the value of is_admin. This key is deprecated. Please update your policy file to use the standard policy values.
Sep 13 19:50:55.285973 dv-cinder-828807-6-iscsi devstack@c-api.service[124975]: warnings.warn('Policy enforcement is depending on the value of '
Sep 13 19:50:55.303135 dv-cinder-828807-6-iscsi devstack@c-api.service[124974]: WARNING cinder.quota [None req-dbec1a7a-0bdb-46e0-8f74-c56722e25341 tempest-UserMessagesTest-437564598 tempest-UserMessagesTest-437564598-project] Deprecated: Default quota for resource: volumes_tempest-UserMessagesTest-volume-type-582959064 is set by the default quota flag: quota_volumes_tempest-UserMessagesTest-volume-type-582959064, it is now deprecated. Please use the default quota class for default quota.
Sep 13 19:50:55.304003 dv-cinder-828807-6-iscsi devstack@c-api.service[124974]: WARNING cinder.quota [None req-dbec1a7a-0bdb-46e0-8f74-c56722e25341 tempest-UserMessagesTest-437564598 tempest-UserMessagesTest-437564598-project] Deprecated: Default quota for resource: gigabytes_tempest-UserMessagesTest-volume-type-582959064 is set by the default quota flag: quota_gigabytes_tempest-UserMessagesTest-volume-type-582959064, it is now deprecated. Please use the default quota class for default quota.
Sep 13 19:50:55.304510 dv-cinder-828807-6-iscsi devstack@c-api.service[124975]: INFO cinder.api.openstack.wsgi [None req-155af5a6-68cf-4cce-a879-5ba8be71e261 tempest-GroupSnapshotsTest-1083662810 tempest-GroupSnapshotsTest-1083662810-project] http://10.222.0.15/volume/v3/08a1ab177d4140788ef43f270491e970/volumes/be6c1f35-be03-45de-b9e2-e5aa2e31c824 returned with HTTP 200
Sep 13 19:50:55.305584 dv-cinder-828807-6-iscsi devstack@c-api.service[124975]: [pid: 124975|app: 0|req: 103/211] 10.222.0.15 () {60 vars in 1366 bytes} [Tue Sep 13 19:50:55 2022] GET /volume/v3/08a1ab177d4140788ef43f270491e970/volumes/be6c1f35-be03-45de-b9e2-e5aa2e31c824 => generated 999 bytes in 76 msecs (HTTP/1.1 200) 7 headers in 286 bytes (1 switches on core 0)
Sep 13 19:50:55.307055 dv-cinder-828807-6-iscsi devstack@c-api.service[124975]: DEBUG cinder.api.middleware.request_id [None req-5b836e26-6d2a-44f7-b2d4-c9edb9a18936 None None] RequestId filter calling following filter/app {{(pid=124975) _context_setter /opt/stack/cinder/cinder/api/middleware/request_id.py:62}}
Sep 13 19:50:55.311139 dv-cinder-828807-6-iscsi devstack@c-api.service[124975]: INFO cinder.api.openstack.wsgi [None req-5b836e26-6d2a-44f7-b2d4-c9edb9a18936 tempest-VolumesServicesTestJSON-81990551 tempest-VolumesServicesTestJSON-81990551-project-admin] GET http://10.222.0.15/volume/v3/33b93841fe8b4aa29329f6c0e9e80ed2/volumes/20bbe590-d9b1-4009-9ecb-d42b5e728dea
Sep 13 19:50:55.311650 dv-cinder-828807-6-iscsi devstack@c-api.service[124975]: DEBUG cinder.api.openstack.wsgi [None req-5b836e26-6d2a-44f7-b2d4-c9edb9a18936 tempest-VolumesServicesTestJSON-81990551 tempest-VolumesServicesTestJSON-81990551-project-admin] Empty body provided in request {{(pid=124975) get_body /opt/stack/cinder/cinder/api/openstack/wsgi.py:715}}
Sep 13 19:50:55.312554 dv-cinder-828807-6-iscsi devstack@c-api.service[124975]: DEBUG cinder.api.openstack.wsgi [None req-5b836e26-6d2a-44f7-b2d4-c9edb9a18936 tempest-VolumesServicesTestJSON-81990551 tempest-VolumesServicesTestJSON-81990551-project-admin] Calling method 'show' {{(pid=124975) _process_stack /opt/stack/cinder/cinder/api/openstack/wsgi.py:868}}
Sep 13 19:50:55.347232 dv-cinder-828807-6-iscsi devstack@c-api.service[124974]: DEBUG cinder.quota [None req-dbec1a7a-0bdb-46e0-8f74-c56722e25341 tempest-UserMessagesTest-437564598 tempest-UserMessagesTest-437564598-project] Created reservations ['8cc16182-0166-4357-b203-65a652b8d718', '7c1be7cd-20f8-42e1-80d8-7c023c829b66', 'cdc11cfc-7086-4d15-bc64-b70674d91c81', '5a987a87-fd07-46e9-b43e-fec4e0613f79'] {{(pid=124974) reserve /opt/stack/cinder/cinder/quota.py:755}}
Sep 13 19:50:55.349899 dv-cinder-828807-6-iscsi devstack@c-api.service[124974]: DEBUG cinder.volume.api [None req-dbec1a7a-0bdb-46e0-8f74-c56722e25341 tempest-UserMessagesTest-437564598 tempest-UserMessagesTest-437564598-project] Task 'cinder.volume.flows.api.create_volume.QuotaReserveTask;volume:create' (9925ea8b-a305-4ee4-a07c-a5e65fff7e3f) transitioned into state 'SUCCESS' from state 'RUNNING' with result '{'reservations': ['8cc16182-0166-4357-b203-65a652b8d718', '7c1be7cd-20f8-42e1-80d8-7c023c829b66', 'cdc11cfc-7086-4d15-bc64-b70674d91c81', '5a987a87-fd07-46e9-b43e-fec4e0613f79']}' {{(pid=124974) _task_receiver /usr/local/lib/python3.8/dist-packages/taskflow/listeners/logging.py:178}}
Sep 13 19:50:55.352262 dv-cinder-828807-6-iscsi devstack@c-api.service[124974]: DEBUG cinder.volume.api [None req-dbec1a7a-0bdb-46e0-8f74-c56722e25341 tempest-UserMessagesTest-437564598 tempest-UserMessagesTest-437564598-project] Task 'cinder.volume.flows.api.create_volume.EntryCreateTask;volume:create' (fe5cd2eb-544c-4b14-a5f5-10aaff3e0991) transitioned into state 'RUNNING' from state 'PENDING' {{(pid=124974) _task_receiver /usr/local/lib/python3.8/dist-packages/taskflow/listeners/logging.py:190}}
Sep 13 19:50:55.366003 dv-cinder-828807-6-iscsi devstack@c-api.service[124975]: /usr/local/lib/python3.8/dist-packages/oslo_context/context.py:100: DeprecationWarning: Policy enforcement is depending on the value of is_admin. This key is deprecated. Please update your policy file to use the standard policy values.
Sep 13 19:50:55.366003 dv-cinder-828807-6-iscsi devstack@c-api.service[124975]: warnings.warn('Policy enforcement is depending on the value of '
Sep 13 19:50:55.374292 dv-cinder-828807-6-iscsi devstack@c-api.service[124975]: INFO cinder.volume.api [None req-5b836e26-6d2a-44f7-b2d4-c9edb9a18936 tempest-VolumesServicesTestJSON-81990551 tempest-VolumesServicesTestJSON-81990551-project-admin] Volume info retrieved successfully.
Sep 13 19:50:55.376586 dv-cinder-828807-6-iscsi devstack@c-api.service[124974]: DEBUG cinder.volume.api [None req-dbec1a7a-0bdb-46e0-8f74-c56722e25341 tempest-UserMessagesTest-437564598 tempest-UserMessagesTest-437564598-project] Task 'cinder.volume.flows.api.create_volume.EntryCreateTask;volume:create' (fe5cd2eb-544c-4b14-a5f5-10aaff3e0991) transitioned into state 'SUCCESS' from state 'RUNNING' with result '{'volume_id': '20de692b-187e-40cc-a137-0f805d82f2ed', 'volume_properties': VolumeProperties(attach_status='detached',availability_zone='nova',cgsnapshot_id=None,consistencygroup_id=None,display_description=None,display_name='tempest-UserMessagesTest-Volume-595896632',encryption_key_id=None,group_id=None,group_type_id=,metadata={},multiattach=False,project_id='7ef0207478924654b32aa9a5eb4ff293',qos_specs=None,replication_status=,reservations=['8cc16182-0166-4357-b203-65a652b8d718','7c1be7cd-20f8-42e1-80d8-7c023c829b66','cdc11cfc-7086-4d15-bc64-b70674d91c81','5a987a87-fd07-46e9-b43e-fec4e0613f79'],size=1,snapshot_id=None,source_replicaid=,source_volid=None,status='creating',user_id='86834cc453eb4c688716388d12987580',volume_type_id=806f9119-cf86-41cc-9173-f60420c6fbd5), 'volume': Volume(_name_id=None,admin_metadata=,attach_status='detached',availability_zone='nova',bootable=False,cluster=,cluster_name=None,consistencygroup=,consistencygroup_id=None,created_at=2022-09-13T19:50:55Z,deleted=False,deleted_at=None,display_description=None,display_name='tempest-UserMessagesTest-Volume-595896632',ec2_id=None,encryption_key_id=None,glance_metadata=,group=,group_id=None,host=None,id=20de692b-187e-40cc-a137-0f805d82f2ed,launched_at=None,metadata={},migration_status=None,multiattach=False,previous_status=None,project_id='7ef0207478924654b32aa9a5eb4ff293',provider_auth=None,provider_geometry=None,provider_id=None,provider_location=None,replication_driver_data=None,replication_extended_status=None,replication_status=None,scheduled_at=None,service_uuid=None,shared_targets=True,size=1,snapshot_id=None,snapshots=,source_volid=None,status='creating',terminated_at=None,updated_at=None,use_quota=True,user_id='86834cc453eb4c688716388d12987580',volume_attachment=VolumeAttachmentList,volume_type=VolumeType(806f9119-cf86-41cc-9173-f60420c6fbd5),volume_type_id=806f9119-cf86-41cc-9173-f60420c6fbd5)}' {{(pid=124974) _task_receiver /usr/local/lib/python3.8/dist-packages/taskflow/listeners/logging.py:178}}
Sep 13 19:50:55.378428 dv-cinder-828807-6-iscsi devstack@c-api.service[124974]: DEBUG cinder.volume.api [None req-dbec1a7a-0bdb-46e0-8f74-c56722e25341 tempest-UserMessagesTest-437564598 tempest-UserMessagesTest-437564598-project] Task 'cinder.volume.flows.api.create_volume.QuotaCommitTask;volume:create' (46458b99-00c9-49d0-a05d-3fe1f4c82716) transitioned into state 'RUNNING' from state 'PENDING' {{(pid=124974) _task_receiver /usr/local/lib/python3.8/dist-packages/taskflow/listeners/logging.py:190}}
Sep 13 19:50:55.383514 dv-cinder-828807-6-iscsi devstack@c-api.service[124975]: INFO cinder.api.openstack.wsgi [None req-5b836e26-6d2a-44f7-b2d4-c9edb9a18936 tempest-VolumesServicesTestJSON-81990551 tempest-VolumesServicesTestJSON-81990551-project-admin] http://10.222.0.15/volume/v3/33b93841fe8b4aa29329f6c0e9e80ed2/volumes/20bbe590-d9b1-4009-9ecb-d42b5e728dea returned with HTTP 200
Sep 13 19:50:55.384589 dv-cinder-828807-6-iscsi devstack@c-api.service[124975]: [pid: 124975|app: 0|req: 104/212] 10.222.0.15 () {58 vars in 1325 bytes} [Tue Sep 13 19:50:55 2022] GET /volume/v3/33b93841fe8b4aa29329f6c0e9e80ed2/volumes/20bbe590-d9b1-4009-9ecb-d42b5e728dea => generated 1090 bytes in 78 msecs (HTTP/1.1 200) 7 headers in 286 bytes (1 switches on core 0)
Sep 13 19:50:55.386373 dv-cinder-828807-6-iscsi devstack@c-api.service[124975]: DEBUG cinder.api.middleware.request_id [None req-ccccdedb-742d-4b56-b8b0-50048ab101b8 None None] RequestId filter calling following filter/app {{(pid=124975) _context_setter /opt/stack/cinder/cinder/api/middleware/request_id.py:62}}
Sep 13 19:50:55.391548 dv-cinder-828807-6-iscsi devstack@c-api.service[124975]: INFO cinder.api.openstack.wsgi [None req-ccccdedb-742d-4b56-b8b0-50048ab101b8 tempest-GroupsTest-766228012 tempest-GroupsTest-766228012-project] POST http://10.222.0.15/volume/v3/89f4c563630d406ebae7aedc3d2a9ac7/groups/2538fbe9-0f4b-4c90-9520-5f8958f8994b/action
Sep 13 19:50:55.392312 dv-cinder-828807-6-iscsi devstack@c-api.service[124975]: DEBUG cinder.api.openstack.wsgi [None req-ccccdedb-742d-4b56-b8b0-50048ab101b8 tempest-GroupsTest-766228012 tempest-GroupsTest-766228012-project] Action body: b'{"delete": {"delete-volumes": true}}' {{(pid=124975) get_method /opt/stack/cinder/cinder/api/openstack/wsgi.py:983}}
Sep 13 19:50:55.393114 dv-cinder-828807-6-iscsi devstack@c-api.service[124975]: DEBUG cinder.api.openstack.wsgi [None req-ccccdedb-742d-4b56-b8b0-50048ab101b8 tempest-GroupsTest-766228012 tempest-GroupsTest-766228012-project] Action: 'action', calling method: delete_group, body: {"delete": {"delete-volumes": true}} {{(pid=124975) _process_stack /opt/stack/cinder/cinder/api/openstack/wsgi.py:866}}
Sep 13 19:50:55.394823 dv-cinder-828807-6-iscsi devstack@c-api.service[124975]: DEBUG cinder.api.v3.groups [None req-ccccdedb-742d-4b56-b8b0-50048ab101b8 tempest-GroupsTest-766228012 tempest-GroupsTest-766228012-project] delete called for group 2538fbe9-0f4b-4c90-9520-5f8958f8994b {{(pid=124975) _delete /opt/stack/cinder/cinder/api/v3/groups.py:117}}
Sep 13 19:50:55.395122 dv-cinder-828807-6-iscsi devstack@c-api.service[124975]: INFO cinder.api.v3.groups [None req-ccccdedb-742d-4b56-b8b0-50048ab101b8 tempest-GroupsTest-766228012 tempest-GroupsTest-766228012-project] Delete group with id: 2538fbe9-0f4b-4c90-9520-5f8958f8994b
Sep 13 19:50:55.402929 dv-cinder-828807-6-iscsi devstack@c-api.service[124975]: /usr/local/lib/python3.8/dist-packages/oslo_context/context.py:100: DeprecationWarning: Policy enforcement is depending on the value of is_admin. This key is deprecated. Please update your policy file to use the standard policy values.
Sep 13 19:50:55.402929 dv-cinder-828807-6-iscsi devstack@c-api.service[124975]: warnings.warn('Policy enforcement is depending on the value of '
Sep 13 19:50:55.411436 dv-cinder-828807-6-iscsi devstack@c-api.service[124974]: DEBUG cinder.volume.api [None req-dbec1a7a-0bdb-46e0-8f74-c56722e25341 tempest-UserMessagesTest-437564598 tempest-UserMessagesTest-437564598-project] Task 'cinder.volume.flows.api.create_volume.QuotaCommitTask;volume:create' (46458b99-00c9-49d0-a05d-3fe1f4c82716) transitioned into state 'SUCCESS' from state 'RUNNING' with result '{'volume_properties': VolumeProperties(attach_status='detached',availability_zone='nova',cgsnapshot_id=None,consistencygroup_id=None,display_description=None,display_name='tempest-UserMessagesTest-Volume-595896632',encryption_key_id=None,group_id=None,group_type_id=,metadata={},multiattach=False,project_id='7ef0207478924654b32aa9a5eb4ff293',qos_specs=None,replication_status=,reservations=['8cc16182-0166-4357-b203-65a652b8d718','7c1be7cd-20f8-42e1-80d8-7c023c829b66','cdc11cfc-7086-4d15-bc64-b70674d91c81','5a987a87-fd07-46e9-b43e-fec4e0613f79'],size=1,snapshot_id=None,source_replicaid=,source_volid=None,status='creating',user_id='86834cc453eb4c688716388d12987580',volume_type_id=806f9119-cf86-41cc-9173-f60420c6fbd5)}' {{(pid=124974) _task_receiver /usr/local/lib/python3.8/dist-packages/taskflow/listeners/logging.py:178}}
Sep 13 19:50:55.414400 dv-cinder-828807-6-iscsi devstack@c-api.service[124974]: DEBUG cinder.volume.api [None req-dbec1a7a-0bdb-46e0-8f74-c56722e25341 tempest-UserMessagesTest-437564598 tempest-UserMessagesTest-437564598-project] Task 'cinder.volume.flows.api.create_volume.VolumeCastTask;volume:create' (a5959152-e7e7-42e8-a1b2-8fb1e65c5b40) transitioned into state 'RUNNING' from state 'PENDING' {{(pid=124974) _task_receiver /usr/local/lib/python3.8/dist-packages/taskflow/listeners/logging.py:190}}
Sep 13 19:50:55.433605 dv-cinder-828807-6-iscsi devstack@c-api.service[124974]: DEBUG cinder.volume.api [None req-dbec1a7a-0bdb-46e0-8f74-c56722e25341 tempest-UserMessagesTest-437564598 tempest-UserMessagesTest-437564598-project] Task 'cinder.volume.flows.api.create_volume.VolumeCastTask;volume:create' (a5959152-e7e7-42e8-a1b2-8fb1e65c5b40) transitioned into state 'SUCCESS' from state 'RUNNING' with result 'None' {{(pid=124974) _task_receiver /usr/local/lib/python3.8/dist-packages/taskflow/listeners/logging.py:178}}
Sep 13 19:50:55.436099 dv-cinder-828807-6-iscsi devstack@c-api.service[124974]: DEBUG cinder.volume.api [None req-dbec1a7a-0bdb-46e0-8f74-c56722e25341 tempest-UserMessagesTest-437564598 tempest-UserMessagesTest-437564598-project] Flow 'volume_create_api' (83483ada-0a46-41c1-a7f8-3a99e2ae7365) transitioned into state 'SUCCESS' from state 'RUNNING' {{(pid=124974) _flow_receiver /usr/local/lib/python3.8/dist-packages/taskflow/listeners/logging.py:141}}
Sep 13 19:50:55.436782 dv-cinder-828807-6-iscsi devstack@c-api.service[124974]: INFO cinder.volume.api [None req-dbec1a7a-0bdb-46e0-8f74-c56722e25341 tempest-UserMessagesTest-437564598 tempest-UserMessagesTest-437564598-project] Create volume request issued successfully.
Sep 13 19:50:55.438005 dv-cinder-828807-6-iscsi devstack@c-api.service[124974]: INFO cinder.api.openstack.wsgi [None req-dbec1a7a-0bdb-46e0-8f74-c56722e25341 tempest-UserMessagesTest-437564598 tempest-UserMessagesTest-437564598-project] http://10.222.0.15/volume/v3/7ef0207478924654b32aa9a5eb4ff293/volumes returned with HTTP 202
Sep 13 19:50:55.449216 dv-cinder-828807-6-iscsi devstack@c-api.service[124974]: [pid: 124974|app: 0|req: 109/213] 10.222.0.15 () {62 vars in 1276 bytes} [Tue Sep 13 19:50:55 2022] POST /volume/v3/7ef0207478924654b32aa9a5eb4ff293/volumes => generated 850 bytes in 304 msecs (HTTP/1.1 202) 7 headers in 291 bytes (1 switches on core 0)
Sep 13 19:50:55.449216 dv-cinder-828807-6-iscsi devstack@c-api.service[124974]: DEBUG cinder.api.middleware.request_id [None req-9e99be39-7ffd-4e91-8897-34d61123bdb4 None None] RequestId filter calling following filter/app {{(pid=124974) _context_setter /opt/stack/cinder/cinder/api/middleware/request_id.py:62}}
Sep 13 19:50:55.449216 dv-cinder-828807-6-iscsi devstack@c-api.service[124974]: INFO cinder.api.openstack.wsgi [None req-9e99be39-7ffd-4e91-8897-34d61123bdb4 tempest-VolumesServicesTestJSON-81990551 tempest-VolumesServicesTestJSON-81990551-project-admin] GET http://10.222.0.15/volume/v3/33b93841fe8b4aa29329f6c0e9e80ed2/os-services?host=hv-cinder-82880&binary=cinder-volume
Sep 13 19:50:55.449216 dv-cinder-828807-6-iscsi devstack@c-api.service[124974]: DEBUG cinder.api.openstack.wsgi [None req-9e99be39-7ffd-4e91-8897-34d61123bdb4 tempest-VolumesServicesTestJSON-81990551 tempest-VolumesServicesTestJSON-81990551-project-admin] Empty body provided in request {{(pid=124974) get_body /opt/stack/cinder/cinder/api/openstack/wsgi.py:715}}
Sep 13 19:50:55.449216 dv-cinder-828807-6-iscsi devstack@c-api.service[124974]: DEBUG cinder.api.openstack.wsgi [None req-9e99be39-7ffd-4e91-8897-34d61123bdb4 tempest-VolumesServicesTestJSON-81990551 tempest-VolumesServicesTestJSON-81990551-project-admin] Calling method 'index' {{(pid=124974) _process_stack /opt/stack/cinder/cinder/api/openstack/wsgi.py:868}}
Sep 13 19:50:55.449216 dv-cinder-828807-6-iscsi devstack@c-api.service[124974]: /usr/local/lib/python3.8/dist-packages/oslo_context/context.py:100: DeprecationWarning: Policy enforcement is depending on the value of is_admin. This key is deprecated. Please update your policy file to use the standard policy values.
Sep 13 19:50:55.449216 dv-cinder-828807-6-iscsi devstack@c-api.service[124974]: warnings.warn('Policy enforcement is depending on the value of '
Sep 13 19:50:55.466601 dv-cinder-828807-6-iscsi devstack@c-api.service[124974]: INFO cinder.api.openstack.wsgi [None req-9e99be39-7ffd-4e91-8897-34d61123bdb4 tempest-VolumesServicesTestJSON-81990551 tempest-VolumesServicesTestJSON-81990551-project-admin] http://10.222.0.15/volume/v3/33b93841fe8b4aa29329f6c0e9e80ed2/os-services?host=hv-cinder-82880&binary=cinder-volume returned with HTTP 200
Sep 13 19:50:55.467433 dv-cinder-828807-6-iscsi devstack@c-api.service[124974]: [pid: 124974|app: 0|req: 110/214] 10.222.0.15 () {58 vars in 1309 bytes} [Tue Sep 13 19:50:55 2022] GET /volume/v3/33b93841fe8b4aa29329f6c0e9e80ed2/os-services?host=hv-cinder-82880&binary=cinder-volume => generated 276 bytes in 28 msecs (HTTP/1.1 200) 7 headers in 285 bytes (1 switches on core 0)
Sep 13 19:50:55.476691 dv-cinder-828807-6-iscsi devstack@c-api.service[124974]: DEBUG cinder.api.middleware.request_id [None req-835ba51d-1fee-4c15-8cff-dada1e6d2e79 None None] RequestId filter calling following filter/app {{(pid=124974) _context_setter /opt/stack/cinder/cinder/api/middleware/request_id.py:62}}
Sep 13 19:50:55.480199 dv-cinder-828807-6-iscsi devstack@c-api.service[124974]: INFO cinder.api.openstack.wsgi [None req-835ba51d-1fee-4c15-8cff-dada1e6d2e79 tempest-UserMessagesTest-437564598 tempest-UserMessagesTest-437564598-project] GET http://10.222.0.15/volume/v3/7ef0207478924654b32aa9a5eb4ff293/volumes/20de692b-187e-40cc-a137-0f805d82f2ed
Sep 13 19:50:55.480661 dv-cinder-828807-6-iscsi devstack@c-api.service[124974]: DEBUG cinder.api.openstack.wsgi [None req-835ba51d-1fee-4c15-8cff-dada1e6d2e79 tempest-UserMessagesTest-437564598 tempest-UserMessagesTest-437564598-project] Empty body provided in request {{(pid=124974) get_body /opt/stack/cinder/cinder/api/openstack/wsgi.py:715}}
Sep 13 19:50:55.481108 dv-cinder-828807-6-iscsi devstack@c-api.service[124974]: DEBUG cinder.api.openstack.wsgi [None req-835ba51d-1fee-4c15-8cff-dada1e6d2e79 tempest-UserMessagesTest-437564598 tempest-UserMessagesTest-437564598-project] Calling method 'show' {{(pid=124974) _process_stack /opt/stack/cinder/cinder/api/openstack/wsgi.py:868}}
Sep 13 19:50:55.497590 dv-cinder-828807-6-iscsi devstack@c-api.service[124974]: /usr/local/lib/python3.8/dist-packages/oslo_context/context.py:100: DeprecationWarning: Policy enforcement is depending on the value of is_admin. This key is deprecated. Please update your policy file to use the standard policy values.
Sep 13 19:50:55.497590 dv-cinder-828807-6-iscsi devstack@c-api.service[124974]: warnings.warn('Policy enforcement is depending on the value of '
Sep 13 19:50:55.506578 dv-cinder-828807-6-iscsi devstack@c-api.service[124974]: INFO cinder.volume.api [None req-835ba51d-1fee-4c15-8cff-dada1e6d2e79 tempest-UserMessagesTest-437564598 tempest-UserMessagesTest-437564598-project] Volume info retrieved successfully.
Sep 13 19:50:55.506867 dv-cinder-828807-6-iscsi devstack@c-api.service[124975]: INFO cinder.api.openstack.wsgi [None req-ccccdedb-742d-4b56-b8b0-50048ab101b8 tempest-GroupsTest-766228012 tempest-GroupsTest-766228012-project] http://10.222.0.15/volume/v3/89f4c563630d406ebae7aedc3d2a9ac7/groups/2538fbe9-0f4b-4c90-9520-5f8958f8994b/action returned with HTTP 202
Sep 13 19:50:55.508059 dv-cinder-828807-6-iscsi devstack@c-api.service[124975]: [pid: 124975|app: 0|req: 105/215] 10.222.0.15 () {62 vars in 1405 bytes} [Tue Sep 13 19:50:55 2022] POST /volume/v3/89f4c563630d406ebae7aedc3d2a9ac7/groups/2538fbe9-0f4b-4c90-9520-5f8958f8994b/action => generated 0 bytes in 123 msecs (HTTP/1.1 202) 6 headers in 234 bytes (1 switches on core 0)
Sep 13 19:50:55.509638 dv-cinder-828807-6-iscsi devstack@c-api.service[124975]: DEBUG cinder.api.middleware.request_id [None req-1b18d43a-b681-40a3-b29f-1c7e2d7fdd47 None None] RequestId filter calling following filter/app {{(pid=124975) _context_setter /opt/stack/cinder/cinder/api/middleware/request_id.py:62}}
Sep 13 19:50:55.517021 dv-cinder-828807-6-iscsi devstack@c-api.service[124975]: INFO cinder.api.openstack.wsgi [None req-1b18d43a-b681-40a3-b29f-1c7e2d7fdd47 tempest-VolumesServicesTestJSON-81990551 tempest-VolumesServicesTestJSON-81990551-project-admin] GET http://10.222.0.15/volume/v3/33b93841fe8b4aa29329f6c0e9e80ed2/os-services
Sep 13 19:50:55.517374 dv-cinder-828807-6-iscsi devstack@c-api.service[124975]: DEBUG cinder.api.openstack.wsgi [None req-1b18d43a-b681-40a3-b29f-1c7e2d7fdd47 tempest-VolumesServicesTestJSON-81990551 tempest-VolumesServicesTestJSON-81990551-project-admin] Empty body provided in request {{(pid=124975) get_body /opt/stack/cinder/cinder/api/openstack/wsgi.py:715}}
Sep 13 19:50:55.517899 dv-cinder-828807-6-iscsi devstack@c-api.service[124975]: DEBUG cinder.api.openstack.wsgi [None req-1b18d43a-b681-40a3-b29f-1c7e2d7fdd47 tempest-VolumesServicesTestJSON-81990551 tempest-VolumesServicesTestJSON-81990551-project-admin] Calling method 'index' {{(pid=124975) _process_stack /opt/stack/cinder/cinder/api/openstack/wsgi.py:868}}
Sep 13 19:50:55.524319 dv-cinder-828807-6-iscsi devstack@c-api.service[124974]: INFO cinder.api.openstack.wsgi [None req-835ba51d-1fee-4c15-8cff-dada1e6d2e79 tempest-UserMessagesTest-437564598 tempest-UserMessagesTest-437564598-project] http://10.222.0.15/volume/v3/7ef0207478924654b32aa9a5eb4ff293/volumes/20de692b-187e-40cc-a137-0f805d82f2ed returned with HTTP 200
Sep 13 19:50:55.525588 dv-cinder-828807-6-iscsi devstack@c-api.service[124974]: [pid: 124974|app: 0|req: 111/216] 10.222.0.15 () {60 vars in 1365 bytes} [Tue Sep 13 19:50:55 2022] GET /volume/v3/7ef0207478924654b32aa9a5eb4ff293/volumes/20de692b-187e-40cc-a137-0f805d82f2ed => generated 918 bytes in 58 msecs (HTTP/1.1 200) 7 headers in 285 bytes (1 switches on core 0)
Sep 13 19:50:55.527761 dv-cinder-828807-6-iscsi devstack@c-api.service[124974]: DEBUG cinder.api.middleware.request_id [None req-81fe63b9-aca6-404a-8190-e1a74bef6b25 None None] RequestId filter calling following filter/app {{(pid=124974) _context_setter /opt/stack/cinder/cinder/api/middleware/request_id.py:62}}
Sep 13 19:50:55.529195 dv-cinder-828807-6-iscsi devstack@c-api.service[124975]: INFO cinder.api.openstack.wsgi [None req-1b18d43a-b681-40a3-b29f-1c7e2d7fdd47 tempest-VolumesServicesTestJSON-81990551 tempest-VolumesServicesTestJSON-81990551-project-admin] http://10.222.0.15/volume/v3/33b93841fe8b4aa29329f6c0e9e80ed2/os-services returned with HTTP 200
Sep 13 19:50:55.530396 dv-cinder-828807-6-iscsi devstack@c-api.service[124975]: [pid: 124975|app: 0|req: 106/217] 10.222.0.15 () {58 vars in 1226 bytes} [Tue Sep 13 19:50:55 2022] GET /volume/v3/33b93841fe8b4aa29329f6c0e9e80ed2/os-services => generated 642 bytes in 22 msecs (HTTP/1.1 200) 7 headers in 285 bytes (1 switches on core 0)
Sep 13 19:50:55.534965 dv-cinder-828807-6-iscsi devstack@c-api.service[124974]: INFO cinder.api.openstack.wsgi [None req-81fe63b9-aca6-404a-8190-e1a74bef6b25 tempest-GroupsTest-766228012 tempest-GroupsTest-766228012-project] GET http://10.222.0.15/volume/v3/89f4c563630d406ebae7aedc3d2a9ac7/volumes/6e35abe8-4593-46e5-9a46-3928a3eee52b
Sep 13 19:50:55.535705 dv-cinder-828807-6-iscsi devstack@c-api.service[124974]: DEBUG cinder.api.openstack.wsgi [None req-81fe63b9-aca6-404a-8190-e1a74bef6b25 tempest-GroupsTest-766228012 tempest-GroupsTest-766228012-project] Empty body provided in request {{(pid=124974) get_body /opt/stack/cinder/cinder/api/openstack/wsgi.py:715}}
Sep 13 19:50:55.536313 dv-cinder-828807-6-iscsi devstack@c-api.service[124974]: DEBUG cinder.api.openstack.wsgi [None req-81fe63b9-aca6-404a-8190-e1a74bef6b25 tempest-GroupsTest-766228012 tempest-GroupsTest-766228012-project] Calling method 'show' {{(pid=124974) _process_stack /opt/stack/cinder/cinder/api/openstack/wsgi.py:868}}
Sep 13 19:50:55.548006 dv-cinder-828807-6-iscsi devstack@c-api.service[124975]: DEBUG cinder.api.middleware.request_id [None req-dec8a926-69f6-4ef3-9f8d-296ba2625b66 None None] RequestId filter calling following filter/app {{(pid=124975) _context_setter /opt/stack/cinder/cinder/api/middleware/request_id.py:62}}
Sep 13 19:50:55.551755 dv-cinder-828807-6-iscsi devstack@c-api.service[124975]: INFO cinder.api.openstack.wsgi [None req-dec8a926-69f6-4ef3-9f8d-296ba2625b66 tempest-VolumesServicesTestJSON-384457191 tempest-VolumesServicesTestJSON-384457191-project] DELETE http://10.222.0.15/volume/v3/c6559ba3f88a42febc349d20b5e7abf6/volumes/20bbe590-d9b1-4009-9ecb-d42b5e728dea
Sep 13 19:50:55.552204 dv-cinder-828807-6-iscsi devstack@c-api.service[124975]: DEBUG cinder.api.openstack.wsgi [None req-dec8a926-69f6-4ef3-9f8d-296ba2625b66 tempest-VolumesServicesTestJSON-384457191 tempest-VolumesServicesTestJSON-384457191-project] Empty body provided in request {{(pid=124975) get_body /opt/stack/cinder/cinder/api/openstack/wsgi.py:715}}
Sep 13 19:50:55.552825 dv-cinder-828807-6-iscsi devstack@c-api.service[124975]: DEBUG cinder.api.openstack.wsgi [None req-dec8a926-69f6-4ef3-9f8d-296ba2625b66 tempest-VolumesServicesTestJSON-384457191 tempest-VolumesServicesTestJSON-384457191-project] Calling method 'delete' {{(pid=124975) _process_stack /opt/stack/cinder/cinder/api/openstack/wsgi.py:868}}
Sep 13 19:50:55.553407 dv-cinder-828807-6-iscsi devstack@c-api.service[124975]: INFO cinder.api.v3.volumes [None req-dec8a926-69f6-4ef3-9f8d-296ba2625b66 tempest-VolumesServicesTestJSON-384457191 tempest-VolumesServicesTestJSON-384457191-project] Delete volume with id: 20bbe590-d9b1-4009-9ecb-d42b5e728dea
Sep 13 19:50:55.566432 dv-cinder-828807-6-iscsi devstack@c-api.service[124974]: /usr/local/lib/python3.8/dist-packages/oslo_context/context.py:100: DeprecationWarning: Policy enforcement is depending on the value of is_admin. This key is deprecated. Please update your policy file to use the standard policy values.
Sep 13 19:50:55.566432 dv-cinder-828807-6-iscsi devstack@c-api.service[124974]: warnings.warn('Policy enforcement is depending on the value of '
Sep 13 19:50:55.568379 dv-cinder-828807-6-iscsi devstack@c-api.service[124975]: /usr/local/lib/python3.8/dist-packages/oslo_context/context.py:100: DeprecationWarning: Policy enforcement is depending on the value of is_admin. This key is deprecated. Please update your policy file to use the standard policy values.
Sep 13 19:50:55.568379 dv-cinder-828807-6-iscsi devstack@c-api.service[124975]: warnings.warn('Policy enforcement is depending on the value of '
Sep 13 19:50:55.569162 dv-cinder-828807-6-iscsi devstack@c-api.service[124975]: INFO cinder.volume.api [None req-dec8a926-69f6-4ef3-9f8d-296ba2625b66 tempest-VolumesServicesTestJSON-384457191 tempest-VolumesServicesTestJSON-384457191-project] Volume info retrieved successfully.
Sep 13 19:50:55.579525 dv-cinder-828807-6-iscsi devstack@c-api.service[124974]: INFO cinder.volume.api [None req-81fe63b9-aca6-404a-8190-e1a74bef6b25 tempest-GroupsTest-766228012 tempest-GroupsTest-766228012-project] Volume info retrieved successfully.
Sep 13 19:50:55.583659 dv-cinder-828807-6-iscsi devstack@c-api.service[124974]: WARNING stevedore.named [None req-81fe63b9-aca6-404a-8190-e1a74bef6b25 tempest-GroupsTest-766228012 tempest-GroupsTest-766228012-project] Could not load cinder.keymgr.conf_key_mgr.ConfKeyManager
Sep 13 19:50:55.584130 dv-cinder-828807-6-iscsi devstack@c-api.service[124974]: WARNING castellan.key_manager [None req-81fe63b9-aca6-404a-8190-e1a74bef6b25 tempest-GroupsTest-766228012 tempest-GroupsTest-766228012-project] Deprecation Warning : cinder.keymgr.conf_key_mgr.ConfKeyManager is not a stevedore based driver, trying to load it as a class: stevedore.exception.NoMatches: No 'castellan.drivers' driver found, looking for 'cinder.keymgr.conf_key_mgr.ConfKeyManager'
Sep 13 19:50:55.606118 dv-cinder-828807-6-iscsi devstack@c-api.service[124974]: DEBUG oslo_db.sqlalchemy.engines [None req-81fe63b9-aca6-404a-8190-e1a74bef6b25 tempest-GroupsTest-766228012 tempest-GroupsTest-766228012-project] MySQL server mode set to STRICT_TRANS_TABLES,STRICT_ALL_TABLES,NO_ZERO_IN_DATE,NO_ZERO_DATE,ERROR_FOR_DIVISION_BY_ZERO,TRADITIONAL,NO_ENGINE_SUBSTITUTION {{(pid=124974) _check_effective_sql_mode /usr/local/lib/python3.8/dist-packages/oslo_db/sqlalchemy/engines.py:314}}
Sep 13 19:50:55.615168 dv-cinder-828807-6-iscsi devstack@c-api.service[124975]: INFO cinder.volume.api [None req-dec8a926-69f6-4ef3-9f8d-296ba2625b66 tempest-VolumesServicesTestJSON-384457191 tempest-VolumesServicesTestJSON-384457191-project] Delete volume request issued successfully.
Sep 13 19:50:55.615594 dv-cinder-828807-6-iscsi devstack@c-api.service[124975]: INFO cinder.api.openstack.wsgi [None req-dec8a926-69f6-4ef3-9f8d-296ba2625b66 tempest-VolumesServicesTestJSON-384457191 tempest-VolumesServicesTestJSON-384457191-project] http://10.222.0.15/volume/v3/c6559ba3f88a42febc349d20b5e7abf6/volumes/20bbe590-d9b1-4009-9ecb-d42b5e728dea returned with HTTP 202
Sep 13 19:50:55.616546 dv-cinder-828807-6-iscsi devstack@c-api.service[124975]: [pid: 124975|app: 0|req: 107/218] 10.222.0.15 () {58 vars in 1328 bytes} [Tue Sep 13 19:50:55 2022] DELETE /volume/v3/c6559ba3f88a42febc349d20b5e7abf6/volumes/20bbe590-d9b1-4009-9ecb-d42b5e728dea => generated 0 bytes in 69 msecs (HTTP/1.1 202) 6 headers in 233 bytes (1 switches on core 0)
Sep 13 19:50:55.621107 dv-cinder-828807-6-iscsi devstack@c-api.service[124975]: DEBUG cinder.api.middleware.request_id [None req-f3195d5c-6cd4-440a-99c7-37c073026ea9 None None] RequestId filter calling following filter/app {{(pid=124975) _context_setter /opt/stack/cinder/cinder/api/middleware/request_id.py:62}}
Sep 13 19:50:55.622328 dv-cinder-828807-6-iscsi devstack@c-api.service[124974]: /usr/local/lib/python3.8/dist-packages/oslo_context/context.py:100: DeprecationWarning: Policy enforcement is depending on the value of is_admin. This key is deprecated. Please update your policy file to use the standard policy values.
Sep 13 19:50:55.622328 dv-cinder-828807-6-iscsi devstack@c-api.service[124974]: warnings.warn('Policy enforcement is depending on the value of '
Sep 13 19:50:55.624807 dv-cinder-828807-6-iscsi devstack@c-api.service[124975]: INFO cinder.api.openstack.wsgi [None req-f3195d5c-6cd4-440a-99c7-37c073026ea9 tempest-VolumesServicesTestJSON-384457191 tempest-VolumesServicesTestJSON-384457191-project] GET http://10.222.0.15/volume/v3/c6559ba3f88a42febc349d20b5e7abf6/volumes/20bbe590-d9b1-4009-9ecb-d42b5e728dea
Sep 13 19:50:55.625158 dv-cinder-828807-6-iscsi devstack@c-api.service[124975]: DEBUG cinder.api.openstack.wsgi [None req-f3195d5c-6cd4-440a-99c7-37c073026ea9 tempest-VolumesServicesTestJSON-384457191 tempest-VolumesServicesTestJSON-384457191-project] Empty body provided in request {{(pid=124975) get_body /opt/stack/cinder/cinder/api/openstack/wsgi.py:715}}
Sep 13 19:50:55.629308 dv-cinder-828807-6-iscsi devstack@c-api.service[124975]: DEBUG cinder.api.openstack.wsgi [None req-f3195d5c-6cd4-440a-99c7-37c073026ea9 tempest-VolumesServicesTestJSON-384457191 tempest-VolumesServicesTestJSON-384457191-project] Calling method 'show' {{(pid=124975) _process_stack /opt/stack/cinder/cinder/api/openstack/wsgi.py:868}}
Sep 13 19:50:55.640576 dv-cinder-828807-6-iscsi devstack@c-api.service[124974]: INFO cinder.api.openstack.wsgi [None req-81fe63b9-aca6-404a-8190-e1a74bef6b25 tempest-GroupsTest-766228012 tempest-GroupsTest-766228012-project] http://10.222.0.15/volume/v3/89f4c563630d406ebae7aedc3d2a9ac7/volumes/6e35abe8-4593-46e5-9a46-3928a3eee52b returned with HTTP 200
Sep 13 19:50:55.641392 dv-cinder-828807-6-iscsi devstack@c-api.service[124974]: [pid: 124974|app: 0|req: 112/219] 10.222.0.15 () {60 vars in 1366 bytes} [Tue Sep 13 19:50:55 2022] GET /volume/v3/89f4c563630d406ebae7aedc3d2a9ac7/volumes/6e35abe8-4593-46e5-9a46-3928a3eee52b => generated 984 bytes in 114 msecs (HTTP/1.1 200) 7 headers in 286 bytes (1 switches on core 0)
Sep 13 19:50:55.664933 dv-cinder-828807-6-iscsi devstack@c-api.service[124975]: /usr/local/lib/python3.8/dist-packages/oslo_context/context.py:100: DeprecationWarning: Policy enforcement is depending on the value of is_admin. This key is deprecated. Please update your policy file to use the standard policy values.
Sep 13 19:50:55.664933 dv-cinder-828807-6-iscsi devstack@c-api.service[124975]: warnings.warn('Policy enforcement is depending on the value of '
Sep 13 19:50:55.671616 dv-cinder-828807-6-iscsi devstack@c-api.service[124975]: INFO cinder.volume.api [None req-f3195d5c-6cd4-440a-99c7-37c073026ea9 tempest-VolumesServicesTestJSON-384457191 tempest-VolumesServicesTestJSON-384457191-project] Volume info retrieved successfully.
Sep 13 19:50:55.680893 dv-cinder-828807-6-iscsi devstack@c-api.service[124975]: INFO cinder.api.openstack.wsgi [None req-f3195d5c-6cd4-440a-99c7-37c073026ea9 tempest-VolumesServicesTestJSON-384457191 tempest-VolumesServicesTestJSON-384457191-project] http://10.222.0.15/volume/v3/c6559ba3f88a42febc349d20b5e7abf6/volumes/20bbe590-d9b1-4009-9ecb-d42b5e728dea returned with HTTP 200
Sep 13 19:50:55.681642 dv-cinder-828807-6-iscsi devstack@c-api.service[124975]: [pid: 124975|app: 0|req: 108/220] 10.222.0.15 () {58 vars in 1325 bytes} [Tue Sep 13 19:50:55 2022] GET /volume/v3/c6559ba3f88a42febc349d20b5e7abf6/volumes/20bbe590-d9b1-4009-9ecb-d42b5e728dea => generated 913 bytes in 61 msecs (HTTP/1.1 200) 7 headers in 285 bytes (1 switches on core 0)
Sep 13 19:50:56.323874 dv-cinder-828807-6-iscsi devstack@c-api.service[124974]: DEBUG cinder.api.middleware.request_id [None req-2251e804-6746-438e-b614-f3ef33f19e59 None None] RequestId filter calling following filter/app {{(pid=124974) _context_setter /opt/stack/cinder/cinder/api/middleware/request_id.py:62}}
Sep 13 19:50:56.327715 dv-cinder-828807-6-iscsi devstack@c-api.service[124974]: INFO cinder.api.openstack.wsgi [None req-2251e804-6746-438e-b614-f3ef33f19e59 tempest-GroupSnapshotsTest-1083662810 tempest-GroupSnapshotsTest-1083662810-project] GET http://10.222.0.15/volume/v3/08a1ab177d4140788ef43f270491e970/volumes/be6c1f35-be03-45de-b9e2-e5aa2e31c824
Sep 13 19:50:56.328499 dv-cinder-828807-6-iscsi devstack@c-api.service[124974]: DEBUG cinder.api.openstack.wsgi [None req-2251e804-6746-438e-b614-f3ef33f19e59 tempest-GroupSnapshotsTest-1083662810 tempest-GroupSnapshotsTest-1083662810-project] Empty body provided in request {{(pid=124974) get_body /opt/stack/cinder/cinder/api/openstack/wsgi.py:715}}
Sep 13 19:50:56.328880 dv-cinder-828807-6-iscsi devstack@c-api.service[124974]: DEBUG cinder.api.openstack.wsgi [None req-2251e804-6746-438e-b614-f3ef33f19e59 tempest-GroupSnapshotsTest-1083662810 tempest-GroupSnapshotsTest-1083662810-project] Calling method 'show' {{(pid=124974) _process_stack /opt/stack/cinder/cinder/api/openstack/wsgi.py:868}}
Sep 13 19:50:56.343373 dv-cinder-828807-6-iscsi devstack@c-api.service[124974]: /usr/local/lib/python3.8/dist-packages/oslo_context/context.py:100: DeprecationWarning: Policy enforcement is depending on the value of is_admin. This key is deprecated. Please update your policy file to use the standard policy values.
Sep 13 19:50:56.343373 dv-cinder-828807-6-iscsi devstack@c-api.service[124974]: warnings.warn('Policy enforcement is depending on the value of '
Sep 13 19:50:56.349672 dv-cinder-828807-6-iscsi devstack@c-api.service[124974]: INFO cinder.volume.api [None req-2251e804-6746-438e-b614-f3ef33f19e59 tempest-GroupSnapshotsTest-1083662810 tempest-GroupSnapshotsTest-1083662810-project] Volume info retrieved successfully.
Sep 13 19:50:56.351067 dv-cinder-828807-6-iscsi devstack@c-api.service[124974]: WARNING stevedore.named [None req-2251e804-6746-438e-b614-f3ef33f19e59 tempest-GroupSnapshotsTest-1083662810 tempest-GroupSnapshotsTest-1083662810-project] Could not load cinder.keymgr.conf_key_mgr.ConfKeyManager
Sep 13 19:50:56.351520 dv-cinder-828807-6-iscsi devstack@c-api.service[124974]: WARNING castellan.key_manager [None req-2251e804-6746-438e-b614-f3ef33f19e59 tempest-GroupSnapshotsTest-1083662810 tempest-GroupSnapshotsTest-1083662810-project] Deprecation Warning : cinder.keymgr.conf_key_mgr.ConfKeyManager is not a stevedore based driver, trying to load it as a class: stevedore.exception.NoMatches: No 'castellan.drivers' driver found, looking for 'cinder.keymgr.conf_key_mgr.ConfKeyManager'
Sep 13 19:50:56.359368 dv-cinder-828807-6-iscsi devstack@c-api.service[124974]: DEBUG oslo_db.sqlalchemy.engines [None req-2251e804-6746-438e-b614-f3ef33f19e59 tempest-GroupSnapshotsTest-1083662810 tempest-GroupSnapshotsTest-1083662810-project] MySQL server mode set to STRICT_TRANS_TABLES,STRICT_ALL_TABLES,NO_ZERO_IN_DATE,NO_ZERO_DATE,ERROR_FOR_DIVISION_BY_ZERO,TRADITIONAL,NO_ENGINE_SUBSTITUTION {{(pid=124974) _check_effective_sql_mode /usr/local/lib/python3.8/dist-packages/oslo_db/sqlalchemy/engines.py:314}}
Sep 13 19:50:56.367722 dv-cinder-828807-6-iscsi devstack@c-api.service[124974]: /usr/local/lib/python3.8/dist-packages/oslo_context/context.py:100: DeprecationWarning: Policy enforcement is depending on the value of is_admin. This key is deprecated. Please update your policy file to use the standard policy values.
Sep 13 19:50:56.367722 dv-cinder-828807-6-iscsi devstack@c-api.service[124974]: warnings.warn('Policy enforcement is depending on the value of '
Sep 13 19:50:56.383253 dv-cinder-828807-6-iscsi devstack@c-api.service[124974]: INFO cinder.api.openstack.wsgi [None req-2251e804-6746-438e-b614-f3ef33f19e59 tempest-GroupSnapshotsTest-1083662810 tempest-GroupSnapshotsTest-1083662810-project] http://10.222.0.15/volume/v3/08a1ab177d4140788ef43f270491e970/volumes/be6c1f35-be03-45de-b9e2-e5aa2e31c824 returned with HTTP 200
Sep 13 19:50:56.383985 dv-cinder-828807-6-iscsi devstack@c-api.service[124974]: [pid: 124974|app: 0|req: 113/221] 10.222.0.15 () {60 vars in 1366 bytes} [Tue Sep 13 19:50:56 2022] GET /volume/v3/08a1ab177d4140788ef43f270491e970/volumes/be6c1f35-be03-45de-b9e2-e5aa2e31c824 => generated 1000 bytes in 61 msecs (HTTP/1.1 200) 7 headers in 287 bytes (1 switches on core 0)
Sep 13 19:50:56.401337 dv-cinder-828807-6-iscsi devstack@c-api.service[124975]: DEBUG cinder.api.middleware.request_id [None req-bc3b8a55-fc5d-4b39-934d-e15ff7c62d33 None None] RequestId filter calling following filter/app {{(pid=124975) _context_setter /opt/stack/cinder/cinder/api/middleware/request_id.py:62}}
Sep 13 19:50:56.405653 dv-cinder-828807-6-iscsi devstack@c-api.service[124975]: INFO cinder.api.openstack.wsgi [None req-bc3b8a55-fc5d-4b39-934d-e15ff7c62d33 tempest-GroupSnapshotsTest-1083662810 tempest-GroupSnapshotsTest-1083662810-project] POST http://10.222.0.15/volume/v3/08a1ab177d4140788ef43f270491e970/group_snapshots
Sep 13 19:50:56.406943 dv-cinder-828807-6-iscsi devstack@c-api.service[124975]: DEBUG cinder.api.openstack.wsgi [None req-bc3b8a55-fc5d-4b39-934d-e15ff7c62d33 tempest-GroupSnapshotsTest-1083662810 tempest-GroupSnapshotsTest-1083662810-project] Action: 'create', calling method: version_select, body: {"group_snapshot": {"group_id": "6a834852-5439-4472-a2d7-a819c874c00f", "name": "tempest-group_snapshot-437376099"}} {{(pid=124975) _process_stack /opt/stack/cinder/cinder/api/openstack/wsgi.py:866}}
Sep 13 19:50:56.409353 dv-cinder-828807-6-iscsi devstack@c-api.service[124975]: DEBUG cinder.api.v3.group_snapshots [None req-bc3b8a55-fc5d-4b39-934d-e15ff7c62d33 tempest-GroupSnapshotsTest-1083662810 tempest-GroupSnapshotsTest-1083662810-project] Creating new group_snapshot {'group_snapshot': {'group_id': '6a834852-5439-4472-a2d7-a819c874c00f', 'name': 'tempest-group_snapshot-437376099'}} {{(pid=124975) create /opt/stack/cinder/cinder/api/v3/group_snapshots.py:154}}
Sep 13 19:50:56.415499 dv-cinder-828807-6-iscsi devstack@c-api.service[124975]: /usr/local/lib/python3.8/dist-packages/oslo_context/context.py:100: DeprecationWarning: Policy enforcement is depending on the value of is_admin. This key is deprecated. Please update your policy file to use the standard policy values.
Sep 13 19:50:56.415499 dv-cinder-828807-6-iscsi devstack@c-api.service[124975]: warnings.warn('Policy enforcement is depending on the value of '
Sep 13 19:50:56.419675 dv-cinder-828807-6-iscsi devstack@c-api.service[124975]: DEBUG dbcounter [-] [124975] Writing DB stats cinder:SELECT=92,cinder:INSERT=4,cinder:UPDATE=4 {{(pid=124975) stat_writer /usr/local/lib/python3.8/dist-packages/dbcounter.py:114}}
Sep 13 19:50:56.422754 dv-cinder-828807-6-iscsi devstack@c-api.service[124975]: INFO cinder.api.v3.group_snapshots [None req-bc3b8a55-fc5d-4b39-934d-e15ff7c62d33 tempest-GroupSnapshotsTest-1083662810 tempest-GroupSnapshotsTest-1083662810-project] Creating group_snapshot tempest-group_snapshot-437376099.
Sep 13 19:50:56.461660 dv-cinder-828807-6-iscsi devstack@c-api.service[124975]: /usr/local/lib/python3.8/dist-packages/oslo_context/context.py:100: DeprecationWarning: Policy enforcement is depending on the value of is_admin. This key is deprecated. Please update your policy file to use the standard policy values.
Sep 13 19:50:56.461660 dv-cinder-828807-6-iscsi devstack@c-api.service[124975]: warnings.warn('Policy enforcement is depending on the value of '
Sep 13 19:50:56.484870 dv-cinder-828807-6-iscsi devstack@c-api.service[124975]: WARNING cinder.quota [None req-bc3b8a55-fc5d-4b39-934d-e15ff7c62d33 tempest-GroupSnapshotsTest-1083662810 tempest-GroupSnapshotsTest-1083662810-project] Deprecated: Default quota for resource: gigabytes_tempest-GroupSnapshotsTest-volume-type-1785249768 is set by the default quota flag: quota_gigabytes_tempest-GroupSnapshotsTest-volume-type-1785249768, it is now deprecated. Please use the default quota class for default quota.
