May 27 03:24:41.269052 dv-cinder-828807-4-smb devstack@c-api.service[110724]: DEBUG cinder.api.openstack.wsgi [None req-5f2d7944-9764-4351-8072-f7f57b4bafe2 tempest-GroupSnapshotsTest-746210603 tempest-GroupSnapshotsTest-746210603-project-admin] Action: 'create', calling method: version_select, body: {"group_type": {"name": "tempest-GroupSnapshotsTest-group-type-1667253054"}} {{(pid=110724) _process_stack /opt/stack/cinder/cinder/api/openstack/wsgi.py:866}}
May 27 03:24:41.327606 dv-cinder-828807-4-smb devstack@c-api.service[110724]: INFO cinder.api.openstack.wsgi [None req-5f2d7944-9764-4351-8072-f7f57b4bafe2 tempest-GroupSnapshotsTest-746210603 tempest-GroupSnapshotsTest-746210603-project-admin] http://10.222.0.61/volume/v3/cdf08c9b7de14054985ed371c2231190/group_types returned with HTTP 202
May 27 03:24:41.329101 dv-cinder-828807-4-smb devstack@c-api.service[110724]: [pid: 110724|app: 0|req: 90/183] 10.222.0.61 () {62 vars in 1287 bytes} [Fri May 27 03:24:41 2022] POST /volume/v3/cdf08c9b7de14054985ed371c2231190/group_types => generated 181 bytes in 71 msecs (HTTP/1.1 202) 7 headers in 292 bytes (1 switches on core 0)
May 27 03:24:41.335657 dv-cinder-828807-4-smb devstack@c-api.service[110724]: DEBUG cinder.api.middleware.request_id [None req-927c7515-2f7a-4c81-975b-46abe6f2d1d2 None None] RequestId filter calling following filter/app {{(pid=110724) _context_setter /opt/stack/cinder/cinder/api/middleware/request_id.py:62}}
May 27 03:24:41.345285 dv-cinder-828807-4-smb devstack@c-api.service[110724]: INFO cinder.api.openstack.wsgi [None req-927c7515-2f7a-4c81-975b-46abe6f2d1d2 tempest-GroupSnapshotsTest-460977115 tempest-GroupSnapshotsTest-460977115-project] POST http://10.222.0.61/volume/v3/37ff9235e5ed431bb91367c06efc22b5/groups
May 27 03:24:41.346446 dv-cinder-828807-4-smb devstack@c-api.service[110724]: DEBUG cinder.api.openstack.wsgi [None req-927c7515-2f7a-4c81-975b-46abe6f2d1d2 tempest-GroupSnapshotsTest-460977115 tempest-GroupSnapshotsTest-460977115-project] Action: 'create', calling method: version_select, body: {"group": {"group_type": "933ab363-95bf-4164-9c61-940ac7117c68", "volume_types": ["dc6050e6-9556-4a9c-bc0f-b0ed0627bc80"], "name": "tempest-GroupSnapshotsTest-Group-2040001280"}} {{(pid=110724) _process_stack /opt/stack/cinder/cinder/api/openstack/wsgi.py:866}}
May 27 03:24:41.363205 dv-cinder-828807-4-smb devstack@c-api.service[110724]: DEBUG cinder.api.v3.groups [None req-927c7515-2f7a-4c81-975b-46abe6f2d1d2 tempest-GroupSnapshotsTest-460977115 tempest-GroupSnapshotsTest-460977115-project] Creating new group {'group': {'group_type': '933ab363-95bf-4164-9c61-940ac7117c68', 'volume_types': ['dc6050e6-9556-4a9c-bc0f-b0ed0627bc80'], 'name': 'tempest-GroupSnapshotsTest-Group-2040001280'}} {{(pid=110724) create /opt/stack/cinder/cinder/api/v3/groups.py:190}}
May 27 03:24:41.380400 dv-cinder-828807-4-smb devstack@c-api.service[110724]: INFO cinder.api.v3.groups [None req-927c7515-2f7a-4c81-975b-46abe6f2d1d2 tempest-GroupSnapshotsTest-460977115 tempest-GroupSnapshotsTest-460977115-project] Creating group tempest-GroupSnapshotsTest-Group-2040001280.
May 27 03:24:41.407790 dv-cinder-828807-4-smb devstack@c-api.service[110724]: INFO cinder.volume.api [None req-927c7515-2f7a-4c81-975b-46abe6f2d1d2 tempest-GroupSnapshotsTest-460977115 tempest-GroupSnapshotsTest-460977115-project] Availability Zones retrieved successfully.
May 27 03:24:41.454191 dv-cinder-828807-4-smb devstack@c-api.service[110724]: DEBUG cinder.quota [None req-927c7515-2f7a-4c81-975b-46abe6f2d1d2 tempest-GroupSnapshotsTest-460977115 tempest-GroupSnapshotsTest-460977115-project] Created reservations ['489dbee0-4555-4e9a-8f1f-b6d11ee7d4f5'] {{(pid=110724) reserve /opt/stack/cinder/cinder/quota.py:755}}
May 27 03:24:41.474744 dv-cinder-828807-4-smb devstack@c-api.service[110725]: INFO cinder.api.openstack.wsgi [None req-49c746a7-c8fc-4000-a492-06693a537b75 tempest-VolumeQuotasNegativeTestJSON-1357762268 tempest-VolumeQuotasNegativeTestJSON-1357762268-project-admin] GET http://10.222.0.61/volume/v3/002becc5f264479f88d3c8d987496124/os-quota-sets/99624fbcaabf4278a48c92ea56021c89
May 27 03:24:41.475595 dv-cinder-828807-4-smb devstack@c-api.service[110725]: DEBUG cinder.api.openstack.wsgi [None req-49c746a7-c8fc-4000-a492-06693a537b75 tempest-VolumeQuotasNegativeTestJSON-1357762268 tempest-VolumeQuotasNegativeTestJSON-1357762268-project-admin] Empty body provided in request {{(pid=110725) get_body /opt/stack/cinder/cinder/api/openstack/wsgi.py:715}}
May 27 03:24:41.476328 dv-cinder-828807-4-smb devstack@c-api.service[110725]: DEBUG cinder.api.openstack.wsgi [None req-49c746a7-c8fc-4000-a492-06693a537b75 tempest-VolumeQuotasNegativeTestJSON-1357762268 tempest-VolumeQuotasNegativeTestJSON-1357762268-project-admin] Calling method 'show' {{(pid=110725) _process_stack /opt/stack/cinder/cinder/api/openstack/wsgi.py:868}}
May 27 03:24:41.526552 dv-cinder-828807-4-smb devstack@c-api.service[110725]: WARNING cinder.quota [None req-49c746a7-c8fc-4000-a492-06693a537b75 tempest-VolumeQuotasNegativeTestJSON-1357762268 tempest-VolumeQuotasNegativeTestJSON-1357762268-project-admin] Deprecated: Default quota for resource: backups is set by the default quota flag: quota_backups, it is now deprecated. Please use the default quota class for default quota.
May 27 03:24:41.529485 dv-cinder-828807-4-smb devstack@c-api.service[110725]: WARNING cinder.quota [None req-49c746a7-c8fc-4000-a492-06693a537b75 tempest-VolumeQuotasNegativeTestJSON-1357762268 tempest-VolumeQuotasNegativeTestJSON-1357762268-project-admin] Deprecated: Default quota for resource: backup_gigabytes is set by the default quota flag: quota_backup_gigabytes, it is now deprecated. Please use the default quota class for default quota.
May 27 03:24:41.533201 dv-cinder-828807-4-smb devstack@c-api.service[110725]: WARNING cinder.quota [None req-49c746a7-c8fc-4000-a492-06693a537b75 tempest-VolumeQuotasNegativeTestJSON-1357762268 tempest-VolumeQuotasNegativeTestJSON-1357762268-project-admin] Deprecated: Default quota for resource: volumes_tempest-GroupSnapshotsTest-volume-type-504495218 is set by the default quota flag: quota_volumes_tempest-GroupSnapshotsTest-volume-type-504495218, it is now deprecated. Please use the default quota class for default quota.
May 27 03:24:41.535900 dv-cinder-828807-4-smb devstack@c-api.service[110725]: WARNING cinder.quota [None req-49c746a7-c8fc-4000-a492-06693a537b75 tempest-VolumeQuotasNegativeTestJSON-1357762268 tempest-VolumeQuotasNegativeTestJSON-1357762268-project-admin] Deprecated: Default quota for resource: gigabytes_tempest-GroupSnapshotsTest-volume-type-504495218 is set by the default quota flag: quota_gigabytes_tempest-GroupSnapshotsTest-volume-type-504495218, it is now deprecated. Please use the default quota class for default quota.
May 27 03:24:41.537832 dv-cinder-828807-4-smb devstack@c-api.service[110725]: WARNING cinder.quota [None req-49c746a7-c8fc-4000-a492-06693a537b75 tempest-VolumeQuotasNegativeTestJSON-1357762268 tempest-VolumeQuotasNegativeTestJSON-1357762268-project-admin] Deprecated: Default quota for resource: snapshots_tempest-GroupSnapshotsTest-volume-type-504495218 is set by the default quota flag: quota_snapshots_tempest-GroupSnapshotsTest-volume-type-504495218, it is now deprecated. Please use the default quota class for default quota.
May 27 03:24:41.539859 dv-cinder-828807-4-smb devstack@c-api.service[110725]: WARNING cinder.quota [None req-49c746a7-c8fc-4000-a492-06693a537b75 tempest-VolumeQuotasNegativeTestJSON-1357762268 tempest-VolumeQuotasNegativeTestJSON-1357762268-project-admin] Deprecated: Default quota for resource: snapshots_tempest-GroupSnapshotsTest-volume-type-1354175768 is set by the default quota flag: quota_snapshots_tempest-GroupSnapshotsTest-volume-type-1354175768, it is now deprecated. Please use the default quota class for default quota.
May 27 03:24:41.540907 dv-cinder-828807-4-smb devstack@c-api.service[110725]: WARNING cinder.quota [None req-49c746a7-c8fc-4000-a492-06693a537b75 tempest-VolumeQuotasNegativeTestJSON-1357762268 tempest-VolumeQuotasNegativeTestJSON-1357762268-project-admin] Deprecated: Default quota for resource: volumes_lvmdriver-1 is set by the default quota flag: quota_volumes_lvmdriver-1, it is now deprecated. Please use the default quota class for default quota.
May 27 03:24:41.542213 dv-cinder-828807-4-smb devstack@c-api.service[110725]: WARNING cinder.quota [None req-49c746a7-c8fc-4000-a492-06693a537b75 tempest-VolumeQuotasNegativeTestJSON-1357762268 tempest-VolumeQuotasNegativeTestJSON-1357762268-project-admin] Deprecated: Default quota for resource: gigabytes_lvmdriver-1 is set by the default quota flag: quota_gigabytes_lvmdriver-1, it is now deprecated. Please use the default quota class for default quota.
May 27 03:24:41.545458 dv-cinder-828807-4-smb devstack@c-api.service[110724]: INFO cinder.api.openstack.wsgi [None req-927c7515-2f7a-4c81-975b-46abe6f2d1d2 tempest-GroupSnapshotsTest-460977115 tempest-GroupSnapshotsTest-460977115-project] http://10.222.0.61/volume/v3/37ff9235e5ed431bb91367c06efc22b5/groups returned with HTTP 202
May 27 03:24:41.546453 dv-cinder-828807-4-smb devstack@c-api.service[110724]: [pid: 110724|app: 0|req: 91/184] 10.222.0.61 () {62 vars in 1273 bytes} [Fri May 27 03:24:41 2022] POST /volume/v3/37ff9235e5ed431bb91367c06efc22b5/groups => generated 112 bytes in 212 msecs (HTTP/1.1 202) 7 headers in 292 bytes (1 switches on core 0)
May 27 03:24:41.557738 dv-cinder-828807-4-smb devstack@c-api.service[110724]: DEBUG cinder.api.middleware.request_id [None req-a42e1bd4-2784-4caf-9fc5-684e455f977a None None] RequestId filter calling following filter/app {{(pid=110724) _context_setter /opt/stack/cinder/cinder/api/middleware/request_id.py:62}}
May 27 03:24:41.565154 dv-cinder-828807-4-smb devstack@c-api.service[110725]: WARNING cinder.quota [None req-49c746a7-c8fc-4000-a492-06693a537b75 tempest-VolumeQuotasNegativeTestJSON-1357762268 tempest-VolumeQuotasNegativeTestJSON-1357762268-project-admin] Deprecated: Default quota for resource: snapshots_lvmdriver-1 is set by the default quota flag: quota_snapshots_lvmdriver-1, it is now deprecated. Please use the default quota class for default quota.
May 27 03:24:41.576151 dv-cinder-828807-4-smb devstack@c-api.service[110724]: INFO cinder.api.openstack.wsgi [None req-a42e1bd4-2784-4caf-9fc5-684e455f977a tempest-GroupSnapshotsTest-460977115 tempest-GroupSnapshotsTest-460977115-project] GET http://10.222.0.61/volume/v3/37ff9235e5ed431bb91367c06efc22b5/groups/e31d4512-507f-4acf-aa0c-d6579abb0f0e
May 27 03:24:41.576869 dv-cinder-828807-4-smb devstack@c-api.service[110724]: DEBUG cinder.api.openstack.wsgi [None req-a42e1bd4-2784-4caf-9fc5-684e455f977a tempest-GroupSnapshotsTest-460977115 tempest-GroupSnapshotsTest-460977115-project] Empty body provided in request {{(pid=110724) get_body /opt/stack/cinder/cinder/api/openstack/wsgi.py:715}}
May 27 03:24:41.578272 dv-cinder-828807-4-smb devstack@c-api.service[110724]: DEBUG cinder.api.openstack.wsgi [None req-a42e1bd4-2784-4caf-9fc5-684e455f977a tempest-GroupSnapshotsTest-460977115 tempest-GroupSnapshotsTest-460977115-project] Calling method 'version_select' {{(pid=110724) _process_stack /opt/stack/cinder/cinder/api/openstack/wsgi.py:868}}
May 27 03:24:41.579953 dv-cinder-828807-4-smb devstack@c-api.service[110724]: DEBUG cinder.api.v3.groups [None req-a42e1bd4-2784-4caf-9fc5-684e455f977a tempest-GroupSnapshotsTest-460977115 tempest-GroupSnapshotsTest-460977115-project] show called for member e31d4512-507f-4acf-aa0c-d6579abb0f0e {{(pid=110724) show /opt/stack/cinder/cinder/api/v3/groups.py:58}}
May 27 03:24:41.595510 dv-cinder-828807-4-smb devstack@c-api.service[110724]: /usr/local/lib/python3.8/dist-packages/oslo_context/context.py:100: DeprecationWarning: Policy enforcement is depending on the value of is_admin. This key is deprecated. Please update your policy file to use the standard policy values.
May 27 03:24:41.595510 dv-cinder-828807-4-smb devstack@c-api.service[110724]: warnings.warn('Policy enforcement is depending on the value of '
May 27 03:24:41.611830 dv-cinder-828807-4-smb devstack@c-api.service[110725]: INFO cinder.api.openstack.wsgi [None req-49c746a7-c8fc-4000-a492-06693a537b75 tempest-VolumeQuotasNegativeTestJSON-1357762268 tempest-VolumeQuotasNegativeTestJSON-1357762268-project-admin] http://10.222.0.61/volume/v3/002becc5f264479f88d3c8d987496124/os-quota-sets/99624fbcaabf4278a48c92ea56021c89 returned with HTTP 200
May 27 03:24:41.626755 dv-cinder-828807-4-smb devstack@c-api.service[110725]: [pid: 110725|app: 0|req: 94/185] 10.222.0.61 () {58 vars in 1330 bytes} [Fri May 27 03:24:40 2022] GET /volume/v3/002becc5f264479f88d3c8d987496124/os-quota-sets/99624fbcaabf4278a48c92ea56021c89 => generated 756 bytes in 919 msecs (HTTP/1.1 200) 7 headers in 285 bytes (1 switches on core 0)
May 27 03:24:41.632249 dv-cinder-828807-4-smb devstack@c-api.service[110725]: DEBUG cinder.api.middleware.request_id [None req-6d8ca265-f9fc-447b-a3f6-443b3d0674c0 None None] RequestId filter calling following filter/app {{(pid=110725) _context_setter /opt/stack/cinder/cinder/api/middleware/request_id.py:62}}
May 27 03:24:41.638470 dv-cinder-828807-4-smb devstack@c-api.service[110724]: INFO cinder.api.openstack.wsgi [None req-a42e1bd4-2784-4caf-9fc5-684e455f977a tempest-GroupSnapshotsTest-460977115 tempest-GroupSnapshotsTest-460977115-project] http://10.222.0.61/volume/v3/37ff9235e5ed431bb91367c06efc22b5/groups/e31d4512-507f-4acf-aa0c-d6579abb0f0e returned with HTTP 200
May 27 03:24:41.647532 dv-cinder-828807-4-smb devstack@c-api.service[110724]: [pid: 110724|app: 0|req: 92/186] 10.222.0.61 () {60 vars in 1362 bytes} [Fri May 27 03:24:41 2022] GET /volume/v3/37ff9235e5ed431bb91367c06efc22b5/groups/e31d4512-507f-4acf-aa0c-d6579abb0f0e => generated 392 bytes in 92 msecs (HTTP/1.1 200) 7 headers in 286 bytes (1 switches on core 0)
May 27 03:24:41.892783 dv-cinder-828807-4-smb devstack@c-api.service[110725]: INFO cinder.api.openstack.wsgi [None req-6d8ca265-f9fc-447b-a3f6-443b3d0674c0 tempest-VolumeQuotasNegativeTestJSON-960798681 tempest-VolumeQuotasNegativeTestJSON-960798681-project] POST http://10.222.0.61/volume/v3/99624fbcaabf4278a48c92ea56021c89/volumes
May 27 03:24:41.894276 dv-cinder-828807-4-smb devstack@c-api.service[110725]: DEBUG cinder.api.openstack.wsgi [None req-6d8ca265-f9fc-447b-a3f6-443b3d0674c0 tempest-VolumeQuotasNegativeTestJSON-960798681 tempest-VolumeQuotasNegativeTestJSON-960798681-project] Action: 'create', calling method: create, body: {"volume": {"size": 1, "name": "tempest-VolumeQuotasNegativeTestJSON-Volume-503277298"}} {{(pid=110725) _process_stack /opt/stack/cinder/cinder/api/openstack/wsgi.py:866}}
May 27 03:24:41.895278 dv-cinder-828807-4-smb devstack@c-api.service[110725]: DEBUG cinder.api.v3.volumes [None req-6d8ca265-f9fc-447b-a3f6-443b3d0674c0 tempest-VolumeQuotasNegativeTestJSON-960798681 tempest-VolumeQuotasNegativeTestJSON-960798681-project] Create volume request body: {'volume': {'size': 1, 'name': 'tempest-VolumeQuotasNegativeTestJSON-Volume-503277298'}} {{(pid=110725) create /opt/stack/cinder/cinder/api/v3/volumes.py:298}}
May 27 03:24:41.895587 dv-cinder-828807-4-smb devstack@c-api.service[110725]: INFO cinder.api.v3.volumes [None req-6d8ca265-f9fc-447b-a3f6-443b3d0674c0 tempest-VolumeQuotasNegativeTestJSON-960798681 tempest-VolumeQuotasNegativeTestJSON-960798681-project] Create volume of 1 GB
May 27 03:24:41.904159 dv-cinder-828807-4-smb devstack@c-api.service[110725]: INFO cinder.volume.api [None req-6d8ca265-f9fc-447b-a3f6-443b3d0674c0 tempest-VolumeQuotasNegativeTestJSON-960798681 tempest-VolumeQuotasNegativeTestJSON-960798681-project] Availability Zones retrieved successfully.
May 27 03:24:41.925908 dv-cinder-828807-4-smb devstack@c-api.service[110725]: DEBUG cinder.volume.api [None req-6d8ca265-f9fc-447b-a3f6-443b3d0674c0 tempest-VolumeQuotasNegativeTestJSON-960798681 tempest-VolumeQuotasNegativeTestJSON-960798681-project] Flow 'volume_create_api' (cdd26045-c469-4ca0-b8a4-e67adcec0fb4) transitioned into state 'RUNNING' from state 'PENDING' {{(pid=110725) _flow_receiver /usr/local/lib/python3.8/dist-packages/taskflow/listeners/logging.py:141}}
May 27 03:24:41.929152 dv-cinder-828807-4-smb devstack@c-api.service[110725]: DEBUG cinder.volume.api [None req-6d8ca265-f9fc-447b-a3f6-443b3d0674c0 tempest-VolumeQuotasNegativeTestJSON-960798681 tempest-VolumeQuotasNegativeTestJSON-960798681-project] Task 'cinder.volume.flows.api.create_volume.ExtractVolumeRequestTask;volume:create' (32ce6c2b-cfb1-4d78-ae23-b52be520d325) transitioned into state 'RUNNING' from state 'PENDING' {{(pid=110725) _task_receiver /usr/local/lib/python3.8/dist-packages/taskflow/listeners/logging.py:190}}
May 27 03:24:41.951408 dv-cinder-828807-4-smb devstack@c-api.service[110725]: DEBUG cinder.volume.flows.api.create_volume [None req-6d8ca265-f9fc-447b-a3f6-443b3d0674c0 tempest-VolumeQuotasNegativeTestJSON-960798681 tempest-VolumeQuotasNegativeTestJSON-960798681-project] Validating volume size '1' using validate_int {{(pid=110725) _extract_size /opt/stack/cinder/cinder/volume/flows/api/create_volume.py:228}}
May 27 03:24:41.957000 dv-cinder-828807-4-smb devstack@c-api.service[110725]: DEBUG dbcounter [-] [110725] Writing DB stats cinder:SELECT=89,cinder:UPDATE=11 {{(pid=110725) stat_writer /usr/local/lib/python3.8/dist-packages/dbcounter.py:114}}
May 27 03:24:42.045926 dv-cinder-828807-4-smb devstack@c-api.service[110725]: DEBUG cinder.volume.api [None req-6d8ca265-f9fc-447b-a3f6-443b3d0674c0 tempest-VolumeQuotasNegativeTestJSON-960798681 tempest-VolumeQuotasNegativeTestJSON-960798681-project] Task 'cinder.volume.flows.api.create_volume.ExtractVolumeRequestTask;volume:create' (32ce6c2b-cfb1-4d78-ae23-b52be520d325) transitioned into state 'SUCCESS' from state 'RUNNING' with result '{'size': 1, 'snapshot_id': None, 'source_volid': None, 'volume_type': VolumeType(created_at=2022-05-27T03:13:12Z,deleted=False,deleted_at=None,description='Default Volume Type',extra_specs={},id=1bf72992-de4b-48c3-a2f6-d1f8b92520a9,is_public=True,name='__DEFAULT__',projects=[],qos_specs=,qos_specs_id=None,updated_at=2022-05-27T03:13:12Z), 'volume_type_id': '1bf72992-de4b-48c3-a2f6-d1f8b92520a9', 'encryption_key_id': None, 'qos_specs': None, 'consistencygroup_id': None, 'cgsnapshot_id': None, 'group_id': None, 'replication_status': 'disabled', 'refresh_az': False, 'backup_id': None, 'multiattach': False, 'availability_zones': ['nova']}' {{(pid=110725) _task_receiver /usr/local/lib/python3.8/dist-packages/taskflow/listeners/logging.py:178}}
May 27 03:24:42.049489 dv-cinder-828807-4-smb devstack@c-api.service[110725]: DEBUG cinder.volume.api [None req-6d8ca265-f9fc-447b-a3f6-443b3d0674c0 tempest-VolumeQuotasNegativeTestJSON-960798681 tempest-VolumeQuotasNegativeTestJSON-960798681-project] Task 'cinder.volume.flows.api.create_volume.QuotaReserveTask;volume:create' (6863da50-c164-4ed9-8e2a-f60bebf4dc15) transitioned into state 'RUNNING' from state 'PENDING' {{(pid=110725) _task_receiver /usr/local/lib/python3.8/dist-packages/taskflow/listeners/logging.py:190}}
May 27 03:24:42.209243 dv-cinder-828807-4-smb devstack@c-api.service[110724]: DEBUG cinder.api.middleware.request_id [req-52e136fe-411b-40ab-a15a-1e38e9507b2e req-4f52702f-fda7-42bf-9757-031a44d8d9e9 None None] RequestId filter calling following filter/app {{(pid=110724) _context_setter /opt/stack/cinder/cinder/api/middleware/request_id.py:62}}
May 27 03:24:42.214262 dv-cinder-828807-4-smb devstack@c-api.service[110724]: INFO cinder.api.openstack.wsgi [req-52e136fe-411b-40ab-a15a-1e38e9507b2e req-4f52702f-fda7-42bf-9757-031a44d8d9e9 tempest-VolumesNegativeTest-1301338646 tempest-VolumesNegativeTest-1301338646-project] DELETE http://10.222.0.61/volume/v3/34300e1c3e0140518efe861f9d713b55/volumes/tempest-invalid-1494077360
May 27 03:24:42.214644 dv-cinder-828807-4-smb devstack@c-api.service[110724]: DEBUG cinder.api.openstack.wsgi [req-52e136fe-411b-40ab-a15a-1e38e9507b2e req-4f52702f-fda7-42bf-9757-031a44d8d9e9 tempest-VolumesNegativeTest-1301338646 tempest-VolumesNegativeTest-1301338646-project] Empty body provided in request {{(pid=110724) get_body /opt/stack/cinder/cinder/api/openstack/wsgi.py:715}}
May 27 03:24:42.215121 dv-cinder-828807-4-smb devstack@c-api.service[110724]: DEBUG cinder.api.openstack.wsgi [req-52e136fe-411b-40ab-a15a-1e38e9507b2e req-4f52702f-fda7-42bf-9757-031a44d8d9e9 tempest-VolumesNegativeTest-1301338646 tempest-VolumesNegativeTest-1301338646-project] Calling method 'delete' {{(pid=110724) _process_stack /opt/stack/cinder/cinder/api/openstack/wsgi.py:868}}
May 27 03:24:42.215527 dv-cinder-828807-4-smb devstack@c-api.service[110724]: INFO cinder.api.v3.volumes [req-52e136fe-411b-40ab-a15a-1e38e9507b2e req-4f52702f-fda7-42bf-9757-031a44d8d9e9 tempest-VolumesNegativeTest-1301338646 tempest-VolumesNegativeTest-1301338646-project] Delete volume with id: tempest-invalid-1494077360
May 27 03:24:42.241834 dv-cinder-828807-4-smb devstack@c-api.service[110724]: INFO cinder.api.openstack.wsgi [req-52e136fe-411b-40ab-a15a-1e38e9507b2e req-4f52702f-fda7-42bf-9757-031a44d8d9e9 tempest-VolumesNegativeTest-1301338646 tempest-VolumesNegativeTest-1301338646-project] http://10.222.0.61/volume/v3/34300e1c3e0140518efe861f9d713b55/volumes/tempest-invalid-1494077360 returned with HTTP 404
May 27 03:24:42.252660 dv-cinder-828807-4-smb devstack@c-api.service[110725]: DEBUG cinder.quota [None req-6d8ca265-f9fc-447b-a3f6-443b3d0674c0 tempest-VolumeQuotasNegativeTestJSON-960798681 tempest-VolumeQuotasNegativeTestJSON-960798681-project] Created reservations ['6e96c1a8-894a-4695-b34e-c8d00c93bd07', '684942ec-84d7-4489-8882-ad1a2f0c8687', '4e8bdf55-297b-4fad-a017-51d00e53a09c', '70a26790-665d-4814-86af-95a684a8024f'] {{(pid=110725) reserve /opt/stack/cinder/cinder/quota.py:755}}
May 27 03:24:42.254046 dv-cinder-828807-4-smb devstack@c-api.service[110724]: [pid: 110724|app: 0|req: 93/187] 10.222.0.61 () {62 vars in 1570 bytes} [Fri May 27 03:24:42 2022] DELETE /volume/v3/34300e1c3e0140518efe861f9d713b55/volumes/tempest-invalid-1494077360 => generated 99 bytes in 44 msecs (HTTP/1.1 404) 7 headers in 291 bytes (2 switches on core 0)
May 27 03:24:42.256199 dv-cinder-828807-4-smb devstack@c-api.service[110725]: DEBUG cinder.volume.api [None req-6d8ca265-f9fc-447b-a3f6-443b3d0674c0 tempest-VolumeQuotasNegativeTestJSON-960798681 tempest-VolumeQuotasNegativeTestJSON-960798681-project] Task 'cinder.volume.flows.api.create_volume.QuotaReserveTask;volume:create' (6863da50-c164-4ed9-8e2a-f60bebf4dc15) transitioned into state 'SUCCESS' from state 'RUNNING' with result '{'reservations': ['6e96c1a8-894a-4695-b34e-c8d00c93bd07', '684942ec-84d7-4489-8882-ad1a2f0c8687', '4e8bdf55-297b-4fad-a017-51d00e53a09c', '70a26790-665d-4814-86af-95a684a8024f']}' {{(pid=110725) _task_receiver /usr/local/lib/python3.8/dist-packages/taskflow/listeners/logging.py:178}}
May 27 03:24:42.257033 dv-cinder-828807-4-smb devstack@c-api.service[110725]: DEBUG cinder.volume.api [None req-6d8ca265-f9fc-447b-a3f6-443b3d0674c0 tempest-VolumeQuotasNegativeTestJSON-960798681 tempest-VolumeQuotasNegativeTestJSON-960798681-project] Task 'cinder.volume.flows.api.create_volume.EntryCreateTask;volume:create' (853e84c6-f5e9-4fab-a88e-98da04f7d2b2) transitioned into state 'RUNNING' from state 'PENDING' {{(pid=110725) _task_receiver /usr/local/lib/python3.8/dist-packages/taskflow/listeners/logging.py:190}}
May 27 03:24:42.304785 dv-cinder-828807-4-smb devstack@c-api.service[110725]: DEBUG cinder.volume.api [None req-6d8ca265-f9fc-447b-a3f6-443b3d0674c0 tempest-VolumeQuotasNegativeTestJSON-960798681 tempest-VolumeQuotasNegativeTestJSON-960798681-project] Task 'cinder.volume.flows.api.create_volume.EntryCreateTask;volume:create' (853e84c6-f5e9-4fab-a88e-98da04f7d2b2) transitioned into state 'SUCCESS' from state 'RUNNING' with result '{'volume_id': '1a740c2f-6ae1-45c7-a144-80096cf16722', 'volume_properties': VolumeProperties(attach_status='detached',availability_zone='nova',cgsnapshot_id=None,consistencygroup_id=None,display_description=None,display_name='tempest-VolumeQuotasNegativeTestJSON-Volume-503277298',encryption_key_id=None,group_id=None,group_type_id=,metadata={},multiattach=False,project_id='99624fbcaabf4278a48c92ea56021c89',qos_specs=None,replication_status=,reservations=['6e96c1a8-894a-4695-b34e-c8d00c93bd07','684942ec-84d7-4489-8882-ad1a2f0c8687','4e8bdf55-297b-4fad-a017-51d00e53a09c','70a26790-665d-4814-86af-95a684a8024f'],size=1,snapshot_id=None,source_replicaid=,source_volid=None,status='creating',user_id='44eeef3290944185a90499cb651748a0',volume_type_id=1bf72992-de4b-48c3-a2f6-d1f8b92520a9), 'volume': Volume(_name_id=None,admin_metadata=,attach_status='detached',availability_zone='nova',bootable=False,cluster=,cluster_name=None,consistencygroup=,consistencygroup_id=None,created_at=2022-05-27T03:24:42Z,deleted=False,deleted_at=None,display_description=None,display_name='tempest-VolumeQuotasNegativeTestJSON-Volume-503277298',ec2_id=None,encryption_key_id=None,glance_metadata=,group=,group_id=None,host=None,id=1a740c2f-6ae1-45c7-a144-80096cf16722,launched_at=None,metadata={},migration_status=None,multiattach=False,previous_status=None,project_id='99624fbcaabf4278a48c92ea56021c89',provider_auth=None,provider_geometry=None,provider_id=None,provider_location=None,replication_driver_data=None,replication_extended_status=None,replication_status=None,scheduled_at=None,service_uuid=None,shared_targets=True,size=1,snapshot_id=None,snapshots=,source_volid=None,status='creating',terminated_at=None,updated_at=None,use_quota=True,user_id='44eeef3290944185a90499cb651748a0',volume_attachment=VolumeAttachmentList,volume_type=VolumeType(1bf72992-de4b-48c3-a2f6-d1f8b92520a9),volume_type_id=1bf72992-de4b-48c3-a2f6-d1f8b92520a9)}' {{(pid=110725) _task_receiver /usr/local/lib/python3.8/dist-packages/taskflow/listeners/logging.py:178}}
May 27 03:24:42.308168 dv-cinder-828807-4-smb devstack@c-api.service[110724]: DEBUG cinder.api.middleware.request_id [req-576a129f-2d71-4ae3-94fa-b3cb5c25eb2e req-81a21cb0-1f8b-4aea-a260-eb992face950 None None] RequestId filter calling following filter/app {{(pid=110724) _context_setter /opt/stack/cinder/cinder/api/middleware/request_id.py:62}}
May 27 03:24:42.309871 dv-cinder-828807-4-smb devstack@c-api.service[110725]: DEBUG cinder.volume.api [None req-6d8ca265-f9fc-447b-a3f6-443b3d0674c0 tempest-VolumeQuotasNegativeTestJSON-960798681 tempest-VolumeQuotasNegativeTestJSON-960798681-project] Task 'cinder.volume.flows.api.create_volume.QuotaCommitTask;volume:create' (254c7af6-fec4-4e2b-ab59-787afc4c2d8f) transitioned into state 'RUNNING' from state 'PENDING' {{(pid=110725) _task_receiver /usr/local/lib/python3.8/dist-packages/taskflow/listeners/logging.py:190}}
May 27 03:24:42.313143 dv-cinder-828807-4-smb devstack@c-api.service[110724]: INFO cinder.api.openstack.wsgi [req-576a129f-2d71-4ae3-94fa-b3cb5c25eb2e req-81a21cb0-1f8b-4aea-a260-eb992face950 tempest-VolumesNegativeTest-1301338646 tempest-VolumesNegativeTest-1301338646-project] DELETE http://10.222.0.61/volume/v3/34300e1c3e0140518efe861f9d713b55/volumes/a1941d03-752f-4ac7-ac98-b92e1e1b7aa2
May 27 03:24:42.313635 dv-cinder-828807-4-smb devstack@c-api.service[110724]: DEBUG cinder.api.openstack.wsgi [req-576a129f-2d71-4ae3-94fa-b3cb5c25eb2e req-81a21cb0-1f8b-4aea-a260-eb992face950 tempest-VolumesNegativeTest-1301338646 tempest-VolumesNegativeTest-1301338646-project] Empty body provided in request {{(pid=110724) get_body /opt/stack/cinder/cinder/api/openstack/wsgi.py:715}}
May 27 03:24:42.314212 dv-cinder-828807-4-smb devstack@c-api.service[110724]: DEBUG cinder.api.openstack.wsgi [req-576a129f-2d71-4ae3-94fa-b3cb5c25eb2e req-81a21cb0-1f8b-4aea-a260-eb992face950 tempest-VolumesNegativeTest-1301338646 tempest-VolumesNegativeTest-1301338646-project] Calling method 'delete' {{(pid=110724) _process_stack /opt/stack/cinder/cinder/api/openstack/wsgi.py:868}}
May 27 03:24:42.314627 dv-cinder-828807-4-smb devstack@c-api.service[110724]: INFO cinder.api.v3.volumes [req-576a129f-2d71-4ae3-94fa-b3cb5c25eb2e req-81a21cb0-1f8b-4aea-a260-eb992face950 tempest-VolumesNegativeTest-1301338646 tempest-VolumesNegativeTest-1301338646-project] Delete volume with id: a1941d03-752f-4ac7-ac98-b92e1e1b7aa2
May 27 03:24:42.327278 dv-cinder-828807-4-smb devstack@c-api.service[110724]: INFO cinder.api.openstack.wsgi [req-576a129f-2d71-4ae3-94fa-b3cb5c25eb2e req-81a21cb0-1f8b-4aea-a260-eb992face950 tempest-VolumesNegativeTest-1301338646 tempest-VolumesNegativeTest-1301338646-project] http://10.222.0.61/volume/v3/34300e1c3e0140518efe861f9d713b55/volumes/a1941d03-752f-4ac7-ac98-b92e1e1b7aa2 returned with HTTP 404
May 27 03:24:42.328383 dv-cinder-828807-4-smb devstack@c-api.service[110724]: [pid: 110724|app: 0|req: 94/188] 10.222.0.61 () {62 vars in 1600 bytes} [Fri May 27 03:24:42 2022] DELETE /volume/v3/34300e1c3e0140518efe861f9d713b55/volumes/a1941d03-752f-4ac7-ac98-b92e1e1b7aa2 => generated 109 bytes in 21 msecs (HTTP/1.1 404) 7 headers in 292 bytes (2 switches on core 0)
May 27 03:24:42.356927 dv-cinder-828807-4-smb devstack@c-api.service[110724]: DEBUG cinder.api.middleware.request_id [req-48edce7d-97ab-4811-a820-006c5fbc55cd req-ddd95447-f57e-4c22-b8d5-a61079d94e60 None None] RequestId filter calling following filter/app {{(pid=110724) _context_setter /opt/stack/cinder/cinder/api/middleware/request_id.py:62}}
May 27 03:24:42.361740 dv-cinder-828807-4-smb devstack@c-api.service[110724]: INFO cinder.api.openstack.wsgi [req-48edce7d-97ab-4811-a820-006c5fbc55cd req-ddd95447-f57e-4c22-b8d5-a61079d94e60 tempest-VolumesNegativeTest-1301338646 tempest-VolumesNegativeTest-1301338646-project] GET http://10.222.0.61/volume/v3/34300e1c3e0140518efe861f9d713b55/volumes/0defd852-f250-4708-b847-c69c44af9050
May 27 03:24:42.362246 dv-cinder-828807-4-smb devstack@c-api.service[110724]: DEBUG cinder.api.openstack.wsgi [req-48edce7d-97ab-4811-a820-006c5fbc55cd req-ddd95447-f57e-4c22-b8d5-a61079d94e60 tempest-VolumesNegativeTest-1301338646 tempest-VolumesNegativeTest-1301338646-project] Empty body provided in request {{(pid=110724) get_body /opt/stack/cinder/cinder/api/openstack/wsgi.py:715}}
May 27 03:24:42.362816 dv-cinder-828807-4-smb devstack@c-api.service[110724]: DEBUG cinder.api.openstack.wsgi [req-48edce7d-97ab-4811-a820-006c5fbc55cd req-ddd95447-f57e-4c22-b8d5-a61079d94e60 tempest-VolumesNegativeTest-1301338646 tempest-VolumesNegativeTest-1301338646-project] Calling method 'show' {{(pid=110724) _process_stack /opt/stack/cinder/cinder/api/openstack/wsgi.py:868}}
May 27 03:24:42.371968 dv-cinder-828807-4-smb devstack@c-api.service[110725]: DEBUG cinder.volume.api [None req-6d8ca265-f9fc-447b-a3f6-443b3d0674c0 tempest-VolumeQuotasNegativeTestJSON-960798681 tempest-VolumeQuotasNegativeTestJSON-960798681-project] Task 'cinder.volume.flows.api.create_volume.QuotaCommitTask;volume:create' (254c7af6-fec4-4e2b-ab59-787afc4c2d8f) transitioned into state 'SUCCESS' from state 'RUNNING' with result '{'volume_properties': VolumeProperties(attach_status='detached',availability_zone='nova',cgsnapshot_id=None,consistencygroup_id=None,display_description=None,display_name='tempest-VolumeQuotasNegativeTestJSON-Volume-503277298',encryption_key_id=None,group_id=None,group_type_id=,metadata={},multiattach=False,project_id='99624fbcaabf4278a48c92ea56021c89',qos_specs=None,replication_status=,reservations=['6e96c1a8-894a-4695-b34e-c8d00c93bd07','684942ec-84d7-4489-8882-ad1a2f0c8687','4e8bdf55-297b-4fad-a017-51d00e53a09c','70a26790-665d-4814-86af-95a684a8024f'],size=1,snapshot_id=None,source_replicaid=,source_volid=None,status='creating',user_id='44eeef3290944185a90499cb651748a0',volume_type_id=1bf72992-de4b-48c3-a2f6-d1f8b92520a9)}' {{(pid=110725) _task_receiver /usr/local/lib/python3.8/dist-packages/taskflow/listeners/logging.py:178}}
May 27 03:24:42.373883 dv-cinder-828807-4-smb devstack@c-api.service[110725]: DEBUG cinder.volume.api [None req-6d8ca265-f9fc-447b-a3f6-443b3d0674c0 tempest-VolumeQuotasNegativeTestJSON-960798681 tempest-VolumeQuotasNegativeTestJSON-960798681-project] Task 'cinder.volume.flows.api.create_volume.VolumeCastTask;volume:create' (bb2445f7-f2f2-4179-a358-87f98f3b197e) transitioned into state 'RUNNING' from state 'PENDING' {{(pid=110725) _task_receiver /usr/local/lib/python3.8/dist-packages/taskflow/listeners/logging.py:190}}
May 27 03:24:42.378546 dv-cinder-828807-4-smb devstack@c-api.service[110724]: INFO cinder.api.openstack.wsgi [req-48edce7d-97ab-4811-a820-006c5fbc55cd req-ddd95447-f57e-4c22-b8d5-a61079d94e60 tempest-VolumesNegativeTest-1301338646 tempest-VolumesNegativeTest-1301338646-project] http://10.222.0.61/volume/v3/34300e1c3e0140518efe861f9d713b55/volumes/0defd852-f250-4708-b847-c69c44af9050 returned with HTTP 404
May 27 03:24:42.380586 dv-cinder-828807-4-smb devstack@c-api.service[110724]: [pid: 110724|app: 0|req: 95/189] 10.222.0.61 () {60 vars in 1578 bytes} [Fri May 27 03:24:42 2022] GET /volume/v3/34300e1c3e0140518efe861f9d713b55/volumes/0defd852-f250-4708-b847-c69c44af9050 => generated 109 bytes in 25 msecs (HTTP/1.1 404) 7 headers in 292 bytes (1 switches on core 0)
May 27 03:24:42.408662 dv-cinder-828807-4-smb devstack@c-api.service[110725]: DEBUG cinder.volume.api [None req-6d8ca265-f9fc-447b-a3f6-443b3d0674c0 tempest-VolumeQuotasNegativeTestJSON-960798681 tempest-VolumeQuotasNegativeTestJSON-960798681-project] Task 'cinder.volume.flows.api.create_volume.VolumeCastTask;volume:create' (bb2445f7-f2f2-4179-a358-87f98f3b197e) transitioned into state 'SUCCESS' from state 'RUNNING' with result 'None' {{(pid=110725) _task_receiver /usr/local/lib/python3.8/dist-packages/taskflow/listeners/logging.py:178}}
May 27 03:24:42.419463 dv-cinder-828807-4-smb devstack@c-api.service[110725]: DEBUG cinder.volume.api [None req-6d8ca265-f9fc-447b-a3f6-443b3d0674c0 tempest-VolumeQuotasNegativeTestJSON-960798681 tempest-VolumeQuotasNegativeTestJSON-960798681-project] Flow 'volume_create_api' (cdd26045-c469-4ca0-b8a4-e67adcec0fb4) transitioned into state 'SUCCESS' from state 'RUNNING' {{(pid=110725) _flow_receiver /usr/local/lib/python3.8/dist-packages/taskflow/listeners/logging.py:141}}
May 27 03:24:42.420460 dv-cinder-828807-4-smb devstack@c-api.service[110725]: INFO cinder.volume.api [None req-6d8ca265-f9fc-447b-a3f6-443b3d0674c0 tempest-VolumeQuotasNegativeTestJSON-960798681 tempest-VolumeQuotasNegativeTestJSON-960798681-project] Create volume request issued successfully.
May 27 03:24:42.422395 dv-cinder-828807-4-smb devstack@c-api.service[110725]: INFO cinder.api.openstack.wsgi [None req-6d8ca265-f9fc-447b-a3f6-443b3d0674c0 tempest-VolumeQuotasNegativeTestJSON-960798681 tempest-VolumeQuotasNegativeTestJSON-960798681-project] http://10.222.0.61/volume/v3/99624fbcaabf4278a48c92ea56021c89/volumes returned with HTTP 202
May 27 03:24:42.424547 dv-cinder-828807-4-smb devstack@c-api.service[110725]: [pid: 110725|app: 0|req: 95/190] 10.222.0.61 () {60 vars in 1234 bytes} [Fri May 27 03:24:41 2022] POST /volume/v3/99624fbcaabf4278a48c92ea56021c89/volumes => generated 827 bytes in 797 msecs (HTTP/1.1 202) 7 headers in 291 bytes (1 switches on core 0)
May 27 03:24:42.439486 dv-cinder-828807-4-smb devstack@c-api.service[110724]: DEBUG cinder.api.middleware.request_id [None req-d5884d1b-aa5f-42f7-b77e-8202922e2212 None None] RequestId filter calling following filter/app {{(pid=110724) _context_setter /opt/stack/cinder/cinder/api/middleware/request_id.py:62}}
May 27 03:24:42.446631 dv-cinder-828807-4-smb devstack@c-api.service[110724]: INFO cinder.api.openstack.wsgi [None req-d5884d1b-aa5f-42f7-b77e-8202922e2212 tempest-VolumeQuotasNegativeTestJSON-960798681 tempest-VolumeQuotasNegativeTestJSON-960798681-project] GET http://10.222.0.61/volume/v3/99624fbcaabf4278a48c92ea56021c89/volumes/1a740c2f-6ae1-45c7-a144-80096cf16722
May 27 03:24:42.448205 dv-cinder-828807-4-smb devstack@c-api.service[110724]: DEBUG cinder.api.openstack.wsgi [None req-d5884d1b-aa5f-42f7-b77e-8202922e2212 tempest-VolumeQuotasNegativeTestJSON-960798681 tempest-VolumeQuotasNegativeTestJSON-960798681-project] Empty body provided in request {{(pid=110724) get_body /opt/stack/cinder/cinder/api/openstack/wsgi.py:715}}
May 27 03:24:42.449016 dv-cinder-828807-4-smb devstack@c-api.service[110724]: DEBUG cinder.api.openstack.wsgi [None req-d5884d1b-aa5f-42f7-b77e-8202922e2212 tempest-VolumeQuotasNegativeTestJSON-960798681 tempest-VolumeQuotasNegativeTestJSON-960798681-project] Calling method 'show' {{(pid=110724) _process_stack /opt/stack/cinder/cinder/api/openstack/wsgi.py:868}}
May 27 03:24:42.492407 dv-cinder-828807-4-smb devstack@c-api.service[110724]: /usr/local/lib/python3.8/dist-packages/oslo_context/context.py:100: DeprecationWarning: Policy enforcement is depending on the value of is_admin. This key is deprecated. Please update your policy file to use the standard policy values.
May 27 03:24:42.492407 dv-cinder-828807-4-smb devstack@c-api.service[110724]: warnings.warn('Policy enforcement is depending on the value of '
May 27 03:24:42.514651 dv-cinder-828807-4-smb devstack@c-api.service[110724]: INFO cinder.volume.api [None req-d5884d1b-aa5f-42f7-b77e-8202922e2212 tempest-VolumeQuotasNegativeTestJSON-960798681 tempest-VolumeQuotasNegativeTestJSON-960798681-project] Volume info retrieved successfully.
May 27 03:24:42.541014 dv-cinder-828807-4-smb devstack@c-api.service[110724]: INFO cinder.api.openstack.wsgi [None req-d5884d1b-aa5f-42f7-b77e-8202922e2212 tempest-VolumeQuotasNegativeTestJSON-960798681 tempest-VolumeQuotasNegativeTestJSON-960798681-project] http://10.222.0.61/volume/v3/99624fbcaabf4278a48c92ea56021c89/volumes/1a740c2f-6ae1-45c7-a144-80096cf16722 returned with HTTP 200
May 27 03:24:42.546190 dv-cinder-828807-4-smb devstack@c-api.service[110724]: [pid: 110724|app: 0|req: 96/191] 10.222.0.61 () {58 vars in 1324 bytes} [Fri May 27 03:24:42 2022] GET /volume/v3/99624fbcaabf4278a48c92ea56021c89/volumes/1a740c2f-6ae1-45c7-a144-80096cf16722 => generated 895 bytes in 105 msecs (HTTP/1.1 200) 7 headers in 285 bytes (1 switches on core 0)
May 27 03:24:42.650154 dv-cinder-828807-4-smb devstack@c-api.service[110725]: DEBUG cinder.api.middleware.request_id [None req-b38a8bc4-7220-4b75-b09a-a9ce823cbbfb None None] RequestId filter calling following filter/app {{(pid=110725) _context_setter /opt/stack/cinder/cinder/api/middleware/request_id.py:62}}
May 27 03:24:42.657681 dv-cinder-828807-4-smb devstack@c-api.service[110725]: INFO cinder.api.openstack.wsgi [None req-b38a8bc4-7220-4b75-b09a-a9ce823cbbfb tempest-GroupSnapshotsTest-460977115 tempest-GroupSnapshotsTest-460977115-project] GET http://10.222.0.61/volume/v3/37ff9235e5ed431bb91367c06efc22b5/groups/e31d4512-507f-4acf-aa0c-d6579abb0f0e
May 27 03:24:42.658389 dv-cinder-828807-4-smb devstack@c-api.service[110725]: DEBUG cinder.api.openstack.wsgi [None req-b38a8bc4-7220-4b75-b09a-a9ce823cbbfb tempest-GroupSnapshotsTest-460977115 tempest-GroupSnapshotsTest-460977115-project] Empty body provided in request {{(pid=110725) get_body /opt/stack/cinder/cinder/api/openstack/wsgi.py:715}}
May 27 03:24:42.658911 dv-cinder-828807-4-smb devstack@c-api.service[110725]: DEBUG cinder.api.openstack.wsgi [None req-b38a8bc4-7220-4b75-b09a-a9ce823cbbfb tempest-GroupSnapshotsTest-460977115 tempest-GroupSnapshotsTest-460977115-project] Calling method 'version_select' {{(pid=110725) _process_stack /opt/stack/cinder/cinder/api/openstack/wsgi.py:868}}
May 27 03:24:42.659962 dv-cinder-828807-4-smb devstack@c-api.service[110725]: DEBUG cinder.api.v3.groups [None req-b38a8bc4-7220-4b75-b09a-a9ce823cbbfb tempest-GroupSnapshotsTest-460977115 tempest-GroupSnapshotsTest-460977115-project] show called for member e31d4512-507f-4acf-aa0c-d6579abb0f0e {{(pid=110725) show /opt/stack/cinder/cinder/api/v3/groups.py:58}}
May 27 03:24:42.667479 dv-cinder-828807-4-smb devstack@c-api.service[110725]: /usr/local/lib/python3.8/dist-packages/oslo_context/context.py:100: DeprecationWarning: Policy enforcement is depending on the value of is_admin. This key is deprecated. Please update your policy file to use the standard policy values.
May 27 03:24:42.667479 dv-cinder-828807-4-smb devstack@c-api.service[110725]: warnings.warn('Policy enforcement is depending on the value of '
May 27 03:24:42.687074 dv-cinder-828807-4-smb devstack@c-api.service[110725]: INFO cinder.api.openstack.wsgi [None req-b38a8bc4-7220-4b75-b09a-a9ce823cbbfb tempest-GroupSnapshotsTest-460977115 tempest-GroupSnapshotsTest-460977115-project] http://10.222.0.61/volume/v3/37ff9235e5ed431bb91367c06efc22b5/groups/e31d4512-507f-4acf-aa0c-d6579abb0f0e returned with HTTP 200
May 27 03:24:42.688099 dv-cinder-828807-4-smb devstack@c-api.service[110725]: [pid: 110725|app: 0|req: 96/192] 10.222.0.61 () {60 vars in 1362 bytes} [Fri May 27 03:24:42 2022] GET /volume/v3/37ff9235e5ed431bb91367c06efc22b5/groups/e31d4512-507f-4acf-aa0c-d6579abb0f0e => generated 393 bytes in 40 msecs (HTTP/1.1 200) 7 headers in 286 bytes (2 switches on core 0)
May 27 03:24:42.697002 dv-cinder-828807-4-smb devstack@c-api.service[110724]: DEBUG cinder.api.middleware.request_id [None req-14db4daa-eb76-41d7-a25c-88ea799eb3f6 None None] RequestId filter calling following filter/app {{(pid=110724) _context_setter /opt/stack/cinder/cinder/api/middleware/request_id.py:62}}
May 27 03:24:42.703340 dv-cinder-828807-4-smb devstack@c-api.service[110724]: INFO cinder.api.openstack.wsgi [None req-14db4daa-eb76-41d7-a25c-88ea799eb3f6 tempest-GroupSnapshotsTest-460977115 tempest-GroupSnapshotsTest-460977115-project] POST http://10.222.0.61/volume/v3/37ff9235e5ed431bb91367c06efc22b5/volumes
May 27 03:24:42.706157 dv-cinder-828807-4-smb devstack@c-api.service[110724]: DEBUG cinder.api.openstack.wsgi [None req-14db4daa-eb76-41d7-a25c-88ea799eb3f6 tempest-GroupSnapshotsTest-460977115 tempest-GroupSnapshotsTest-460977115-project] Action: 'create', calling method: create, body: {"volume": {"volume_type": "dc6050e6-9556-4a9c-bc0f-b0ed0627bc80", "group_id": "e31d4512-507f-4acf-aa0c-d6579abb0f0e", "size": 1, "name": "tempest-GroupSnapshotsTest-Volume-1514407932"}} {{(pid=110724) _process_stack /opt/stack/cinder/cinder/api/openstack/wsgi.py:866}}
May 27 03:24:42.708780 dv-cinder-828807-4-smb devstack@c-api.service[110724]: DEBUG cinder.api.v3.volumes [None req-14db4daa-eb76-41d7-a25c-88ea799eb3f6 tempest-GroupSnapshotsTest-460977115 tempest-GroupSnapshotsTest-460977115-project] Create volume request body: {'volume': {'volume_type': 'dc6050e6-9556-4a9c-bc0f-b0ed0627bc80', 'group_id': 'e31d4512-507f-4acf-aa0c-d6579abb0f0e', 'size': 1, 'name': 'tempest-GroupSnapshotsTest-Volume-1514407932'}} {{(pid=110724) create /opt/stack/cinder/cinder/api/v3/volumes.py:298}}
May 27 03:24:42.713768 dv-cinder-828807-4-smb devstack@c-api.service[110724]: DEBUG dbcounter [-] [110724] Writing DB stats cinder:UPDATE=6,cinder:SELECT=89,cinder:INSERT=5 {{(pid=110724) stat_writer /usr/local/lib/python3.8/dist-packages/dbcounter.py:114}}
May 27 03:24:42.737192 dv-cinder-828807-4-smb devstack@c-api.service[110724]: /usr/local/lib/python3.8/dist-packages/oslo_context/context.py:100: DeprecationWarning: Policy enforcement is depending on the value of is_admin. This key is deprecated. Please update your policy file to use the standard policy values.
May 27 03:24:42.737192 dv-cinder-828807-4-smb devstack@c-api.service[110724]: warnings.warn('Policy enforcement is depending on the value of '
May 27 03:24:42.739185 dv-cinder-828807-4-smb devstack@c-api.service[110724]: INFO cinder.api.v3.volumes [None req-14db4daa-eb76-41d7-a25c-88ea799eb3f6 tempest-GroupSnapshotsTest-460977115 tempest-GroupSnapshotsTest-460977115-project] Create volume of 1 GB
May 27 03:24:42.760211 dv-cinder-828807-4-smb devstack@c-api.service[110724]: INFO cinder.volume.api [None req-14db4daa-eb76-41d7-a25c-88ea799eb3f6 tempest-GroupSnapshotsTest-460977115 tempest-GroupSnapshotsTest-460977115-project] Availability Zones retrieved successfully.
May 27 03:24:42.793061 dv-cinder-828807-4-smb devstack@c-api.service[110724]: DEBUG cinder.volume.api [None req-14db4daa-eb76-41d7-a25c-88ea799eb3f6 tempest-GroupSnapshotsTest-460977115 tempest-GroupSnapshotsTest-460977115-project] Flow 'volume_create_api' (e386e2f6-82f2-4b56-b396-213b9ccd317f) transitioned into state 'RUNNING' from state 'PENDING' {{(pid=110724) _flow_receiver /usr/local/lib/python3.8/dist-packages/taskflow/listeners/logging.py:141}}
May 27 03:24:42.798644 dv-cinder-828807-4-smb devstack@c-api.service[110724]: DEBUG cinder.volume.api [None req-14db4daa-eb76-41d7-a25c-88ea799eb3f6 tempest-GroupSnapshotsTest-460977115 tempest-GroupSnapshotsTest-460977115-project] Task 'cinder.volume.flows.api.create_volume.ExtractVolumeRequestTask;volume:create' (80e82b5d-bfec-49e2-b6d2-73bb863f5d56) transitioned into state 'RUNNING' from state 'PENDING' {{(pid=110724) _task_receiver /usr/local/lib/python3.8/dist-packages/taskflow/listeners/logging.py:190}}
May 27 03:24:42.801849 dv-cinder-828807-4-smb devstack@c-api.service[110724]: /usr/local/lib/python3.8/dist-packages/oslo_context/context.py:100: DeprecationWarning: Policy enforcement is depending on the value of is_admin. This key is deprecated. Please update your policy file to use the standard policy values.
May 27 03:24:42.801849 dv-cinder-828807-4-smb devstack@c-api.service[110724]: warnings.warn('Policy enforcement is depending on the value of '
May 27 03:24:42.804105 dv-cinder-828807-4-smb devstack@c-api.service[110724]: DEBUG cinder.volume.flows.api.create_volume [None req-14db4daa-eb76-41d7-a25c-88ea799eb3f6 tempest-GroupSnapshotsTest-460977115 tempest-GroupSnapshotsTest-460977115-project] Validating volume size '1' using validate_int {{(pid=110724) _extract_size /opt/stack/cinder/cinder/volume/flows/api/create_volume.py:228}}
May 27 03:24:42.846909 dv-cinder-828807-4-smb devstack@c-api.service[110725]: DEBUG cinder.api.middleware.request_id [None req-fb5ccddb-60fc-4ce5-9550-e41cc78a4643 None None] RequestId filter calling following filter/app {{(pid=110725) _context_setter /opt/stack/cinder/cinder/api/middleware/request_id.py:62}}
May 27 03:24:42.849683 dv-cinder-828807-4-smb devstack@c-api.service[110724]: DEBUG cinder.volume.api [None req-14db4daa-eb76-41d7-a25c-88ea799eb3f6 tempest-GroupSnapshotsTest-460977115 tempest-GroupSnapshotsTest-460977115-project] Task 'cinder.volume.flows.api.create_volume.ExtractVolumeRequestTask;volume:create' (80e82b5d-bfec-49e2-b6d2-73bb863f5d56) transitioned into state 'SUCCESS' from state 'RUNNING' with result '{'size': 1, 'snapshot_id': None, 'source_volid': None, 'volume_type': VolumeType(created_at=2022-05-27T03:24:41Z,deleted=False,deleted_at=None,description=None,extra_specs={},id=dc6050e6-9556-4a9c-bc0f-b0ed0627bc80,is_public=True,name='tempest-GroupSnapshotsTest-volume-type-504495218',projects=[],qos_specs=,qos_specs_id=None,updated_at=None), 'volume_type_id': 'dc6050e6-9556-4a9c-bc0f-b0ed0627bc80', 'encryption_key_id': None, 'qos_specs': None, 'consistencygroup_id': None, 'cgsnapshot_id': None, 'group_id': 'e31d4512-507f-4acf-aa0c-d6579abb0f0e', 'replication_status': 'disabled', 'refresh_az': False, 'backup_id': None, 'multiattach': False, 'availability_zones': ['nova']}' {{(pid=110724) _task_receiver /usr/local/lib/python3.8/dist-packages/taskflow/listeners/logging.py:178}}
May 27 03:24:42.851924 dv-cinder-828807-4-smb devstack@c-api.service[110724]: DEBUG cinder.volume.api [None req-14db4daa-eb76-41d7-a25c-88ea799eb3f6 tempest-GroupSnapshotsTest-460977115 tempest-GroupSnapshotsTest-460977115-project] Task 'cinder.volume.flows.api.create_volume.QuotaReserveTask;volume:create' (52265c31-44c5-43c9-a1c7-6235cda57b71) transitioned into state 'RUNNING' from state 'PENDING' {{(pid=110724) _task_receiver /usr/local/lib/python3.8/dist-packages/taskflow/listeners/logging.py:190}}
May 27 03:24:42.919421 dv-cinder-828807-4-smb devstack@c-api.service[110724]: WARNING cinder.quota [None req-14db4daa-eb76-41d7-a25c-88ea799eb3f6 tempest-GroupSnapshotsTest-460977115 tempest-GroupSnapshotsTest-460977115-project] Deprecated: Default quota for resource: volumes_tempest-GroupSnapshotsTest-volume-type-504495218 is set by the default quota flag: quota_volumes_tempest-GroupSnapshotsTest-volume-type-504495218, it is now deprecated. Please use the default quota class for default quota.
May 27 03:24:42.921202 dv-cinder-828807-4-smb devstack@c-api.service[110724]: WARNING cinder.quota [None req-14db4daa-eb76-41d7-a25c-88ea799eb3f6 tempest-GroupSnapshotsTest-460977115 tempest-GroupSnapshotsTest-460977115-project] Deprecated: Default quota for resource: gigabytes_tempest-GroupSnapshotsTest-volume-type-504495218 is set by the default quota flag: quota_gigabytes_tempest-GroupSnapshotsTest-volume-type-504495218, it is now deprecated. Please use the default quota class for default quota.
May 27 03:24:43.026615 dv-cinder-828807-4-smb devstack@c-api.service[110724]: DEBUG cinder.quota [None req-14db4daa-eb76-41d7-a25c-88ea799eb3f6 tempest-GroupSnapshotsTest-460977115 tempest-GroupSnapshotsTest-460977115-project] Created reservations ['1fc59d78-fe74-4e7c-89d2-811969118676', 'f77609f8-54e7-4807-9653-05e1a05b7ee4', 'a3ceac9f-0d52-4cd0-85c1-279c4a071838', '5cf04061-b1cb-4fc9-96ec-11f813501a5f'] {{(pid=110724) reserve /opt/stack/cinder/cinder/quota.py:755}}
May 27 03:24:43.031138 dv-cinder-828807-4-smb devstack@c-api.service[110724]: DEBUG cinder.volume.api [None req-14db4daa-eb76-41d7-a25c-88ea799eb3f6 tempest-GroupSnapshotsTest-460977115 tempest-GroupSnapshotsTest-460977115-project] Task 'cinder.volume.flows.api.create_volume.QuotaReserveTask;volume:create' (52265c31-44c5-43c9-a1c7-6235cda57b71) transitioned into state 'SUCCESS' from state 'RUNNING' with result '{'reservations': ['1fc59d78-fe74-4e7c-89d2-811969118676', 'f77609f8-54e7-4807-9653-05e1a05b7ee4', 'a3ceac9f-0d52-4cd0-85c1-279c4a071838', '5cf04061-b1cb-4fc9-96ec-11f813501a5f']}' {{(pid=110724) _task_receiver /usr/local/lib/python3.8/dist-packages/taskflow/listeners/logging.py:178}}
