May 27 03:24:31.758426 dv-cinder-828807-4-smb devstack@c-api.service[110725]: INFO cinder.api.openstack.wsgi [None req-55911704-0a29-45b1-a211-b9721de1380f tempest-ExtraSpecsNegativeTest-234897366 tempest-ExtraSpecsNegativeTest-234897366-project-admin] GET http://10.222.0.61/volume/v3/9f1be26ddcb14df1a5a467f523f69015/types/ad2468d0-dc39-4f73-9cce-98dd4e9c4e54/extra_specs/nonexistent_extra_spec_name
May 27 03:24:31.758915 dv-cinder-828807-4-smb devstack@c-api.service[110725]: DEBUG cinder.api.openstack.wsgi [None req-55911704-0a29-45b1-a211-b9721de1380f tempest-ExtraSpecsNegativeTest-234897366 tempest-ExtraSpecsNegativeTest-234897366-project-admin] Empty body provided in request {{(pid=110725) get_body /opt/stack/cinder/cinder/api/openstack/wsgi.py:715}}
May 27 03:24:31.759353 dv-cinder-828807-4-smb devstack@c-api.service[110725]: DEBUG cinder.api.openstack.wsgi [None req-55911704-0a29-45b1-a211-b9721de1380f tempest-ExtraSpecsNegativeTest-234897366 tempest-ExtraSpecsNegativeTest-234897366-project-admin] Calling method 'show' {{(pid=110725) _process_stack /opt/stack/cinder/cinder/api/openstack/wsgi.py:868}}
May 27 03:24:31.760055 dv-cinder-828807-4-smb devstack@c-api.service[110725]: /usr/local/lib/python3.8/dist-packages/oslo_context/context.py:100: DeprecationWarning: Policy enforcement is depending on the value of is_admin. This key is deprecated. Please update your policy file to use the standard policy values.
May 27 03:24:31.760055 dv-cinder-828807-4-smb devstack@c-api.service[110725]: warnings.warn('Policy enforcement is depending on the value of '
May 27 03:24:31.775137 dv-cinder-828807-4-smb devstack@c-api.service[110725]: INFO cinder.api.openstack.wsgi [None req-55911704-0a29-45b1-a211-b9721de1380f tempest-ExtraSpecsNegativeTest-234897366 tempest-ExtraSpecsNegativeTest-234897366-project-admin] http://10.222.0.61/volume/v3/9f1be26ddcb14df1a5a467f523f69015/types/ad2468d0-dc39-4f73-9cce-98dd4e9c4e54/extra_specs/nonexistent_extra_spec_name returned with HTTP 404
May 27 03:24:31.776101 dv-cinder-828807-4-smb devstack@c-api.service[110725]: [pid: 110725|app: 0|req: 47/100] 10.222.0.61 () {58 vars in 1438 bytes} [Fri May 27 03:24:31 2022] GET /volume/v3/9f1be26ddcb14df1a5a467f523f69015/types/ad2468d0-dc39-4f73-9cce-98dd4e9c4e54/extra_specs/nonexistent_extra_spec_name => generated 151 bytes in 24 msecs (HTTP/1.1 404) 7 headers in 292 bytes (1 switches on core 0)
May 27 03:24:31.777597 dv-cinder-828807-4-smb devstack@c-api.service[110725]: DEBUG cinder.api.middleware.request_id [None req-ddc485fc-e6cf-4cd1-94cb-51c06a4d5d78 None None] RequestId filter calling following filter/app {{(pid=110725) _context_setter /opt/stack/cinder/cinder/api/middleware/request_id.py:62}}
May 27 03:24:31.782353 dv-cinder-828807-4-smb devstack@c-api.service[110725]: INFO cinder.api.openstack.wsgi [None req-ddc485fc-e6cf-4cd1-94cb-51c06a4d5d78 tempest-GroupSnapshotsTest-460977115 tempest-GroupSnapshotsTest-460977115-project] GET http://10.222.0.61/volume/v3/37ff9235e5ed431bb91367c06efc22b5/group_snapshots/286b99de-74a3-46ed-8650-fb4b9139de59
May 27 03:24:31.783393 dv-cinder-828807-4-smb devstack@c-api.service[110725]: DEBUG cinder.api.openstack.wsgi [None req-ddc485fc-e6cf-4cd1-94cb-51c06a4d5d78 tempest-GroupSnapshotsTest-460977115 tempest-GroupSnapshotsTest-460977115-project] Empty body provided in request {{(pid=110725) get_body /opt/stack/cinder/cinder/api/openstack/wsgi.py:715}}
May 27 03:24:31.783850 dv-cinder-828807-4-smb devstack@c-api.service[110725]: DEBUG cinder.api.openstack.wsgi [None req-ddc485fc-e6cf-4cd1-94cb-51c06a4d5d78 tempest-GroupSnapshotsTest-460977115 tempest-GroupSnapshotsTest-460977115-project] Calling method 'version_select' {{(pid=110725) _process_stack /opt/stack/cinder/cinder/api/openstack/wsgi.py:868}}
May 27 03:24:31.784216 dv-cinder-828807-4-smb devstack@c-api.service[110725]: DEBUG cinder.api.v3.group_snapshots [None req-ddc485fc-e6cf-4cd1-94cb-51c06a4d5d78 tempest-GroupSnapshotsTest-460977115 tempest-GroupSnapshotsTest-460977115-project] show called for member 286b99de-74a3-46ed-8650-fb4b9139de59 {{(pid=110725) show /opt/stack/cinder/cinder/api/v3/group_snapshots.py:58}}
May 27 03:24:31.792388 dv-cinder-828807-4-smb devstack@c-api.service[110725]: /usr/local/lib/python3.8/dist-packages/oslo_context/context.py:100: DeprecationWarning: Policy enforcement is depending on the value of is_admin. This key is deprecated. Please update your policy file to use the standard policy values.
May 27 03:24:31.792388 dv-cinder-828807-4-smb devstack@c-api.service[110725]: warnings.warn('Policy enforcement is depending on the value of '
May 27 03:24:31.802152 dv-cinder-828807-4-smb devstack@c-api.service[110725]: INFO cinder.api.openstack.wsgi [None req-ddc485fc-e6cf-4cd1-94cb-51c06a4d5d78 tempest-GroupSnapshotsTest-460977115 tempest-GroupSnapshotsTest-460977115-project] http://10.222.0.61/volume/v3/37ff9235e5ed431bb91367c06efc22b5/group_snapshots/286b99de-74a3-46ed-8650-fb4b9139de59 returned with HTTP 200
May 27 03:24:31.802937 dv-cinder-828807-4-smb devstack@c-api.service[110725]: [pid: 110725|app: 0|req: 48/101] 10.222.0.61 () {60 vars in 1389 bytes} [Fri May 27 03:24:31 2022] GET /volume/v3/37ff9235e5ed431bb91367c06efc22b5/group_snapshots/286b99de-74a3-46ed-8650-fb4b9139de59 => generated 308 bytes in 26 msecs (HTTP/1.1 200) 7 headers in 286 bytes (1 switches on core 0)
May 27 03:24:31.805271 dv-cinder-828807-4-smb devstack@c-api.service[110725]: DEBUG cinder.api.middleware.request_id [None req-3dfa34ae-9dee-414d-b210-5269788624f3 None None] RequestId filter calling following filter/app {{(pid=110725) _context_setter /opt/stack/cinder/cinder/api/middleware/request_id.py:62}}
May 27 03:24:31.811066 dv-cinder-828807-4-smb devstack@c-api.service[110725]: INFO cinder.api.openstack.wsgi [None req-3dfa34ae-9dee-414d-b210-5269788624f3 tempest-QosSpecsTestJSON-832544847 tempest-QosSpecsTestJSON-832544847-project-admin] GET http://10.222.0.61/volume/v3/f68edf99df27417ca75506d5f6e3692a/qos-specs/35409dca-dcd1-4c22-b2cc-9d63e6a93175/associate?vol_type_id=01bc5f8d-6c52-474e-926a-b3d73f8ee87d
May 27 03:24:31.811721 dv-cinder-828807-4-smb devstack@c-api.service[110725]: DEBUG cinder.api.openstack.wsgi [None req-3dfa34ae-9dee-414d-b210-5269788624f3 tempest-QosSpecsTestJSON-832544847 tempest-QosSpecsTestJSON-832544847-project-admin] Empty body provided in request {{(pid=110725) get_body /opt/stack/cinder/cinder/api/openstack/wsgi.py:715}}
May 27 03:24:31.812354 dv-cinder-828807-4-smb devstack@c-api.service[110725]: DEBUG cinder.api.openstack.wsgi [None req-3dfa34ae-9dee-414d-b210-5269788624f3 tempest-QosSpecsTestJSON-832544847 tempest-QosSpecsTestJSON-832544847-project-admin] Calling method 'associate' {{(pid=110725) _process_stack /opt/stack/cinder/cinder/api/openstack/wsgi.py:868}}
May 27 03:24:31.814173 dv-cinder-828807-4-smb devstack@c-api.service[110725]: DEBUG cinder.api.contrib.qos_specs_manage [None req-3dfa34ae-9dee-414d-b210-5269788624f3 tempest-QosSpecsTestJSON-832544847 tempest-QosSpecsTestJSON-832544847-project-admin] Associate qos_spec: 35409dca-dcd1-4c22-b2cc-9d63e6a93175 with type: 01bc5f8d-6c52-474e-926a-b3d73f8ee87d {{(pid=110725) associate /opt/stack/cinder/cinder/api/contrib/qos_specs_manage.py:275}}
May 27 03:24:31.840443 dv-cinder-828807-4-smb devstack@c-api.service[110724]: INFO cinder.api.openstack.wsgi [None req-68ea6943-0e03-4624-a0ca-1a4694233d42 tempest-VolumePoolsAdminTestsJSON-1949538675 tempest-VolumePoolsAdminTestsJSON-1949538675-project-admin] GET http://10.222.0.61/volume/v3/1600ea5e96464c9c8f21a2fe2afcd43e/scheduler-stats/get_pools?detail=True
May 27 03:24:31.841359 dv-cinder-828807-4-smb devstack@c-api.service[110724]: DEBUG cinder.api.openstack.wsgi [None req-68ea6943-0e03-4624-a0ca-1a4694233d42 tempest-VolumePoolsAdminTestsJSON-1949538675 tempest-VolumePoolsAdminTestsJSON-1949538675-project-admin] Empty body provided in request {{(pid=110724) get_body /opt/stack/cinder/cinder/api/openstack/wsgi.py:715}}
May 27 03:24:31.842196 dv-cinder-828807-4-smb devstack@c-api.service[110724]: DEBUG cinder.api.openstack.wsgi [None req-68ea6943-0e03-4624-a0ca-1a4694233d42 tempest-VolumePoolsAdminTestsJSON-1949538675 tempest-VolumePoolsAdminTestsJSON-1949538675-project-admin] Calling method 'get_pools' {{(pid=110724) _process_stack /opt/stack/cinder/cinder/api/openstack/wsgi.py:868}}
May 27 03:24:31.851647 dv-cinder-828807-4-smb devstack@c-api.service[110725]: INFO cinder.api.openstack.wsgi [None req-3dfa34ae-9dee-414d-b210-5269788624f3 tempest-QosSpecsTestJSON-832544847 tempest-QosSpecsTestJSON-832544847-project-admin] http://10.222.0.61/volume/v3/f68edf99df27417ca75506d5f6e3692a/qos-specs/35409dca-dcd1-4c22-b2cc-9d63e6a93175/associate?vol_type_id=01bc5f8d-6c52-474e-926a-b3d73f8ee87d returned with HTTP 202
May 27 03:24:31.852577 dv-cinder-828807-4-smb devstack@c-api.service[110725]: [pid: 110725|app: 0|req: 49/102] 10.222.0.61 () {58 vars in 1457 bytes} [Fri May 27 03:24:31 2022] GET /volume/v3/f68edf99df27417ca75506d5f6e3692a/qos-specs/35409dca-dcd1-4c22-b2cc-9d63e6a93175/associate?vol_type_id=01bc5f8d-6c52-474e-926a-b3d73f8ee87d => generated 0 bytes in 49 msecs (HTTP/1.1 202) 6 headers in 233 bytes (1 switches on core 0)
May 27 03:24:31.854831 dv-cinder-828807-4-smb devstack@c-api.service[110725]: DEBUG cinder.api.middleware.request_id [None req-c604e259-6430-407f-b4d7-f3cd0af58aa6 None None] RequestId filter calling following filter/app {{(pid=110725) _context_setter /opt/stack/cinder/cinder/api/middleware/request_id.py:62}}
May 27 03:24:31.861302 dv-cinder-828807-4-smb devstack@c-api.service[110725]: INFO cinder.api.openstack.wsgi [None req-c604e259-6430-407f-b4d7-f3cd0af58aa6 tempest-ExtraSpecsNegativeTest-234897366 tempest-ExtraSpecsNegativeTest-234897366-project-admin] GET http://10.222.0.61/volume/v3/9f1be26ddcb14df1a5a467f523f69015/types/7101d794-9864-4df3-8f28-19c81c52c803/extra_specs/spec1
May 27 03:24:31.861663 dv-cinder-828807-4-smb devstack@c-api.service[110725]: DEBUG cinder.api.openstack.wsgi [None req-c604e259-6430-407f-b4d7-f3cd0af58aa6 tempest-ExtraSpecsNegativeTest-234897366 tempest-ExtraSpecsNegativeTest-234897366-project-admin] Empty body provided in request {{(pid=110725) get_body /opt/stack/cinder/cinder/api/openstack/wsgi.py:715}}
May 27 03:24:31.862346 dv-cinder-828807-4-smb devstack@c-api.service[110725]: DEBUG cinder.api.openstack.wsgi [None req-c604e259-6430-407f-b4d7-f3cd0af58aa6 tempest-ExtraSpecsNegativeTest-234897366 tempest-ExtraSpecsNegativeTest-234897366-project-admin] Calling method 'show' {{(pid=110725) _process_stack /opt/stack/cinder/cinder/api/openstack/wsgi.py:868}}
May 27 03:24:31.862839 dv-cinder-828807-4-smb devstack@c-api.service[110725]: /usr/local/lib/python3.8/dist-packages/oslo_context/context.py:100: DeprecationWarning: Policy enforcement is depending on the value of is_admin. This key is deprecated. Please update your policy file to use the standard policy values.
May 27 03:24:31.862839 dv-cinder-828807-4-smb devstack@c-api.service[110725]: warnings.warn('Policy enforcement is depending on the value of '
May 27 03:24:31.869942 dv-cinder-828807-4-smb devstack@c-api.service[110724]: INFO cinder.api.openstack.wsgi [None req-68ea6943-0e03-4624-a0ca-1a4694233d42 tempest-VolumePoolsAdminTestsJSON-1949538675 tempest-VolumePoolsAdminTestsJSON-1949538675-project-admin] http://10.222.0.61/volume/v3/1600ea5e96464c9c8f21a2fe2afcd43e/scheduler-stats/get_pools?detail=True returned with HTTP 200
May 27 03:24:31.871761 dv-cinder-828807-4-smb devstack@c-api.service[110724]: [pid: 110724|app: 0|req: 54/103] 10.222.0.61 () {58 vars in 1290 bytes} [Fri May 27 03:24:31 2022] GET /volume/v3/1600ea5e96464c9c8f21a2fe2afcd43e/scheduler-stats/get_pools?detail=True => generated 618 bytes in 213 msecs (HTTP/1.1 200) 7 headers in 285 bytes (1 switches on core 0)
May 27 03:24:31.882198 dv-cinder-828807-4-smb devstack@c-api.service[110724]: DEBUG cinder.api.middleware.request_id [None req-88b4549b-f129-47aa-883f-e32b6630ed52 None None] RequestId filter calling following filter/app {{(pid=110724) _context_setter /opt/stack/cinder/cinder/api/middleware/request_id.py:62}}
May 27 03:24:31.882388 dv-cinder-828807-4-smb devstack@c-api.service[110725]: INFO cinder.api.openstack.wsgi [None req-c604e259-6430-407f-b4d7-f3cd0af58aa6 tempest-ExtraSpecsNegativeTest-234897366 tempest-ExtraSpecsNegativeTest-234897366-project-admin] http://10.222.0.61/volume/v3/9f1be26ddcb14df1a5a467f523f69015/types/7101d794-9864-4df3-8f28-19c81c52c803/extra_specs/spec1 returned with HTTP 404
May 27 03:24:31.882388 dv-cinder-828807-4-smb devstack@c-api.service[110725]: [pid: 110725|app: 0|req: 50/104] 10.222.0.61 () {58 vars in 1372 bytes} [Fri May 27 03:24:31 2022] GET /volume/v3/9f1be26ddcb14df1a5a467f523f69015/types/7101d794-9864-4df3-8f28-19c81c52c803/extra_specs/spec1 => generated 114 bytes in 25 msecs (HTTP/1.1 404) 7 headers in 292 bytes (1 switches on core 0)
May 27 03:24:31.882388 dv-cinder-828807-4-smb devstack@c-api.service[110725]: DEBUG cinder.api.middleware.request_id [None req-f416bf47-3d19-48c2-ba52-add81cbc158f None None] RequestId filter calling following filter/app {{(pid=110725) _context_setter /opt/stack/cinder/cinder/api/middleware/request_id.py:62}}
May 27 03:24:31.888607 dv-cinder-828807-4-smb devstack@c-api.service[110725]: INFO cinder.api.openstack.wsgi [None req-f416bf47-3d19-48c2-ba52-add81cbc158f tempest-QosSpecsTestJSON-832544847 tempest-QosSpecsTestJSON-832544847-project-admin] GET http://10.222.0.61/volume/v3/f68edf99df27417ca75506d5f6e3692a/qos-specs/35409dca-dcd1-4c22-b2cc-9d63e6a93175/associate?vol_type_id=72d8c2c4-b172-4324-8071-dd224d5cccc8
May 27 03:24:31.889129 dv-cinder-828807-4-smb devstack@c-api.service[110725]: DEBUG cinder.api.openstack.wsgi [None req-f416bf47-3d19-48c2-ba52-add81cbc158f tempest-QosSpecsTestJSON-832544847 tempest-QosSpecsTestJSON-832544847-project-admin] Empty body provided in request {{(pid=110725) get_body /opt/stack/cinder/cinder/api/openstack/wsgi.py:715}}
May 27 03:24:31.889530 dv-cinder-828807-4-smb devstack@c-api.service[110725]: DEBUG cinder.api.openstack.wsgi [None req-f416bf47-3d19-48c2-ba52-add81cbc158f tempest-QosSpecsTestJSON-832544847 tempest-QosSpecsTestJSON-832544847-project-admin] Calling method 'associate' {{(pid=110725) _process_stack /opt/stack/cinder/cinder/api/openstack/wsgi.py:868}}
May 27 03:24:31.890657 dv-cinder-828807-4-smb devstack@c-api.service[110724]: INFO cinder.api.openstack.wsgi [None req-88b4549b-f129-47aa-883f-e32b6630ed52 tempest-GroupSnapshotsTest-460977115 tempest-GroupSnapshotsTest-460977115-project] GET http://10.222.0.61/volume/v3/37ff9235e5ed431bb91367c06efc22b5/snapshots/detail
May 27 03:24:31.890971 dv-cinder-828807-4-smb devstack@c-api.service[110725]: DEBUG cinder.api.contrib.qos_specs_manage [None req-f416bf47-3d19-48c2-ba52-add81cbc158f tempest-QosSpecsTestJSON-832544847 tempest-QosSpecsTestJSON-832544847-project-admin] Associate qos_spec: 35409dca-dcd1-4c22-b2cc-9d63e6a93175 with type: 72d8c2c4-b172-4324-8071-dd224d5cccc8 {{(pid=110725) associate /opt/stack/cinder/cinder/api/contrib/qos_specs_manage.py:275}}
May 27 03:24:31.891388 dv-cinder-828807-4-smb devstack@c-api.service[110724]: DEBUG cinder.api.openstack.wsgi [None req-88b4549b-f129-47aa-883f-e32b6630ed52 tempest-GroupSnapshotsTest-460977115 tempest-GroupSnapshotsTest-460977115-project] Empty body provided in request {{(pid=110724) get_body /opt/stack/cinder/cinder/api/openstack/wsgi.py:715}}
May 27 03:24:31.893068 dv-cinder-828807-4-smb devstack@c-api.service[110724]: DEBUG cinder.api.openstack.wsgi [None req-88b4549b-f129-47aa-883f-e32b6630ed52 tempest-GroupSnapshotsTest-460977115 tempest-GroupSnapshotsTest-460977115-project] Calling method 'detail' {{(pid=110724) _process_stack /opt/stack/cinder/cinder/api/openstack/wsgi.py:868}}
May 27 03:24:31.895654 dv-cinder-828807-4-smb devstack@c-api.service[110724]: DEBUG cinder.api.api_utils [None req-88b4549b-f129-47aa-883f-e32b6630ed52 tempest-GroupSnapshotsTest-460977115 tempest-GroupSnapshotsTest-460977115-project] Removing options '' from query. {{(pid=110724) remove_invalid_filter_options /opt/stack/cinder/cinder/api/api_utils.py:73}}
May 27 03:24:31.899888 dv-cinder-828807-4-smb devstack@c-api.service[110724]: DEBUG cinder.db.sqlalchemy.api [None req-88b4549b-f129-47aa-883f-e32b6630ed52 tempest-GroupSnapshotsTest-460977115 tempest-GroupSnapshotsTest-460977115-project] Building query based on filter {{(pid=110724) _process_snaps_filters /opt/stack/cinder/cinder/db/sqlalchemy/api.py:3846}}
May 27 03:24:31.925399 dv-cinder-828807-4-smb devstack@c-api.service[110725]: INFO cinder.api.openstack.wsgi [None req-f416bf47-3d19-48c2-ba52-add81cbc158f tempest-QosSpecsTestJSON-832544847 tempest-QosSpecsTestJSON-832544847-project-admin] http://10.222.0.61/volume/v3/f68edf99df27417ca75506d5f6e3692a/qos-specs/35409dca-dcd1-4c22-b2cc-9d63e6a93175/associate?vol_type_id=72d8c2c4-b172-4324-8071-dd224d5cccc8 returned with HTTP 202
May 27 03:24:31.927288 dv-cinder-828807-4-smb devstack@c-api.service[110725]: [pid: 110725|app: 0|req: 51/105] 10.222.0.61 () {58 vars in 1457 bytes} [Fri May 27 03:24:31 2022] GET /volume/v3/f68edf99df27417ca75506d5f6e3692a/qos-specs/35409dca-dcd1-4c22-b2cc-9d63e6a93175/associate?vol_type_id=72d8c2c4-b172-4324-8071-dd224d5cccc8 => generated 0 bytes in 48 msecs (HTTP/1.1 202) 6 headers in 233 bytes (1 switches on core 0)
May 27 03:24:31.928954 dv-cinder-828807-4-smb devstack@c-api.service[110725]: DEBUG cinder.api.middleware.request_id [None req-c25e8be6-9713-4f78-abf4-9e21851bebc3 None None] RequestId filter calling following filter/app {{(pid=110725) _context_setter /opt/stack/cinder/cinder/api/middleware/request_id.py:62}}
May 27 03:24:31.932528 dv-cinder-828807-4-smb devstack@c-api.service[110724]: INFO cinder.volume.api [None req-88b4549b-f129-47aa-883f-e32b6630ed52 tempest-GroupSnapshotsTest-460977115 tempest-GroupSnapshotsTest-460977115-project] Get all snapshots completed successfully.
May 27 03:24:31.934329 dv-cinder-828807-4-smb devstack@c-api.service[110724]: /usr/local/lib/python3.8/dist-packages/oslo_context/context.py:100: DeprecationWarning: Policy enforcement is depending on the value of is_admin. This key is deprecated. Please update your policy file to use the standard policy values.
May 27 03:24:31.934329 dv-cinder-828807-4-smb devstack@c-api.service[110724]: warnings.warn('Policy enforcement is depending on the value of '
May 27 03:24:31.935094 dv-cinder-828807-4-smb devstack@c-api.service[110725]: INFO cinder.api.openstack.wsgi [None req-c25e8be6-9713-4f78-abf4-9e21851bebc3 tempest-ExtraSpecsNegativeTest-234897366 tempest-ExtraSpecsNegativeTest-234897366-project-admin] GET http://10.222.0.61/volume/v3/9f1be26ddcb14df1a5a467f523f69015/types/df70c828-62f0-4e3a-ac0c-29b35d50fdfc/extra_specs
May 27 03:24:31.935737 dv-cinder-828807-4-smb devstack@c-api.service[110725]: DEBUG cinder.api.openstack.wsgi [None req-c25e8be6-9713-4f78-abf4-9e21851bebc3 tempest-ExtraSpecsNegativeTest-234897366 tempest-ExtraSpecsNegativeTest-234897366-project-admin] Empty body provided in request {{(pid=110725) get_body /opt/stack/cinder/cinder/api/openstack/wsgi.py:715}}
May 27 03:24:31.936361 dv-cinder-828807-4-smb devstack@c-api.service[110725]: DEBUG cinder.api.openstack.wsgi [None req-c25e8be6-9713-4f78-abf4-9e21851bebc3 tempest-ExtraSpecsNegativeTest-234897366 tempest-ExtraSpecsNegativeTest-234897366-project-admin] Calling method 'index' {{(pid=110725) _process_stack /opt/stack/cinder/cinder/api/openstack/wsgi.py:868}}
May 27 03:24:31.937468 dv-cinder-828807-4-smb devstack@c-api.service[110725]: /usr/local/lib/python3.8/dist-packages/oslo_context/context.py:100: DeprecationWarning: Policy enforcement is depending on the value of is_admin. This key is deprecated. Please update your policy file to use the standard policy values.
May 27 03:24:31.937468 dv-cinder-828807-4-smb devstack@c-api.service[110725]: warnings.warn('Policy enforcement is depending on the value of '
May 27 03:24:31.937927 dv-cinder-828807-4-smb devstack@c-api.service[110724]: INFO cinder.api.openstack.wsgi [None req-88b4549b-f129-47aa-883f-e32b6630ed52 tempest-GroupSnapshotsTest-460977115 tempest-GroupSnapshotsTest-460977115-project] http://10.222.0.61/volume/v3/37ff9235e5ed431bb91367c06efc22b5/snapshots/detail returned with HTTP 200
May 27 03:24:31.939477 dv-cinder-828807-4-smb devstack@c-api.service[110724]: [pid: 110724|app: 0|req: 55/106] 10.222.0.61 () {58 vars in 1240 bytes} [Fri May 27 03:24:31 2022] GET /volume/v3/37ff9235e5ed431bb91367c06efc22b5/snapshots/detail => generated 520 bytes in 67 msecs (HTTP/1.1 200) 7 headers in 285 bytes (1 switches on core 0)
May 27 03:24:31.941871 dv-cinder-828807-4-smb devstack@c-api.service[110724]: DEBUG cinder.api.middleware.request_id [None req-d5a71373-0f71-4f48-b280-618e6706587e None None] RequestId filter calling following filter/app {{(pid=110724) _context_setter /opt/stack/cinder/cinder/api/middleware/request_id.py:62}}
May 27 03:24:31.944476 dv-cinder-828807-4-smb devstack@c-api.service[110725]: INFO cinder.api.openstack.wsgi [None req-c25e8be6-9713-4f78-abf4-9e21851bebc3 tempest-ExtraSpecsNegativeTest-234897366 tempest-ExtraSpecsNegativeTest-234897366-project-admin] http://10.222.0.61/volume/v3/9f1be26ddcb14df1a5a467f523f69015/types/df70c828-62f0-4e3a-ac0c-29b35d50fdfc/extra_specs returned with HTTP 404
May 27 03:24:31.950231 dv-cinder-828807-4-smb devstack@c-api.service[110725]: [pid: 110725|app: 0|req: 52/107] 10.222.0.61 () {58 vars in 1354 bytes} [Fri May 27 03:24:31 2022] GET /volume/v3/9f1be26ddcb14df1a5a467f523f69015/types/df70c828-62f0-4e3a-ac0c-29b35d50fdfc/extra_specs => generated 114 bytes in 22 msecs (HTTP/1.1 404) 7 headers in 292 bytes (1 switches on core 0)
May 27 03:24:31.952103 dv-cinder-828807-4-smb devstack@c-api.service[110725]: DEBUG cinder.api.middleware.request_id [None req-968c9f45-ad85-445f-8e3e-7aeffdfa8bba None None] RequestId filter calling following filter/app {{(pid=110725) _context_setter /opt/stack/cinder/cinder/api/middleware/request_id.py:62}}
May 27 03:24:31.959653 dv-cinder-828807-4-smb devstack@c-api.service[110725]: INFO cinder.api.openstack.wsgi [None req-968c9f45-ad85-445f-8e3e-7aeffdfa8bba tempest-QosSpecsTestJSON-832544847 tempest-QosSpecsTestJSON-832544847-project-admin] GET http://10.222.0.61/volume/v3/f68edf99df27417ca75506d5f6e3692a/qos-specs/35409dca-dcd1-4c22-b2cc-9d63e6a93175/associations
May 27 03:24:31.960560 dv-cinder-828807-4-smb devstack@c-api.service[110725]: DEBUG cinder.api.openstack.wsgi [None req-968c9f45-ad85-445f-8e3e-7aeffdfa8bba tempest-QosSpecsTestJSON-832544847 tempest-QosSpecsTestJSON-832544847-project-admin] Empty body provided in request {{(pid=110725) get_body /opt/stack/cinder/cinder/api/openstack/wsgi.py:715}}
May 27 03:24:31.961191 dv-cinder-828807-4-smb devstack@c-api.service[110725]: DEBUG cinder.api.openstack.wsgi [None req-968c9f45-ad85-445f-8e3e-7aeffdfa8bba tempest-QosSpecsTestJSON-832544847 tempest-QosSpecsTestJSON-832544847-project-admin] Calling method 'associations' {{(pid=110725) _process_stack /opt/stack/cinder/cinder/api/openstack/wsgi.py:868}}
May 27 03:24:31.962843 dv-cinder-828807-4-smb devstack@c-api.service[110725]: DEBUG cinder.api.contrib.qos_specs_manage [None req-968c9f45-ad85-445f-8e3e-7aeffdfa8bba tempest-QosSpecsTestJSON-832544847 tempest-QosSpecsTestJSON-832544847-project-admin] Get associations for qos_spec id: 35409dca-dcd1-4c22-b2cc-9d63e6a93175 {{(pid=110725) associations /opt/stack/cinder/cinder/api/contrib/qos_specs_manage.py:233}}
May 27 03:24:31.974251 dv-cinder-828807-4-smb devstack@c-api.service[110724]: INFO cinder.api.openstack.wsgi [None req-d5a71373-0f71-4f48-b280-618e6706587e tempest-VolumePoolsAdminTestsJSON-1949538675 tempest-VolumePoolsAdminTestsJSON-1949538675-project-admin] GET http://10.222.0.61/volume/v3/1600ea5e96464c9c8f21a2fe2afcd43e/scheduler-stats/get_pools
May 27 03:24:31.975095 dv-cinder-828807-4-smb devstack@c-api.service[110724]: DEBUG cinder.api.openstack.wsgi [None req-d5a71373-0f71-4f48-b280-618e6706587e tempest-VolumePoolsAdminTestsJSON-1949538675 tempest-VolumePoolsAdminTestsJSON-1949538675-project-admin] Empty body provided in request {{(pid=110724) get_body /opt/stack/cinder/cinder/api/openstack/wsgi.py:715}}
May 27 03:24:31.981553 dv-cinder-828807-4-smb devstack@c-api.service[110724]: DEBUG cinder.api.openstack.wsgi [None req-d5a71373-0f71-4f48-b280-618e6706587e tempest-VolumePoolsAdminTestsJSON-1949538675 tempest-VolumePoolsAdminTestsJSON-1949538675-project-admin] Calling method 'get_pools' {{(pid=110724) _process_stack /opt/stack/cinder/cinder/api/openstack/wsgi.py:868}}
May 27 03:24:31.991926 dv-cinder-828807-4-smb devstack@c-api.service[110725]: INFO cinder.api.openstack.wsgi [None req-968c9f45-ad85-445f-8e3e-7aeffdfa8bba tempest-QosSpecsTestJSON-832544847 tempest-QosSpecsTestJSON-832544847-project-admin] http://10.222.0.61/volume/v3/f68edf99df27417ca75506d5f6e3692a/qos-specs/35409dca-dcd1-4c22-b2cc-9d63e6a93175/associations returned with HTTP 200
May 27 03:24:31.992849 dv-cinder-828807-4-smb devstack@c-api.service[110725]: [pid: 110725|app: 0|req: 53/108] 10.222.0.61 () {58 vars in 1369 bytes} [Fri May 27 03:24:31 2022] GET /volume/v3/f68edf99df27417ca75506d5f6e3692a/qos-specs/35409dca-dcd1-4c22-b2cc-9d63e6a93175/associations => generated 447 bytes in 42 msecs (HTTP/1.1 200) 7 headers in 285 bytes (1 switches on core 0)
May 27 03:24:31.994863 dv-cinder-828807-4-smb devstack@c-api.service[110725]: DEBUG cinder.api.middleware.request_id [None req-c8211c74-2b40-45ec-8fb0-17b8e88811f2 None None] RequestId filter calling following filter/app {{(pid=110725) _context_setter /opt/stack/cinder/cinder/api/middleware/request_id.py:62}}
May 27 03:24:32.000040 dv-cinder-828807-4-smb devstack@c-api.service[110725]: INFO cinder.api.openstack.wsgi [None req-c8211c74-2b40-45ec-8fb0-17b8e88811f2 tempest-GroupSnapshotsTest-460977115 tempest-GroupSnapshotsTest-460977115-project] GET http://10.222.0.61/volume/v3/37ff9235e5ed431bb91367c06efc22b5/snapshots/db09a518-7b94-4f50-9f8d-052783dc70d0
May 27 03:24:32.000590 dv-cinder-828807-4-smb devstack@c-api.service[110725]: DEBUG cinder.api.openstack.wsgi [None req-c8211c74-2b40-45ec-8fb0-17b8e88811f2 tempest-GroupSnapshotsTest-460977115 tempest-GroupSnapshotsTest-460977115-project] Empty body provided in request {{(pid=110725) get_body /opt/stack/cinder/cinder/api/openstack/wsgi.py:715}}
May 27 03:24:32.001167 dv-cinder-828807-4-smb devstack@c-api.service[110725]: DEBUG cinder.api.openstack.wsgi [None req-c8211c74-2b40-45ec-8fb0-17b8e88811f2 tempest-GroupSnapshotsTest-460977115 tempest-GroupSnapshotsTest-460977115-project] Calling method 'show' {{(pid=110725) _process_stack /opt/stack/cinder/cinder/api/openstack/wsgi.py:868}}
May 27 03:24:32.014908 dv-cinder-828807-4-smb devstack@c-api.service[110725]: /usr/local/lib/python3.8/dist-packages/oslo_context/context.py:100: DeprecationWarning: Policy enforcement is depending on the value of is_admin. This key is deprecated. Please update your policy file to use the standard policy values.
May 27 03:24:32.014908 dv-cinder-828807-4-smb devstack@c-api.service[110725]: warnings.warn('Policy enforcement is depending on the value of '
May 27 03:24:32.015974 dv-cinder-828807-4-smb devstack@c-api.service[110725]: INFO cinder.volume.api [None req-c8211c74-2b40-45ec-8fb0-17b8e88811f2 tempest-GroupSnapshotsTest-460977115 tempest-GroupSnapshotsTest-460977115-project] Snapshot retrieved successfully.
May 27 03:24:32.018779 dv-cinder-828807-4-smb devstack@c-api.service[110725]: INFO cinder.api.openstack.wsgi [None req-c8211c74-2b40-45ec-8fb0-17b8e88811f2 tempest-GroupSnapshotsTest-460977115 tempest-GroupSnapshotsTest-460977115-project] http://10.222.0.61/volume/v3/37ff9235e5ed431bb91367c06efc22b5/snapshots/db09a518-7b94-4f50-9f8d-052783dc70d0 returned with HTTP 200
May 27 03:24:32.019869 dv-cinder-828807-4-smb devstack@c-api.service[110725]: [pid: 110725|app: 0|req: 54/109] 10.222.0.61 () {58 vars in 1330 bytes} [Fri May 27 03:24:31 2022] GET /volume/v3/37ff9235e5ed431bb91367c06efc22b5/snapshots/db09a518-7b94-4f50-9f8d-052783dc70d0 => generated 517 bytes in 26 msecs (HTTP/1.1 200) 7 headers in 285 bytes (1 switches on core 0)
May 27 03:24:32.022922 dv-cinder-828807-4-smb devstack@c-api.service[110725]: DEBUG cinder.api.middleware.request_id [None req-84e38445-5939-4fe6-b003-08c24cf5d827 None None] RequestId filter calling following filter/app {{(pid=110725) _context_setter /opt/stack/cinder/cinder/api/middleware/request_id.py:62}}
May 27 03:24:32.030493 dv-cinder-828807-4-smb devstack@c-api.service[110725]: INFO cinder.api.openstack.wsgi [None req-84e38445-5939-4fe6-b003-08c24cf5d827 tempest-ExtraSpecsNegativeTest-234897366 tempest-ExtraSpecsNegativeTest-234897366-project-admin] PUT http://10.222.0.61/volume/v3/9f1be26ddcb14df1a5a467f523f69015/types/ad2468d0-dc39-4f73-9cce-98dd4e9c4e54/extra_specs/spec1
May 27 03:24:32.031342 dv-cinder-828807-4-smb devstack@c-api.service[110725]: DEBUG cinder.api.openstack.wsgi [None req-84e38445-5939-4fe6-b003-08c24cf5d827 tempest-ExtraSpecsNegativeTest-234897366 tempest-ExtraSpecsNegativeTest-234897366-project-admin] Action: 'update', calling method: update, body: {"spec1": "val2", "spec2": "val1"} {{(pid=110725) _process_stack /opt/stack/cinder/cinder/api/openstack/wsgi.py:866}}
May 27 03:24:32.032130 dv-cinder-828807-4-smb devstack@c-api.service[110724]: INFO cinder.api.openstack.wsgi [None req-d5a71373-0f71-4f48-b280-618e6706587e tempest-VolumePoolsAdminTestsJSON-1949538675 tempest-VolumePoolsAdminTestsJSON-1949538675-project-admin] http://10.222.0.61/volume/v3/1600ea5e96464c9c8f21a2fe2afcd43e/scheduler-stats/get_pools returned with HTTP 200
May 27 03:24:32.033676 dv-cinder-828807-4-smb devstack@c-api.service[110725]: INFO cinder.api.openstack.wsgi [None req-84e38445-5939-4fe6-b003-08c24cf5d827 tempest-ExtraSpecsNegativeTest-234897366 tempest-ExtraSpecsNegativeTest-234897366-project-admin] http://10.222.0.61/volume/v3/9f1be26ddcb14df1a5a467f523f69015/types/ad2468d0-dc39-4f73-9cce-98dd4e9c4e54/extra_specs/spec1 returned with HTTP 400
May 27 03:24:32.034456 dv-cinder-828807-4-smb devstack@c-api.service[110724]: [pid: 110724|app: 0|req: 56/110] 10.222.0.61 () {58 vars in 1267 bytes} [Fri May 27 03:24:31 2022] GET /volume/v3/1600ea5e96464c9c8f21a2fe2afcd43e/scheduler-stats/get_pools => generated 56 bytes in 94 msecs (HTTP/1.1 200) 7 headers in 284 bytes (1 switches on core 0)
May 27 03:24:32.042827 dv-cinder-828807-4-smb devstack@c-api.service[110725]: [pid: 110725|app: 0|req: 55/111] 10.222.0.61 () {60 vars in 1392 bytes} [Fri May 27 03:24:32 2022] PUT /volume/v3/9f1be26ddcb14df1a5a467f523f69015/types/ad2468d0-dc39-4f73-9cce-98dd4e9c4e54/extra_specs/spec1 => generated 102 bytes in 20 msecs (HTTP/1.1 400) 7 headers in 294 bytes (1 switches on core 0)
May 27 03:24:32.042827 dv-cinder-828807-4-smb devstack@c-api.service[110725]: DEBUG cinder.api.middleware.request_id [None req-b901601d-904b-48eb-a1af-0d3dc138cd0c None None] RequestId filter calling following filter/app {{(pid=110725) _context_setter /opt/stack/cinder/cinder/api/middleware/request_id.py:62}}
May 27 03:24:32.046240 dv-cinder-828807-4-smb devstack@c-api.service[110724]: DEBUG cinder.api.middleware.request_id [None req-88e6b80a-4582-469d-95f6-f3ebe6abb2b7 None None] RequestId filter calling following filter/app {{(pid=110724) _context_setter /opt/stack/cinder/cinder/api/middleware/request_id.py:62}}
May 27 03:24:32.055234 dv-cinder-828807-4-smb devstack@c-api.service[110724]: INFO cinder.api.openstack.wsgi [None req-88e6b80a-4582-469d-95f6-f3ebe6abb2b7 tempest-GroupSnapshotsTest-460977115 tempest-GroupSnapshotsTest-460977115-project] POST http://10.222.0.61/volume/v3/37ff9235e5ed431bb91367c06efc22b5/groups/action
May 27 03:24:32.056965 dv-cinder-828807-4-smb devstack@c-api.service[110724]: DEBUG cinder.api.openstack.wsgi [None req-88e6b80a-4582-469d-95f6-f3ebe6abb2b7 tempest-GroupSnapshotsTest-460977115 tempest-GroupSnapshotsTest-460977115-project] Action body: b'{"create-from-src": {"group_snapshot_id": "286b99de-74a3-46ed-8650-fb4b9139de59", "name": "tempest-Group_from_snap-1426247054"}}' {{(pid=110724) get_method /opt/stack/cinder/cinder/api/openstack/wsgi.py:983}}
May 27 03:24:32.057828 dv-cinder-828807-4-smb devstack@c-api.service[110724]: DEBUG cinder.api.openstack.wsgi [None req-88e6b80a-4582-469d-95f6-f3ebe6abb2b7 tempest-GroupSnapshotsTest-460977115 tempest-GroupSnapshotsTest-460977115-project] Action: 'action', calling method: version_select, body: {"create-from-src": {"group_snapshot_id": "286b99de-74a3-46ed-8650-fb4b9139de59", "name": "tempest-Group_from_snap-1426247054"}} {{(pid=110724) _process_stack /opt/stack/cinder/cinder/api/openstack/wsgi.py:866}}
May 27 03:24:32.059902 dv-cinder-828807-4-smb devstack@c-api.service[110724]: DEBUG cinder.api.v3.groups [None req-88e6b80a-4582-469d-95f6-f3ebe6abb2b7 tempest-GroupSnapshotsTest-460977115 tempest-GroupSnapshotsTest-460977115-project] Creating new group {'create-from-src': {'group_snapshot_id': '286b99de-74a3-46ed-8650-fb4b9139de59', 'name': 'tempest-Group_from_snap-1426247054'}}. {{(pid=110724) create_from_src /opt/stack/cinder/cinder/api/v3/groups.py:236}}
May 27 03:24:32.060684 dv-cinder-828807-4-smb devstack@c-api.service[110724]: INFO cinder.api.v3.groups [None req-88e6b80a-4582-469d-95f6-f3ebe6abb2b7 tempest-GroupSnapshotsTest-460977115 tempest-GroupSnapshotsTest-460977115-project] Creating group tempest-Group_from_snap-1426247054 from group_snapshot 286b99de-74a3-46ed-8650-fb4b9139de59.
May 27 03:24:32.061490 dv-cinder-828807-4-smb devstack@c-api.service[110725]: INFO cinder.api.openstack.wsgi [None req-b901601d-904b-48eb-a1af-0d3dc138cd0c tempest-QosSpecsTestJSON-832544847 tempest-QosSpecsTestJSON-832544847-project-admin] GET http://10.222.0.61/volume/v3/f68edf99df27417ca75506d5f6e3692a/qos-specs/35409dca-dcd1-4c22-b2cc-9d63e6a93175/disassociate?vol_type_id=0a4e540c-2ec0-4a01-bc31-85874b04ede6
May 27 03:24:32.061995 dv-cinder-828807-4-smb devstack@c-api.service[110725]: DEBUG cinder.api.openstack.wsgi [None req-b901601d-904b-48eb-a1af-0d3dc138cd0c tempest-QosSpecsTestJSON-832544847 tempest-QosSpecsTestJSON-832544847-project-admin] Empty body provided in request {{(pid=110725) get_body /opt/stack/cinder/cinder/api/openstack/wsgi.py:715}}
May 27 03:24:32.062520 dv-cinder-828807-4-smb devstack@c-api.service[110725]: DEBUG cinder.api.openstack.wsgi [None req-b901601d-904b-48eb-a1af-0d3dc138cd0c tempest-QosSpecsTestJSON-832544847 tempest-QosSpecsTestJSON-832544847-project-admin] Calling method 'disassociate' {{(pid=110725) _process_stack /opt/stack/cinder/cinder/api/openstack/wsgi.py:868}}
May 27 03:24:32.064010 dv-cinder-828807-4-smb devstack@c-api.service[110725]: DEBUG cinder.api.contrib.qos_specs_manage [None req-b901601d-904b-48eb-a1af-0d3dc138cd0c tempest-QosSpecsTestJSON-832544847 tempest-QosSpecsTestJSON-832544847-project-admin] Disassociate qos_spec: 35409dca-dcd1-4c22-b2cc-9d63e6a93175 from type: 0a4e540c-2ec0-4a01-bc31-85874b04ede6 {{(pid=110725) disassociate /opt/stack/cinder/cinder/api/contrib/qos_specs_manage.py:327}}
May 27 03:24:32.073636 dv-cinder-828807-4-smb devstack@c-api.service[110724]: /usr/local/lib/python3.8/dist-packages/oslo_context/context.py:100: DeprecationWarning: Policy enforcement is depending on the value of is_admin. This key is deprecated. Please update your policy file to use the standard policy values.
May 27 03:24:32.073636 dv-cinder-828807-4-smb devstack@c-api.service[110724]: warnings.warn('Policy enforcement is depending on the value of '
May 27 03:24:32.108020 dv-cinder-828807-4-smb devstack@c-api.service[110724]: /usr/local/lib/python3.8/dist-packages/oslo_context/context.py:100: DeprecationWarning: Policy enforcement is depending on the value of is_admin. This key is deprecated. Please update your policy file to use the standard policy values.
May 27 03:24:32.108020 dv-cinder-828807-4-smb devstack@c-api.service[110724]: warnings.warn('Policy enforcement is depending on the value of '
May 27 03:24:32.118382 dv-cinder-828807-4-smb devstack@c-api.service[110724]: /usr/local/lib/python3.8/dist-packages/oslo_context/context.py:100: DeprecationWarning: Policy enforcement is depending on the value of is_admin. This key is deprecated. Please update your policy file to use the standard policy values.
May 27 03:24:32.118382 dv-cinder-828807-4-smb devstack@c-api.service[110724]: warnings.warn('Policy enforcement is depending on the value of '
May 27 03:24:32.129371 dv-cinder-828807-4-smb devstack@c-api.service[110725]: INFO cinder.api.openstack.wsgi [None req-b901601d-904b-48eb-a1af-0d3dc138cd0c tempest-QosSpecsTestJSON-832544847 tempest-QosSpecsTestJSON-832544847-project-admin] http://10.222.0.61/volume/v3/f68edf99df27417ca75506d5f6e3692a/qos-specs/35409dca-dcd1-4c22-b2cc-9d63e6a93175/disassociate?vol_type_id=0a4e540c-2ec0-4a01-bc31-85874b04ede6 returned with HTTP 202
May 27 03:24:32.131232 dv-cinder-828807-4-smb devstack@c-api.service[110725]: [pid: 110725|app: 0|req: 56/112] 10.222.0.61 () {58 vars in 1466 bytes} [Fri May 27 03:24:32 2022] GET /volume/v3/f68edf99df27417ca75506d5f6e3692a/qos-specs/35409dca-dcd1-4c22-b2cc-9d63e6a93175/disassociate?vol_type_id=0a4e540c-2ec0-4a01-bc31-85874b04ede6 => generated 0 bytes in 90 msecs (HTTP/1.1 202) 6 headers in 233 bytes (1 switches on core 0)
May 27 03:24:32.136747 dv-cinder-828807-4-smb devstack@c-api.service[110725]: DEBUG cinder.api.middleware.request_id [None req-d9143c53-bb3d-4f31-a4d5-2e02016aa0e4 None None] RequestId filter calling following filter/app {{(pid=110725) _context_setter /opt/stack/cinder/cinder/api/middleware/request_id.py:62}}
May 27 03:24:32.154493 dv-cinder-828807-4-smb devstack@c-api.service[110725]: INFO cinder.api.openstack.wsgi [None req-d9143c53-bb3d-4f31-a4d5-2e02016aa0e4 tempest-ExtraSpecsNegativeTest-234897366 tempest-ExtraSpecsNegativeTest-234897366-project-admin] PUT http://10.222.0.61/volume/v3/9f1be26ddcb14df1a5a467f523f69015/types/ad2468d0-dc39-4f73-9cce-98dd4e9c4e54/extra_specs/spec1
May 27 03:24:32.155765 dv-cinder-828807-4-smb devstack@c-api.service[110725]: DEBUG cinder.api.openstack.wsgi [None req-d9143c53-bb3d-4f31-a4d5-2e02016aa0e4 tempest-ExtraSpecsNegativeTest-234897366 tempest-ExtraSpecsNegativeTest-234897366-project-admin] Action: 'update', calling method: update, body: null {{(pid=110725) _process_stack /opt/stack/cinder/cinder/api/openstack/wsgi.py:866}}
May 27 03:24:32.157253 dv-cinder-828807-4-smb devstack@c-api.service[110725]: INFO cinder.api.openstack.wsgi [None req-d9143c53-bb3d-4f31-a4d5-2e02016aa0e4 tempest-ExtraSpecsNegativeTest-234897366 tempest-ExtraSpecsNegativeTest-234897366-project-admin] http://10.222.0.61/volume/v3/9f1be26ddcb14df1a5a467f523f69015/types/ad2468d0-dc39-4f73-9cce-98dd4e9c4e54/extra_specs/spec1 returned with HTTP 400
May 27 03:24:32.159712 dv-cinder-828807-4-smb devstack@c-api.service[110725]: [pid: 110725|app: 0|req: 57/113] 10.222.0.61 () {60 vars in 1391 bytes} [Fri May 27 03:24:32 2022] PUT /volume/v3/9f1be26ddcb14df1a5a467f523f69015/types/ad2468d0-dc39-4f73-9cce-98dd4e9c4e54/extra_specs/spec1 => generated 72 bytes in 27 msecs (HTTP/1.1 400) 7 headers in 293 bytes (1 switches on core 0)
May 27 03:24:32.163517 dv-cinder-828807-4-smb devstack@c-api.service[110725]: DEBUG cinder.api.middleware.request_id [None req-011617b7-1587-4e3b-bf84-64ce92801094 None None] RequestId filter calling following filter/app {{(pid=110725) _context_setter /opt/stack/cinder/cinder/api/middleware/request_id.py:62}}
May 27 03:24:32.182471 dv-cinder-828807-4-smb devstack@c-api.service[110725]: INFO cinder.api.openstack.wsgi [None req-011617b7-1587-4e3b-bf84-64ce92801094 tempest-QosSpecsTestJSON-832544847 tempest-QosSpecsTestJSON-832544847-project-admin] GET http://10.222.0.61/volume/v3/f68edf99df27417ca75506d5f6e3692a/qos-specs/35409dca-dcd1-4c22-b2cc-9d63e6a93175/associations
May 27 03:24:32.182935 dv-cinder-828807-4-smb devstack@c-api.service[110725]: DEBUG cinder.api.openstack.wsgi [None req-011617b7-1587-4e3b-bf84-64ce92801094 tempest-QosSpecsTestJSON-832544847 tempest-QosSpecsTestJSON-832544847-project-admin] Empty body provided in request {{(pid=110725) get_body /opt/stack/cinder/cinder/api/openstack/wsgi.py:715}}
May 27 03:24:32.183396 dv-cinder-828807-4-smb devstack@c-api.service[110725]: DEBUG cinder.api.openstack.wsgi [None req-011617b7-1587-4e3b-bf84-64ce92801094 tempest-QosSpecsTestJSON-832544847 tempest-QosSpecsTestJSON-832544847-project-admin] Calling method 'associations' {{(pid=110725) _process_stack /opt/stack/cinder/cinder/api/openstack/wsgi.py:868}}
May 27 03:24:32.184091 dv-cinder-828807-4-smb devstack@c-api.service[110725]: /usr/local/lib/python3.8/dist-packages/oslo_context/context.py:100: DeprecationWarning: Policy enforcement is depending on the value of is_admin. This key is deprecated. Please update your policy file to use the standard policy values.
May 27 03:24:32.184091 dv-cinder-828807-4-smb devstack@c-api.service[110725]: warnings.warn('Policy enforcement is depending on the value of '
May 27 03:24:32.184765 dv-cinder-828807-4-smb devstack@c-api.service[110725]: DEBUG cinder.api.contrib.qos_specs_manage [None req-011617b7-1587-4e3b-bf84-64ce92801094 tempest-QosSpecsTestJSON-832544847 tempest-QosSpecsTestJSON-832544847-project-admin] Get associations for qos_spec id: 35409dca-dcd1-4c22-b2cc-9d63e6a93175 {{(pid=110725) associations /opt/stack/cinder/cinder/api/contrib/qos_specs_manage.py:233}}
May 27 03:24:32.219570 dv-cinder-828807-4-smb devstack@c-api.service[110725]: INFO cinder.api.openstack.wsgi [None req-011617b7-1587-4e3b-bf84-64ce92801094 tempest-QosSpecsTestJSON-832544847 tempest-QosSpecsTestJSON-832544847-project-admin] http://10.222.0.61/volume/v3/f68edf99df27417ca75506d5f6e3692a/qos-specs/35409dca-dcd1-4c22-b2cc-9d63e6a93175/associations returned with HTTP 200
May 27 03:24:32.220557 dv-cinder-828807-4-smb devstack@c-api.service[110725]: [pid: 110725|app: 0|req: 58/114] 10.222.0.61 () {58 vars in 1369 bytes} [Fri May 27 03:24:32 2022] GET /volume/v3/f68edf99df27417ca75506d5f6e3692a/qos-specs/35409dca-dcd1-4c22-b2cc-9d63e6a93175/associations => generated 305 bytes in 60 msecs (HTTP/1.1 200) 7 headers in 285 bytes (1 switches on core 0)
May 27 03:24:32.227569 dv-cinder-828807-4-smb devstack@c-api.service[110725]: DEBUG cinder.api.middleware.request_id [None req-cb5c9715-dbfc-465b-a50c-759512363110 None None] RequestId filter calling following filter/app {{(pid=110725) _context_setter /opt/stack/cinder/cinder/api/middleware/request_id.py:62}}
May 27 03:24:32.236771 dv-cinder-828807-4-smb devstack@c-api.service[110725]: INFO cinder.api.openstack.wsgi [None req-cb5c9715-dbfc-465b-a50c-759512363110 tempest-ExtraSpecsNegativeTest-234897366 tempest-ExtraSpecsNegativeTest-234897366-project-admin] PUT http://10.222.0.61/volume/v3/9f1be26ddcb14df1a5a467f523f69015/types/ad2468d0-dc39-4f73-9cce-98dd4e9c4e54/extra_specs/None
May 27 03:24:32.237486 dv-cinder-828807-4-smb devstack@c-api.service[110725]: DEBUG cinder.api.openstack.wsgi [None req-cb5c9715-dbfc-465b-a50c-759512363110 tempest-ExtraSpecsNegativeTest-234897366 tempest-ExtraSpecsNegativeTest-234897366-project-admin] Action: 'update', calling method: update, body: {"spec1": "val2"} {{(pid=110725) _process_stack /opt/stack/cinder/cinder/api/openstack/wsgi.py:866}}
May 27 03:24:32.238698 dv-cinder-828807-4-smb devstack@c-api.service[110725]: /usr/local/lib/python3.8/dist-packages/oslo_context/context.py:100: DeprecationWarning: Policy enforcement is depending on the value of is_admin. This key is deprecated. Please update your policy file to use the standard policy values.
May 27 03:24:32.238698 dv-cinder-828807-4-smb devstack@c-api.service[110725]: warnings.warn('Policy enforcement is depending on the value of '
May 27 03:24:32.279143 dv-cinder-828807-4-smb devstack@c-api.service[110724]: DEBUG cinder.quota [None req-88e6b80a-4582-469d-95f6-f3ebe6abb2b7 tempest-GroupSnapshotsTest-460977115 tempest-GroupSnapshotsTest-460977115-project] Created reservations ['d60bd2f6-5ff3-4ad2-938f-b5b5ac4f33b2'] {{(pid=110724) reserve /opt/stack/cinder/cinder/quota.py:755}}
May 27 03:24:32.406814 dv-cinder-828807-4-smb devstack@c-api.service[110725]: INFO cinder.api.openstack.wsgi [None req-cb5c9715-dbfc-465b-a50c-759512363110 tempest-ExtraSpecsNegativeTest-234897366 tempest-ExtraSpecsNegativeTest-234897366-project-admin] HTTP exception thrown: Request body and URI mismatch
May 27 03:24:32.407053 dv-cinder-828807-4-smb devstack@c-api.service[110725]: INFO cinder.api.openstack.wsgi [None req-cb5c9715-dbfc-465b-a50c-759512363110 tempest-ExtraSpecsNegativeTest-234897366 tempest-ExtraSpecsNegativeTest-234897366-project-admin] http://10.222.0.61/volume/v3/9f1be26ddcb14df1a5a467f523f69015/types/ad2468d0-dc39-4f73-9cce-98dd4e9c4e54/extra_specs/None returned with HTTP 400
May 27 03:24:32.411603 dv-cinder-828807-4-smb devstack@c-api.service[110725]: [pid: 110725|app: 0|req: 59/115] 10.222.0.61 () {60 vars in 1389 bytes} [Fri May 27 03:24:32 2022] PUT /volume/v3/9f1be26ddcb14df1a5a467f523f69015/types/ad2468d0-dc39-4f73-9cce-98dd4e9c4e54/extra_specs/None => generated 73 bytes in 190 msecs (HTTP/1.1 400) 7 headers in 293 bytes (1 switches on core 0)
May 27 03:24:32.414104 dv-cinder-828807-4-smb devstack@c-api.service[110725]: DEBUG cinder.api.middleware.request_id [None req-5e98a4cf-7c9e-4d8b-8d54-0d498dc62622 None None] RequestId filter calling following filter/app {{(pid=110725) _context_setter /opt/stack/cinder/cinder/api/middleware/request_id.py:62}}
May 27 03:24:32.429214 dv-cinder-828807-4-smb devstack@c-api.service[110725]: INFO cinder.api.openstack.wsgi [None req-5e98a4cf-7c9e-4d8b-8d54-0d498dc62622 tempest-QosSpecsTestJSON-832544847 tempest-QosSpecsTestJSON-832544847-project-admin] GET http://10.222.0.61/volume/v3/f68edf99df27417ca75506d5f6e3692a/qos-specs/35409dca-dcd1-4c22-b2cc-9d63e6a93175/disassociate_all
May 27 03:24:32.429681 dv-cinder-828807-4-smb devstack@c-api.service[110725]: DEBUG cinder.api.openstack.wsgi [None req-5e98a4cf-7c9e-4d8b-8d54-0d498dc62622 tempest-QosSpecsTestJSON-832544847 tempest-QosSpecsTestJSON-832544847-project-admin] Empty body provided in request {{(pid=110725) get_body /opt/stack/cinder/cinder/api/openstack/wsgi.py:715}}
May 27 03:24:32.430228 dv-cinder-828807-4-smb devstack@c-api.service[110725]: DEBUG cinder.api.openstack.wsgi [None req-5e98a4cf-7c9e-4d8b-8d54-0d498dc62622 tempest-QosSpecsTestJSON-832544847 tempest-QosSpecsTestJSON-832544847-project-admin] Calling method 'disassociate_all' {{(pid=110725) _process_stack /opt/stack/cinder/cinder/api/openstack/wsgi.py:868}}
May 27 03:24:32.431584 dv-cinder-828807-4-smb devstack@c-api.service[110725]: DEBUG cinder.api.contrib.qos_specs_manage [None req-5e98a4cf-7c9e-4d8b-8d54-0d498dc62622 tempest-QosSpecsTestJSON-832544847 tempest-QosSpecsTestJSON-832544847-project-admin] Disassociate qos_spec: 35409dca-dcd1-4c22-b2cc-9d63e6a93175 from all. {{(pid=110725) disassociate_all /opt/stack/cinder/cinder/api/contrib/qos_specs_manage.py:361}}
May 27 03:24:32.472804 dv-cinder-828807-4-smb devstack@c-api.service[110725]: INFO cinder.api.openstack.wsgi [None req-5e98a4cf-7c9e-4d8b-8d54-0d498dc62622 tempest-QosSpecsTestJSON-832544847 tempest-QosSpecsTestJSON-832544847-project-admin] http://10.222.0.61/volume/v3/f68edf99df27417ca75506d5f6e3692a/qos-specs/35409dca-dcd1-4c22-b2cc-9d63e6a93175/disassociate_all returned with HTTP 202
May 27 03:24:32.474274 dv-cinder-828807-4-smb devstack@c-api.service[110725]: [pid: 110725|app: 0|req: 60/116] 10.222.0.61 () {58 vars in 1381 bytes} [Fri May 27 03:24:32 2022] GET /volume/v3/f68edf99df27417ca75506d5f6e3692a/qos-specs/35409dca-dcd1-4c22-b2cc-9d63e6a93175/disassociate_all => generated 0 bytes in 62 msecs (HTTP/1.1 202) 6 headers in 233 bytes (1 switches on core 0)
May 27 03:24:32.476150 dv-cinder-828807-4-smb devstack@c-api.service[110725]: DEBUG cinder.api.middleware.request_id [None req-d99d3e38-815b-44cb-9e86-168984b75e12 None None] RequestId filter calling following filter/app {{(pid=110725) _context_setter /opt/stack/cinder/cinder/api/middleware/request_id.py:62}}
May 27 03:24:32.488481 dv-cinder-828807-4-smb devstack@c-api.service[110725]: INFO cinder.api.openstack.wsgi [None req-d99d3e38-815b-44cb-9e86-168984b75e12 tempest-ExtraSpecsNegativeTest-234897366 tempest-ExtraSpecsNegativeTest-234897366-project-admin] PUT http://10.222.0.61/volume/v3/9f1be26ddcb14df1a5a467f523f69015/types/ad2468d0-dc39-4f73-9cce-98dd4e9c4e54/extra_specs/12e55fec-7fdf-4f2e-afe7-dad5c0965a82
May 27 03:24:32.489888 dv-cinder-828807-4-smb devstack@c-api.service[110725]: DEBUG cinder.api.openstack.wsgi [None req-d99d3e38-815b-44cb-9e86-168984b75e12 tempest-ExtraSpecsNegativeTest-234897366 tempest-ExtraSpecsNegativeTest-234897366-project-admin] Action: 'update', calling method: update, body: {"spec1": "val2"} {{(pid=110725) _process_stack /opt/stack/cinder/cinder/api/openstack/wsgi.py:866}}
May 27 03:24:32.503861 dv-cinder-828807-4-smb devstack@c-api.service[110725]: /usr/local/lib/python3.8/dist-packages/oslo_context/context.py:100: DeprecationWarning: Policy enforcement is depending on the value of is_admin. This key is deprecated. Please update your policy file to use the standard policy values.
May 27 03:24:32.503861 dv-cinder-828807-4-smb devstack@c-api.service[110725]: warnings.warn('Policy enforcement is depending on the value of '
May 27 03:24:32.524742 dv-cinder-828807-4-smb devstack@c-api.service[110724]: INFO cinder.group.api [None req-88e6b80a-4582-469d-95f6-f3ebe6abb2b7 tempest-GroupSnapshotsTest-460977115 tempest-GroupSnapshotsTest-460977115-project] A mapping entry already exists for group eaa7ddb6-0a6b-492a-bca2-c7d2437a4454 and volume type fa7f91ba-f95d-4555-a756-eaca7a1cbc83. Do not need to create again.
