May 27 03:24:48.494989 dv-cinder-828807-4-smb devstack@c-api.service[110725]: INFO cinder.api.openstack.wsgi [None req-ff2376c8-db74-4100-9d18-9994385c11c8 tempest-SnapshotMetadataTestJSON-174512275 tempest-SnapshotMetadataTestJSON-174512275-project] DELETE http://10.222.0.61/volume/v3/955f5a89aca3474f9048874e5fa24d9f/snapshots/e2306c40-f0b0-4ad7-85b3-bdb24652d4b7
May 27 03:24:48.495491 dv-cinder-828807-4-smb devstack@c-api.service[110725]: DEBUG cinder.api.openstack.wsgi [None req-ff2376c8-db74-4100-9d18-9994385c11c8 tempest-SnapshotMetadataTestJSON-174512275 tempest-SnapshotMetadataTestJSON-174512275-project] Empty body provided in request {{(pid=110725) get_body /opt/stack/cinder/cinder/api/openstack/wsgi.py:715}}
May 27 03:24:48.495949 dv-cinder-828807-4-smb devstack@c-api.service[110725]: DEBUG cinder.api.openstack.wsgi [None req-ff2376c8-db74-4100-9d18-9994385c11c8 tempest-SnapshotMetadataTestJSON-174512275 tempest-SnapshotMetadataTestJSON-174512275-project] Calling method 'delete' {{(pid=110725) _process_stack /opt/stack/cinder/cinder/api/openstack/wsgi.py:868}}
May 27 03:24:48.496272 dv-cinder-828807-4-smb devstack@c-api.service[110725]: INFO cinder.api.v2.snapshots [None req-ff2376c8-db74-4100-9d18-9994385c11c8 tempest-SnapshotMetadataTestJSON-174512275 tempest-SnapshotMetadataTestJSON-174512275-project] Delete snapshot with id: e2306c40-f0b0-4ad7-85b3-bdb24652d4b7
May 27 03:24:48.511374 dv-cinder-828807-4-smb devstack@c-api.service[110725]: /usr/local/lib/python3.8/dist-packages/oslo_context/context.py:100: DeprecationWarning: Policy enforcement is depending on the value of is_admin. This key is deprecated. Please update your policy file to use the standard policy values.
May 27 03:24:48.511374 dv-cinder-828807-4-smb devstack@c-api.service[110725]: warnings.warn('Policy enforcement is depending on the value of '
May 27 03:24:48.511374 dv-cinder-828807-4-smb devstack@c-api.service[110725]: INFO cinder.volume.api [None req-ff2376c8-db74-4100-9d18-9994385c11c8 tempest-SnapshotMetadataTestJSON-174512275 tempest-SnapshotMetadataTestJSON-174512275-project] Snapshot retrieved successfully.
May 27 03:24:48.517594 dv-cinder-828807-4-smb devstack@c-api.service[110724]: INFO cinder.api.openstack.wsgi [None req-711802b0-bd2c-44ee-9ec9-587e3625981b tempest-UserMessagesTest-677888872 tempest-UserMessagesTest-677888872-project] http://10.222.0.61/volume/v3/9408151537f541c0867a79ce63304d85/messages/6989361a-c158-4f8c-baf5-0e8f20023382 returned with HTTP 204
May 27 03:24:48.518843 dv-cinder-828807-4-smb devstack@c-api.service[110724]: [pid: 110724|app: 0|req: 121/238] 10.222.0.61 () {60 vars in 1370 bytes} [Fri May 27 03:24:48 2022] DELETE /volume/v3/9408151537f541c0867a79ce63304d85/messages/6989361a-c158-4f8c-baf5-0e8f20023382 => generated 0 bytes in 65 msecs (HTTP/1.1 204) 6 headers in 235 bytes (1 switches on core 0)
May 27 03:24:48.525108 dv-cinder-828807-4-smb devstack@c-api.service[110724]: DEBUG cinder.api.middleware.request_id [None req-fcd91d2f-b2e4-4692-ba30-a1a1259b606b None None] RequestId filter calling following filter/app {{(pid=110724) _context_setter /opt/stack/cinder/cinder/api/middleware/request_id.py:62}}
May 27 03:24:48.531614 dv-cinder-828807-4-smb devstack@c-api.service[110724]: INFO cinder.api.openstack.wsgi [None req-fcd91d2f-b2e4-4692-ba30-a1a1259b606b tempest-UserMessagesTest-677888872 tempest-UserMessagesTest-677888872-project] GET http://10.222.0.61/volume/v3/9408151537f541c0867a79ce63304d85/messages/6989361a-c158-4f8c-baf5-0e8f20023382
May 27 03:24:48.532508 dv-cinder-828807-4-smb devstack@c-api.service[110724]: DEBUG cinder.api.openstack.wsgi [None req-fcd91d2f-b2e4-4692-ba30-a1a1259b606b tempest-UserMessagesTest-677888872 tempest-UserMessagesTest-677888872-project] Empty body provided in request {{(pid=110724) get_body /opt/stack/cinder/cinder/api/openstack/wsgi.py:715}}
May 27 03:24:48.533172 dv-cinder-828807-4-smb devstack@c-api.service[110724]: DEBUG cinder.api.openstack.wsgi [None req-fcd91d2f-b2e4-4692-ba30-a1a1259b606b tempest-UserMessagesTest-677888872 tempest-UserMessagesTest-677888872-project] Calling method 'version_select' {{(pid=110724) _process_stack /opt/stack/cinder/cinder/api/openstack/wsgi.py:868}}
May 27 03:24:48.540035 dv-cinder-828807-4-smb devstack@c-api.service[110724]: INFO cinder.api.openstack.wsgi [None req-fcd91d2f-b2e4-4692-ba30-a1a1259b606b tempest-UserMessagesTest-677888872 tempest-UserMessagesTest-677888872-project] http://10.222.0.61/volume/v3/9408151537f541c0867a79ce63304d85/messages/6989361a-c158-4f8c-baf5-0e8f20023382 returned with HTTP 404
May 27 03:24:48.541102 dv-cinder-828807-4-smb devstack@c-api.service[110724]: [pid: 110724|app: 0|req: 122/239] 10.222.0.61 () {60 vars in 1367 bytes} [Fri May 27 03:24:48 2022] GET /volume/v3/9408151537f541c0867a79ce63304d85/messages/6989361a-c158-4f8c-baf5-0e8f20023382 => generated 110 bytes in 18 msecs (HTTP/1.1 404) 7 headers in 292 bytes (1 switches on core 0)
May 27 03:24:48.549381 dv-cinder-828807-4-smb devstack@c-api.service[110724]: DEBUG cinder.api.middleware.request_id [None req-457c7449-4a1c-4da3-9ef1-90783e0342dc None None] RequestId filter calling following filter/app {{(pid=110724) _context_setter /opt/stack/cinder/cinder/api/middleware/request_id.py:62}}
May 27 03:24:48.553493 dv-cinder-828807-4-smb devstack@c-api.service[110724]: INFO cinder.api.openstack.wsgi [None req-457c7449-4a1c-4da3-9ef1-90783e0342dc tempest-UserMessagesTest-200830147 tempest-UserMessagesTest-200830147-project-admin] POST http://10.222.0.61/volume/v3/e767980babd64ed580708c0a87e6ca10/types
May 27 03:24:48.555091 dv-cinder-828807-4-smb devstack@c-api.service[110724]: DEBUG cinder.api.openstack.wsgi [None req-457c7449-4a1c-4da3-9ef1-90783e0342dc tempest-UserMessagesTest-200830147 tempest-UserMessagesTest-200830147-project-admin] Action: 'create', calling method: _create, body: {"volume_type": {"name": "tempest-UserMessagesTest-volume-type-1182396423", "extra_specs": {"storage_protocol": "tempest-storage_protocol-1485028693", "vendor_name": "tempest-vendor_name-1641343900"}}} {{(pid=110724) _process_stack /opt/stack/cinder/cinder/api/openstack/wsgi.py:866}}
May 27 03:24:48.558524 dv-cinder-828807-4-smb devstack@c-api.service[110725]: INFO cinder.volume.api [None req-ff2376c8-db74-4100-9d18-9994385c11c8 tempest-SnapshotMetadataTestJSON-174512275 tempest-SnapshotMetadataTestJSON-174512275-project] Snapshot delete request issued successfully.
May 27 03:24:48.559107 dv-cinder-828807-4-smb devstack@c-api.service[110725]: INFO cinder.api.openstack.wsgi [None req-ff2376c8-db74-4100-9d18-9994385c11c8 tempest-SnapshotMetadataTestJSON-174512275 tempest-SnapshotMetadataTestJSON-174512275-project] http://10.222.0.61/volume/v3/955f5a89aca3474f9048874e5fa24d9f/snapshots/e2306c40-f0b0-4ad7-85b3-bdb24652d4b7 returned with HTTP 202
May 27 03:24:48.560199 dv-cinder-828807-4-smb devstack@c-api.service[110725]: [pid: 110725|app: 0|req: 118/240] 10.222.0.61 () {58 vars in 1333 bytes} [Fri May 27 03:24:48 2022] DELETE /volume/v3/955f5a89aca3474f9048874e5fa24d9f/snapshots/e2306c40-f0b0-4ad7-85b3-bdb24652d4b7 => generated 0 bytes in 71 msecs (HTTP/1.1 202) 6 headers in 233 bytes (1 switches on core 0)
May 27 03:24:48.566872 dv-cinder-828807-4-smb devstack@c-api.service[110725]: DEBUG cinder.api.middleware.request_id [None req-093d936e-05c7-4bea-b3b9-fdb2a634d0a3 None None] RequestId filter calling following filter/app {{(pid=110725) _context_setter /opt/stack/cinder/cinder/api/middleware/request_id.py:62}}
May 27 03:24:48.574835 dv-cinder-828807-4-smb devstack@c-api.service[110725]: INFO cinder.api.openstack.wsgi [None req-093d936e-05c7-4bea-b3b9-fdb2a634d0a3 tempest-SnapshotMetadataTestJSON-174512275 tempest-SnapshotMetadataTestJSON-174512275-project] GET http://10.222.0.61/volume/v3/955f5a89aca3474f9048874e5fa24d9f/snapshots/e2306c40-f0b0-4ad7-85b3-bdb24652d4b7
May 27 03:24:48.575758 dv-cinder-828807-4-smb devstack@c-api.service[110725]: DEBUG cinder.api.openstack.wsgi [None req-093d936e-05c7-4bea-b3b9-fdb2a634d0a3 tempest-SnapshotMetadataTestJSON-174512275 tempest-SnapshotMetadataTestJSON-174512275-project] Empty body provided in request {{(pid=110725) get_body /opt/stack/cinder/cinder/api/openstack/wsgi.py:715}}
May 27 03:24:48.576632 dv-cinder-828807-4-smb devstack@c-api.service[110725]: DEBUG cinder.api.openstack.wsgi [None req-093d936e-05c7-4bea-b3b9-fdb2a634d0a3 tempest-SnapshotMetadataTestJSON-174512275 tempest-SnapshotMetadataTestJSON-174512275-project] Calling method 'show' {{(pid=110725) _process_stack /opt/stack/cinder/cinder/api/openstack/wsgi.py:868}}
May 27 03:24:48.598125 dv-cinder-828807-4-smb devstack@c-api.service[110725]: /usr/local/lib/python3.8/dist-packages/oslo_context/context.py:100: DeprecationWarning: Policy enforcement is depending on the value of is_admin. This key is deprecated. Please update your policy file to use the standard policy values.
May 27 03:24:48.598125 dv-cinder-828807-4-smb devstack@c-api.service[110725]: warnings.warn('Policy enforcement is depending on the value of '
May 27 03:24:48.599981 dv-cinder-828807-4-smb devstack@c-api.service[110725]: INFO cinder.volume.api [None req-093d936e-05c7-4bea-b3b9-fdb2a634d0a3 tempest-SnapshotMetadataTestJSON-174512275 tempest-SnapshotMetadataTestJSON-174512275-project] Snapshot retrieved successfully.
May 27 03:24:48.602891 dv-cinder-828807-4-smb devstack@c-api.service[110725]: INFO cinder.api.openstack.wsgi [None req-093d936e-05c7-4bea-b3b9-fdb2a634d0a3 tempest-SnapshotMetadataTestJSON-174512275 tempest-SnapshotMetadataTestJSON-174512275-project] http://10.222.0.61/volume/v3/955f5a89aca3474f9048874e5fa24d9f/snapshots/e2306c40-f0b0-4ad7-85b3-bdb24652d4b7 returned with HTTP 200
May 27 03:24:48.604240 dv-cinder-828807-4-smb devstack@c-api.service[110725]: [pid: 110725|app: 0|req: 119/241] 10.222.0.61 () {58 vars in 1330 bytes} [Fri May 27 03:24:48 2022] GET /volume/v3/955f5a89aca3474f9048874e5fa24d9f/snapshots/e2306c40-f0b0-4ad7-85b3-bdb24652d4b7 => generated 469 bytes in 39 msecs (HTTP/1.1 200) 7 headers in 285 bytes (1 switches on core 0)
May 27 03:24:48.605646 dv-cinder-828807-4-smb devstack@c-api.service[110725]: DEBUG cinder.api.middleware.request_id [None req-fd400d03-96e1-4fc1-8d62-4dbf2177d66c None None] RequestId filter calling following filter/app {{(pid=110725) _context_setter /opt/stack/cinder/cinder/api/middleware/request_id.py:62}}
May 27 03:24:48.612786 dv-cinder-828807-4-smb devstack@c-api.service[110725]: INFO cinder.api.openstack.wsgi [None req-fd400d03-96e1-4fc1-8d62-4dbf2177d66c tempest-GroupSnapshotsTest-460977115 tempest-GroupSnapshotsTest-460977115-project] GET http://10.222.0.61/volume/v3/37ff9235e5ed431bb91367c06efc22b5/groups/e31d4512-507f-4acf-aa0c-d6579abb0f0e
May 27 03:24:48.613619 dv-cinder-828807-4-smb devstack@c-api.service[110725]: DEBUG cinder.api.openstack.wsgi [None req-fd400d03-96e1-4fc1-8d62-4dbf2177d66c tempest-GroupSnapshotsTest-460977115 tempest-GroupSnapshotsTest-460977115-project] Empty body provided in request {{(pid=110725) get_body /opt/stack/cinder/cinder/api/openstack/wsgi.py:715}}
May 27 03:24:48.617267 dv-cinder-828807-4-smb devstack@c-api.service[110725]: DEBUG cinder.api.openstack.wsgi [None req-fd400d03-96e1-4fc1-8d62-4dbf2177d66c tempest-GroupSnapshotsTest-460977115 tempest-GroupSnapshotsTest-460977115-project] Calling method 'version_select' {{(pid=110725) _process_stack /opt/stack/cinder/cinder/api/openstack/wsgi.py:868}}
May 27 03:24:48.617267 dv-cinder-828807-4-smb devstack@c-api.service[110725]: DEBUG cinder.api.v3.groups [None req-fd400d03-96e1-4fc1-8d62-4dbf2177d66c tempest-GroupSnapshotsTest-460977115 tempest-GroupSnapshotsTest-460977115-project] show called for member e31d4512-507f-4acf-aa0c-d6579abb0f0e {{(pid=110725) show /opt/stack/cinder/cinder/api/v3/groups.py:58}}
May 27 03:24:48.619165 dv-cinder-828807-4-smb devstack@c-api.service[110724]: INFO cinder.api.openstack.wsgi [None req-457c7449-4a1c-4da3-9ef1-90783e0342dc tempest-UserMessagesTest-200830147 tempest-UserMessagesTest-200830147-project-admin] http://10.222.0.61/volume/v3/e767980babd64ed580708c0a87e6ca10/types returned with HTTP 200
May 27 03:24:48.625049 dv-cinder-828807-4-smb devstack@c-api.service[110725]: /usr/local/lib/python3.8/dist-packages/oslo_context/context.py:100: DeprecationWarning: Policy enforcement is depending on the value of is_admin. This key is deprecated. Please update your policy file to use the standard policy values.
May 27 03:24:48.625049 dv-cinder-828807-4-smb devstack@c-api.service[110725]: warnings.warn('Policy enforcement is depending on the value of '
May 27 03:24:48.626415 dv-cinder-828807-4-smb devstack@c-api.service[110724]: [pid: 110724|app: 0|req: 123/242] 10.222.0.61 () {60 vars in 1229 bytes} [Fri May 27 03:24:48 2022] POST /volume/v3/e767980babd64ed580708c0a87e6ca10/types => generated 328 bytes in 78 msecs (HTTP/1.1 200) 7 headers in 285 bytes (1 switches on core 0)
May 27 03:24:48.628236 dv-cinder-828807-4-smb devstack@c-api.service[110724]: DEBUG cinder.api.middleware.request_id [None req-3fc7ffc1-8a0d-4f05-bcce-0d0d92551e9c None None] RequestId filter calling following filter/app {{(pid=110724) _context_setter /opt/stack/cinder/cinder/api/middleware/request_id.py:62}}
May 27 03:24:48.632557 dv-cinder-828807-4-smb devstack@c-api.service[110724]: INFO cinder.api.openstack.wsgi [None req-3fc7ffc1-8a0d-4f05-bcce-0d0d92551e9c tempest-UserMessagesTest-677888872 tempest-UserMessagesTest-677888872-project] POST http://10.222.0.61/volume/v3/9408151537f541c0867a79ce63304d85/volumes
May 27 03:24:48.633322 dv-cinder-828807-4-smb devstack@c-api.service[110724]: DEBUG cinder.api.openstack.wsgi [None req-3fc7ffc1-8a0d-4f05-bcce-0d0d92551e9c tempest-UserMessagesTest-677888872 tempest-UserMessagesTest-677888872-project] Action: 'create', calling method: create, body: {"volume": {"volume_type": "57a45977-a259-4ba3-84d0-206cc705c4b8", "size": 1, "name": "tempest-UserMessagesTest-Volume-970774223"}} {{(pid=110724) _process_stack /opt/stack/cinder/cinder/api/openstack/wsgi.py:866}}
May 27 03:24:48.634450 dv-cinder-828807-4-smb devstack@c-api.service[110724]: DEBUG cinder.api.v3.volumes [None req-3fc7ffc1-8a0d-4f05-bcce-0d0d92551e9c tempest-UserMessagesTest-677888872 tempest-UserMessagesTest-677888872-project] Create volume request body: {'volume': {'volume_type': '57a45977-a259-4ba3-84d0-206cc705c4b8', 'size': 1, 'name': 'tempest-UserMessagesTest-Volume-970774223'}} {{(pid=110724) create /opt/stack/cinder/cinder/api/v3/volumes.py:298}}
May 27 03:24:48.644558 dv-cinder-828807-4-smb devstack@c-api.service[110724]: INFO cinder.api.v3.volumes [None req-3fc7ffc1-8a0d-4f05-bcce-0d0d92551e9c tempest-UserMessagesTest-677888872 tempest-UserMessagesTest-677888872-project] Create volume of 1 GB
May 27 03:24:48.645400 dv-cinder-828807-4-smb devstack@c-api.service[110724]: /usr/local/lib/python3.8/dist-packages/oslo_context/context.py:100: DeprecationWarning: Policy enforcement is depending on the value of is_admin. This key is deprecated. Please update your policy file to use the standard policy values.
May 27 03:24:48.645400 dv-cinder-828807-4-smb devstack@c-api.service[110724]: warnings.warn('Policy enforcement is depending on the value of '
May 27 03:24:48.647123 dv-cinder-828807-4-smb devstack@c-api.service[110724]: INFO cinder.volume.api [None req-3fc7ffc1-8a0d-4f05-bcce-0d0d92551e9c tempest-UserMessagesTest-677888872 tempest-UserMessagesTest-677888872-project] Availability Zones retrieved successfully.
May 27 03:24:48.658307 dv-cinder-828807-4-smb devstack@c-api.service[110725]: INFO cinder.api.openstack.wsgi [None req-fd400d03-96e1-4fc1-8d62-4dbf2177d66c tempest-GroupSnapshotsTest-460977115 tempest-GroupSnapshotsTest-460977115-project] http://10.222.0.61/volume/v3/37ff9235e5ed431bb91367c06efc22b5/groups/e31d4512-507f-4acf-aa0c-d6579abb0f0e returned with HTTP 200
May 27 03:24:48.665176 dv-cinder-828807-4-smb devstack@c-api.service[110725]: [pid: 110725|app: 0|req: 120/243] 10.222.0.61 () {60 vars in 1362 bytes} [Fri May 27 03:24:48 2022] GET /volume/v3/37ff9235e5ed431bb91367c06efc22b5/groups/e31d4512-507f-4acf-aa0c-d6579abb0f0e => generated 393 bytes in 61 msecs (HTTP/1.1 200) 7 headers in 286 bytes (1 switches on core 0)
May 27 03:24:48.666955 dv-cinder-828807-4-smb devstack@c-api.service[110725]: DEBUG cinder.api.middleware.request_id [None req-e258ab73-d0f1-480c-9d18-adf6e79191fa None None] RequestId filter calling following filter/app {{(pid=110725) _context_setter /opt/stack/cinder/cinder/api/middleware/request_id.py:62}}
May 27 03:24:48.671119 dv-cinder-828807-4-smb devstack@c-api.service[110725]: INFO cinder.api.openstack.wsgi [None req-e258ab73-d0f1-480c-9d18-adf6e79191fa tempest-GroupSnapshotsTest-460977115 tempest-GroupSnapshotsTest-460977115-project] PUT http://10.222.0.61/volume/v3/37ff9235e5ed431bb91367c06efc22b5/groups/e31d4512-507f-4acf-aa0c-d6579abb0f0e
May 27 03:24:48.673393 dv-cinder-828807-4-smb devstack@c-api.service[110725]: DEBUG cinder.api.openstack.wsgi [None req-e258ab73-d0f1-480c-9d18-adf6e79191fa tempest-GroupSnapshotsTest-460977115 tempest-GroupSnapshotsTest-460977115-project] Action: 'update', calling method: version_select, body: {"group": {"remove_volumes": "11fc2f21-9a44-4bfc-ae66-9c5395764531"}} {{(pid=110725) _process_stack /opt/stack/cinder/cinder/api/openstack/wsgi.py:866}}
May 27 03:24:48.673393 dv-cinder-828807-4-smb devstack@c-api.service[110725]: DEBUG cinder.api.v3.groups [None req-e258ab73-d0f1-480c-9d18-adf6e79191fa tempest-GroupSnapshotsTest-460977115 tempest-GroupSnapshotsTest-460977115-project] Update called for group e31d4512-507f-4acf-aa0c-d6579abb0f0e. {{(pid=110725) update /opt/stack/cinder/cinder/api/v3/groups.py:302}}
May 27 03:24:48.673649 dv-cinder-828807-4-smb devstack@c-api.service[110725]: INFO cinder.api.v3.groups [None req-e258ab73-d0f1-480c-9d18-adf6e79191fa tempest-GroupSnapshotsTest-460977115 tempest-GroupSnapshotsTest-460977115-project] Updating group e31d4512-507f-4acf-aa0c-d6579abb0f0e with name None description: None add_volumes: None remove_volumes: 11fc2f21-9a44-4bfc-ae66-9c5395764531.
May 27 03:24:48.679879 dv-cinder-828807-4-smb devstack@c-api.service[110725]: /usr/local/lib/python3.8/dist-packages/oslo_context/context.py:100: DeprecationWarning: Policy enforcement is depending on the value of is_admin. This key is deprecated. Please update your policy file to use the standard policy values.
May 27 03:24:48.679879 dv-cinder-828807-4-smb devstack@c-api.service[110725]: warnings.warn('Policy enforcement is depending on the value of '
May 27 03:24:48.684881 dv-cinder-828807-4-smb devstack@c-api.service[110724]: DEBUG cinder.volume.api [None req-3fc7ffc1-8a0d-4f05-bcce-0d0d92551e9c tempest-UserMessagesTest-677888872 tempest-UserMessagesTest-677888872-project] Flow 'volume_create_api' (e2aeeb00-247c-48bf-b49f-963bea6affb9) transitioned into state 'RUNNING' from state 'PENDING' {{(pid=110724) _flow_receiver /usr/local/lib/python3.8/dist-packages/taskflow/listeners/logging.py:141}}
May 27 03:24:48.687544 dv-cinder-828807-4-smb devstack@c-api.service[110724]: DEBUG cinder.volume.api [None req-3fc7ffc1-8a0d-4f05-bcce-0d0d92551e9c tempest-UserMessagesTest-677888872 tempest-UserMessagesTest-677888872-project] Task 'cinder.volume.flows.api.create_volume.ExtractVolumeRequestTask;volume:create' (b2b63935-2a5b-4ae5-abff-f3c16dd206ed) transitioned into state 'RUNNING' from state 'PENDING' {{(pid=110724) _task_receiver /usr/local/lib/python3.8/dist-packages/taskflow/listeners/logging.py:190}}
May 27 03:24:48.692053 dv-cinder-828807-4-smb devstack@c-api.service[110724]: DEBUG cinder.volume.flows.api.create_volume [None req-3fc7ffc1-8a0d-4f05-bcce-0d0d92551e9c tempest-UserMessagesTest-677888872 tempest-UserMessagesTest-677888872-project] Validating volume size '1' using validate_int {{(pid=110724) _extract_size /opt/stack/cinder/cinder/volume/flows/api/create_volume.py:228}}
May 27 03:24:48.715901 dv-cinder-828807-4-smb devstack@c-api.service[110725]: INFO cinder.api.openstack.wsgi [None req-e258ab73-d0f1-480c-9d18-adf6e79191fa tempest-GroupSnapshotsTest-460977115 tempest-GroupSnapshotsTest-460977115-project] http://10.222.0.61/volume/v3/37ff9235e5ed431bb91367c06efc22b5/groups/e31d4512-507f-4acf-aa0c-d6579abb0f0e returned with HTTP 202
May 27 03:24:48.718254 dv-cinder-828807-4-smb devstack@c-api.service[110725]: [pid: 110725|app: 0|req: 121/244] 10.222.0.61 () {62 vars in 1382 bytes} [Fri May 27 03:24:48 2022] PUT /volume/v3/37ff9235e5ed431bb91367c06efc22b5/groups/e31d4512-507f-4acf-aa0c-d6579abb0f0e => generated 0 bytes in 53 msecs (HTTP/1.1 202) 6 headers in 234 bytes (1 switches on core 0)
May 27 03:24:48.723008 dv-cinder-828807-4-smb devstack@c-api.service[110725]: DEBUG cinder.api.middleware.request_id [None req-cfe9f456-f3e4-47cc-a0de-4fe475fd0f77 None None] RequestId filter calling following filter/app {{(pid=110725) _context_setter /opt/stack/cinder/cinder/api/middleware/request_id.py:62}}
May 27 03:24:48.727457 dv-cinder-828807-4-smb devstack@c-api.service[110725]: INFO cinder.api.openstack.wsgi [None req-cfe9f456-f3e4-47cc-a0de-4fe475fd0f77 tempest-GroupSnapshotsTest-460977115 tempest-GroupSnapshotsTest-460977115-project] GET http://10.222.0.61/volume/v3/37ff9235e5ed431bb91367c06efc22b5/groups/e31d4512-507f-4acf-aa0c-d6579abb0f0e
May 27 03:24:48.740469 dv-cinder-828807-4-smb devstack@c-api.service[110725]: DEBUG cinder.api.openstack.wsgi [None req-cfe9f456-f3e4-47cc-a0de-4fe475fd0f77 tempest-GroupSnapshotsTest-460977115 tempest-GroupSnapshotsTest-460977115-project] Empty body provided in request {{(pid=110725) get_body /opt/stack/cinder/cinder/api/openstack/wsgi.py:715}}
May 27 03:24:48.740729 dv-cinder-828807-4-smb devstack@c-api.service[110724]: DEBUG cinder.volume.api [None req-3fc7ffc1-8a0d-4f05-bcce-0d0d92551e9c tempest-UserMessagesTest-677888872 tempest-UserMessagesTest-677888872-project] Task 'cinder.volume.flows.api.create_volume.ExtractVolumeRequestTask;volume:create' (b2b63935-2a5b-4ae5-abff-f3c16dd206ed) transitioned into state 'SUCCESS' from state 'RUNNING' with result '{'size': 1, 'snapshot_id': None, 'source_volid': None, 'volume_type': VolumeType(created_at=2022-05-27T03:24:49Z,deleted=False,deleted_at=None,description=None,extra_specs={storage_protocol='tempest-storage_protocol-1485028693',vendor_name='tempest-vendor_name-1641343900'},id=57a45977-a259-4ba3-84d0-206cc705c4b8,is_public=True,name='tempest-UserMessagesTest-volume-type-1182396423',projects=[],qos_specs=,qos_specs_id=None,updated_at=None), 'volume_type_id': '57a45977-a259-4ba3-84d0-206cc705c4b8', 'encryption_key_id': None, 'qos_specs': None, 'consistencygroup_id': None, 'cgsnapshot_id': None, 'group_id': None, 'replication_status': 'disabled', 'refresh_az': False, 'backup_id': None, 'multiattach': False, 'availability_zones': ['nova']}' {{(pid=110724) _task_receiver /usr/local/lib/python3.8/dist-packages/taskflow/listeners/logging.py:178}}
May 27 03:24:48.742413 dv-cinder-828807-4-smb devstack@c-api.service[110725]: DEBUG cinder.api.openstack.wsgi [None req-cfe9f456-f3e4-47cc-a0de-4fe475fd0f77 tempest-GroupSnapshotsTest-460977115 tempest-GroupSnapshotsTest-460977115-project] Calling method 'version_select' {{(pid=110725) _process_stack /opt/stack/cinder/cinder/api/openstack/wsgi.py:868}}
May 27 03:24:48.743904 dv-cinder-828807-4-smb devstack@c-api.service[110725]: DEBUG cinder.api.v3.groups [None req-cfe9f456-f3e4-47cc-a0de-4fe475fd0f77 tempest-GroupSnapshotsTest-460977115 tempest-GroupSnapshotsTest-460977115-project] show called for member e31d4512-507f-4acf-aa0c-d6579abb0f0e {{(pid=110725) show /opt/stack/cinder/cinder/api/v3/groups.py:58}}
May 27 03:24:48.745429 dv-cinder-828807-4-smb devstack@c-api.service[110724]: DEBUG cinder.volume.api [None req-3fc7ffc1-8a0d-4f05-bcce-0d0d92551e9c tempest-UserMessagesTest-677888872 tempest-UserMessagesTest-677888872-project] Task 'cinder.volume.flows.api.create_volume.QuotaReserveTask;volume:create' (628087d3-40e1-47bb-9925-307134206612) transitioned into state 'RUNNING' from state 'PENDING' {{(pid=110724) _task_receiver /usr/local/lib/python3.8/dist-packages/taskflow/listeners/logging.py:190}}
May 27 03:24:48.756868 dv-cinder-828807-4-smb devstack@c-api.service[110725]: /usr/local/lib/python3.8/dist-packages/oslo_context/context.py:100: DeprecationWarning: Policy enforcement is depending on the value of is_admin. This key is deprecated. Please update your policy file to use the standard policy values.
May 27 03:24:48.756868 dv-cinder-828807-4-smb devstack@c-api.service[110725]: warnings.warn('Policy enforcement is depending on the value of '
May 27 03:24:48.800609 dv-cinder-828807-4-smb devstack@c-api.service[110725]: INFO cinder.api.openstack.wsgi [None req-cfe9f456-f3e4-47cc-a0de-4fe475fd0f77 tempest-GroupSnapshotsTest-460977115 tempest-GroupSnapshotsTest-460977115-project] http://10.222.0.61/volume/v3/37ff9235e5ed431bb91367c06efc22b5/groups/e31d4512-507f-4acf-aa0c-d6579abb0f0e returned with HTTP 200
May 27 03:24:48.802177 dv-cinder-828807-4-smb devstack@c-api.service[110725]: [pid: 110725|app: 0|req: 122/245] 10.222.0.61 () {60 vars in 1362 bytes} [Fri May 27 03:24:48 2022] GET /volume/v3/37ff9235e5ed431bb91367c06efc22b5/groups/e31d4512-507f-4acf-aa0c-d6579abb0f0e => generated 392 bytes in 80 msecs (HTTP/1.1 200) 7 headers in 286 bytes (2 switches on core 0)
May 27 03:24:48.806547 dv-cinder-828807-4-smb devstack@c-api.service[110724]: WARNING cinder.quota [None req-3fc7ffc1-8a0d-4f05-bcce-0d0d92551e9c tempest-UserMessagesTest-677888872 tempest-UserMessagesTest-677888872-project] Deprecated: Default quota for resource: volumes_tempest-UserMessagesTest-volume-type-1182396423 is set by the default quota flag: quota_volumes_tempest-UserMessagesTest-volume-type-1182396423, it is now deprecated. Please use the default quota class for default quota.
May 27 03:24:48.807734 dv-cinder-828807-4-smb devstack@c-api.service[110724]: WARNING cinder.quota [None req-3fc7ffc1-8a0d-4f05-bcce-0d0d92551e9c tempest-UserMessagesTest-677888872 tempest-UserMessagesTest-677888872-project] Deprecated: Default quota for resource: gigabytes_tempest-UserMessagesTest-volume-type-1182396423 is set by the default quota flag: quota_gigabytes_tempest-UserMessagesTest-volume-type-1182396423, it is now deprecated. Please use the default quota class for default quota.
May 27 03:24:48.877449 dv-cinder-828807-4-smb devstack@c-api.service[110724]: DEBUG cinder.quota [None req-3fc7ffc1-8a0d-4f05-bcce-0d0d92551e9c tempest-UserMessagesTest-677888872 tempest-UserMessagesTest-677888872-project] Created reservations ['7cdc4ab9-0bea-4840-a2e0-003b3094a64c', '2b6938aa-9a17-460a-b70e-b4cc155f9bf3', '67a4921a-8bee-4294-9952-f3d7c4f07f3e', '0423f297-b8e4-4c10-b562-1c1432ba0745'] {{(pid=110724) reserve /opt/stack/cinder/cinder/quota.py:755}}
May 27 03:24:48.882556 dv-cinder-828807-4-smb devstack@c-api.service[110724]: DEBUG cinder.volume.api [None req-3fc7ffc1-8a0d-4f05-bcce-0d0d92551e9c tempest-UserMessagesTest-677888872 tempest-UserMessagesTest-677888872-project] Task 'cinder.volume.flows.api.create_volume.QuotaReserveTask;volume:create' (628087d3-40e1-47bb-9925-307134206612) transitioned into state 'SUCCESS' from state 'RUNNING' with result '{'reservations': ['7cdc4ab9-0bea-4840-a2e0-003b3094a64c', '2b6938aa-9a17-460a-b70e-b4cc155f9bf3', '67a4921a-8bee-4294-9952-f3d7c4f07f3e', '0423f297-b8e4-4c10-b562-1c1432ba0745']}' {{(pid=110724) _task_receiver /usr/local/lib/python3.8/dist-packages/taskflow/listeners/logging.py:178}}
May 27 03:24:48.887548 dv-cinder-828807-4-smb devstack@c-api.service[110724]: DEBUG cinder.volume.api [None req-3fc7ffc1-8a0d-4f05-bcce-0d0d92551e9c tempest-UserMessagesTest-677888872 tempest-UserMessagesTest-677888872-project] Task 'cinder.volume.flows.api.create_volume.EntryCreateTask;volume:create' (a1dd85ef-3495-414a-a313-98df73799ace) transitioned into state 'RUNNING' from state 'PENDING' {{(pid=110724) _task_receiver /usr/local/lib/python3.8/dist-packages/taskflow/listeners/logging.py:190}}
May 27 03:24:48.936242 dv-cinder-828807-4-smb devstack@c-api.service[110724]: DEBUG cinder.volume.api [None req-3fc7ffc1-8a0d-4f05-bcce-0d0d92551e9c tempest-UserMessagesTest-677888872 tempest-UserMessagesTest-677888872-project] Task 'cinder.volume.flows.api.create_volume.EntryCreateTask;volume:create' (a1dd85ef-3495-414a-a313-98df73799ace) transitioned into state 'SUCCESS' from state 'RUNNING' with result '{'volume_id': 'a233cfa8-f18b-4249-b31f-65aa6d9691c1', 'volume_properties': VolumeProperties(attach_status='detached',availability_zone='nova',cgsnapshot_id=None,consistencygroup_id=None,display_description=None,display_name='tempest-UserMessagesTest-Volume-970774223',encryption_key_id=None,group_id=None,group_type_id=,metadata={},multiattach=False,project_id='9408151537f541c0867a79ce63304d85',qos_specs=None,replication_status=,reservations=['7cdc4ab9-0bea-4840-a2e0-003b3094a64c','2b6938aa-9a17-460a-b70e-b4cc155f9bf3','67a4921a-8bee-4294-9952-f3d7c4f07f3e','0423f297-b8e4-4c10-b562-1c1432ba0745'],size=1,snapshot_id=None,source_replicaid=,source_volid=None,status='creating',user_id='1eb728cdc8434369a08e1dfdae9cac14',volume_type_id=57a45977-a259-4ba3-84d0-206cc705c4b8), 'volume': Volume(_name_id=None,admin_metadata=,attach_status='detached',availability_zone='nova',bootable=False,cluster=,cluster_name=None,consistencygroup=,consistencygroup_id=None,created_at=2022-05-27T03:24:48Z,deleted=False,deleted_at=None,display_description=None,display_name='tempest-UserMessagesTest-Volume-970774223',ec2_id=None,encryption_key_id=None,glance_metadata=,group=,group_id=None,host=None,id=a233cfa8-f18b-4249-b31f-65aa6d9691c1,launched_at=None,metadata={},migration_status=None,multiattach=False,previous_status=None,project_id='9408151537f541c0867a79ce63304d85',provider_auth=None,provider_geometry=None,provider_id=None,provider_location=None,replication_driver_data=None,replication_extended_status=None,replication_status=None,scheduled_at=None,service_uuid=None,shared_targets=True,size=1,snapshot_id=None,snapshots=,source_volid=None,status='creating',terminated_at=None,updated_at=None,use_quota=True,user_id='1eb728cdc8434369a08e1dfdae9cac14',volume_attachment=VolumeAttachmentList,volume_type=VolumeType(57a45977-a259-4ba3-84d0-206cc705c4b8),volume_type_id=57a45977-a259-4ba3-84d0-206cc705c4b8)}' {{(pid=110724) _task_receiver /usr/local/lib/python3.8/dist-packages/taskflow/listeners/logging.py:178}}
May 27 03:24:48.940727 dv-cinder-828807-4-smb devstack@c-api.service[110724]: DEBUG cinder.volume.api [None req-3fc7ffc1-8a0d-4f05-bcce-0d0d92551e9c tempest-UserMessagesTest-677888872 tempest-UserMessagesTest-677888872-project] Task 'cinder.volume.flows.api.create_volume.QuotaCommitTask;volume:create' (bec5b564-c9b2-47a7-8052-d31553382d16) transitioned into state 'RUNNING' from state 'PENDING' {{(pid=110724) _task_receiver /usr/local/lib/python3.8/dist-packages/taskflow/listeners/logging.py:190}}
May 27 03:24:48.993640 dv-cinder-828807-4-smb devstack@c-api.service[110724]: DEBUG cinder.volume.api [None req-3fc7ffc1-8a0d-4f05-bcce-0d0d92551e9c tempest-UserMessagesTest-677888872 tempest-UserMessagesTest-677888872-project] Task 'cinder.volume.flows.api.create_volume.QuotaCommitTask;volume:create' (bec5b564-c9b2-47a7-8052-d31553382d16) transitioned into state 'SUCCESS' from state 'RUNNING' with result '{'volume_properties': VolumeProperties(attach_status='detached',availability_zone='nova',cgsnapshot_id=None,consistencygroup_id=None,display_description=None,display_name='tempest-UserMessagesTest-Volume-970774223',encryption_key_id=None,group_id=None,group_type_id=,metadata={},multiattach=False,project_id='9408151537f541c0867a79ce63304d85',qos_specs=None,replication_status=,reservations=['7cdc4ab9-0bea-4840-a2e0-003b3094a64c','2b6938aa-9a17-460a-b70e-b4cc155f9bf3','67a4921a-8bee-4294-9952-f3d7c4f07f3e','0423f297-b8e4-4c10-b562-1c1432ba0745'],size=1,snapshot_id=None,source_replicaid=,source_volid=None,status='creating',user_id='1eb728cdc8434369a08e1dfdae9cac14',volume_type_id=57a45977-a259-4ba3-84d0-206cc705c4b8)}' {{(pid=110724) _task_receiver /usr/local/lib/python3.8/dist-packages/taskflow/listeners/logging.py:178}}
May 27 03:24:49.001023 dv-cinder-828807-4-smb devstack@c-api.service[110724]: DEBUG cinder.volume.api [None req-3fc7ffc1-8a0d-4f05-bcce-0d0d92551e9c tempest-UserMessagesTest-677888872 tempest-UserMessagesTest-677888872-project] Task 'cinder.volume.flows.api.create_volume.VolumeCastTask;volume:create' (f8745a71-1662-4ecb-a161-7fe5eac8e4e6) transitioned into state 'RUNNING' from state 'PENDING' {{(pid=110724) _task_receiver /usr/local/lib/python3.8/dist-packages/taskflow/listeners/logging.py:190}}
May 27 03:24:49.054078 dv-cinder-828807-4-smb devstack@c-api.service[110724]: DEBUG cinder.volume.api [None req-3fc7ffc1-8a0d-4f05-bcce-0d0d92551e9c tempest-UserMessagesTest-677888872 tempest-UserMessagesTest-677888872-project] Task 'cinder.volume.flows.api.create_volume.VolumeCastTask;volume:create' (f8745a71-1662-4ecb-a161-7fe5eac8e4e6) transitioned into state 'SUCCESS' from state 'RUNNING' with result 'None' {{(pid=110724) _task_receiver /usr/local/lib/python3.8/dist-packages/taskflow/listeners/logging.py:178}}
May 27 03:24:49.061207 dv-cinder-828807-4-smb devstack@c-api.service[110724]: DEBUG cinder.volume.api [None req-3fc7ffc1-8a0d-4f05-bcce-0d0d92551e9c tempest-UserMessagesTest-677888872 tempest-UserMessagesTest-677888872-project] Flow 'volume_create_api' (e2aeeb00-247c-48bf-b49f-963bea6affb9) transitioned into state 'SUCCESS' from state 'RUNNING' {{(pid=110724) _flow_receiver /usr/local/lib/python3.8/dist-packages/taskflow/listeners/logging.py:141}}
May 27 03:24:49.062868 dv-cinder-828807-4-smb devstack@c-api.service[110724]: INFO cinder.volume.api [None req-3fc7ffc1-8a0d-4f05-bcce-0d0d92551e9c tempest-UserMessagesTest-677888872 tempest-UserMessagesTest-677888872-project] Create volume request issued successfully.
May 27 03:24:49.066106 dv-cinder-828807-4-smb devstack@c-api.service[110724]: INFO cinder.api.openstack.wsgi [None req-3fc7ffc1-8a0d-4f05-bcce-0d0d92551e9c tempest-UserMessagesTest-677888872 tempest-UserMessagesTest-677888872-project] http://10.222.0.61/volume/v3/9408151537f541c0867a79ce63304d85/volumes returned with HTTP 202
May 27 03:24:49.067571 dv-cinder-828807-4-smb devstack@c-api.service[110724]: [pid: 110724|app: 0|req: 124/246] 10.222.0.61 () {62 vars in 1275 bytes} [Fri May 27 03:24:48 2022] POST /volume/v3/9408151537f541c0867a79ce63304d85/volumes => generated 851 bytes in 440 msecs (HTTP/1.1 202) 7 headers in 291 bytes (1 switches on core 0)
May 27 03:24:49.089146 dv-cinder-828807-4-smb devstack@c-api.service[110725]: DEBUG cinder.api.middleware.request_id [None req-aa78a10d-0e1f-4d0a-a775-903a67bc2765 None None] RequestId filter calling following filter/app {{(pid=110725) _context_setter /opt/stack/cinder/cinder/api/middleware/request_id.py:62}}
May 27 03:24:49.098049 dv-cinder-828807-4-smb devstack@c-api.service[110725]: INFO cinder.api.openstack.wsgi [None req-aa78a10d-0e1f-4d0a-a775-903a67bc2765 tempest-UserMessagesTest-677888872 tempest-UserMessagesTest-677888872-project] GET http://10.222.0.61/volume/v3/9408151537f541c0867a79ce63304d85/volumes/a233cfa8-f18b-4249-b31f-65aa6d9691c1
May 27 03:24:49.098903 dv-cinder-828807-4-smb devstack@c-api.service[110725]: DEBUG cinder.api.openstack.wsgi [None req-aa78a10d-0e1f-4d0a-a775-903a67bc2765 tempest-UserMessagesTest-677888872 tempest-UserMessagesTest-677888872-project] Empty body provided in request {{(pid=110725) get_body /opt/stack/cinder/cinder/api/openstack/wsgi.py:715}}
May 27 03:24:49.099591 dv-cinder-828807-4-smb devstack@c-api.service[110725]: DEBUG cinder.api.openstack.wsgi [None req-aa78a10d-0e1f-4d0a-a775-903a67bc2765 tempest-UserMessagesTest-677888872 tempest-UserMessagesTest-677888872-project] Calling method 'show' {{(pid=110725) _process_stack /opt/stack/cinder/cinder/api/openstack/wsgi.py:868}}
May 27 03:24:49.139262 dv-cinder-828807-4-smb devstack@c-api.service[110725]: /usr/local/lib/python3.8/dist-packages/oslo_context/context.py:100: DeprecationWarning: Policy enforcement is depending on the value of is_admin. This key is deprecated. Please update your policy file to use the standard policy values.
May 27 03:24:49.139262 dv-cinder-828807-4-smb devstack@c-api.service[110725]: warnings.warn('Policy enforcement is depending on the value of '
May 27 03:24:49.156478 dv-cinder-828807-4-smb devstack@c-api.service[110724]: DEBUG cinder.api.middleware.request_id [None req-4e6cfbe1-738c-49a0-9413-8ba7e56f5969 None None] RequestId filter calling following filter/app {{(pid=110724) _context_setter /opt/stack/cinder/cinder/api/middleware/request_id.py:62}}
May 27 03:24:49.169237 dv-cinder-828807-4-smb devstack@c-api.service[110725]: INFO cinder.volume.api [None req-aa78a10d-0e1f-4d0a-a775-903a67bc2765 tempest-UserMessagesTest-677888872 tempest-UserMessagesTest-677888872-project] Volume info retrieved successfully.
May 27 03:24:49.180998 dv-cinder-828807-4-smb devstack@c-api.service[110725]: DEBUG dbcounter [-] [110725] Writing DB stats cinder:SELECT=89,cinder:UPDATE=9,cinder:INSERT=2 {{(pid=110725) stat_writer /usr/local/lib/python3.8/dist-packages/dbcounter.py:114}}
May 27 03:24:49.189777 dv-cinder-828807-4-smb devstack@c-api.service[110725]: INFO cinder.api.openstack.wsgi [None req-aa78a10d-0e1f-4d0a-a775-903a67bc2765 tempest-UserMessagesTest-677888872 tempest-UserMessagesTest-677888872-project] http://10.222.0.61/volume/v3/9408151537f541c0867a79ce63304d85/volumes/a233cfa8-f18b-4249-b31f-65aa6d9691c1 returned with HTTP 200
May 27 03:24:49.193612 dv-cinder-828807-4-smb devstack@c-api.service[110725]: [pid: 110725|app: 0|req: 123/247] 10.222.0.61 () {60 vars in 1364 bytes} [Fri May 27 03:24:49 2022] GET /volume/v3/9408151537f541c0867a79ce63304d85/volumes/a233cfa8-f18b-4249-b31f-65aa6d9691c1 => generated 919 bytes in 106 msecs (HTTP/1.1 200) 7 headers in 285 bytes (1 switches on core 0)
May 27 03:24:49.353437 dv-cinder-828807-4-smb devstack@c-api.service[110724]: INFO cinder.api.openstack.wsgi [None req-4e6cfbe1-738c-49a0-9413-8ba7e56f5969 tempest-GroupSnapshotsV319Test-1140624422 tempest-GroupSnapshotsV319Test-1140624422-project-admin] POST http://10.222.0.61/volume/v3/adfc689c995848a19ef1561ec8aff831/types
May 27 03:24:49.357649 dv-cinder-828807-4-smb devstack@c-api.service[110724]: DEBUG cinder.api.openstack.wsgi [None req-4e6cfbe1-738c-49a0-9413-8ba7e56f5969 tempest-GroupSnapshotsV319Test-1140624422 tempest-GroupSnapshotsV319Test-1140624422-project-admin] Action: 'create', calling method: _create, body: {"volume_type": {"name": "tempest-GroupSnapshotsV319Test-volume-type-419842126"}} {{(pid=110724) _process_stack /opt/stack/cinder/cinder/api/openstack/wsgi.py:866}}
May 27 03:24:49.366929 dv-cinder-828807-4-smb devstack@c-api.service[110724]: /usr/local/lib/python3.8/dist-packages/oslo_context/context.py:100: DeprecationWarning: Policy enforcement is depending on the value of is_admin. This key is deprecated. Please update your policy file to use the standard policy values.
May 27 03:24:49.366929 dv-cinder-828807-4-smb devstack@c-api.service[110724]: warnings.warn('Policy enforcement is depending on the value of '
May 27 03:24:49.411324 dv-cinder-828807-4-smb devstack@c-api.service[110724]: DEBUG dbcounter [-] [110724] Writing DB stats cinder:INSERT=13,cinder:SELECT=71,cinder:UPDATE=16 {{(pid=110724) stat_writer /usr/local/lib/python3.8/dist-packages/dbcounter.py:114}}
May 27 03:24:49.446654 dv-cinder-828807-4-smb devstack@c-api.service[110724]: INFO cinder.api.openstack.wsgi [None req-4e6cfbe1-738c-49a0-9413-8ba7e56f5969 tempest-GroupSnapshotsV319Test-1140624422 tempest-GroupSnapshotsV319Test-1140624422-project-admin] http://10.222.0.61/volume/v3/adfc689c995848a19ef1561ec8aff831/types returned with HTTP 200
May 27 03:24:49.449383 dv-cinder-828807-4-smb devstack@c-api.service[110724]: [pid: 110724|app: 0|req: 125/248] 10.222.0.61 () {60 vars in 1228 bytes} [Fri May 27 03:24:49 2022] POST /volume/v3/adfc689c995848a19ef1561ec8aff831/types => generated 227 bytes in 295 msecs (HTTP/1.1 200) 7 headers in 285 bytes (1 switches on core 0)
May 27 03:24:49.457380 dv-cinder-828807-4-smb devstack@c-api.service[110725]: DEBUG cinder.api.middleware.request_id [None req-c819e7c0-1441-47ea-a058-eb5b7a49ac46 None None] RequestId filter calling following filter/app {{(pid=110725) _context_setter /opt/stack/cinder/cinder/api/middleware/request_id.py:62}}
May 27 03:24:49.461870 dv-cinder-828807-4-smb devstack@c-api.service[110725]: INFO cinder.api.openstack.wsgi [None req-c819e7c0-1441-47ea-a058-eb5b7a49ac46 tempest-GroupSnapshotsV319Test-1140624422 tempest-GroupSnapshotsV319Test-1140624422-project-admin] POST http://10.222.0.61/volume/v3/adfc689c995848a19ef1561ec8aff831/group_types
May 27 03:24:49.462698 dv-cinder-828807-4-smb devstack@c-api.service[110725]: DEBUG cinder.api.openstack.wsgi [None req-c819e7c0-1441-47ea-a058-eb5b7a49ac46 tempest-GroupSnapshotsV319Test-1140624422 tempest-GroupSnapshotsV319Test-1140624422-project-admin] Action: 'create', calling method: version_select, body: {"group_type": {"name": "tempest-GroupSnapshotsV319Test-group-type-846404600"}} {{(pid=110725) _process_stack /opt/stack/cinder/cinder/api/openstack/wsgi.py:866}}
May 27 03:24:49.498999 dv-cinder-828807-4-smb devstack@c-api.service[110725]: INFO cinder.api.openstack.wsgi [None req-c819e7c0-1441-47ea-a058-eb5b7a49ac46 tempest-GroupSnapshotsV319Test-1140624422 tempest-GroupSnapshotsV319Test-1140624422-project-admin] http://10.222.0.61/volume/v3/adfc689c995848a19ef1561ec8aff831/group_types returned with HTTP 202
May 27 03:24:49.502034 dv-cinder-828807-4-smb devstack@c-api.service[110725]: [pid: 110725|app: 0|req: 124/249] 10.222.0.61 () {62 vars in 1287 bytes} [Fri May 27 03:24:49 2022] POST /volume/v3/adfc689c995848a19ef1561ec8aff831/group_types => generated 184 bytes in 44 msecs (HTTP/1.1 202) 7 headers in 292 bytes (2 switches on core 0)
May 27 03:24:49.509324 dv-cinder-828807-4-smb devstack@c-api.service[110724]: DEBUG cinder.api.middleware.request_id [None req-7b0d1774-c78b-4ce2-baae-611f95d7c3cd None None] RequestId filter calling following filter/app {{(pid=110724) _context_setter /opt/stack/cinder/cinder/api/middleware/request_id.py:62}}
May 27 03:24:49.613652 dv-cinder-828807-4-smb devstack@c-api.service[110725]: DEBUG cinder.api.middleware.request_id [None req-c5375e64-8410-4b1b-9394-bf2aa3753722 None None] RequestId filter calling following filter/app {{(pid=110725) _context_setter /opt/stack/cinder/cinder/api/middleware/request_id.py:62}}
May 27 03:24:49.620015 dv-cinder-828807-4-smb devstack@c-api.service[110725]: INFO cinder.api.openstack.wsgi [None req-c5375e64-8410-4b1b-9394-bf2aa3753722 tempest-SnapshotMetadataTestJSON-174512275 tempest-SnapshotMetadataTestJSON-174512275-project] GET http://10.222.0.61/volume/v3/955f5a89aca3474f9048874e5fa24d9f/snapshots/e2306c40-f0b0-4ad7-85b3-bdb24652d4b7
May 27 03:24:49.620629 dv-cinder-828807-4-smb devstack@c-api.service[110725]: DEBUG cinder.api.openstack.wsgi [None req-c5375e64-8410-4b1b-9394-bf2aa3753722 tempest-SnapshotMetadataTestJSON-174512275 tempest-SnapshotMetadataTestJSON-174512275-project] Empty body provided in request {{(pid=110725) get_body /opt/stack/cinder/cinder/api/openstack/wsgi.py:715}}
May 27 03:24:49.621250 dv-cinder-828807-4-smb devstack@c-api.service[110725]: DEBUG cinder.api.openstack.wsgi [None req-c5375e64-8410-4b1b-9394-bf2aa3753722 tempest-SnapshotMetadataTestJSON-174512275 tempest-SnapshotMetadataTestJSON-174512275-project] Calling method 'show' {{(pid=110725) _process_stack /opt/stack/cinder/cinder/api/openstack/wsgi.py:868}}
May 27 03:24:49.630817 dv-cinder-828807-4-smb devstack@c-api.service[110725]: INFO cinder.api.openstack.wsgi [None req-c5375e64-8410-4b1b-9394-bf2aa3753722 tempest-SnapshotMetadataTestJSON-174512275 tempest-SnapshotMetadataTestJSON-174512275-project] http://10.222.0.61/volume/v3/955f5a89aca3474f9048874e5fa24d9f/snapshots/e2306c40-f0b0-4ad7-85b3-bdb24652d4b7 returned with HTTP 404
May 27 03:24:49.632747 dv-cinder-828807-4-smb devstack@c-api.service[110725]: [pid: 110725|app: 0|req: 125/250] 10.222.0.61 () {58 vars in 1330 bytes} [Fri May 27 03:24:49 2022] GET /volume/v3/955f5a89aca3474f9048874e5fa24d9f/snapshots/e2306c40-f0b0-4ad7-85b3-bdb24652d4b7 => generated 111 bytes in 20 msecs (HTTP/1.1 404) 7 headers in 292 bytes (2 switches on core 0)
May 27 03:24:49.638627 dv-cinder-828807-4-smb devstack@c-api.service[110725]: DEBUG cinder.api.middleware.request_id [None req-16ad529d-575b-4435-83b0-bdc0a1e338aa None None] RequestId filter calling following filter/app {{(pid=110725) _context_setter /opt/stack/cinder/cinder/api/middleware/request_id.py:62}}
May 27 03:24:49.650119 dv-cinder-828807-4-smb devstack@c-api.service[110725]: INFO cinder.api.openstack.wsgi [None req-16ad529d-575b-4435-83b0-bdc0a1e338aa tempest-SnapshotMetadataTestJSON-174512275 tempest-SnapshotMetadataTestJSON-174512275-project] DELETE http://10.222.0.61/volume/v3/955f5a89aca3474f9048874e5fa24d9f/volumes/08f4811e-4142-4f2b-a4dc-46ed5b5d24d1
May 27 03:24:49.650930 dv-cinder-828807-4-smb devstack@c-api.service[110725]: DEBUG cinder.api.openstack.wsgi [None req-16ad529d-575b-4435-83b0-bdc0a1e338aa tempest-SnapshotMetadataTestJSON-174512275 tempest-SnapshotMetadataTestJSON-174512275-project] Empty body provided in request {{(pid=110725) get_body /opt/stack/cinder/cinder/api/openstack/wsgi.py:715}}
May 27 03:24:49.651486 dv-cinder-828807-4-smb devstack@c-api.service[110725]: DEBUG cinder.api.openstack.wsgi [None req-16ad529d-575b-4435-83b0-bdc0a1e338aa tempest-SnapshotMetadataTestJSON-174512275 tempest-SnapshotMetadataTestJSON-174512275-project] Calling method 'delete' {{(pid=110725) _process_stack /opt/stack/cinder/cinder/api/openstack/wsgi.py:868}}
May 27 03:24:49.651974 dv-cinder-828807-4-smb devstack@c-api.service[110725]: INFO cinder.api.v3.volumes [None req-16ad529d-575b-4435-83b0-bdc0a1e338aa tempest-SnapshotMetadataTestJSON-174512275 tempest-SnapshotMetadataTestJSON-174512275-project] Delete volume with id: 08f4811e-4142-4f2b-a4dc-46ed5b5d24d1
May 27 03:24:49.667836 dv-cinder-828807-4-smb devstack@c-api.service[110725]: /usr/local/lib/python3.8/dist-packages/oslo_context/context.py:100: DeprecationWarning: Policy enforcement is depending on the value of is_admin. This key is deprecated. Please update your policy file to use the standard policy values.
May 27 03:24:49.667836 dv-cinder-828807-4-smb devstack@c-api.service[110725]: warnings.warn('Policy enforcement is depending on the value of '
May 27 03:24:49.668911 dv-cinder-828807-4-smb devstack@c-api.service[110725]: INFO cinder.volume.api [None req-16ad529d-575b-4435-83b0-bdc0a1e338aa tempest-SnapshotMetadataTestJSON-174512275 tempest-SnapshotMetadataTestJSON-174512275-project] Volume info retrieved successfully.
May 27 03:24:49.689612 dv-cinder-828807-4-smb devstack@c-api.service[110724]: INFO cinder.api.openstack.wsgi [None req-7b0d1774-c78b-4ce2-baae-611f95d7c3cd tempest-GroupSnapshotsV319Test-1003634783 tempest-GroupSnapshotsV319Test-1003634783-project] POST http://10.222.0.61/volume/v3/eb79412869104caca9a19cf9d551c37c/groups
May 27 03:24:49.690546 dv-cinder-828807-4-smb devstack@c-api.service[110724]: DEBUG cinder.api.openstack.wsgi [None req-7b0d1774-c78b-4ce2-baae-611f95d7c3cd tempest-GroupSnapshotsV319Test-1003634783 tempest-GroupSnapshotsV319Test-1003634783-project] Action: 'create', calling method: version_select, body: {"group": {"group_type": "18e77315-b5b8-49dd-8894-9552bbf81a3f", "volume_types": ["19a0310a-2410-4add-abfe-1b150ecc00e0"], "name": "tempest-GroupSnapshotsV319Test-Group-1801741544"}} {{(pid=110724) _process_stack /opt/stack/cinder/cinder/api/openstack/wsgi.py:866}}
May 27 03:24:49.691572 dv-cinder-828807-4-smb devstack@c-api.service[110724]: DEBUG cinder.api.v3.groups [None req-7b0d1774-c78b-4ce2-baae-611f95d7c3cd tempest-GroupSnapshotsV319Test-1003634783 tempest-GroupSnapshotsV319Test-1003634783-project] Creating new group {'group': {'group_type': '18e77315-b5b8-49dd-8894-9552bbf81a3f', 'volume_types': ['19a0310a-2410-4add-abfe-1b150ecc00e0'], 'name': 'tempest-GroupSnapshotsV319Test-Group-1801741544'}} {{(pid=110724) create /opt/stack/cinder/cinder/api/v3/groups.py:190}}
May 27 03:24:49.698247 dv-cinder-828807-4-smb devstack@c-api.service[110724]: INFO cinder.api.v3.groups [None req-7b0d1774-c78b-4ce2-baae-611f95d7c3cd tempest-GroupSnapshotsV319Test-1003634783 tempest-GroupSnapshotsV319Test-1003634783-project] Creating group tempest-GroupSnapshotsV319Test-Group-1801741544.
May 27 03:24:49.715822 dv-cinder-828807-4-smb devstack@c-api.service[110725]: INFO cinder.volume.api [None req-16ad529d-575b-4435-83b0-bdc0a1e338aa tempest-SnapshotMetadataTestJSON-174512275 tempest-SnapshotMetadataTestJSON-174512275-project] Delete volume request issued successfully.
May 27 03:24:49.716575 dv-cinder-828807-4-smb devstack@c-api.service[110725]: INFO cinder.api.openstack.wsgi [None req-16ad529d-575b-4435-83b0-bdc0a1e338aa tempest-SnapshotMetadataTestJSON-174512275 tempest-SnapshotMetadataTestJSON-174512275-project] http://10.222.0.61/volume/v3/955f5a89aca3474f9048874e5fa24d9f/volumes/08f4811e-4142-4f2b-a4dc-46ed5b5d24d1 returned with HTTP 202
May 27 03:24:49.718004 dv-cinder-828807-4-smb devstack@c-api.service[110725]: [pid: 110725|app: 0|req: 126/251] 10.222.0.61 () {58 vars in 1327 bytes} [Fri May 27 03:24:49 2022] DELETE /volume/v3/955f5a89aca3474f9048874e5fa24d9f/volumes/08f4811e-4142-4f2b-a4dc-46ed5b5d24d1 => generated 0 bytes in 81 msecs (HTTP/1.1 202) 6 headers in 233 bytes (2 switches on core 0)
May 27 03:24:49.718854 dv-cinder-828807-4-smb devstack@c-api.service[110724]: INFO cinder.volume.api [None req-7b0d1774-c78b-4ce2-baae-611f95d7c3cd tempest-GroupSnapshotsV319Test-1003634783 tempest-GroupSnapshotsV319Test-1003634783-project] Availability Zones retrieved successfully.
