May 27 03:24:51.814744 dv-cinder-828807-4-smb devstack@c-api.service[110724]: [pid: 110724|app: 0|req: 132/276] 10.222.0.61 () {62 vars in 1276 bytes} [Fri May 27 03:24:51 2022] POST /volume/v3/eb79412869104caca9a19cf9d551c37c/volumes => generated 915 bytes in 651 msecs (HTTP/1.1 202) 7 headers in 292 bytes (1 switches on core 0)
May 27 03:24:51.816485 dv-cinder-828807-4-smb devstack@c-api.service[110724]: DEBUG cinder.api.middleware.request_id [None req-cdcc4b61-1c26-4d60-bcf8-b97acd823188 None None] RequestId filter calling following filter/app {{(pid=110724) _context_setter /opt/stack/cinder/cinder/api/middleware/request_id.py:62}}
May 27 03:24:51.821538 dv-cinder-828807-4-smb devstack@c-api.service[110724]: INFO cinder.api.openstack.wsgi [None req-cdcc4b61-1c26-4d60-bcf8-b97acd823188 tempest-UserMessagesTest-200830147 tempest-UserMessagesTest-200830147-project-admin] GET http://10.222.0.61/volume/v3/e767980babd64ed580708c0a87e6ca10/types/07361c19-d2a3-4c02-8484-87a4433d5faf
May 27 03:24:51.822393 dv-cinder-828807-4-smb devstack@c-api.service[110724]: DEBUG cinder.api.openstack.wsgi [None req-cdcc4b61-1c26-4d60-bcf8-b97acd823188 tempest-UserMessagesTest-200830147 tempest-UserMessagesTest-200830147-project-admin] Empty body provided in request {{(pid=110724) get_body /opt/stack/cinder/cinder/api/openstack/wsgi.py:715}}
May 27 03:24:51.823074 dv-cinder-828807-4-smb devstack@c-api.service[110724]: DEBUG cinder.api.openstack.wsgi [None req-cdcc4b61-1c26-4d60-bcf8-b97acd823188 tempest-UserMessagesTest-200830147 tempest-UserMessagesTest-200830147-project-admin] Calling method 'show' {{(pid=110724) _process_stack /opt/stack/cinder/cinder/api/openstack/wsgi.py:868}}
May 27 03:24:51.828526 dv-cinder-828807-4-smb devstack@c-api.service[110724]: INFO cinder.api.openstack.wsgi [None req-cdcc4b61-1c26-4d60-bcf8-b97acd823188 tempest-UserMessagesTest-200830147 tempest-UserMessagesTest-200830147-project-admin] http://10.222.0.61/volume/v3/e767980babd64ed580708c0a87e6ca10/types/07361c19-d2a3-4c02-8484-87a4433d5faf returned with HTTP 404
May 27 03:24:51.829854 dv-cinder-828807-4-smb devstack@c-api.service[110724]: [pid: 110724|app: 0|req: 133/277] 10.222.0.61 () {58 vars in 1318 bytes} [Fri May 27 03:24:51 2022] GET /volume/v3/e767980babd64ed580708c0a87e6ca10/types/07361c19-d2a3-4c02-8484-87a4433d5faf => generated 114 bytes in 14 msecs (HTTP/1.1 404) 7 headers in 292 bytes (1 switches on core 0)
May 27 03:24:51.851228 dv-cinder-828807-4-smb devstack@c-api.service[110724]: DEBUG cinder.api.middleware.request_id [None req-32ed9f3e-b4ff-47c6-8ff7-d283c221fe8f None None] RequestId filter calling following filter/app {{(pid=110724) _context_setter /opt/stack/cinder/cinder/api/middleware/request_id.py:62}}
May 27 03:24:51.855404 dv-cinder-828807-4-smb devstack@c-api.service[110724]: INFO cinder.api.openstack.wsgi [None req-32ed9f3e-b4ff-47c6-8ff7-d283c221fe8f tempest-GroupSnapshotsV319Test-1003634783 tempest-GroupSnapshotsV319Test-1003634783-project] GET http://10.222.0.61/volume/v3/eb79412869104caca9a19cf9d551c37c/volumes/9595bb92-fe14-4413-9b3e-3f79222a8f9f
May 27 03:24:51.863393 dv-cinder-828807-4-smb devstack@c-api.service[110724]: DEBUG cinder.api.openstack.wsgi [None req-32ed9f3e-b4ff-47c6-8ff7-d283c221fe8f tempest-GroupSnapshotsV319Test-1003634783 tempest-GroupSnapshotsV319Test-1003634783-project] Empty body provided in request {{(pid=110724) get_body /opt/stack/cinder/cinder/api/openstack/wsgi.py:715}}
May 27 03:24:51.866563 dv-cinder-828807-4-smb devstack@c-api.service[110724]: DEBUG cinder.api.openstack.wsgi [None req-32ed9f3e-b4ff-47c6-8ff7-d283c221fe8f tempest-GroupSnapshotsV319Test-1003634783 tempest-GroupSnapshotsV319Test-1003634783-project] Calling method 'show' {{(pid=110724) _process_stack /opt/stack/cinder/cinder/api/openstack/wsgi.py:868}}
May 27 03:24:51.896198 dv-cinder-828807-4-smb devstack@c-api.service[110725]: DEBUG cinder.quota [None req-6d46be7e-d600-47ad-a7c0-ca1e6cf784ce tempest-GroupSnapshotsTest-460977115 tempest-GroupSnapshotsTest-460977115-project] Created reservations ['e4d94c45-9520-4cf4-86cf-2908a663fd42', '41709955-f0ad-49fd-b31d-938b8b64d2d2', '678e0049-8a01-42a0-9c7a-a756793d618a', 'c9fdd173-dcb7-4edf-a55b-6e94a1e91ccc'] {{(pid=110725) reserve /opt/stack/cinder/cinder/quota.py:755}}
May 27 03:24:51.900823 dv-cinder-828807-4-smb devstack@c-api.service[110724]: /usr/local/lib/python3.8/dist-packages/oslo_context/context.py:100: DeprecationWarning: Policy enforcement is depending on the value of is_admin. This key is deprecated. Please update your policy file to use the standard policy values.
May 27 03:24:51.900823 dv-cinder-828807-4-smb devstack@c-api.service[110724]: warnings.warn('Policy enforcement is depending on the value of '
May 27 03:24:51.925076 dv-cinder-828807-4-smb devstack@c-api.service[110724]: INFO cinder.volume.api [None req-32ed9f3e-b4ff-47c6-8ff7-d283c221fe8f tempest-GroupSnapshotsV319Test-1003634783 tempest-GroupSnapshotsV319Test-1003634783-project] Volume info retrieved successfully.
May 27 03:24:51.932321 dv-cinder-828807-4-smb devstack@c-api.service[110724]: WARNING stevedore.named [None req-32ed9f3e-b4ff-47c6-8ff7-d283c221fe8f tempest-GroupSnapshotsV319Test-1003634783 tempest-GroupSnapshotsV319Test-1003634783-project] Could not load cinder.keymgr.conf_key_mgr.ConfKeyManager
May 27 03:24:51.933215 dv-cinder-828807-4-smb devstack@c-api.service[110724]: WARNING castellan.key_manager [None req-32ed9f3e-b4ff-47c6-8ff7-d283c221fe8f tempest-GroupSnapshotsV319Test-1003634783 tempest-GroupSnapshotsV319Test-1003634783-project] Deprecation Warning : cinder.keymgr.conf_key_mgr.ConfKeyManager is not a stevedore based driver, trying to load it as a class: stevedore.exception.NoMatches: No 'castellan.drivers' driver found, looking for 'cinder.keymgr.conf_key_mgr.ConfKeyManager'
May 27 03:24:51.953123 dv-cinder-828807-4-smb devstack@c-api.service[110724]: DEBUG oslo_db.sqlalchemy.engines [None req-32ed9f3e-b4ff-47c6-8ff7-d283c221fe8f tempest-GroupSnapshotsV319Test-1003634783 tempest-GroupSnapshotsV319Test-1003634783-project] MySQL server mode set to STRICT_TRANS_TABLES,STRICT_ALL_TABLES,NO_ZERO_IN_DATE,NO_ZERO_DATE,ERROR_FOR_DIVISION_BY_ZERO,TRADITIONAL,NO_ENGINE_SUBSTITUTION {{(pid=110724) _check_effective_sql_mode /usr/local/lib/python3.8/dist-packages/oslo_db/sqlalchemy/engines.py:314}}
May 27 03:24:51.980374 dv-cinder-828807-4-smb devstack@c-api.service[110724]: /usr/local/lib/python3.8/dist-packages/oslo_context/context.py:100: DeprecationWarning: Policy enforcement is depending on the value of is_admin. This key is deprecated. Please update your policy file to use the standard policy values.
May 27 03:24:51.980374 dv-cinder-828807-4-smb devstack@c-api.service[110724]: warnings.warn('Policy enforcement is depending on the value of '
May 27 03:24:52.022579 dv-cinder-828807-4-smb devstack@c-api.service[110725]: INFO cinder.api.openstack.wsgi [None req-6d46be7e-d600-47ad-a7c0-ca1e6cf784ce tempest-GroupSnapshotsTest-460977115 tempest-GroupSnapshotsTest-460977115-project] http://10.222.0.61/volume/v3/37ff9235e5ed431bb91367c06efc22b5/group_snapshots returned with HTTP 202
May 27 03:24:52.029059 dv-cinder-828807-4-smb devstack@c-api.service[110725]: [pid: 110725|app: 0|req: 145/278] 10.222.0.61 () {62 vars in 1300 bytes} [Fri May 27 03:24:51 2022] POST /volume/v3/37ff9235e5ed431bb91367c06efc22b5/group_snapshots => generated 187 bytes in 546 msecs (HTTP/1.1 202) 7 headers in 292 bytes (1 switches on core 0)
May 27 03:24:52.032556 dv-cinder-828807-4-smb devstack@c-api.service[110725]: DEBUG cinder.api.middleware.request_id [None req-a5e2d228-dfb3-4d30-8f0d-8d48ac243f2f None None] RequestId filter calling following filter/app {{(pid=110725) _context_setter /opt/stack/cinder/cinder/api/middleware/request_id.py:62}}
May 27 03:24:52.038588 dv-cinder-828807-4-smb devstack@c-api.service[110724]: INFO cinder.api.openstack.wsgi [None req-32ed9f3e-b4ff-47c6-8ff7-d283c221fe8f tempest-GroupSnapshotsV319Test-1003634783 tempest-GroupSnapshotsV319Test-1003634783-project] http://10.222.0.61/volume/v3/eb79412869104caca9a19cf9d551c37c/volumes/9595bb92-fe14-4413-9b3e-3f79222a8f9f returned with HTTP 200
May 27 03:24:52.039739 dv-cinder-828807-4-smb devstack@c-api.service[110725]: INFO cinder.api.openstack.wsgi [None req-a5e2d228-dfb3-4d30-8f0d-8d48ac243f2f tempest-GroupSnapshotsTest-460977115 tempest-GroupSnapshotsTest-460977115-project] GET http://10.222.0.61/volume/v3/37ff9235e5ed431bb91367c06efc22b5/group_snapshots/19cc342e-e90d-44d6-8fa8-7547e01aef86
May 27 03:24:52.040354 dv-cinder-828807-4-smb devstack@c-api.service[110725]: DEBUG cinder.api.openstack.wsgi [None req-a5e2d228-dfb3-4d30-8f0d-8d48ac243f2f tempest-GroupSnapshotsTest-460977115 tempest-GroupSnapshotsTest-460977115-project] Empty body provided in request {{(pid=110725) get_body /opt/stack/cinder/cinder/api/openstack/wsgi.py:715}}
May 27 03:24:52.041111 dv-cinder-828807-4-smb devstack@c-api.service[110725]: DEBUG cinder.api.openstack.wsgi [None req-a5e2d228-dfb3-4d30-8f0d-8d48ac243f2f tempest-GroupSnapshotsTest-460977115 tempest-GroupSnapshotsTest-460977115-project] Calling method 'version_select' {{(pid=110725) _process_stack /opt/stack/cinder/cinder/api/openstack/wsgi.py:868}}
May 27 03:24:52.041822 dv-cinder-828807-4-smb devstack@c-api.service[110725]: DEBUG cinder.api.v3.group_snapshots [None req-a5e2d228-dfb3-4d30-8f0d-8d48ac243f2f tempest-GroupSnapshotsTest-460977115 tempest-GroupSnapshotsTest-460977115-project] show called for member 19cc342e-e90d-44d6-8fa8-7547e01aef86 {{(pid=110725) show /opt/stack/cinder/cinder/api/v3/group_snapshots.py:58}}
May 27 03:24:52.052245 dv-cinder-828807-4-smb devstack@c-api.service[110724]: [pid: 110724|app: 0|req: 134/279] 10.222.0.61 () {60 vars in 1365 bytes} [Fri May 27 03:24:51 2022] GET /volume/v3/eb79412869104caca9a19cf9d551c37c/volumes/9595bb92-fe14-4413-9b3e-3f79222a8f9f => generated 983 bytes in 205 msecs (HTTP/1.1 200) 7 headers in 286 bytes (1 switches on core 0)
May 27 03:24:52.053697 dv-cinder-828807-4-smb devstack@c-api.service[110725]: /usr/local/lib/python3.8/dist-packages/oslo_context/context.py:100: DeprecationWarning: Policy enforcement is depending on the value of is_admin. This key is deprecated. Please update your policy file to use the standard policy values.
May 27 03:24:52.053697 dv-cinder-828807-4-smb devstack@c-api.service[110725]: warnings.warn('Policy enforcement is depending on the value of '
May 27 03:24:52.061507 dv-cinder-828807-4-smb devstack@c-api.service[110725]: INFO cinder.api.openstack.wsgi [None req-a5e2d228-dfb3-4d30-8f0d-8d48ac243f2f tempest-GroupSnapshotsTest-460977115 tempest-GroupSnapshotsTest-460977115-project] http://10.222.0.61/volume/v3/37ff9235e5ed431bb91367c06efc22b5/group_snapshots/19cc342e-e90d-44d6-8fa8-7547e01aef86 returned with HTTP 200
May 27 03:24:52.068061 dv-cinder-828807-4-smb devstack@c-api.service[110725]: [pid: 110725|app: 0|req: 146/280] 10.222.0.61 () {60 vars in 1389 bytes} [Fri May 27 03:24:52 2022] GET /volume/v3/37ff9235e5ed431bb91367c06efc22b5/group_snapshots/19cc342e-e90d-44d6-8fa8-7547e01aef86 => generated 326 bytes in 33 msecs (HTTP/1.1 200) 7 headers in 286 bytes (1 switches on core 0)
May 27 03:24:52.179527 dv-cinder-828807-4-smb devstack@c-api.service[110724]: DEBUG cinder.api.middleware.request_id [None req-f729cff1-a3bb-47b7-b4fc-b1bb341265fc None None] RequestId filter calling following filter/app {{(pid=110724) _context_setter /opt/stack/cinder/cinder/api/middleware/request_id.py:62}}
May 27 03:24:52.187482 dv-cinder-828807-4-smb devstack@c-api.service[110724]: INFO cinder.api.openstack.wsgi [None req-f729cff1-a3bb-47b7-b4fc-b1bb341265fc tempest-DeleteServersTestJSON-1389919788 tempest-DeleteServersTestJSON-1389919788-project] GET http://10.222.0.61/volume/v3/4e795682eb3f48afbdd6f8e5d074762b/volumes/14c7c91b-09d4-44a3-907c-65698e2d8ec6
May 27 03:24:52.188876 dv-cinder-828807-4-smb devstack@c-api.service[110724]: DEBUG cinder.api.openstack.wsgi [None req-f729cff1-a3bb-47b7-b4fc-b1bb341265fc tempest-DeleteServersTestJSON-1389919788 tempest-DeleteServersTestJSON-1389919788-project] Empty body provided in request {{(pid=110724) get_body /opt/stack/cinder/cinder/api/openstack/wsgi.py:715}}
May 27 03:24:52.189702 dv-cinder-828807-4-smb devstack@c-api.service[110724]: DEBUG cinder.api.openstack.wsgi [None req-f729cff1-a3bb-47b7-b4fc-b1bb341265fc tempest-DeleteServersTestJSON-1389919788 tempest-DeleteServersTestJSON-1389919788-project] Calling method 'show' {{(pid=110724) _process_stack /opt/stack/cinder/cinder/api/openstack/wsgi.py:868}}
May 27 03:24:52.240458 dv-cinder-828807-4-smb devstack@c-api.service[110724]: /usr/local/lib/python3.8/dist-packages/oslo_context/context.py:100: DeprecationWarning: Policy enforcement is depending on the value of is_admin. This key is deprecated. Please update your policy file to use the standard policy values.
May 27 03:24:52.240458 dv-cinder-828807-4-smb devstack@c-api.service[110724]: warnings.warn('Policy enforcement is depending on the value of '
May 27 03:24:52.260964 dv-cinder-828807-4-smb devstack@c-api.service[110724]: INFO cinder.volume.api [None req-f729cff1-a3bb-47b7-b4fc-b1bb341265fc tempest-DeleteServersTestJSON-1389919788 tempest-DeleteServersTestJSON-1389919788-project] Volume info retrieved successfully.
May 27 03:24:52.297669 dv-cinder-828807-4-smb devstack@c-api.service[110724]: INFO cinder.api.openstack.wsgi [None req-f729cff1-a3bb-47b7-b4fc-b1bb341265fc tempest-DeleteServersTestJSON-1389919788 tempest-DeleteServersTestJSON-1389919788-project] http://10.222.0.61/volume/v3/4e795682eb3f48afbdd6f8e5d074762b/volumes/14c7c91b-09d4-44a3-907c-65698e2d8ec6 returned with HTTP 200
May 27 03:24:52.299449 dv-cinder-828807-4-smb devstack@c-api.service[110724]: [pid: 110724|app: 0|req: 135/281] 10.222.0.61 () {58 vars in 1324 bytes} [Fri May 27 03:24:52 2022] GET /volume/v3/4e795682eb3f48afbdd6f8e5d074762b/volumes/14c7c91b-09d4-44a3-907c-65698e2d8ec6 => generated 914 bytes in 123 msecs (HTTP/1.1 200) 7 headers in 285 bytes (2 switches on core 0)
May 27 03:24:52.529787 dv-cinder-828807-4-smb devstack@c-api.service[110725]: DEBUG cinder.api.middleware.request_id [req-038ea2e6-5c21-43aa-8aa2-35e66f89f276 req-551b48fb-974c-47a2-b8c2-2b6e4713b481 None None] RequestId filter calling following filter/app {{(pid=110725) _context_setter /opt/stack/cinder/cinder/api/middleware/request_id.py:62}}
May 27 03:24:52.555110 dv-cinder-828807-4-smb devstack@c-api.service[110725]: INFO cinder.api.openstack.wsgi [req-038ea2e6-5c21-43aa-8aa2-35e66f89f276 req-551b48fb-974c-47a2-b8c2-2b6e4713b481 tempest-DeleteServersTestJSON-1389919788 tempest-DeleteServersTestJSON-1389919788-project] GET http://10.222.0.61/volume/v3/4e795682eb3f48afbdd6f8e5d074762b/volumes/14c7c91b-09d4-44a3-907c-65698e2d8ec6
May 27 03:24:52.555886 dv-cinder-828807-4-smb devstack@c-api.service[110725]: DEBUG cinder.api.openstack.wsgi [req-038ea2e6-5c21-43aa-8aa2-35e66f89f276 req-551b48fb-974c-47a2-b8c2-2b6e4713b481 tempest-DeleteServersTestJSON-1389919788 tempest-DeleteServersTestJSON-1389919788-project] Empty body provided in request {{(pid=110725) get_body /opt/stack/cinder/cinder/api/openstack/wsgi.py:715}}
May 27 03:24:52.556714 dv-cinder-828807-4-smb devstack@c-api.service[110725]: DEBUG cinder.api.openstack.wsgi [req-038ea2e6-5c21-43aa-8aa2-35e66f89f276 req-551b48fb-974c-47a2-b8c2-2b6e4713b481 tempest-DeleteServersTestJSON-1389919788 tempest-DeleteServersTestJSON-1389919788-project] Calling method 'show' {{(pid=110725) _process_stack /opt/stack/cinder/cinder/api/openstack/wsgi.py:868}}
May 27 03:24:52.661827 dv-cinder-828807-4-smb devstack@c-api.service[110725]: /usr/local/lib/python3.8/dist-packages/oslo_context/context.py:100: DeprecationWarning: Policy enforcement is depending on the value of is_admin. This key is deprecated. Please update your policy file to use the standard policy values.
May 27 03:24:52.661827 dv-cinder-828807-4-smb devstack@c-api.service[110725]: warnings.warn('Policy enforcement is depending on the value of '
May 27 03:24:52.694966 dv-cinder-828807-4-smb devstack@c-api.service[110725]: INFO cinder.volume.api [req-038ea2e6-5c21-43aa-8aa2-35e66f89f276 req-551b48fb-974c-47a2-b8c2-2b6e4713b481 tempest-DeleteServersTestJSON-1389919788 tempest-DeleteServersTestJSON-1389919788-project] Volume info retrieved successfully.
May 27 03:24:52.748119 dv-cinder-828807-4-smb devstack@c-api.service[110725]: INFO cinder.api.openstack.wsgi [req-038ea2e6-5c21-43aa-8aa2-35e66f89f276 req-551b48fb-974c-47a2-b8c2-2b6e4713b481 tempest-DeleteServersTestJSON-1389919788 tempest-DeleteServersTestJSON-1389919788-project] http://10.222.0.61/volume/v3/4e795682eb3f48afbdd6f8e5d074762b/volumes/14c7c91b-09d4-44a3-907c-65698e2d8ec6 returned with HTTP 200
May 27 03:24:52.770494 dv-cinder-828807-4-smb devstack@c-api.service[110725]: [pid: 110725|app: 0|req: 147/282] 10.222.0.61 () {60 vars in 1578 bytes} [Fri May 27 03:24:52 2022] GET /volume/v3/4e795682eb3f48afbdd6f8e5d074762b/volumes/14c7c91b-09d4-44a3-907c-65698e2d8ec6 => generated 914 bytes in 243 msecs (HTTP/1.1 200) 7 headers in 285 bytes (1 switches on core 0)
May 27 03:24:53.071506 dv-cinder-828807-4-smb devstack@c-api.service[110724]: DEBUG cinder.api.middleware.request_id [None req-9daf3c79-70bf-4fd0-a0bc-4876517dafaa None None] RequestId filter calling following filter/app {{(pid=110724) _context_setter /opt/stack/cinder/cinder/api/middleware/request_id.py:62}}
May 27 03:24:53.073258 dv-cinder-828807-4-smb devstack@c-api.service[110725]: DEBUG cinder.api.middleware.request_id [None req-bd12b5b3-5e3d-4420-8649-9abbb44183c2 None None] RequestId filter calling following filter/app {{(pid=110725) _context_setter /opt/stack/cinder/cinder/api/middleware/request_id.py:62}}
May 27 03:24:53.078626 dv-cinder-828807-4-smb devstack@c-api.service[110724]: INFO cinder.api.openstack.wsgi [None req-9daf3c79-70bf-4fd0-a0bc-4876517dafaa tempest-GroupSnapshotsV319Test-1003634783 tempest-GroupSnapshotsV319Test-1003634783-project] GET http://10.222.0.61/volume/v3/eb79412869104caca9a19cf9d551c37c/volumes/9595bb92-fe14-4413-9b3e-3f79222a8f9f
May 27 03:24:53.079537 dv-cinder-828807-4-smb devstack@c-api.service[110724]: DEBUG cinder.api.openstack.wsgi [None req-9daf3c79-70bf-4fd0-a0bc-4876517dafaa tempest-GroupSnapshotsV319Test-1003634783 tempest-GroupSnapshotsV319Test-1003634783-project] Empty body provided in request {{(pid=110724) get_body /opt/stack/cinder/cinder/api/openstack/wsgi.py:715}}
May 27 03:24:53.080639 dv-cinder-828807-4-smb devstack@c-api.service[110724]: DEBUG cinder.api.openstack.wsgi [None req-9daf3c79-70bf-4fd0-a0bc-4876517dafaa tempest-GroupSnapshotsV319Test-1003634783 tempest-GroupSnapshotsV319Test-1003634783-project] Calling method 'show' {{(pid=110724) _process_stack /opt/stack/cinder/cinder/api/openstack/wsgi.py:868}}
May 27 03:24:53.081137 dv-cinder-828807-4-smb devstack@c-api.service[110725]: INFO cinder.api.openstack.wsgi [None req-bd12b5b3-5e3d-4420-8649-9abbb44183c2 tempest-GroupSnapshotsTest-460977115 tempest-GroupSnapshotsTest-460977115-project] GET http://10.222.0.61/volume/v3/37ff9235e5ed431bb91367c06efc22b5/group_snapshots/19cc342e-e90d-44d6-8fa8-7547e01aef86
May 27 03:24:53.082094 dv-cinder-828807-4-smb devstack@c-api.service[110725]: DEBUG cinder.api.openstack.wsgi [None req-bd12b5b3-5e3d-4420-8649-9abbb44183c2 tempest-GroupSnapshotsTest-460977115 tempest-GroupSnapshotsTest-460977115-project] Empty body provided in request {{(pid=110725) get_body /opt/stack/cinder/cinder/api/openstack/wsgi.py:715}}
May 27 03:24:53.083174 dv-cinder-828807-4-smb devstack@c-api.service[110725]: DEBUG cinder.api.openstack.wsgi [None req-bd12b5b3-5e3d-4420-8649-9abbb44183c2 tempest-GroupSnapshotsTest-460977115 tempest-GroupSnapshotsTest-460977115-project] Calling method 'version_select' {{(pid=110725) _process_stack /opt/stack/cinder/cinder/api/openstack/wsgi.py:868}}
May 27 03:24:53.083553 dv-cinder-828807-4-smb devstack@c-api.service[110725]: DEBUG cinder.api.v3.group_snapshots [None req-bd12b5b3-5e3d-4420-8649-9abbb44183c2 tempest-GroupSnapshotsTest-460977115 tempest-GroupSnapshotsTest-460977115-project] show called for member 19cc342e-e90d-44d6-8fa8-7547e01aef86 {{(pid=110725) show /opt/stack/cinder/cinder/api/v3/group_snapshots.py:58}}
May 27 03:24:53.095727 dv-cinder-828807-4-smb devstack@c-api.service[110725]: /usr/local/lib/python3.8/dist-packages/oslo_context/context.py:100: DeprecationWarning: Policy enforcement is depending on the value of is_admin. This key is deprecated. Please update your policy file to use the standard policy values.
May 27 03:24:53.095727 dv-cinder-828807-4-smb devstack@c-api.service[110725]: warnings.warn('Policy enforcement is depending on the value of '
May 27 03:24:53.107751 dv-cinder-828807-4-smb devstack@c-api.service[110725]: INFO cinder.api.openstack.wsgi [None req-bd12b5b3-5e3d-4420-8649-9abbb44183c2 tempest-GroupSnapshotsTest-460977115 tempest-GroupSnapshotsTest-460977115-project] http://10.222.0.61/volume/v3/37ff9235e5ed431bb91367c06efc22b5/group_snapshots/19cc342e-e90d-44d6-8fa8-7547e01aef86 returned with HTTP 200
May 27 03:24:53.115346 dv-cinder-828807-4-smb devstack@c-api.service[110725]: [pid: 110725|app: 0|req: 148/283] 10.222.0.61 () {60 vars in 1389 bytes} [Fri May 27 03:24:53 2022] GET /volume/v3/37ff9235e5ed431bb91367c06efc22b5/group_snapshots/19cc342e-e90d-44d6-8fa8-7547e01aef86 => generated 327 bytes in 39 msecs (HTTP/1.1 200) 7 headers in 286 bytes (1 switches on core 0)
May 27 03:24:53.120032 dv-cinder-828807-4-smb devstack@c-api.service[110725]: DEBUG cinder.api.middleware.request_id [None req-103489fc-76d5-4008-92d5-3fe4a8151e87 None None] RequestId filter calling following filter/app {{(pid=110725) _context_setter /opt/stack/cinder/cinder/api/middleware/request_id.py:62}}
May 27 03:24:53.131707 dv-cinder-828807-4-smb devstack@c-api.service[110724]: /usr/local/lib/python3.8/dist-packages/oslo_context/context.py:100: DeprecationWarning: Policy enforcement is depending on the value of is_admin. This key is deprecated. Please update your policy file to use the standard policy values.
May 27 03:24:53.131707 dv-cinder-828807-4-smb devstack@c-api.service[110724]: warnings.warn('Policy enforcement is depending on the value of '
May 27 03:24:53.137199 dv-cinder-828807-4-smb devstack@c-api.service[110725]: INFO cinder.api.openstack.wsgi [None req-103489fc-76d5-4008-92d5-3fe4a8151e87 tempest-GroupSnapshotsTest-460977115 tempest-GroupSnapshotsTest-460977115-project] GET http://10.222.0.61/volume/v3/37ff9235e5ed431bb91367c06efc22b5/snapshots/detail
May 27 03:24:53.142436 dv-cinder-828807-4-smb devstack@c-api.service[110725]: DEBUG cinder.api.openstack.wsgi [None req-103489fc-76d5-4008-92d5-3fe4a8151e87 tempest-GroupSnapshotsTest-460977115 tempest-GroupSnapshotsTest-460977115-project] Empty body provided in request {{(pid=110725) get_body /opt/stack/cinder/cinder/api/openstack/wsgi.py:715}}
May 27 03:24:53.145405 dv-cinder-828807-4-smb devstack@c-api.service[110725]: DEBUG cinder.api.openstack.wsgi [None req-103489fc-76d5-4008-92d5-3fe4a8151e87 tempest-GroupSnapshotsTest-460977115 tempest-GroupSnapshotsTest-460977115-project] Calling method 'detail' {{(pid=110725) _process_stack /opt/stack/cinder/cinder/api/openstack/wsgi.py:868}}
May 27 03:24:53.147311 dv-cinder-828807-4-smb devstack@c-api.service[110725]: DEBUG cinder.api.api_utils [None req-103489fc-76d5-4008-92d5-3fe4a8151e87 tempest-GroupSnapshotsTest-460977115 tempest-GroupSnapshotsTest-460977115-project] Removing options '' from query. {{(pid=110725) remove_invalid_filter_options /opt/stack/cinder/cinder/api/api_utils.py:73}}
May 27 03:24:53.150726 dv-cinder-828807-4-smb devstack@c-api.service[110724]: INFO cinder.volume.api [None req-9daf3c79-70bf-4fd0-a0bc-4876517dafaa tempest-GroupSnapshotsV319Test-1003634783 tempest-GroupSnapshotsV319Test-1003634783-project] Volume info retrieved successfully.
May 27 03:24:53.152239 dv-cinder-828807-4-smb devstack@c-api.service[110725]: DEBUG cinder.db.sqlalchemy.api [None req-103489fc-76d5-4008-92d5-3fe4a8151e87 tempest-GroupSnapshotsTest-460977115 tempest-GroupSnapshotsTest-460977115-project] Building query based on filter {{(pid=110725) _process_snaps_filters /opt/stack/cinder/cinder/db/sqlalchemy/api.py:3846}}
May 27 03:24:53.153550 dv-cinder-828807-4-smb devstack@c-api.service[110724]: WARNING stevedore.named [None req-9daf3c79-70bf-4fd0-a0bc-4876517dafaa tempest-GroupSnapshotsV319Test-1003634783 tempest-GroupSnapshotsV319Test-1003634783-project] Could not load cinder.keymgr.conf_key_mgr.ConfKeyManager
May 27 03:24:53.154406 dv-cinder-828807-4-smb devstack@c-api.service[110724]: WARNING castellan.key_manager [None req-9daf3c79-70bf-4fd0-a0bc-4876517dafaa tempest-GroupSnapshotsV319Test-1003634783 tempest-GroupSnapshotsV319Test-1003634783-project] Deprecation Warning : cinder.keymgr.conf_key_mgr.ConfKeyManager is not a stevedore based driver, trying to load it as a class: stevedore.exception.NoMatches: No 'castellan.drivers' driver found, looking for 'cinder.keymgr.conf_key_mgr.ConfKeyManager'
May 27 03:24:53.177522 dv-cinder-828807-4-smb devstack@c-api.service[110725]: INFO cinder.volume.api [None req-103489fc-76d5-4008-92d5-3fe4a8151e87 tempest-GroupSnapshotsTest-460977115 tempest-GroupSnapshotsTest-460977115-project] Get all snapshots completed successfully.
May 27 03:24:53.179751 dv-cinder-828807-4-smb devstack@c-api.service[110725]: /usr/local/lib/python3.8/dist-packages/oslo_context/context.py:100: DeprecationWarning: Policy enforcement is depending on the value of is_admin. This key is deprecated. Please update your policy file to use the standard policy values.
May 27 03:24:53.179751 dv-cinder-828807-4-smb devstack@c-api.service[110725]: warnings.warn('Policy enforcement is depending on the value of '
May 27 03:24:53.181141 dv-cinder-828807-4-smb devstack@c-api.service[110724]: DEBUG oslo_db.sqlalchemy.engines [None req-9daf3c79-70bf-4fd0-a0bc-4876517dafaa tempest-GroupSnapshotsV319Test-1003634783 tempest-GroupSnapshotsV319Test-1003634783-project] MySQL server mode set to STRICT_TRANS_TABLES,STRICT_ALL_TABLES,NO_ZERO_IN_DATE,NO_ZERO_DATE,ERROR_FOR_DIVISION_BY_ZERO,TRADITIONAL,NO_ENGINE_SUBSTITUTION {{(pid=110724) _check_effective_sql_mode /usr/local/lib/python3.8/dist-packages/oslo_db/sqlalchemy/engines.py:314}}
May 27 03:24:53.181366 dv-cinder-828807-4-smb devstack@c-api.service[110725]: INFO cinder.api.openstack.wsgi [None req-103489fc-76d5-4008-92d5-3fe4a8151e87 tempest-GroupSnapshotsTest-460977115 tempest-GroupSnapshotsTest-460977115-project] http://10.222.0.61/volume/v3/37ff9235e5ed431bb91367c06efc22b5/snapshots/detail returned with HTTP 200
May 27 03:24:53.183759 dv-cinder-828807-4-smb devstack@c-api.service[110725]: [pid: 110725|app: 0|req: 149/284] 10.222.0.61 () {58 vars in 1240 bytes} [Fri May 27 03:24:53 2022] GET /volume/v3/37ff9235e5ed431bb91367c06efc22b5/snapshots/detail => generated 1063 bytes in 67 msecs (HTTP/1.1 200) 7 headers in 286 bytes (1 switches on core 0)
May 27 03:24:53.191875 dv-cinder-828807-4-smb devstack@c-api.service[110725]: DEBUG cinder.api.middleware.request_id [None req-8c73eef8-d0c6-412f-87e4-9c927fb5572c None None] RequestId filter calling following filter/app {{(pid=110725) _context_setter /opt/stack/cinder/cinder/api/middleware/request_id.py:62}}
May 27 03:24:53.198884 dv-cinder-828807-4-smb devstack@c-api.service[110725]: INFO cinder.api.openstack.wsgi [None req-8c73eef8-d0c6-412f-87e4-9c927fb5572c tempest-GroupSnapshotsTest-460977115 tempest-GroupSnapshotsTest-460977115-project] GET http://10.222.0.61/volume/v3/37ff9235e5ed431bb91367c06efc22b5/snapshots/c338374c-aacc-4129-8ca3-35554082bd31
May 27 03:24:53.203018 dv-cinder-828807-4-smb devstack@c-api.service[110725]: DEBUG cinder.api.openstack.wsgi [None req-8c73eef8-d0c6-412f-87e4-9c927fb5572c tempest-GroupSnapshotsTest-460977115 tempest-GroupSnapshotsTest-460977115-project] Empty body provided in request {{(pid=110725) get_body /opt/stack/cinder/cinder/api/openstack/wsgi.py:715}}
May 27 03:24:53.203621 dv-cinder-828807-4-smb devstack@c-api.service[110725]: DEBUG cinder.api.openstack.wsgi [None req-8c73eef8-d0c6-412f-87e4-9c927fb5572c tempest-GroupSnapshotsTest-460977115 tempest-GroupSnapshotsTest-460977115-project] Calling method 'show' {{(pid=110725) _process_stack /opt/stack/cinder/cinder/api/openstack/wsgi.py:868}}
May 27 03:24:53.203925 dv-cinder-828807-4-smb devstack@c-api.service[110724]: /usr/local/lib/python3.8/dist-packages/oslo_context/context.py:100: DeprecationWarning: Policy enforcement is depending on the value of is_admin. This key is deprecated. Please update your policy file to use the standard policy values.
May 27 03:24:53.203925 dv-cinder-828807-4-smb devstack@c-api.service[110724]: warnings.warn('Policy enforcement is depending on the value of '
May 27 03:24:53.222226 dv-cinder-828807-4-smb devstack@c-api.service[110724]: INFO cinder.api.openstack.wsgi [None req-9daf3c79-70bf-4fd0-a0bc-4876517dafaa tempest-GroupSnapshotsV319Test-1003634783 tempest-GroupSnapshotsV319Test-1003634783-project] http://10.222.0.61/volume/v3/eb79412869104caca9a19cf9d551c37c/volumes/9595bb92-fe14-4413-9b3e-3f79222a8f9f returned with HTTP 200
May 27 03:24:53.223411 dv-cinder-828807-4-smb devstack@c-api.service[110724]: [pid: 110724|app: 0|req: 136/285] 10.222.0.61 () {60 vars in 1365 bytes} [Fri May 27 03:24:53 2022] GET /volume/v3/eb79412869104caca9a19cf9d551c37c/volumes/9595bb92-fe14-4413-9b3e-3f79222a8f9f => generated 1008 bytes in 154 msecs (HTTP/1.1 200) 7 headers in 287 bytes (1 switches on core 0)
May 27 03:24:53.224335 dv-cinder-828807-4-smb devstack@c-api.service[110725]: /usr/local/lib/python3.8/dist-packages/oslo_context/context.py:100: DeprecationWarning: Policy enforcement is depending on the value of is_admin. This key is deprecated. Please update your policy file to use the standard policy values.
May 27 03:24:53.224335 dv-cinder-828807-4-smb devstack@c-api.service[110725]: warnings.warn('Policy enforcement is depending on the value of '
May 27 03:24:53.227206 dv-cinder-828807-4-smb devstack@c-api.service[110725]: INFO cinder.volume.api [None req-8c73eef8-d0c6-412f-87e4-9c927fb5572c tempest-GroupSnapshotsTest-460977115 tempest-GroupSnapshotsTest-460977115-project] Snapshot retrieved successfully.
May 27 03:24:53.229264 dv-cinder-828807-4-smb devstack@c-api.service[110725]: INFO cinder.api.openstack.wsgi [None req-8c73eef8-d0c6-412f-87e4-9c927fb5572c tempest-GroupSnapshotsTest-460977115 tempest-GroupSnapshotsTest-460977115-project] http://10.222.0.61/volume/v3/37ff9235e5ed431bb91367c06efc22b5/snapshots/c338374c-aacc-4129-8ca3-35554082bd31 returned with HTTP 200
May 27 03:24:53.231055 dv-cinder-828807-4-smb devstack@c-api.service[110725]: [pid: 110725|app: 0|req: 150/286] 10.222.0.61 () {58 vars in 1330 bytes} [Fri May 27 03:24:53 2022] GET /volume/v3/37ff9235e5ed431bb91367c06efc22b5/snapshots/c338374c-aacc-4129-8ca3-35554082bd31 => generated 536 bytes in 41 msecs (HTTP/1.1 200) 7 headers in 285 bytes (1 switches on core 0)
May 27 03:24:53.242302 dv-cinder-828807-4-smb devstack@c-api.service[110724]: DEBUG cinder.api.middleware.request_id [None req-c1b455a5-d403-4880-84d9-b62cc3a275cf None None] RequestId filter calling following filter/app {{(pid=110724) _context_setter /opt/stack/cinder/cinder/api/middleware/request_id.py:62}}
May 27 03:24:53.246032 dv-cinder-828807-4-smb devstack@c-api.service[110725]: DEBUG cinder.api.middleware.request_id [None req-c3160218-a90a-45c5-9b19-c81bf98a2747 None None] RequestId filter calling following filter/app {{(pid=110725) _context_setter /opt/stack/cinder/cinder/api/middleware/request_id.py:62}}
May 27 03:24:53.247110 dv-cinder-828807-4-smb devstack@c-api.service[110724]: INFO cinder.api.openstack.wsgi [None req-c1b455a5-d403-4880-84d9-b62cc3a275cf tempest-GroupSnapshotsV319Test-1003634783 tempest-GroupSnapshotsV319Test-1003634783-project] POST http://10.222.0.61/volume/v3/eb79412869104caca9a19cf9d551c37c/group_snapshots
May 27 03:24:53.248672 dv-cinder-828807-4-smb devstack@c-api.service[110724]: DEBUG cinder.api.openstack.wsgi [None req-c1b455a5-d403-4880-84d9-b62cc3a275cf tempest-GroupSnapshotsV319Test-1003634783 tempest-GroupSnapshotsV319Test-1003634783-project] Action: 'create', calling method: version_select, body: {"group_snapshot": {"group_id": "c3a3e62a-4b36-495d-87b0-14ecb8c6b430", "name": "tempest-GroupSnapshotsV319Test-Group_Snapshot-1613032828"}} {{(pid=110724) _process_stack /opt/stack/cinder/cinder/api/openstack/wsgi.py:866}}
May 27 03:24:53.248896 dv-cinder-828807-4-smb devstack@c-api.service[110724]: DEBUG cinder.api.v3.group_snapshots [None req-c1b455a5-d403-4880-84d9-b62cc3a275cf tempest-GroupSnapshotsV319Test-1003634783 tempest-GroupSnapshotsV319Test-1003634783-project] Creating new group_snapshot {'group_snapshot': {'group_id': 'c3a3e62a-4b36-495d-87b0-14ecb8c6b430', 'name': 'tempest-GroupSnapshotsV319Test-Group_Snapshot-1613032828'}} {{(pid=110724) create /opt/stack/cinder/cinder/api/v3/group_snapshots.py:154}}
May 27 03:24:53.256696 dv-cinder-828807-4-smb devstack@c-api.service[110725]: INFO cinder.api.openstack.wsgi [None req-c3160218-a90a-45c5-9b19-c81bf98a2747 tempest-GroupSnapshotsTest-460977115 tempest-GroupSnapshotsTest-460977115-project] GET http://10.222.0.61/volume/v3/37ff9235e5ed431bb91367c06efc22b5/snapshots/541bcf8e-2dcd-4238-96d7-13d282b974b1
May 27 03:24:53.256971 dv-cinder-828807-4-smb devstack@c-api.service[110724]: /usr/local/lib/python3.8/dist-packages/oslo_context/context.py:100: DeprecationWarning: Policy enforcement is depending on the value of is_admin. This key is deprecated. Please update your policy file to use the standard policy values.
May 27 03:24:53.256971 dv-cinder-828807-4-smb devstack@c-api.service[110724]: warnings.warn('Policy enforcement is depending on the value of '
May 27 03:24:53.257226 dv-cinder-828807-4-smb devstack@c-api.service[110725]: DEBUG cinder.api.openstack.wsgi [None req-c3160218-a90a-45c5-9b19-c81bf98a2747 tempest-GroupSnapshotsTest-460977115 tempest-GroupSnapshotsTest-460977115-project] Empty body provided in request {{(pid=110725) get_body /opt/stack/cinder/cinder/api/openstack/wsgi.py:715}}
May 27 03:24:53.257597 dv-cinder-828807-4-smb devstack@c-api.service[110725]: DEBUG cinder.api.openstack.wsgi [None req-c3160218-a90a-45c5-9b19-c81bf98a2747 tempest-GroupSnapshotsTest-460977115 tempest-GroupSnapshotsTest-460977115-project] Calling method 'show' {{(pid=110725) _process_stack /opt/stack/cinder/cinder/api/openstack/wsgi.py:868}}
May 27 03:24:53.263883 dv-cinder-828807-4-smb devstack@c-api.service[110724]: INFO cinder.api.v3.group_snapshots [None req-c1b455a5-d403-4880-84d9-b62cc3a275cf tempest-GroupSnapshotsV319Test-1003634783 tempest-GroupSnapshotsV319Test-1003634783-project] Creating group_snapshot tempest-GroupSnapshotsV319Test-Group_Snapshot-1613032828.
May 27 03:24:53.285175 dv-cinder-828807-4-smb devstack@c-api.service[110725]: /usr/local/lib/python3.8/dist-packages/oslo_context/context.py:100: DeprecationWarning: Policy enforcement is depending on the value of is_admin. This key is deprecated. Please update your policy file to use the standard policy values.
May 27 03:24:53.285175 dv-cinder-828807-4-smb devstack@c-api.service[110725]: warnings.warn('Policy enforcement is depending on the value of '
May 27 03:24:53.286443 dv-cinder-828807-4-smb devstack@c-api.service[110725]: INFO cinder.volume.api [None req-c3160218-a90a-45c5-9b19-c81bf98a2747 tempest-GroupSnapshotsTest-460977115 tempest-GroupSnapshotsTest-460977115-project] Snapshot retrieved successfully.
May 27 03:24:53.301930 dv-cinder-828807-4-smb devstack@c-api.service[110725]: INFO cinder.api.openstack.wsgi [None req-c3160218-a90a-45c5-9b19-c81bf98a2747 tempest-GroupSnapshotsTest-460977115 tempest-GroupSnapshotsTest-460977115-project] http://10.222.0.61/volume/v3/37ff9235e5ed431bb91367c06efc22b5/snapshots/541bcf8e-2dcd-4238-96d7-13d282b974b1 returned with HTTP 200
May 27 03:24:53.310165 dv-cinder-828807-4-smb devstack@c-api.service[110725]: [pid: 110725|app: 0|req: 151/287] 10.222.0.61 () {58 vars in 1330 bytes} [Fri May 27 03:24:53 2022] GET /volume/v3/37ff9235e5ed431bb91367c06efc22b5/snapshots/541bcf8e-2dcd-4238-96d7-13d282b974b1 => generated 536 bytes in 64 msecs (HTTP/1.1 200) 7 headers in 285 bytes (1 switches on core 0)
May 27 03:24:53.314704 dv-cinder-828807-4-smb devstack@c-api.service[110725]: DEBUG cinder.api.middleware.request_id [None req-162936b1-5354-4a31-8969-ca93dffc496e None None] RequestId filter calling following filter/app {{(pid=110725) _context_setter /opt/stack/cinder/cinder/api/middleware/request_id.py:62}}
May 27 03:24:53.322655 dv-cinder-828807-4-smb devstack@c-api.service[110724]: /usr/local/lib/python3.8/dist-packages/oslo_context/context.py:100: DeprecationWarning: Policy enforcement is depending on the value of is_admin. This key is deprecated. Please update your policy file to use the standard policy values.
May 27 03:24:53.322655 dv-cinder-828807-4-smb devstack@c-api.service[110724]: warnings.warn('Policy enforcement is depending on the value of '
May 27 03:24:53.325844 dv-cinder-828807-4-smb devstack@c-api.service[110725]: INFO cinder.api.openstack.wsgi [None req-162936b1-5354-4a31-8969-ca93dffc496e tempest-GroupSnapshotsTest-460977115 tempest-GroupSnapshotsTest-460977115-project] DELETE http://10.222.0.61/volume/v3/37ff9235e5ed431bb91367c06efc22b5/group_snapshots/19cc342e-e90d-44d6-8fa8-7547e01aef86
May 27 03:24:53.327138 dv-cinder-828807-4-smb devstack@c-api.service[110725]: DEBUG cinder.api.openstack.wsgi [None req-162936b1-5354-4a31-8969-ca93dffc496e tempest-GroupSnapshotsTest-460977115 tempest-GroupSnapshotsTest-460977115-project] Empty body provided in request {{(pid=110725) get_body /opt/stack/cinder/cinder/api/openstack/wsgi.py:715}}
May 27 03:24:53.330729 dv-cinder-828807-4-smb devstack@c-api.service[110725]: DEBUG cinder.api.openstack.wsgi [None req-162936b1-5354-4a31-8969-ca93dffc496e tempest-GroupSnapshotsTest-460977115 tempest-GroupSnapshotsTest-460977115-project] Calling method 'version_select' {{(pid=110725) _process_stack /opt/stack/cinder/cinder/api/openstack/wsgi.py:868}}
May 27 03:24:53.331204 dv-cinder-828807-4-smb devstack@c-api.service[110725]: DEBUG cinder.api.v3.group_snapshots [None req-162936b1-5354-4a31-8969-ca93dffc496e tempest-GroupSnapshotsTest-460977115 tempest-GroupSnapshotsTest-460977115-project] delete called for member 19cc342e-e90d-44d6-8fa8-7547e01aef86 {{(pid=110725) delete /opt/stack/cinder/cinder/api/v3/group_snapshots.py:72}}
May 27 03:24:53.331428 dv-cinder-828807-4-smb devstack@c-api.service[110725]: INFO cinder.api.v3.group_snapshots [None req-162936b1-5354-4a31-8969-ca93dffc496e tempest-GroupSnapshotsTest-460977115 tempest-GroupSnapshotsTest-460977115-project] Delete group_snapshot with id: 19cc342e-e90d-44d6-8fa8-7547e01aef86
May 27 03:24:53.341272 dv-cinder-828807-4-smb devstack@c-api.service[110725]: /usr/local/lib/python3.8/dist-packages/oslo_context/context.py:100: DeprecationWarning: Policy enforcement is depending on the value of is_admin. This key is deprecated. Please update your policy file to use the standard policy values.
May 27 03:24:53.341272 dv-cinder-828807-4-smb devstack@c-api.service[110725]: warnings.warn('Policy enforcement is depending on the value of '
May 27 03:24:53.440257 dv-cinder-828807-4-smb devstack@c-api.service[110724]: WARNING cinder.quota [None req-c1b455a5-d403-4880-84d9-b62cc3a275cf tempest-GroupSnapshotsV319Test-1003634783 tempest-GroupSnapshotsV319Test-1003634783-project] Deprecated: Default quota for resource: snapshots_tempest-GroupSnapshotsV319Test-volume-type-419842126 is set by the default quota flag: quota_snapshots_tempest-GroupSnapshotsV319Test-volume-type-419842126, it is now deprecated. Please use the default quota class for default quota.
May 27 03:24:53.535367 dv-cinder-828807-4-smb devstack@c-api.service[110725]: INFO cinder.api.openstack.wsgi [None req-162936b1-5354-4a31-8969-ca93dffc496e tempest-GroupSnapshotsTest-460977115 tempest-GroupSnapshotsTest-460977115-project] http://10.222.0.61/volume/v3/37ff9235e5ed431bb91367c06efc22b5/group_snapshots/19cc342e-e90d-44d6-8fa8-7547e01aef86 returned with HTTP 202
May 27 03:24:53.542638 dv-cinder-828807-4-smb devstack@c-api.service[110725]: [pid: 110725|app: 0|req: 152/288] 10.222.0.61 () {60 vars in 1392 bytes} [Fri May 27 03:24:53 2022] DELETE /volume/v3/37ff9235e5ed431bb91367c06efc22b5/group_snapshots/19cc342e-e90d-44d6-8fa8-7547e01aef86 => generated 0 bytes in 232 msecs (HTTP/1.1 202) 6 headers in 234 bytes (1 switches on core 0)
May 27 03:24:53.554022 dv-cinder-828807-4-smb devstack@c-api.service[110725]: DEBUG cinder.api.middleware.request_id [None req-e1d0f4e2-f3e0-445f-9e07-e301baecd494 None None] RequestId filter calling following filter/app {{(pid=110725) _context_setter /opt/stack/cinder/cinder/api/middleware/request_id.py:62}}
May 27 03:24:53.568363 dv-cinder-828807-4-smb devstack@c-api.service[110725]: INFO cinder.api.openstack.wsgi [None req-e1d0f4e2-f3e0-445f-9e07-e301baecd494 tempest-GroupSnapshotsTest-460977115 tempest-GroupSnapshotsTest-460977115-project] GET http://10.222.0.61/volume/v3/37ff9235e5ed431bb91367c06efc22b5/volumes/detail
May 27 03:24:53.570379 dv-cinder-828807-4-smb devstack@c-api.service[110725]: DEBUG cinder.api.openstack.wsgi [None req-e1d0f4e2-f3e0-445f-9e07-e301baecd494 tempest-GroupSnapshotsTest-460977115 tempest-GroupSnapshotsTest-460977115-project] Empty body provided in request {{(pid=110725) get_body /opt/stack/cinder/cinder/api/openstack/wsgi.py:715}}
May 27 03:24:53.571996 dv-cinder-828807-4-smb devstack@c-api.service[110725]: DEBUG cinder.api.openstack.wsgi [None req-e1d0f4e2-f3e0-445f-9e07-e301baecd494 tempest-GroupSnapshotsTest-460977115 tempest-GroupSnapshotsTest-460977115-project] Calling method 'detail' {{(pid=110725) _process_stack /opt/stack/cinder/cinder/api/openstack/wsgi.py:868}}
May 27 03:24:53.573998 dv-cinder-828807-4-smb devstack@c-api.service[110725]: DEBUG cinder.api.api_utils [None req-e1d0f4e2-f3e0-445f-9e07-e301baecd494 tempest-GroupSnapshotsTest-460977115 tempest-GroupSnapshotsTest-460977115-project] Removing options '' from query. {{(pid=110725) remove_invalid_filter_options /opt/stack/cinder/cinder/api/api_utils.py:73}}
May 27 03:24:53.577577 dv-cinder-828807-4-smb devstack@c-api.service[110725]: /usr/local/lib/python3.8/dist-packages/oslo_context/context.py:100: DeprecationWarning: Policy enforcement is depending on the value of is_admin. This key is deprecated. Please update your policy file to use the standard policy values.
May 27 03:24:53.577577 dv-cinder-828807-4-smb devstack@c-api.service[110725]: warnings.warn('Policy enforcement is depending on the value of '
May 27 03:24:53.581577 dv-cinder-828807-4-smb devstack@c-api.service[110725]: DEBUG cinder.volume.api [None req-e1d0f4e2-f3e0-445f-9e07-e301baecd494 tempest-GroupSnapshotsTest-460977115 tempest-GroupSnapshotsTest-460977115-project] Searching by: MultiDict([('no_migration_targets', True)]). {{(pid=110725) get_all /opt/stack/cinder/cinder/volume/api.py:664}}
May 27 03:24:53.589657 dv-cinder-828807-4-smb devstack@c-api.service[110724]: DEBUG cinder.quota [None req-c1b455a5-d403-4880-84d9-b62cc3a275cf tempest-GroupSnapshotsV319Test-1003634783 tempest-GroupSnapshotsV319Test-1003634783-project] Created reservations ['c8ff8df9-cbb6-437a-8fee-2c99059c6a38', '5eca462d-14b1-4f4b-8299-60394a469418', '5f6cd8b6-c0d3-49cb-ba5a-69d3f18ea82f', '8dd880db-4856-4a73-a4d5-c2767e9b8d60'] {{(pid=110724) reserve /opt/stack/cinder/cinder/quota.py:755}}
May 27 03:24:53.704427 dv-cinder-828807-4-smb devstack@c-api.service[110724]: INFO cinder.api.openstack.wsgi [None req-c1b455a5-d403-4880-84d9-b62cc3a275cf tempest-GroupSnapshotsV319Test-1003634783 tempest-GroupSnapshotsV319Test-1003634783-project] http://10.222.0.61/volume/v3/eb79412869104caca9a19cf9d551c37c/group_snapshots returned with HTTP 202
May 27 03:24:53.713354 dv-cinder-828807-4-smb devstack@c-api.service[110724]: [pid: 110724|app: 0|req: 137/289] 10.222.0.61 () {62 vars in 1300 bytes} [Fri May 27 03:24:53 2022] POST /volume/v3/eb79412869104caca9a19cf9d551c37c/group_snapshots => generated 191 bytes in 472 msecs (HTTP/1.1 202) 7 headers in 292 bytes (1 switches on core 0)
May 27 03:24:53.715619 dv-cinder-828807-4-smb devstack@c-api.service[110724]: DEBUG cinder.api.middleware.request_id [None req-8368f1dc-055e-4641-bbd5-c35b5b1f07b3 None None] RequestId filter calling following filter/app {{(pid=110724) _context_setter /opt/stack/cinder/cinder/api/middleware/request_id.py:62}}
May 27 03:24:53.729042 dv-cinder-828807-4-smb devstack@c-api.service[110724]: INFO cinder.api.openstack.wsgi [None req-8368f1dc-055e-4641-bbd5-c35b5b1f07b3 tempest-GroupSnapshotsV319Test-1003634783 tempest-GroupSnapshotsV319Test-1003634783-project] GET http://10.222.0.61/volume/v3/eb79412869104caca9a19cf9d551c37c/group_snapshots/c682ccc5-d67d-4410-ba30-7a2c513c8cda
May 27 03:24:53.729644 dv-cinder-828807-4-smb devstack@c-api.service[110724]: DEBUG cinder.api.openstack.wsgi [None req-8368f1dc-055e-4641-bbd5-c35b5b1f07b3 tempest-GroupSnapshotsV319Test-1003634783 tempest-GroupSnapshotsV319Test-1003634783-project] Empty body provided in request {{(pid=110724) get_body /opt/stack/cinder/cinder/api/openstack/wsgi.py:715}}
May 27 03:24:53.731933 dv-cinder-828807-4-smb devstack@c-api.service[110724]: DEBUG cinder.api.openstack.wsgi [None req-8368f1dc-055e-4641-bbd5-c35b5b1f07b3 tempest-GroupSnapshotsV319Test-1003634783 tempest-GroupSnapshotsV319Test-1003634783-project] Calling method 'version_select' {{(pid=110724) _process_stack /opt/stack/cinder/cinder/api/openstack/wsgi.py:868}}
May 27 03:24:53.732322 dv-cinder-828807-4-smb devstack@c-api.service[110724]: DEBUG cinder.api.v3.group_snapshots [None req-8368f1dc-055e-4641-bbd5-c35b5b1f07b3 tempest-GroupSnapshotsV319Test-1003634783 tempest-GroupSnapshotsV319Test-1003634783-project] show called for member c682ccc5-d67d-4410-ba30-7a2c513c8cda {{(pid=110724) show /opt/stack/cinder/cinder/api/v3/group_snapshots.py:58}}
May 27 03:24:53.752681 dv-cinder-828807-4-smb devstack@c-api.service[110725]: INFO cinder.volume.api [None req-e1d0f4e2-f3e0-445f-9e07-e301baecd494 tempest-GroupSnapshotsTest-460977115 tempest-GroupSnapshotsTest-460977115-project] Get all volumes completed successfully.
May 27 03:24:53.755404 dv-cinder-828807-4-smb devstack@c-api.service[110725]: WARNING stevedore.named [None req-e1d0f4e2-f3e0-445f-9e07-e301baecd494 tempest-GroupSnapshotsTest-460977115 tempest-GroupSnapshotsTest-460977115-project] Could not load cinder.keymgr.conf_key_mgr.ConfKeyManager
May 27 03:24:53.757718 dv-cinder-828807-4-smb devstack@c-api.service[110725]: WARNING castellan.key_manager [None req-e1d0f4e2-f3e0-445f-9e07-e301baecd494 tempest-GroupSnapshotsTest-460977115 tempest-GroupSnapshotsTest-460977115-project] Deprecation Warning : cinder.keymgr.conf_key_mgr.ConfKeyManager is not a stevedore based driver, trying to load it as a class: stevedore.exception.NoMatches: No 'castellan.drivers' driver found, looking for 'cinder.keymgr.conf_key_mgr.ConfKeyManager'
May 27 03:24:53.767251 dv-cinder-828807-4-smb devstack@c-api.service[110724]: /usr/local/lib/python3.8/dist-packages/oslo_context/context.py:100: DeprecationWarning: Policy enforcement is depending on the value of is_admin. This key is deprecated. Please update your policy file to use the standard policy values.
May 27 03:24:53.767251 dv-cinder-828807-4-smb devstack@c-api.service[110724]: warnings.warn('Policy enforcement is depending on the value of '
May 27 03:24:53.772306 dv-cinder-828807-4-smb devstack@c-api.service[110724]: DEBUG dbcounter [-] [110724] Writing DB stats cinder:UPDATE=15,cinder:SELECT=76,cinder:INSERT=9 {{(pid=110724) stat_writer /usr/local/lib/python3.8/dist-packages/dbcounter.py:114}}
May 27 03:24:53.775017 dv-cinder-828807-4-smb devstack@c-api.service[110725]: DEBUG oslo_db.sqlalchemy.engines [None req-e1d0f4e2-f3e0-445f-9e07-e301baecd494 tempest-GroupSnapshotsTest-460977115 tempest-GroupSnapshotsTest-460977115-project] MySQL server mode set to STRICT_TRANS_TABLES,STRICT_ALL_TABLES,NO_ZERO_IN_DATE,NO_ZERO_DATE,ERROR_FOR_DIVISION_BY_ZERO,TRADITIONAL,NO_ENGINE_SUBSTITUTION {{(pid=110725) _check_effective_sql_mode /usr/local/lib/python3.8/dist-packages/oslo_db/sqlalchemy/engines.py:314}}
May 27 03:24:53.782784 dv-cinder-828807-4-smb devstack@c-api.service[110724]: INFO cinder.api.openstack.wsgi [None req-8368f1dc-055e-4641-bbd5-c35b5b1f07b3 tempest-GroupSnapshotsV319Test-1003634783 tempest-GroupSnapshotsV319Test-1003634783-project] http://10.222.0.61/volume/v3/eb79412869104caca9a19cf9d551c37c/group_snapshots/c682ccc5-d67d-4410-ba30-7a2c513c8cda returned with HTTP 200
May 27 03:24:53.785912 dv-cinder-828807-4-smb devstack@c-api.service[110724]: [pid: 110724|app: 0|req: 138/290] 10.222.0.61 () {60 vars in 1389 bytes} [Fri May 27 03:24:53 2022] GET /volume/v3/eb79412869104caca9a19cf9d551c37c/group_snapshots/c682ccc5-d67d-4410-ba30-7a2c513c8cda => generated 330 bytes in 72 msecs (HTTP/1.1 200) 7 headers in 286 bytes (1 switches on core 0)
May 27 03:24:53.798710 dv-cinder-828807-4-smb devstack@c-api.service[110725]: /usr/local/lib/python3.8/dist-packages/oslo_context/context.py:100: DeprecationWarning: Policy enforcement is depending on the value of is_admin. This key is deprecated. Please update your policy file to use the standard policy values.
May 27 03:24:53.798710 dv-cinder-828807-4-smb devstack@c-api.service[110725]: warnings.warn('Policy enforcement is depending on the value of '
May 27 03:24:53.832295 dv-cinder-828807-4-smb devstack@c-api.service[110725]: WARNING stevedore.named [None req-e1d0f4e2-f3e0-445f-9e07-e301baecd494 tempest-GroupSnapshotsTest-460977115 tempest-GroupSnapshotsTest-460977115-project] Could not load cinder.keymgr.conf_key_mgr.ConfKeyManager
