May 27 03:24:37.216834 dv-cinder-828807-4-iscsi devstack@c-api.service[110677]: warnings.warn('Policy enforcement is depending on the value of '
May 27 03:24:37.232218 dv-cinder-828807-4-iscsi devstack@c-api.service[110677]: INFO cinder.api.openstack.wsgi [None req-3209c0e0-058f-4a31-be28-0832991f239a tempest-GroupSnapshotsTest-1003125370 tempest-GroupSnapshotsTest-1003125370-project] http://10.222.0.62/volume/v3/e8cc4fcc64d3439e8fb3ab94927a37b1/volumes/detail returned with HTTP 200
May 27 03:24:37.233277 dv-cinder-828807-4-iscsi devstack@c-api.service[110677]: [pid: 110677|app: 0|req: 136/261] 10.222.0.62 () {60 vars in 1275 bytes} [Fri May 27 03:24:37 2022] GET /volume/v3/e8cc4fcc64d3439e8fb3ab94927a37b1/volumes/detail => generated 1991 bytes in 149 msecs (HTTP/1.1 200) 7 headers in 287 bytes (1 switches on core 0)
May 27 03:24:37.234556 dv-cinder-828807-4-iscsi devstack@c-api.service[110677]: DEBUG cinder.api.middleware.request_id [None req-4b2ee8e2-5755-49ec-a04b-32e1f1d5045a None None] RequestId filter calling following filter/app {{(pid=110677) _context_setter /opt/stack/cinder/cinder/api/middleware/request_id.py:62}}
May 27 03:24:37.238698 dv-cinder-828807-4-iscsi devstack@c-api.service[110677]: INFO cinder.api.openstack.wsgi [None req-4b2ee8e2-5755-49ec-a04b-32e1f1d5045a tempest-VolumeQuotaClassesTest-1043383919 tempest-VolumeQuotaClassesTest-1043383919-project-admin] POST http://10.222.0.62/volume/v3/7b1e99faded24e9f83c11402ba92358f/types
May 27 03:24:37.239582 dv-cinder-828807-4-iscsi devstack@c-api.service[110677]: DEBUG cinder.api.openstack.wsgi [None req-4b2ee8e2-5755-49ec-a04b-32e1f1d5045a tempest-VolumeQuotaClassesTest-1043383919 tempest-VolumeQuotaClassesTest-1043383919-project-admin] Action: 'create', calling method: _create, body: {"volume_type": {"name": "tempest-VolumeQuotaClassesTest-volume-type-1240399320"}} {{(pid=110677) _process_stack /opt/stack/cinder/cinder/api/openstack/wsgi.py:866}}
May 27 03:24:37.250633 dv-cinder-828807-4-iscsi devstack@c-api.service[110678]: DEBUG cinder.volume.api [None req-4f1b6a3b-c2b2-4772-b88f-27ea304af2ac tempest-VolumesListAdminTestJSON-207903650 tempest-VolumesListAdminTestJSON-207903650-project] Task 'cinder.volume.flows.api.create_volume.ExtractVolumeRequestTask;volume:create' (0727488f-f77f-4b1d-bc10-4b2ec79a80d4) transitioned into state 'SUCCESS' from state 'RUNNING' with result '{'size': 1, 'snapshot_id': None, 'source_volid': None, 'volume_type': VolumeType(created_at=2022-05-27T03:13:43Z,deleted=False,deleted_at=None,description='Default Volume Type',extra_specs={},id=53f40c94-dd65-4269-8da2-91c762028875,is_public=True,name='__DEFAULT__',projects=[],qos_specs=,qos_specs_id=None,updated_at=2022-05-27T03:13:43Z), 'volume_type_id': '53f40c94-dd65-4269-8da2-91c762028875', 'encryption_key_id': None, 'qos_specs': None, 'consistencygroup_id': None, 'cgsnapshot_id': None, 'group_id': None, 'replication_status': 'disabled', 'refresh_az': False, 'backup_id': None, 'multiattach': False, 'availability_zones': ['nova']}' {{(pid=110678) _task_receiver /usr/local/lib/python3.8/dist-packages/taskflow/listeners/logging.py:178}}
May 27 03:24:37.252920 dv-cinder-828807-4-iscsi devstack@c-api.service[110678]: DEBUG cinder.volume.api [None req-4f1b6a3b-c2b2-4772-b88f-27ea304af2ac tempest-VolumesListAdminTestJSON-207903650 tempest-VolumesListAdminTestJSON-207903650-project] Task 'cinder.volume.flows.api.create_volume.QuotaReserveTask;volume:create' (91ba6890-90e0-48b2-828e-9ec9b38d75ad) transitioned into state 'RUNNING' from state 'PENDING' {{(pid=110678) _task_receiver /usr/local/lib/python3.8/dist-packages/taskflow/listeners/logging.py:190}}
May 27 03:24:37.283873 dv-cinder-828807-4-iscsi devstack@c-api.service[110677]: INFO cinder.api.openstack.wsgi [None req-4b2ee8e2-5755-49ec-a04b-32e1f1d5045a tempest-VolumeQuotaClassesTest-1043383919 tempest-VolumeQuotaClassesTest-1043383919-project-admin] http://10.222.0.62/volume/v3/7b1e99faded24e9f83c11402ba92358f/types returned with HTTP 200
May 27 03:24:37.284596 dv-cinder-828807-4-iscsi devstack@c-api.service[110677]: [pid: 110677|app: 0|req: 137/262] 10.222.0.62 () {60 vars in 1228 bytes} [Fri May 27 03:24:37 2022] POST /volume/v3/7b1e99faded24e9f83c11402ba92358f/types => generated 228 bytes in 51 msecs (HTTP/1.1 200) 7 headers in 285 bytes (1 switches on core 0)
May 27 03:24:37.285780 dv-cinder-828807-4-iscsi devstack@c-api.service[110677]: DEBUG cinder.api.middleware.request_id [None req-927117e4-00c8-4190-a819-86643ed0f68b None None] RequestId filter calling following filter/app {{(pid=110677) _context_setter /opt/stack/cinder/cinder/api/middleware/request_id.py:62}}
May 27 03:24:37.289699 dv-cinder-828807-4-iscsi devstack@c-api.service[110677]: INFO cinder.api.openstack.wsgi [None req-927117e4-00c8-4190-a819-86643ed0f68b tempest-GroupSnapshotsTest-1003125370 tempest-GroupSnapshotsTest-1003125370-project] POST http://10.222.0.62/volume/v3/e8cc4fcc64d3439e8fb3ab94927a37b1/group_snapshots
May 27 03:24:37.290709 dv-cinder-828807-4-iscsi devstack@c-api.service[110677]: DEBUG cinder.api.openstack.wsgi [None req-927117e4-00c8-4190-a819-86643ed0f68b tempest-GroupSnapshotsTest-1003125370 tempest-GroupSnapshotsTest-1003125370-project] Action: 'create', calling method: version_select, body: {"group_snapshot": {"group_id": "b4d41b27-9bb0-4e5e-a2bf-9ff3702c05c0", "name": "tempest-GroupSnapshotsTest-Group_Snapshot-1549183592"}} {{(pid=110677) _process_stack /opt/stack/cinder/cinder/api/openstack/wsgi.py:866}}
May 27 03:24:37.292410 dv-cinder-828807-4-iscsi devstack@c-api.service[110677]: DEBUG cinder.api.v3.group_snapshots [None req-927117e4-00c8-4190-a819-86643ed0f68b tempest-GroupSnapshotsTest-1003125370 tempest-GroupSnapshotsTest-1003125370-project] Creating new group_snapshot {'group_snapshot': {'group_id': 'b4d41b27-9bb0-4e5e-a2bf-9ff3702c05c0', 'name': 'tempest-GroupSnapshotsTest-Group_Snapshot-1549183592'}} {{(pid=110677) create /opt/stack/cinder/cinder/api/v3/group_snapshots.py:154}}
May 27 03:24:37.295530 dv-cinder-828807-4-iscsi devstack@c-api.service[110677]: DEBUG dbcounter [-] [110677] Writing DB stats cinder:SELECT=89,cinder:UPDATE=9,cinder:INSERT=2 {{(pid=110677) stat_writer /usr/local/lib/python3.8/dist-packages/dbcounter.py:114}}
May 27 03:24:37.301907 dv-cinder-828807-4-iscsi devstack@c-api.service[110677]: /usr/local/lib/python3.8/dist-packages/oslo_context/context.py:100: DeprecationWarning: Policy enforcement is depending on the value of is_admin. This key is deprecated. Please update your policy file to use the standard policy values.
May 27 03:24:37.301907 dv-cinder-828807-4-iscsi devstack@c-api.service[110677]: warnings.warn('Policy enforcement is depending on the value of '
May 27 03:24:37.313079 dv-cinder-828807-4-iscsi devstack@c-api.service[110677]: INFO cinder.api.v3.group_snapshots [None req-927117e4-00c8-4190-a819-86643ed0f68b tempest-GroupSnapshotsTest-1003125370 tempest-GroupSnapshotsTest-1003125370-project] Creating group_snapshot tempest-GroupSnapshotsTest-Group_Snapshot-1549183592.
May 27 03:24:37.356849 dv-cinder-828807-4-iscsi devstack@c-api.service[110677]: /usr/local/lib/python3.8/dist-packages/oslo_context/context.py:100: DeprecationWarning: Policy enforcement is depending on the value of is_admin. This key is deprecated. Please update your policy file to use the standard policy values.
May 27 03:24:37.356849 dv-cinder-828807-4-iscsi devstack@c-api.service[110677]: warnings.warn('Policy enforcement is depending on the value of '
May 27 03:24:37.373154 dv-cinder-828807-4-iscsi devstack@c-api.service[110678]: DEBUG cinder.quota [None req-4f1b6a3b-c2b2-4772-b88f-27ea304af2ac tempest-VolumesListAdminTestJSON-207903650 tempest-VolumesListAdminTestJSON-207903650-project] Created reservations ['de463653-da8a-437e-b0d9-16e4582b0f43', 'e43c7c35-f995-4755-80a6-761c55299257', '080d5404-6094-4190-a657-6e014a01b654', '9b8a514b-519d-4a32-82df-0cb15ed4e108'] {{(pid=110678) reserve /opt/stack/cinder/cinder/quota.py:755}}
May 27 03:24:37.375345 dv-cinder-828807-4-iscsi devstack@c-api.service[110678]: DEBUG cinder.volume.api [None req-4f1b6a3b-c2b2-4772-b88f-27ea304af2ac tempest-VolumesListAdminTestJSON-207903650 tempest-VolumesListAdminTestJSON-207903650-project] Task 'cinder.volume.flows.api.create_volume.QuotaReserveTask;volume:create' (91ba6890-90e0-48b2-828e-9ec9b38d75ad) transitioned into state 'SUCCESS' from state 'RUNNING' with result '{'reservations': ['de463653-da8a-437e-b0d9-16e4582b0f43', 'e43c7c35-f995-4755-80a6-761c55299257', '080d5404-6094-4190-a657-6e014a01b654', '9b8a514b-519d-4a32-82df-0cb15ed4e108']}' {{(pid=110678) _task_receiver /usr/local/lib/python3.8/dist-packages/taskflow/listeners/logging.py:178}}
May 27 03:24:37.379551 dv-cinder-828807-4-iscsi devstack@c-api.service[110678]: DEBUG cinder.volume.api [None req-4f1b6a3b-c2b2-4772-b88f-27ea304af2ac tempest-VolumesListAdminTestJSON-207903650 tempest-VolumesListAdminTestJSON-207903650-project] Task 'cinder.volume.flows.api.create_volume.EntryCreateTask;volume:create' (608e1b97-8d5f-4d77-9092-2c27331ada48) transitioned into state 'RUNNING' from state 'PENDING' {{(pid=110678) _task_receiver /usr/local/lib/python3.8/dist-packages/taskflow/listeners/logging.py:190}}
May 27 03:24:37.401143 dv-cinder-828807-4-iscsi devstack@c-api.service[110677]: WARNING cinder.quota [None req-927117e4-00c8-4190-a819-86643ed0f68b tempest-GroupSnapshotsTest-1003125370 tempest-GroupSnapshotsTest-1003125370-project] Deprecated: Default quota for resource: snapshots_tempest-GroupSnapshotsTest-volume-type-697395345 is set by the default quota flag: quota_snapshots_tempest-GroupSnapshotsTest-volume-type-697395345, it is now deprecated. Please use the default quota class for default quota.
May 27 03:24:37.406224 dv-cinder-828807-4-iscsi devstack@c-api.service[110678]: DEBUG cinder.volume.api [None req-4f1b6a3b-c2b2-4772-b88f-27ea304af2ac tempest-VolumesListAdminTestJSON-207903650 tempest-VolumesListAdminTestJSON-207903650-project] Task 'cinder.volume.flows.api.create_volume.EntryCreateTask;volume:create' (608e1b97-8d5f-4d77-9092-2c27331ada48) transitioned into state 'SUCCESS' from state 'RUNNING' with result '{'volume_id': '24c8924b-719c-4ff6-b656-c0beae00c426', 'volume_properties': VolumeProperties(attach_status='detached',availability_zone='nova',cgsnapshot_id=None,consistencygroup_id=None,display_description=None,display_name='tempest-VolumesListAdminTestJSON-Volume-1290384284',encryption_key_id=None,group_id=None,group_type_id=,metadata={},multiattach=False,project_id='6b9bfc3dc4ba47aeb34c60d5b5baf9d9',qos_specs=None,replication_status=,reservations=['de463653-da8a-437e-b0d9-16e4582b0f43','e43c7c35-f995-4755-80a6-761c55299257','080d5404-6094-4190-a657-6e014a01b654','9b8a514b-519d-4a32-82df-0cb15ed4e108'],size=1,snapshot_id=None,source_replicaid=,source_volid=None,status='creating',user_id='ebef406a97ad48a18202b4f769e9d39c',volume_type_id=53f40c94-dd65-4269-8da2-91c762028875), 'volume': Volume(_name_id=None,admin_metadata=,attach_status='detached',availability_zone='nova',bootable=False,cluster=,cluster_name=None,consistencygroup=,consistencygroup_id=None,created_at=2022-05-27T03:24:37Z,deleted=False,deleted_at=None,display_description=None,display_name='tempest-VolumesListAdminTestJSON-Volume-1290384284',ec2_id=None,encryption_key_id=None,glance_metadata=,group=,group_id=None,host=None,id=24c8924b-719c-4ff6-b656-c0beae00c426,launched_at=None,metadata={},migration_status=None,multiattach=False,previous_status=None,project_id='6b9bfc3dc4ba47aeb34c60d5b5baf9d9',provider_auth=None,provider_geometry=None,provider_id=None,provider_location=None,replication_driver_data=None,replication_extended_status=None,replication_status=None,scheduled_at=None,service_uuid=None,shared_targets=True,size=1,snapshot_id=None,snapshots=,source_volid=None,status='creating',terminated_at=None,updated_at=None,use_quota=True,user_id='ebef406a97ad48a18202b4f769e9d39c',volume_attachment=VolumeAttachmentList,volume_type=VolumeType(53f40c94-dd65-4269-8da2-91c762028875),volume_type_id=53f40c94-dd65-4269-8da2-91c762028875)}' {{(pid=110678) _task_receiver /usr/local/lib/python3.8/dist-packages/taskflow/listeners/logging.py:178}}
May 27 03:24:37.409850 dv-cinder-828807-4-iscsi devstack@c-api.service[110678]: DEBUG cinder.volume.api [None req-4f1b6a3b-c2b2-4772-b88f-27ea304af2ac tempest-VolumesListAdminTestJSON-207903650 tempest-VolumesListAdminTestJSON-207903650-project] Task 'cinder.volume.flows.api.create_volume.QuotaCommitTask;volume:create' (823b1878-5a03-49f2-a082-cf1a5bd530de) transitioned into state 'RUNNING' from state 'PENDING' {{(pid=110678) _task_receiver /usr/local/lib/python3.8/dist-packages/taskflow/listeners/logging.py:190}}
May 27 03:24:37.449223 dv-cinder-828807-4-iscsi devstack@c-api.service[110677]: DEBUG cinder.quota [None req-927117e4-00c8-4190-a819-86643ed0f68b tempest-GroupSnapshotsTest-1003125370 tempest-GroupSnapshotsTest-1003125370-project] Created reservations ['0754ab88-b9b5-44c3-84eb-89dbdcc8c3bd', '9f44732f-8d97-4e48-8004-cdcc628b1e9a', '9edad6bb-28ef-4fc0-9b59-3c1747143dea', 'fd2ef056-00bb-4e1b-8a74-6a7127f2ca75'] {{(pid=110677) reserve /opt/stack/cinder/cinder/quota.py:755}}
May 27 03:24:37.468430 dv-cinder-828807-4-iscsi devstack@c-api.service[110678]: DEBUG cinder.volume.api [None req-4f1b6a3b-c2b2-4772-b88f-27ea304af2ac tempest-VolumesListAdminTestJSON-207903650 tempest-VolumesListAdminTestJSON-207903650-project] Task 'cinder.volume.flows.api.create_volume.QuotaCommitTask;volume:create' (823b1878-5a03-49f2-a082-cf1a5bd530de) transitioned into state 'SUCCESS' from state 'RUNNING' with result '{'volume_properties': VolumeProperties(attach_status='detached',availability_zone='nova',cgsnapshot_id=None,consistencygroup_id=None,display_description=None,display_name='tempest-VolumesListAdminTestJSON-Volume-1290384284',encryption_key_id=None,group_id=None,group_type_id=,metadata={},multiattach=False,project_id='6b9bfc3dc4ba47aeb34c60d5b5baf9d9',qos_specs=None,replication_status=,reservations=['de463653-da8a-437e-b0d9-16e4582b0f43','e43c7c35-f995-4755-80a6-761c55299257','080d5404-6094-4190-a657-6e014a01b654','9b8a514b-519d-4a32-82df-0cb15ed4e108'],size=1,snapshot_id=None,source_replicaid=,source_volid=None,status='creating',user_id='ebef406a97ad48a18202b4f769e9d39c',volume_type_id=53f40c94-dd65-4269-8da2-91c762028875)}' {{(pid=110678) _task_receiver /usr/local/lib/python3.8/dist-packages/taskflow/listeners/logging.py:178}}
May 27 03:24:37.470686 dv-cinder-828807-4-iscsi devstack@c-api.service[110678]: DEBUG cinder.volume.api [None req-4f1b6a3b-c2b2-4772-b88f-27ea304af2ac tempest-VolumesListAdminTestJSON-207903650 tempest-VolumesListAdminTestJSON-207903650-project] Task 'cinder.volume.flows.api.create_volume.VolumeCastTask;volume:create' (a8a36192-ce50-4362-a04b-93d98b481ab8) transitioned into state 'RUNNING' from state 'PENDING' {{(pid=110678) _task_receiver /usr/local/lib/python3.8/dist-packages/taskflow/listeners/logging.py:190}}
May 27 03:24:37.492495 dv-cinder-828807-4-iscsi devstack@c-api.service[110678]: DEBUG cinder.volume.api [None req-4f1b6a3b-c2b2-4772-b88f-27ea304af2ac tempest-VolumesListAdminTestJSON-207903650 tempest-VolumesListAdminTestJSON-207903650-project] Task 'cinder.volume.flows.api.create_volume.VolumeCastTask;volume:create' (a8a36192-ce50-4362-a04b-93d98b481ab8) transitioned into state 'SUCCESS' from state 'RUNNING' with result 'None' {{(pid=110678) _task_receiver /usr/local/lib/python3.8/dist-packages/taskflow/listeners/logging.py:178}}
May 27 03:24:37.507392 dv-cinder-828807-4-iscsi devstack@c-api.service[110678]: DEBUG cinder.volume.api [None req-4f1b6a3b-c2b2-4772-b88f-27ea304af2ac tempest-VolumesListAdminTestJSON-207903650 tempest-VolumesListAdminTestJSON-207903650-project] Flow 'volume_create_api' (317780bf-96af-4a74-9046-d344af1b8223) transitioned into state 'SUCCESS' from state 'RUNNING' {{(pid=110678) _flow_receiver /usr/local/lib/python3.8/dist-packages/taskflow/listeners/logging.py:141}}
May 27 03:24:37.508215 dv-cinder-828807-4-iscsi devstack@c-api.service[110678]: INFO cinder.volume.api [None req-4f1b6a3b-c2b2-4772-b88f-27ea304af2ac tempest-VolumesListAdminTestJSON-207903650 tempest-VolumesListAdminTestJSON-207903650-project] Create volume request issued successfully.
May 27 03:24:37.513845 dv-cinder-828807-4-iscsi devstack@c-api.service[110678]: INFO cinder.api.openstack.wsgi [None req-4f1b6a3b-c2b2-4772-b88f-27ea304af2ac tempest-VolumesListAdminTestJSON-207903650 tempest-VolumesListAdminTestJSON-207903650-project] http://10.222.0.62/volume/v3/6b9bfc3dc4ba47aeb34c60d5b5baf9d9/volumes returned with HTTP 202
May 27 03:24:37.525004 dv-cinder-828807-4-iscsi devstack@c-api.service[110678]: [pid: 110678|app: 0|req: 126/263] 10.222.0.62 () {60 vars in 1234 bytes} [Fri May 27 03:24:37 2022] POST /volume/v3/6b9bfc3dc4ba47aeb34c60d5b5baf9d9/volumes => generated 824 bytes in 355 msecs (HTTP/1.1 202) 7 headers in 291 bytes (1 switches on core 0)
May 27 03:24:37.528499 dv-cinder-828807-4-iscsi devstack@c-api.service[110678]: DEBUG cinder.api.middleware.request_id [None req-887cf3e4-b7e9-4b7b-b204-ee36be89ab65 None None] RequestId filter calling following filter/app {{(pid=110678) _context_setter /opt/stack/cinder/cinder/api/middleware/request_id.py:62}}
May 27 03:24:37.538612 dv-cinder-828807-4-iscsi devstack@c-api.service[110678]: INFO cinder.api.openstack.wsgi [None req-887cf3e4-b7e9-4b7b-b204-ee36be89ab65 tempest-VolumeQuotaClassesTest-1043383919 tempest-VolumeQuotaClassesTest-1043383919-project-admin] PUT http://10.222.0.62/volume/v3/7b1e99faded24e9f83c11402ba92358f/os-quota-class-sets/default
May 27 03:24:37.539351 dv-cinder-828807-4-iscsi devstack@c-api.service[110678]: DEBUG cinder.api.openstack.wsgi [None req-887cf3e4-b7e9-4b7b-b204-ee36be89ab65 tempest-VolumeQuotaClassesTest-1043383919 tempest-VolumeQuotaClassesTest-1043383919-project-admin] Action: 'update', calling method: update, body: {"quota_class_set": {"volumes": 11, "per_volume_gigabytes": -1, "snapshots": 11, "gigabytes": 1001, "backups": 11, "backup_gigabytes": 1001, "volumes_tempest-VolumeQuotaClassesTest-volume-type-1240399320": 5, "snapshots_tempest-VolumeQuotaClassesTest-volume-type-1240399320": 1, "gigabytes_tempest-VolumeQuotaClassesTest-volume-type-1240399320": 10}} {{(pid=110678) _process_stack /opt/stack/cinder/cinder/api/openstack/wsgi.py:866}}
May 27 03:24:37.551110 dv-cinder-828807-4-iscsi devstack@c-api.service[110677]: INFO cinder.api.openstack.wsgi [None req-927117e4-00c8-4190-a819-86643ed0f68b tempest-GroupSnapshotsTest-1003125370 tempest-GroupSnapshotsTest-1003125370-project] http://10.222.0.62/volume/v3/e8cc4fcc64d3439e8fb3ab94927a37b1/group_snapshots returned with HTTP 202
May 27 03:24:37.557386 dv-cinder-828807-4-iscsi devstack@c-api.service[110677]: [pid: 110677|app: 0|req: 138/264] 10.222.0.62 () {62 vars in 1300 bytes} [Fri May 27 03:24:37 2022] POST /volume/v3/e8cc4fcc64d3439e8fb3ab94927a37b1/group_snapshots => generated 187 bytes in 268 msecs (HTTP/1.1 202) 7 headers in 292 bytes (1 switches on core 0)
May 27 03:24:37.557386 dv-cinder-828807-4-iscsi devstack@c-api.service[110677]: DEBUG cinder.api.middleware.request_id [None req-ea8ebcef-56be-4642-9a7e-52ab40a79837 None None] RequestId filter calling following filter/app {{(pid=110677) _context_setter /opt/stack/cinder/cinder/api/middleware/request_id.py:62}}
May 27 03:24:37.559470 dv-cinder-828807-4-iscsi devstack@c-api.service[110677]: INFO cinder.api.openstack.wsgi [None req-ea8ebcef-56be-4642-9a7e-52ab40a79837 tempest-VolumesListAdminTestJSON-207903650 tempest-VolumesListAdminTestJSON-207903650-project] GET http://10.222.0.62/volume/v3/6b9bfc3dc4ba47aeb34c60d5b5baf9d9/volumes/24c8924b-719c-4ff6-b656-c0beae00c426
May 27 03:24:37.560301 dv-cinder-828807-4-iscsi devstack@c-api.service[110677]: DEBUG cinder.api.openstack.wsgi [None req-ea8ebcef-56be-4642-9a7e-52ab40a79837 tempest-VolumesListAdminTestJSON-207903650 tempest-VolumesListAdminTestJSON-207903650-project] Empty body provided in request {{(pid=110677) get_body /opt/stack/cinder/cinder/api/openstack/wsgi.py:715}}
May 27 03:24:37.561224 dv-cinder-828807-4-iscsi devstack@c-api.service[110677]: DEBUG cinder.api.openstack.wsgi [None req-ea8ebcef-56be-4642-9a7e-52ab40a79837 tempest-VolumesListAdminTestJSON-207903650 tempest-VolumesListAdminTestJSON-207903650-project] Calling method 'show' {{(pid=110677) _process_stack /opt/stack/cinder/cinder/api/openstack/wsgi.py:868}}
May 27 03:24:37.592691 dv-cinder-828807-4-iscsi devstack@c-api.service[110677]: /usr/local/lib/python3.8/dist-packages/oslo_context/context.py:100: DeprecationWarning: Policy enforcement is depending on the value of is_admin. This key is deprecated. Please update your policy file to use the standard policy values.
May 27 03:24:37.592691 dv-cinder-828807-4-iscsi devstack@c-api.service[110677]: warnings.warn('Policy enforcement is depending on the value of '
May 27 03:24:37.606975 dv-cinder-828807-4-iscsi devstack@c-api.service[110677]: INFO cinder.volume.api [None req-ea8ebcef-56be-4642-9a7e-52ab40a79837 tempest-VolumesListAdminTestJSON-207903650 tempest-VolumesListAdminTestJSON-207903650-project] Volume info retrieved successfully.
May 27 03:24:37.628440 dv-cinder-828807-4-iscsi devstack@c-api.service[110677]: INFO cinder.api.openstack.wsgi [None req-ea8ebcef-56be-4642-9a7e-52ab40a79837 tempest-VolumesListAdminTestJSON-207903650 tempest-VolumesListAdminTestJSON-207903650-project] http://10.222.0.62/volume/v3/6b9bfc3dc4ba47aeb34c60d5b5baf9d9/volumes/24c8924b-719c-4ff6-b656-c0beae00c426 returned with HTTP 200
May 27 03:24:37.629366 dv-cinder-828807-4-iscsi devstack@c-api.service[110677]: [pid: 110677|app: 0|req: 139/265] 10.222.0.62 () {58 vars in 1324 bytes} [Fri May 27 03:24:37 2022] GET /volume/v3/6b9bfc3dc4ba47aeb34c60d5b5baf9d9/volumes/24c8924b-719c-4ff6-b656-c0beae00c426 => generated 892 bytes in 75 msecs (HTTP/1.1 200) 7 headers in 285 bytes (1 switches on core 0)
May 27 03:24:37.630390 dv-cinder-828807-4-iscsi devstack@c-api.service[110677]: DEBUG cinder.api.middleware.request_id [None req-11d7a9d7-fa7d-4a6d-86c9-8114ea027e09 None None] RequestId filter calling following filter/app {{(pid=110677) _context_setter /opt/stack/cinder/cinder/api/middleware/request_id.py:62}}
May 27 03:24:37.634396 dv-cinder-828807-4-iscsi devstack@c-api.service[110677]: INFO cinder.api.openstack.wsgi [None req-11d7a9d7-fa7d-4a6d-86c9-8114ea027e09 tempest-GroupSnapshotsTest-1003125370 tempest-GroupSnapshotsTest-1003125370-project] GET http://10.222.0.62/volume/v3/e8cc4fcc64d3439e8fb3ab94927a37b1/group_snapshots/4e498d43-5aaa-4e96-b6a5-d7825f97ad09
May 27 03:24:37.634873 dv-cinder-828807-4-iscsi devstack@c-api.service[110677]: DEBUG cinder.api.openstack.wsgi [None req-11d7a9d7-fa7d-4a6d-86c9-8114ea027e09 tempest-GroupSnapshotsTest-1003125370 tempest-GroupSnapshotsTest-1003125370-project] Empty body provided in request {{(pid=110677) get_body /opt/stack/cinder/cinder/api/openstack/wsgi.py:715}}
May 27 03:24:37.635312 dv-cinder-828807-4-iscsi devstack@c-api.service[110677]: DEBUG cinder.api.openstack.wsgi [None req-11d7a9d7-fa7d-4a6d-86c9-8114ea027e09 tempest-GroupSnapshotsTest-1003125370 tempest-GroupSnapshotsTest-1003125370-project] Calling method 'version_select' {{(pid=110677) _process_stack /opt/stack/cinder/cinder/api/openstack/wsgi.py:868}}
May 27 03:24:37.637676 dv-cinder-828807-4-iscsi devstack@c-api.service[110677]: DEBUG cinder.api.v3.group_snapshots [None req-11d7a9d7-fa7d-4a6d-86c9-8114ea027e09 tempest-GroupSnapshotsTest-1003125370 tempest-GroupSnapshotsTest-1003125370-project] show called for member 4e498d43-5aaa-4e96-b6a5-d7825f97ad09 {{(pid=110677) show /opt/stack/cinder/cinder/api/v3/group_snapshots.py:58}}
May 27 03:24:37.642865 dv-cinder-828807-4-iscsi devstack@c-api.service[110677]: /usr/local/lib/python3.8/dist-packages/oslo_context/context.py:100: DeprecationWarning: Policy enforcement is depending on the value of is_admin. This key is deprecated. Please update your policy file to use the standard policy values.
May 27 03:24:37.642865 dv-cinder-828807-4-iscsi devstack@c-api.service[110677]: warnings.warn('Policy enforcement is depending on the value of '
May 27 03:24:37.649487 dv-cinder-828807-4-iscsi devstack@c-api.service[110677]: INFO cinder.api.openstack.wsgi [None req-11d7a9d7-fa7d-4a6d-86c9-8114ea027e09 tempest-GroupSnapshotsTest-1003125370 tempest-GroupSnapshotsTest-1003125370-project] http://10.222.0.62/volume/v3/e8cc4fcc64d3439e8fb3ab94927a37b1/group_snapshots/4e498d43-5aaa-4e96-b6a5-d7825f97ad09 returned with HTTP 200
May 27 03:24:37.651285 dv-cinder-828807-4-iscsi devstack@c-api.service[110677]: [pid: 110677|app: 0|req: 140/266] 10.222.0.62 () {60 vars in 1389 bytes} [Fri May 27 03:24:37 2022] GET /volume/v3/e8cc4fcc64d3439e8fb3ab94927a37b1/group_snapshots/4e498d43-5aaa-4e96-b6a5-d7825f97ad09 => generated 326 bytes in 22 msecs (HTTP/1.1 200) 7 headers in 286 bytes (1 switches on core 0)
May 27 03:24:37.655743 dv-cinder-828807-4-iscsi devstack@c-api.service[110678]: /usr/local/lib/python3.8/dist-packages/oslo_context/context.py:100: DeprecationWarning: Policy enforcement is depending on the value of is_admin. This key is deprecated. Please update your policy file to use the standard policy values.
May 27 03:24:37.655743 dv-cinder-828807-4-iscsi devstack@c-api.service[110678]: warnings.warn('Policy enforcement is depending on the value of '
May 27 03:24:37.674657 dv-cinder-828807-4-iscsi devstack@c-api.service[110678]: DEBUG dbcounter [-] [110678] Writing DB stats cinder:SELECT=77,cinder:INSERT=10,cinder:UPDATE=13 {{(pid=110678) stat_writer /usr/local/lib/python3.8/dist-packages/dbcounter.py:114}}
May 27 03:24:37.766353 dv-cinder-828807-4-iscsi devstack@c-api.service[110678]: INFO cinder.api.openstack.wsgi [None req-887cf3e4-b7e9-4b7b-b204-ee36be89ab65 tempest-VolumeQuotaClassesTest-1043383919 tempest-VolumeQuotaClassesTest-1043383919-project-admin] http://10.222.0.62/volume/v3/7b1e99faded24e9f83c11402ba92358f/os-quota-class-sets/default returned with HTTP 200
May 27 03:24:37.767335 dv-cinder-828807-4-iscsi devstack@c-api.service[110678]: [pid: 110678|app: 0|req: 127/267] 10.222.0.62 () {60 vars in 1294 bytes} [Fri May 27 03:24:37 2022] PUT /volume/v3/7b1e99faded24e9f83c11402ba92358f/os-quota-class-sets/default => generated 929 bytes in 240 msecs (HTTP/1.1 200) 7 headers in 285 bytes (1 switches on core 0)
May 27 03:24:37.774093 dv-cinder-828807-4-iscsi devstack@c-api.service[110677]: DEBUG cinder.api.middleware.request_id [None req-8e7ea975-a8b7-4af6-8f22-2960aa5b0248 None None] RequestId filter calling following filter/app {{(pid=110677) _context_setter /opt/stack/cinder/cinder/api/middleware/request_id.py:62}}
May 27 03:24:37.781011 dv-cinder-828807-4-iscsi devstack@c-api.service[110677]: INFO cinder.api.openstack.wsgi [None req-8e7ea975-a8b7-4af6-8f22-2960aa5b0248 tempest-VolumeQuotaClassesTest-1043383919 tempest-VolumeQuotaClassesTest-1043383919-project-admin] GET http://10.222.0.62/volume/v3/7b1e99faded24e9f83c11402ba92358f/os-quota-sets/7b1e99faded24e9f83c11402ba92358f/defaults
May 27 03:24:37.781840 dv-cinder-828807-4-iscsi devstack@c-api.service[110677]: DEBUG cinder.api.openstack.wsgi [None req-8e7ea975-a8b7-4af6-8f22-2960aa5b0248 tempest-VolumeQuotaClassesTest-1043383919 tempest-VolumeQuotaClassesTest-1043383919-project-admin] Empty body provided in request {{(pid=110677) get_body /opt/stack/cinder/cinder/api/openstack/wsgi.py:715}}
May 27 03:24:37.782442 dv-cinder-828807-4-iscsi devstack@c-api.service[110677]: DEBUG cinder.api.openstack.wsgi [None req-8e7ea975-a8b7-4af6-8f22-2960aa5b0248 tempest-VolumeQuotaClassesTest-1043383919 tempest-VolumeQuotaClassesTest-1043383919-project-admin] Calling method 'defaults' {{(pid=110677) _process_stack /opt/stack/cinder/cinder/api/openstack/wsgi.py:868}}
May 27 03:24:37.818277 dv-cinder-828807-4-iscsi devstack@c-api.service[110677]: INFO cinder.api.openstack.wsgi [None req-8e7ea975-a8b7-4af6-8f22-2960aa5b0248 tempest-VolumeQuotaClassesTest-1043383919 tempest-VolumeQuotaClassesTest-1043383919-project-admin] http://10.222.0.62/volume/v3/7b1e99faded24e9f83c11402ba92358f/os-quota-sets/7b1e99faded24e9f83c11402ba92358f/defaults returned with HTTP 200
May 27 03:24:37.820032 dv-cinder-828807-4-iscsi devstack@c-api.service[110677]: [pid: 110677|app: 0|req: 141/268] 10.222.0.62 () {58 vars in 1357 bytes} [Fri May 27 03:24:37 2022] GET /volume/v3/7b1e99faded24e9f83c11402ba92358f/os-quota-sets/7b1e99faded24e9f83c11402ba92358f/defaults => generated 965 bytes in 47 msecs (HTTP/1.1 200) 7 headers in 285 bytes (1 switches on core 0)
May 27 03:24:38.224512 dv-cinder-828807-4-iscsi devstack@c-api.service[110678]: DEBUG cinder.api.middleware.request_id [None req-a0a1d8b7-42d7-4693-a32a-20f9234a4fd0 None None] RequestId filter calling following filter/app {{(pid=110678) _context_setter /opt/stack/cinder/cinder/api/middleware/request_id.py:62}}
May 27 03:24:38.229468 dv-cinder-828807-4-iscsi devstack@c-api.service[110678]: INFO cinder.api.openstack.wsgi [None req-a0a1d8b7-42d7-4693-a32a-20f9234a4fd0 tempest-VolumeQuotaClassesTest-1043383919 tempest-VolumeQuotaClassesTest-1043383919-project-admin] GET http://10.222.0.62/volume/v3/7b1e99faded24e9f83c11402ba92358f/os-quota-sets/46af0318a0d543acb3bfc394edd8f26d/defaults
May 27 03:24:38.230052 dv-cinder-828807-4-iscsi devstack@c-api.service[110678]: DEBUG cinder.api.openstack.wsgi [None req-a0a1d8b7-42d7-4693-a32a-20f9234a4fd0 tempest-VolumeQuotaClassesTest-1043383919 tempest-VolumeQuotaClassesTest-1043383919-project-admin] Empty body provided in request {{(pid=110678) get_body /opt/stack/cinder/cinder/api/openstack/wsgi.py:715}}
May 27 03:24:38.230463 dv-cinder-828807-4-iscsi devstack@c-api.service[110678]: DEBUG cinder.api.openstack.wsgi [None req-a0a1d8b7-42d7-4693-a32a-20f9234a4fd0 tempest-VolumeQuotaClassesTest-1043383919 tempest-VolumeQuotaClassesTest-1043383919-project-admin] Calling method 'defaults' {{(pid=110678) _process_stack /opt/stack/cinder/cinder/api/openstack/wsgi.py:868}}
May 27 03:24:38.251026 dv-cinder-828807-4-iscsi devstack@c-api.service[110678]: WARNING cinder.quota [None req-a0a1d8b7-42d7-4693-a32a-20f9234a4fd0 tempest-VolumeQuotaClassesTest-1043383919 tempest-VolumeQuotaClassesTest-1043383919-project-admin] Deprecated: Default quota for resource: snapshots_tempest-GroupSnapshotsTest-volume-type-697395345 is set by the default quota flag: quota_snapshots_tempest-GroupSnapshotsTest-volume-type-697395345, it is now deprecated. Please use the default quota class for default quota.
May 27 03:24:38.259349 dv-cinder-828807-4-iscsi devstack@c-api.service[110678]: INFO cinder.api.openstack.wsgi [None req-a0a1d8b7-42d7-4693-a32a-20f9234a4fd0 tempest-VolumeQuotaClassesTest-1043383919 tempest-VolumeQuotaClassesTest-1043383919-project-admin] http://10.222.0.62/volume/v3/7b1e99faded24e9f83c11402ba92358f/os-quota-sets/46af0318a0d543acb3bfc394edd8f26d/defaults returned with HTTP 200
May 27 03:24:38.260810 dv-cinder-828807-4-iscsi devstack@c-api.service[110678]: [pid: 110678|app: 0|req: 128/269] 10.222.0.62 () {58 vars in 1357 bytes} [Fri May 27 03:24:38 2022] GET /volume/v3/7b1e99faded24e9f83c11402ba92358f/os-quota-sets/46af0318a0d543acb3bfc394edd8f26d/defaults => generated 965 bytes in 37 msecs (HTTP/1.1 200) 7 headers in 285 bytes (1 switches on core 0)
May 27 03:24:38.372513 dv-cinder-828807-4-iscsi devstack@c-api.service[110677]: DEBUG cinder.api.middleware.request_id [None req-1ae3dd63-68e7-48a9-8855-51aa21849f9f None None] RequestId filter calling following filter/app {{(pid=110677) _context_setter /opt/stack/cinder/cinder/api/middleware/request_id.py:62}}
May 27 03:24:38.377854 dv-cinder-828807-4-iscsi devstack@c-api.service[110677]: INFO cinder.api.openstack.wsgi [None req-1ae3dd63-68e7-48a9-8855-51aa21849f9f tempest-VolumeQuotaClassesTest-1043383919 tempest-VolumeQuotaClassesTest-1043383919-project-admin] PUT http://10.222.0.62/volume/v3/7b1e99faded24e9f83c11402ba92358f/os-quota-class-sets/default
May 27 03:24:38.378625 dv-cinder-828807-4-iscsi devstack@c-api.service[110677]: DEBUG cinder.api.openstack.wsgi [None req-1ae3dd63-68e7-48a9-8855-51aa21849f9f tempest-VolumeQuotaClassesTest-1043383919 tempest-VolumeQuotaClassesTest-1043383919-project-admin] Action: 'update', calling method: update, body: {"quota_class_set": {"volumes": 10, "per_volume_gigabytes": -1, "snapshots": 10, "gigabytes": 1000, "backups": 10, "backup_gigabytes": 1000}} {{(pid=110677) _process_stack /opt/stack/cinder/cinder/api/openstack/wsgi.py:866}}
May 27 03:24:38.456947 dv-cinder-828807-4-iscsi devstack@c-api.service[110677]: DEBUG dbcounter [-] [110677] Writing DB stats cinder:SELECT=75,cinder:INSERT=8,cinder:UPDATE=17 {{(pid=110677) stat_writer /usr/local/lib/python3.8/dist-packages/dbcounter.py:114}}
May 27 03:24:38.488081 dv-cinder-828807-4-iscsi devstack@c-api.service[110677]: INFO cinder.api.openstack.wsgi [None req-1ae3dd63-68e7-48a9-8855-51aa21849f9f tempest-VolumeQuotaClassesTest-1043383919 tempest-VolumeQuotaClassesTest-1043383919-project-admin] http://10.222.0.62/volume/v3/7b1e99faded24e9f83c11402ba92358f/os-quota-class-sets/default returned with HTTP 200
May 27 03:24:38.488866 dv-cinder-828807-4-iscsi devstack@c-api.service[110677]: [pid: 110677|app: 0|req: 142/270] 10.222.0.62 () {60 vars in 1294 bytes} [Fri May 27 03:24:38 2022] PUT /volume/v3/7b1e99faded24e9f83c11402ba92358f/os-quota-class-sets/default => generated 929 bytes in 118 msecs (HTTP/1.1 200) 7 headers in 285 bytes (1 switches on core 0)
May 27 03:24:38.497295 dv-cinder-828807-4-iscsi devstack@c-api.service[110678]: DEBUG cinder.api.middleware.request_id [None req-038f48d5-5699-4091-9b06-cc5bee0c575c None None] RequestId filter calling following filter/app {{(pid=110678) _context_setter /opt/stack/cinder/cinder/api/middleware/request_id.py:62}}
May 27 03:24:38.501189 dv-cinder-828807-4-iscsi devstack@c-api.service[110678]: INFO cinder.api.openstack.wsgi [None req-038f48d5-5699-4091-9b06-cc5bee0c575c tempest-VolumeQuotaClassesTest-1043383919 tempest-VolumeQuotaClassesTest-1043383919-project-admin] DELETE http://10.222.0.62/volume/v3/7b1e99faded24e9f83c11402ba92358f/types/37385cad-4db8-4358-b298-095ec5f401d6
May 27 03:24:38.501627 dv-cinder-828807-4-iscsi devstack@c-api.service[110678]: DEBUG cinder.api.openstack.wsgi [None req-038f48d5-5699-4091-9b06-cc5bee0c575c tempest-VolumeQuotaClassesTest-1043383919 tempest-VolumeQuotaClassesTest-1043383919-project-admin] Empty body provided in request {{(pid=110678) get_body /opt/stack/cinder/cinder/api/openstack/wsgi.py:715}}
May 27 03:24:38.502105 dv-cinder-828807-4-iscsi devstack@c-api.service[110678]: DEBUG cinder.api.openstack.wsgi [None req-038f48d5-5699-4091-9b06-cc5bee0c575c tempest-VolumeQuotaClassesTest-1043383919 tempest-VolumeQuotaClassesTest-1043383919-project-admin] Calling method '_delete' {{(pid=110678) _process_stack /opt/stack/cinder/cinder/api/openstack/wsgi.py:868}}
May 27 03:24:38.544598 dv-cinder-828807-4-iscsi devstack@c-api.service[110678]: INFO cinder.api.openstack.wsgi [None req-038f48d5-5699-4091-9b06-cc5bee0c575c tempest-VolumeQuotaClassesTest-1043383919 tempest-VolumeQuotaClassesTest-1043383919-project-admin] http://10.222.0.62/volume/v3/7b1e99faded24e9f83c11402ba92358f/types/37385cad-4db8-4358-b298-095ec5f401d6 returned with HTTP 202
May 27 03:24:38.545705 dv-cinder-828807-4-iscsi devstack@c-api.service[110678]: [pid: 110678|app: 0|req: 129/271] 10.222.0.62 () {58 vars in 1321 bytes} [Fri May 27 03:24:38 2022] DELETE /volume/v3/7b1e99faded24e9f83c11402ba92358f/types/37385cad-4db8-4358-b298-095ec5f401d6 => generated 0 bytes in 49 msecs (HTTP/1.1 202) 6 headers in 233 bytes (1 switches on core 0)
May 27 03:24:38.550996 dv-cinder-828807-4-iscsi devstack@c-api.service[110677]: DEBUG cinder.api.middleware.request_id [None req-bc2b230d-3692-4492-a036-ac115d3a5289 None None] RequestId filter calling following filter/app {{(pid=110677) _context_setter /opt/stack/cinder/cinder/api/middleware/request_id.py:62}}
May 27 03:24:38.557757 dv-cinder-828807-4-iscsi devstack@c-api.service[110677]: INFO cinder.api.openstack.wsgi [None req-bc2b230d-3692-4492-a036-ac115d3a5289 tempest-VolumeQuotaClassesTest-1043383919 tempest-VolumeQuotaClassesTest-1043383919-project-admin] GET http://10.222.0.62/volume/v3/7b1e99faded24e9f83c11402ba92358f/types/37385cad-4db8-4358-b298-095ec5f401d6
May 27 03:24:38.558239 dv-cinder-828807-4-iscsi devstack@c-api.service[110677]: DEBUG cinder.api.openstack.wsgi [None req-bc2b230d-3692-4492-a036-ac115d3a5289 tempest-VolumeQuotaClassesTest-1043383919 tempest-VolumeQuotaClassesTest-1043383919-project-admin] Empty body provided in request {{(pid=110677) get_body /opt/stack/cinder/cinder/api/openstack/wsgi.py:715}}
May 27 03:24:38.558693 dv-cinder-828807-4-iscsi devstack@c-api.service[110677]: DEBUG cinder.api.openstack.wsgi [None req-bc2b230d-3692-4492-a036-ac115d3a5289 tempest-VolumeQuotaClassesTest-1043383919 tempest-VolumeQuotaClassesTest-1043383919-project-admin] Calling method 'show' {{(pid=110677) _process_stack /opt/stack/cinder/cinder/api/openstack/wsgi.py:868}}
May 27 03:24:38.570033 dv-cinder-828807-4-iscsi devstack@c-api.service[110677]: INFO cinder.api.openstack.wsgi [None req-bc2b230d-3692-4492-a036-ac115d3a5289 tempest-VolumeQuotaClassesTest-1043383919 tempest-VolumeQuotaClassesTest-1043383919-project-admin] http://10.222.0.62/volume/v3/7b1e99faded24e9f83c11402ba92358f/types/37385cad-4db8-4358-b298-095ec5f401d6 returned with HTTP 404
May 27 03:24:38.571456 dv-cinder-828807-4-iscsi devstack@c-api.service[110677]: [pid: 110677|app: 0|req: 143/272] 10.222.0.62 () {58 vars in 1318 bytes} [Fri May 27 03:24:38 2022] GET /volume/v3/7b1e99faded24e9f83c11402ba92358f/types/37385cad-4db8-4358-b298-095ec5f401d6 => generated 114 bytes in 21 msecs (HTTP/1.1 404) 7 headers in 292 bytes (1 switches on core 0)
May 27 03:24:38.641930 dv-cinder-828807-4-iscsi devstack@c-api.service[110678]: DEBUG cinder.api.middleware.request_id [None req-319e9697-9787-4d23-b02a-9b9b24d9bfe9 None None] RequestId filter calling following filter/app {{(pid=110678) _context_setter /opt/stack/cinder/cinder/api/middleware/request_id.py:62}}
May 27 03:24:38.648977 dv-cinder-828807-4-iscsi devstack@c-api.service[110678]: INFO cinder.api.openstack.wsgi [None req-319e9697-9787-4d23-b02a-9b9b24d9bfe9 tempest-VolumesListAdminTestJSON-207903650 tempest-VolumesListAdminTestJSON-207903650-project] GET http://10.222.0.62/volume/v3/6b9bfc3dc4ba47aeb34c60d5b5baf9d9/volumes/24c8924b-719c-4ff6-b656-c0beae00c426
May 27 03:24:38.649426 dv-cinder-828807-4-iscsi devstack@c-api.service[110678]: DEBUG cinder.api.openstack.wsgi [None req-319e9697-9787-4d23-b02a-9b9b24d9bfe9 tempest-VolumesListAdminTestJSON-207903650 tempest-VolumesListAdminTestJSON-207903650-project] Empty body provided in request {{(pid=110678) get_body /opt/stack/cinder/cinder/api/openstack/wsgi.py:715}}
May 27 03:24:38.649893 dv-cinder-828807-4-iscsi devstack@c-api.service[110678]: DEBUG cinder.api.openstack.wsgi [None req-319e9697-9787-4d23-b02a-9b9b24d9bfe9 tempest-VolumesListAdminTestJSON-207903650 tempest-VolumesListAdminTestJSON-207903650-project] Calling method 'show' {{(pid=110678) _process_stack /opt/stack/cinder/cinder/api/openstack/wsgi.py:868}}
May 27 03:24:38.660097 dv-cinder-828807-4-iscsi devstack@c-api.service[110677]: DEBUG cinder.api.middleware.request_id [None req-e67a67e9-a556-410d-816f-51e6dc7623b5 None None] RequestId filter calling following filter/app {{(pid=110677) _context_setter /opt/stack/cinder/cinder/api/middleware/request_id.py:62}}
May 27 03:24:38.664827 dv-cinder-828807-4-iscsi devstack@c-api.service[110677]: INFO cinder.api.openstack.wsgi [None req-e67a67e9-a556-410d-816f-51e6dc7623b5 tempest-GroupSnapshotsTest-1003125370 tempest-GroupSnapshotsTest-1003125370-project] GET http://10.222.0.62/volume/v3/e8cc4fcc64d3439e8fb3ab94927a37b1/group_snapshots/4e498d43-5aaa-4e96-b6a5-d7825f97ad09
May 27 03:24:38.665635 dv-cinder-828807-4-iscsi devstack@c-api.service[110677]: DEBUG cinder.api.openstack.wsgi [None req-e67a67e9-a556-410d-816f-51e6dc7623b5 tempest-GroupSnapshotsTest-1003125370 tempest-GroupSnapshotsTest-1003125370-project] Empty body provided in request {{(pid=110677) get_body /opt/stack/cinder/cinder/api/openstack/wsgi.py:715}}
May 27 03:24:38.666699 dv-cinder-828807-4-iscsi devstack@c-api.service[110677]: DEBUG cinder.api.openstack.wsgi [None req-e67a67e9-a556-410d-816f-51e6dc7623b5 tempest-GroupSnapshotsTest-1003125370 tempest-GroupSnapshotsTest-1003125370-project] Calling method 'version_select' {{(pid=110677) _process_stack /opt/stack/cinder/cinder/api/openstack/wsgi.py:868}}
May 27 03:24:38.666865 dv-cinder-828807-4-iscsi devstack@c-api.service[110678]: /usr/local/lib/python3.8/dist-packages/oslo_context/context.py:100: DeprecationWarning: Policy enforcement is depending on the value of is_admin. This key is deprecated. Please update your policy file to use the standard policy values.
May 27 03:24:38.666865 dv-cinder-828807-4-iscsi devstack@c-api.service[110678]: warnings.warn('Policy enforcement is depending on the value of '
May 27 03:24:38.667286 dv-cinder-828807-4-iscsi devstack@c-api.service[110677]: DEBUG cinder.api.v3.group_snapshots [None req-e67a67e9-a556-410d-816f-51e6dc7623b5 tempest-GroupSnapshotsTest-1003125370 tempest-GroupSnapshotsTest-1003125370-project] show called for member 4e498d43-5aaa-4e96-b6a5-d7825f97ad09 {{(pid=110677) show /opt/stack/cinder/cinder/api/v3/group_snapshots.py:58}}
May 27 03:24:38.676248 dv-cinder-828807-4-iscsi devstack@c-api.service[110678]: INFO cinder.volume.api [None req-319e9697-9787-4d23-b02a-9b9b24d9bfe9 tempest-VolumesListAdminTestJSON-207903650 tempest-VolumesListAdminTestJSON-207903650-project] Volume info retrieved successfully.
May 27 03:24:38.676997 dv-cinder-828807-4-iscsi devstack@c-api.service[110677]: /usr/local/lib/python3.8/dist-packages/oslo_context/context.py:100: DeprecationWarning: Policy enforcement is depending on the value of is_admin. This key is deprecated. Please update your policy file to use the standard policy values.
May 27 03:24:38.676997 dv-cinder-828807-4-iscsi devstack@c-api.service[110677]: warnings.warn('Policy enforcement is depending on the value of '
May 27 03:24:38.687418 dv-cinder-828807-4-iscsi devstack@c-api.service[110677]: INFO cinder.api.openstack.wsgi [None req-e67a67e9-a556-410d-816f-51e6dc7623b5 tempest-GroupSnapshotsTest-1003125370 tempest-GroupSnapshotsTest-1003125370-project] http://10.222.0.62/volume/v3/e8cc4fcc64d3439e8fb3ab94927a37b1/group_snapshots/4e498d43-5aaa-4e96-b6a5-d7825f97ad09 returned with HTTP 200
May 27 03:24:38.687640 dv-cinder-828807-4-iscsi devstack@c-api.service[110678]: INFO cinder.api.openstack.wsgi [None req-319e9697-9787-4d23-b02a-9b9b24d9bfe9 tempest-VolumesListAdminTestJSON-207903650 tempest-VolumesListAdminTestJSON-207903650-project] http://10.222.0.62/volume/v3/6b9bfc3dc4ba47aeb34c60d5b5baf9d9/volumes/24c8924b-719c-4ff6-b656-c0beae00c426 returned with HTTP 200
May 27 03:24:38.688408 dv-cinder-828807-4-iscsi devstack@c-api.service[110678]: [pid: 110678|app: 0|req: 130/273] 10.222.0.62 () {58 vars in 1324 bytes} [Fri May 27 03:24:38 2022] GET /volume/v3/6b9bfc3dc4ba47aeb34c60d5b5baf9d9/volumes/24c8924b-719c-4ff6-b656-c0beae00c426 => generated 916 bytes in 48 msecs (HTTP/1.1 200) 7 headers in 285 bytes (1 switches on core 0)
May 27 03:24:38.689662 dv-cinder-828807-4-iscsi devstack@c-api.service[110677]: [pid: 110677|app: 0|req: 144/274] 10.222.0.62 () {60 vars in 1389 bytes} [Fri May 27 03:24:38 2022] GET /volume/v3/e8cc4fcc64d3439e8fb3ab94927a37b1/group_snapshots/4e498d43-5aaa-4e96-b6a5-d7825f97ad09 => generated 326 bytes in 31 msecs (HTTP/1.1 200) 7 headers in 286 bytes (1 switches on core 0)
May 27 03:24:39.380458 dv-cinder-828807-4-iscsi devstack@c-api.service[110678]: DEBUG cinder.api.middleware.request_id [None req-0a164083-4f39-49bd-870a-bda20d38f6b1 None None] RequestId filter calling following filter/app {{(pid=110678) _context_setter /opt/stack/cinder/cinder/api/middleware/request_id.py:62}}
May 27 03:24:39.595233 dv-cinder-828807-4-iscsi devstack@c-api.service[110678]: INFO cinder.api.openstack.wsgi [None req-0a164083-4f39-49bd-870a-bda20d38f6b1 tempest-VolumeServicesNegativeTest-1274389432 tempest-VolumeServicesNegativeTest-1274389432-project-admin] GET http://10.222.0.62/volume/v3/f8d13afc38574561ba4ae2bf4836a546/os-services
May 27 03:24:39.595684 dv-cinder-828807-4-iscsi devstack@c-api.service[110678]: DEBUG cinder.api.openstack.wsgi [None req-0a164083-4f39-49bd-870a-bda20d38f6b1 tempest-VolumeServicesNegativeTest-1274389432 tempest-VolumeServicesNegativeTest-1274389432-project-admin] Empty body provided in request {{(pid=110678) get_body /opt/stack/cinder/cinder/api/openstack/wsgi.py:715}}
May 27 03:24:39.596162 dv-cinder-828807-4-iscsi devstack@c-api.service[110678]: DEBUG cinder.api.openstack.wsgi [None req-0a164083-4f39-49bd-870a-bda20d38f6b1 tempest-VolumeServicesNegativeTest-1274389432 tempest-VolumeServicesNegativeTest-1274389432-project-admin] Calling method 'index' {{(pid=110678) _process_stack /opt/stack/cinder/cinder/api/openstack/wsgi.py:868}}
May 27 03:24:39.603915 dv-cinder-828807-4-iscsi devstack@c-api.service[110678]: INFO cinder.api.openstack.wsgi [None req-0a164083-4f39-49bd-870a-bda20d38f6b1 tempest-VolumeServicesNegativeTest-1274389432 tempest-VolumeServicesNegativeTest-1274389432-project-admin] http://10.222.0.62/volume/v3/f8d13afc38574561ba4ae2bf4836a546/os-services returned with HTTP 200
May 27 03:24:39.604614 dv-cinder-828807-4-iscsi devstack@c-api.service[110678]: [pid: 110678|app: 0|req: 131/275] 10.222.0.62 () {58 vars in 1225 bytes} [Fri May 27 03:24:39 2022] GET /volume/v3/f8d13afc38574561ba4ae2bf4836a546/os-services => generated 642 bytes in 225 msecs (HTTP/1.1 200) 7 headers in 285 bytes (2 switches on core 0)
May 27 03:24:39.612233 dv-cinder-828807-4-iscsi devstack@c-api.service[110677]: DEBUG cinder.api.middleware.request_id [None req-1dfd6372-828b-46b7-9106-d0d94e113e79 None None] RequestId filter calling following filter/app {{(pid=110677) _context_setter /opt/stack/cinder/cinder/api/middleware/request_id.py:62}}
May 27 03:24:39.616751 dv-cinder-828807-4-iscsi devstack@c-api.service[110677]: INFO cinder.api.openstack.wsgi [None req-1dfd6372-828b-46b7-9106-d0d94e113e79 tempest-VolumeServicesNegativeTest-1274389432 tempest-VolumeServicesNegativeTest-1274389432-project-admin] PUT http://10.222.0.62/volume/v3/f8d13afc38574561ba4ae2bf4836a546/os-services/disable-log-reason
May 27 03:24:39.617452 dv-cinder-828807-4-iscsi devstack@c-api.service[110677]: DEBUG cinder.api.openstack.wsgi [None req-1dfd6372-828b-46b7-9106-d0d94e113e79 tempest-VolumeServicesNegativeTest-1274389432 tempest-VolumeServicesNegativeTest-1274389432-project-admin] Action: 'update', calling method: update, body: {"host": "dv-cinder-828807-4-iscsi", "binary": "cinder-scheduler", "disabled_reason": null} {{(pid=110677) _process_stack /opt/stack/cinder/cinder/api/openstack/wsgi.py:866}}
May 27 03:24:39.620373 dv-cinder-828807-4-iscsi devstack@c-api.service[110677]: INFO cinder.api.openstack.wsgi [None req-1dfd6372-828b-46b7-9106-d0d94e113e79 tempest-VolumeServicesNegativeTest-1274389432 tempest-VolumeServicesNegativeTest-1274389432-project-admin] http://10.222.0.62/volume/v3/f8d13afc38574561ba4ae2bf4836a546/os-services/disable-log-reason returned with HTTP 400
May 27 03:24:39.621197 dv-cinder-828807-4-iscsi devstack@c-api.service[110677]: [pid: 110677|app: 0|req: 145/276] 10.222.0.62 () {60 vars in 1302 bytes} [Fri May 27 03:24:39 2022] PUT /volume/v3/f8d13afc38574561ba4ae2bf4836a546/os-services/disable-log-reason => generated 136 bytes in 10 msecs (HTTP/1.1 400) 7 headers in 294 bytes (1 switches on core 0)
May 27 03:24:39.626530 dv-cinder-828807-4-iscsi devstack@c-api.service[110678]: DEBUG cinder.api.middleware.request_id [None req-47c02676-5e6c-4e2b-97a9-1989597df459 None None] RequestId filter calling following filter/app {{(pid=110678) _context_setter /opt/stack/cinder/cinder/api/middleware/request_id.py:62}}
May 27 03:24:39.631624 dv-cinder-828807-4-iscsi devstack@c-api.service[110678]: INFO cinder.api.openstack.wsgi [None req-47c02676-5e6c-4e2b-97a9-1989597df459 tempest-VolumeServicesNegativeTest-1274389432 tempest-VolumeServicesNegativeTest-1274389432-project-admin] PUT http://10.222.0.62/volume/v3/f8d13afc38574561ba4ae2bf4836a546/os-services/disable
May 27 03:24:39.632450 dv-cinder-828807-4-iscsi devstack@c-api.service[110678]: DEBUG cinder.api.openstack.wsgi [None req-47c02676-5e6c-4e2b-97a9-1989597df459 tempest-VolumeServicesNegativeTest-1274389432 tempest-VolumeServicesNegativeTest-1274389432-project-admin] Action: 'update', calling method: update, body: {"host": "dv-cinder-828807-4-iscsi", "binary": "invalid_binary"} {{(pid=110678) _process_stack /opt/stack/cinder/cinder/api/openstack/wsgi.py:866}}
May 27 03:24:39.643259 dv-cinder-828807-4-iscsi devstack@c-api.service[110678]: INFO cinder.api.openstack.wsgi [None req-47c02676-5e6c-4e2b-97a9-1989597df459 tempest-VolumeServicesNegativeTest-1274389432 tempest-VolumeServicesNegativeTest-1274389432-project-admin] http://10.222.0.62/volume/v3/f8d13afc38574561ba4ae2bf4836a546/os-services/disable returned with HTTP 404
May 27 03:24:39.644265 dv-cinder-828807-4-iscsi devstack@c-api.service[110678]: [pid: 110678|app: 0|req: 132/277] 10.222.0.62 () {60 vars in 1269 bytes} [Fri May 27 03:24:39 2022] PUT /volume/v3/f8d13afc38574561ba4ae2bf4836a546/os-services/disable => generated 121 bytes in 19 msecs (HTTP/1.1 404) 7 headers in 292 bytes (1 switches on core 0)
May 27 03:24:39.650000 dv-cinder-828807-4-iscsi devstack@c-api.service[110677]: DEBUG cinder.api.middleware.request_id [None req-83f1df87-3138-40bc-a63a-8c73ad4cef4d None None] RequestId filter calling following filter/app {{(pid=110677) _context_setter /opt/stack/cinder/cinder/api/middleware/request_id.py:62}}
