May 26 21:00:55.140446 dv-cinder-828807-3-iscsi devstack@keystone.service[80747]: DEBUG keystone.common.fernet_utils [None req-0c5fdc97-f481-4213-bfd5-ee183e0a9905 None None] Loaded 2 Fernet keys from /etc/keystone/fernet-keys/, but `[fernet_tokens] max_active_keys = 3`; perhaps there have not been enough key rotations to reach `max_active_keys` yet? {{(pid=80747) load_keys /opt/stack/keystone/keystone/common/fernet_utils.py:286}}
May 26 21:00:55.145644 dv-cinder-828807-3-iscsi devstack@keystone.service[80748]: [pid: 80748|app: 0|req: 75/152] 10.222.0.66 () {56 vars in 1101 bytes} [Thu May 26 21:00:54 2022] GET /identity/v3/roles?name=reader => generated 341 bytes in 264 msecs (HTTP/1.1 200) 5 headers in 177 bytes (1 switches on core 0)
May 26 21:00:55.146866 dv-cinder-828807-3-iscsi devstack@keystone.service[80748]: DEBUG keystone.server.flask.request_processing.middleware.auth_context [None req-e4d91f4a-c4b8-4bc9-947a-f9ecf79c2aba None admin] Authenticating user token {{(pid=80748) process_request /usr/local/lib/python3.8/dist-packages/keystonemiddleware/auth_token/__init__.py:407}}
May 26 21:00:55.218478 dv-cinder-828807-3-iscsi devstack@keystone.service[80747]: [pid: 80747|app: 0|req: 78/153] 10.222.0.66 () {58 vars in 1023 bytes} [Thu May 26 21:00:55 2022] POST /identity/v3/auth/tokens => generated 799 bytes in 105 msecs (HTTP/1.1 201) 6 headers in 363 bytes (1 switches on core 0)
May 26 21:00:55.219387 dv-cinder-828807-3-iscsi devstack@keystone.service[80747]: DEBUG keystone.server.flask.request_processing.middleware.auth_context [None req-0c5fdc97-f481-4213-bfd5-ee183e0a9905 None None] Authenticating user token {{(pid=80747) process_request /usr/local/lib/python3.8/dist-packages/keystonemiddleware/auth_token/__init__.py:407}}
May 26 21:00:55.282653 dv-cinder-828807-3-iscsi devstack@keystone.service[80748]: DEBUG keystone.server.flask.request_processing.middleware.auth_context [None req-e4d91f4a-c4b8-4bc9-947a-f9ecf79c2aba None admin] Validating token access rules against request {{(pid=80748) validate_allowed_request /usr/local/lib/python3.8/dist-packages/keystonemiddleware/auth_token/__init__.py:545}}
May 26 21:00:55.319644 dv-cinder-828807-3-iscsi devstack@keystone.service[80748]: DEBUG keystone.server.flask.request_processing.middleware.auth_context [None req-1b45ad8d-13b3-4ae0-bb45-ea6a17a5f398 None admin] RBAC: auth_context: {'token': , 'domain_id': None, 'trust_id': None, 'trustor_id': None, 'trustee_id': None, 'domain_name': None, 'group_ids': [], 'user_id': '360bd68e46a04911b5f7e4be275448d0', 'user_domain_id': 'default', 'system_scope': 'all', 'project_id': None, 'project_domain_id': None, 'roles': ['admin', 'member', 'reader'], 'is_admin_project': True, 'service_user_id': None, 'service_user_domain_id': None, 'service_project_id': None, 'service_project_domain_id': None, 'service_roles': []} {{(pid=80748) fill_context /opt/stack/keystone/keystone/server/flask/request_processing/middleware/auth_context.py:478}}
May 26 21:00:55.320305 dv-cinder-828807-3-iscsi devstack@keystone.service[80748]: DEBUG keystone.server.flask.request_processing.req_logging [None req-1b45ad8d-13b3-4ae0-bb45-ea6a17a5f398 None admin] REQUEST_METHOD: `GET` {{(pid=80748) log_request_info /opt/stack/keystone/keystone/server/flask/request_processing/req_logging.py:27}}
May 26 21:00:55.320708 dv-cinder-828807-3-iscsi devstack@keystone.service[80748]: DEBUG keystone.server.flask.request_processing.req_logging [None req-1b45ad8d-13b3-4ae0-bb45-ea6a17a5f398 None admin] SCRIPT_NAME: `/identity` {{(pid=80748) log_request_info /opt/stack/keystone/keystone/server/flask/request_processing/req_logging.py:28}}
May 26 21:00:55.320993 dv-cinder-828807-3-iscsi devstack@keystone.service[80748]: DEBUG keystone.server.flask.request_processing.req_logging [None req-1b45ad8d-13b3-4ae0-bb45-ea6a17a5f398 None admin] PATH_INFO: `/v3/domains/default` {{(pid=80748) log_request_info /opt/stack/keystone/keystone/server/flask/request_processing/req_logging.py:29}}
May 26 21:00:55.322209 dv-cinder-828807-3-iscsi devstack@keystone.service[80748]: DEBUG keystone.common.rbac_enforcer.enforcer [None req-1b45ad8d-13b3-4ae0-bb45-ea6a17a5f398 None admin] RBAC: Authorizing `identity:get_domain(domain_id=default)` {{(pid=80748) enforce_call /opt/stack/keystone/keystone/common/rbac_enforcer/enforcer.py:449}}
May 26 21:00:55.323667 dv-cinder-828807-3-iscsi devstack@keystone.service[80748]: DEBUG keystone.common.rbac_enforcer.enforcer [None req-1b45ad8d-13b3-4ae0-bb45-ea6a17a5f398 None admin] RBAC: Authorization granted {{(pid=80748) enforce_call /opt/stack/keystone/keystone/common/rbac_enforcer/enforcer.py:457}}
May 26 21:00:55.325550 dv-cinder-828807-3-iscsi devstack@keystone.service[80748]: [pid: 80748|app: 0|req: 76/154] 10.222.0.66 () {56 vars in 1108 bytes} [Thu May 26 21:00:55 2022] GET /identity/v3/domains/default => generated 199 bytes in 179 msecs (HTTP/1.1 200) 5 headers in 177 bytes (1 switches on core 0)
May 26 21:00:55.326198 dv-cinder-828807-3-iscsi devstack@keystone.service[80748]: DEBUG keystone.server.flask.request_processing.middleware.auth_context [None req-1b45ad8d-13b3-4ae0-bb45-ea6a17a5f398 None admin] Authenticating user token {{(pid=80748) process_request /usr/local/lib/python3.8/dist-packages/keystonemiddleware/auth_token/__init__.py:407}}
May 26 21:00:55.364595 dv-cinder-828807-3-iscsi devstack@keystone.service[80747]: DEBUG dbcounter [-] [80747] Writing DB stats keystone:SELECT=100 {{(pid=80747) stat_writer /usr/local/lib/python3.8/dist-packages/dbcounter.py:114}}
May 26 21:00:55.374023 dv-cinder-828807-3-iscsi devstack@keystone.service[80747]: DEBUG keystone.server.flask.request_processing.middleware.auth_context [None req-0c5fdc97-f481-4213-bfd5-ee183e0a9905 None None] Validating token access rules against request {{(pid=80747) validate_allowed_request /usr/local/lib/python3.8/dist-packages/keystonemiddleware/auth_token/__init__.py:545}}
May 26 21:00:55.385681 dv-cinder-828807-3-iscsi devstack@keystone.service[80748]: DEBUG dbcounter [-] [80748] Writing DB stats keystone:SELECT=100 {{(pid=80748) stat_writer /usr/local/lib/python3.8/dist-packages/dbcounter.py:114}}
May 26 21:00:55.423159 dv-cinder-828807-3-iscsi devstack@keystone.service[80747]: DEBUG keystone.server.flask.request_processing.middleware.auth_context [None req-49588725-5a02-4ee0-8c3c-b2278a6e0708 None admin] RBAC: auth_context: {'token': , 'domain_id': None, 'trust_id': None, 'trustor_id': None, 'trustee_id': None, 'domain_name': None, 'group_ids': [], 'user_id': '360bd68e46a04911b5f7e4be275448d0', 'user_domain_id': 'default', 'system_scope': 'all', 'project_id': None, 'project_domain_id': None, 'roles': ['admin', 'member', 'reader'], 'is_admin_project': True, 'service_user_id': None, 'service_user_domain_id': None, 'service_project_id': None, 'service_project_domain_id': None, 'service_roles': []} {{(pid=80747) fill_context /opt/stack/keystone/keystone/server/flask/request_processing/middleware/auth_context.py:478}}
May 26 21:00:55.424399 dv-cinder-828807-3-iscsi devstack@keystone.service[80747]: DEBUG keystone.server.flask.request_processing.req_logging [None req-49588725-5a02-4ee0-8c3c-b2278a6e0708 None admin] REQUEST_METHOD: `GET` {{(pid=80747) log_request_info /opt/stack/keystone/keystone/server/flask/request_processing/req_logging.py:27}}
May 26 21:00:55.425381 dv-cinder-828807-3-iscsi devstack@keystone.service[80747]: DEBUG keystone.server.flask.request_processing.req_logging [None req-49588725-5a02-4ee0-8c3c-b2278a6e0708 None admin] SCRIPT_NAME: `/identity` {{(pid=80747) log_request_info /opt/stack/keystone/keystone/server/flask/request_processing/req_logging.py:28}}
May 26 21:00:55.426105 dv-cinder-828807-3-iscsi devstack@keystone.service[80747]: DEBUG keystone.server.flask.request_processing.req_logging [None req-49588725-5a02-4ee0-8c3c-b2278a6e0708 None admin] PATH_INFO: `/v3/users/1d547a89a23243dfaa66ecf588590a3e` {{(pid=80747) log_request_info /opt/stack/keystone/keystone/server/flask/request_processing/req_logging.py:29}}
May 26 21:00:55.428336 dv-cinder-828807-3-iscsi devstack@keystone.service[80747]: DEBUG keystone.common.rbac_enforcer.enforcer [None req-49588725-5a02-4ee0-8c3c-b2278a6e0708 None admin] RBAC: Authorizing `identity:get_user(user_id=1d547a89a23243dfaa66ecf588590a3e)` {{(pid=80747) enforce_call /opt/stack/keystone/keystone/common/rbac_enforcer/enforcer.py:449}}
May 26 21:00:55.430908 dv-cinder-828807-3-iscsi devstack@keystone.service[80747]: DEBUG keystone.common.rbac_enforcer.enforcer [None req-49588725-5a02-4ee0-8c3c-b2278a6e0708 None admin] RBAC: Authorization granted {{(pid=80747) enforce_call /opt/stack/keystone/keystone/common/rbac_enforcer/enforcer.py:457}}
May 26 21:00:55.433578 dv-cinder-828807-3-iscsi devstack@keystone.service[80747]: [pid: 80747|app: 0|req: 79/155] 10.222.0.66 () {56 vars in 1177 bytes} [Thu May 26 21:00:55 2022] GET /identity/v3/users/1d547a89a23243dfaa66ecf588590a3e => generated 289 bytes in 214 msecs (HTTP/1.1 200) 5 headers in 177 bytes (1 switches on core 0)
May 26 21:00:55.434154 dv-cinder-828807-3-iscsi devstack@keystone.service[80747]: DEBUG keystone.server.flask.request_processing.middleware.auth_context [None req-49588725-5a02-4ee0-8c3c-b2278a6e0708 None admin] Authenticating user token {{(pid=80747) process_request /usr/local/lib/python3.8/dist-packages/keystonemiddleware/auth_token/__init__.py:407}}
May 26 21:00:55.441278 dv-cinder-828807-3-iscsi devstack@keystone.service[80748]: DEBUG keystone.server.flask.request_processing.middleware.auth_context [None req-1b45ad8d-13b3-4ae0-bb45-ea6a17a5f398 None admin] Validating token access rules against request {{(pid=80748) validate_allowed_request /usr/local/lib/python3.8/dist-packages/keystonemiddleware/auth_token/__init__.py:545}}
May 26 21:00:55.476794 dv-cinder-828807-3-iscsi devstack@keystone.service[80748]: DEBUG keystone.server.flask.request_processing.middleware.auth_context [None req-021a3d60-ac28-4cbc-9c62-bf4908652b2f None admin] RBAC: auth_context: {'token': , 'domain_id': None, 'trust_id': None, 'trustor_id': None, 'trustee_id': None, 'domain_name': None, 'group_ids': [], 'user_id': '360bd68e46a04911b5f7e4be275448d0', 'user_domain_id': 'default', 'system_scope': 'all', 'project_id': None, 'project_domain_id': None, 'roles': ['admin', 'member', 'reader'], 'is_admin_project': True, 'service_user_id': None, 'service_user_domain_id': None, 'service_project_id': None, 'service_project_domain_id': None, 'service_roles': []} {{(pid=80748) fill_context /opt/stack/keystone/keystone/server/flask/request_processing/middleware/auth_context.py:478}}
May 26 21:00:55.477602 dv-cinder-828807-3-iscsi devstack@keystone.service[80748]: DEBUG keystone.server.flask.request_processing.req_logging [None req-021a3d60-ac28-4cbc-9c62-bf4908652b2f None admin] REQUEST_METHOD: `GET` {{(pid=80748) log_request_info /opt/stack/keystone/keystone/server/flask/request_processing/req_logging.py:27}}
May 26 21:00:55.477882 dv-cinder-828807-3-iscsi devstack@keystone.service[80748]: DEBUG keystone.server.flask.request_processing.req_logging [None req-021a3d60-ac28-4cbc-9c62-bf4908652b2f None admin] SCRIPT_NAME: `/identity` {{(pid=80748) log_request_info /opt/stack/keystone/keystone/server/flask/request_processing/req_logging.py:28}}
May 26 21:00:55.478146 dv-cinder-828807-3-iscsi devstack@keystone.service[80748]: DEBUG keystone.server.flask.request_processing.req_logging [None req-021a3d60-ac28-4cbc-9c62-bf4908652b2f None admin] PATH_INFO: `/v3/roles/anotherrole` {{(pid=80748) log_request_info /opt/stack/keystone/keystone/server/flask/request_processing/req_logging.py:29}}
May 26 21:00:55.490017 dv-cinder-828807-3-iscsi devstack@keystone.service[80748]: DEBUG keystone.common.rbac_enforcer.enforcer [None req-021a3d60-ac28-4cbc-9c62-bf4908652b2f None admin] Extracting inferred target data resulted in "NOT FOUND (404)". {{(pid=80748) enforce_call /opt/stack/keystone/keystone/common/rbac_enforcer/enforcer.py:409}}
May 26 21:00:55.498144 dv-cinder-828807-3-iscsi devstack@keystone.service[80748]: ERROR keystone.server.flask.application [None req-021a3d60-ac28-4cbc-9c62-bf4908652b2f None admin] Could not find role: anotherrole.: keystone.exception.RoleNotFound: Could not find role: anotherrole.
May 26 21:00:55.498144 dv-cinder-828807-3-iscsi devstack@keystone.service[80748]: ERROR keystone.server.flask.application
Traceback (most recent call last):
May 26 21:00:55.498144 dv-cinder-828807-3-iscsi devstack@keystone.service[80748]: ERROR keystone.server.flask.application
File "/usr/local/lib/python3.8/dist-packages/flask/app.py", line 1523, in full_dispatch_request
May 26 21:00:55.498144 dv-cinder-828807-3-iscsi devstack@keystone.service[80748]: ERROR keystone.server.flask.application rv = self.dispatch_request()
May 26 21:00:55.498144 dv-cinder-828807-3-iscsi devstack@keystone.service[80748]: ERROR keystone.server.flask.application
File "/usr/local/lib/python3.8/dist-packages/flask/app.py", line 1509, in dispatch_request
May 26 21:00:55.498144 dv-cinder-828807-3-iscsi devstack@keystone.service[80748]: ERROR keystone.server.flask.application return self.ensure_sync(self.view_functions[rule.endpoint])(**req.view_args)
May 26 21:00:55.498144 dv-cinder-828807-3-iscsi devstack@keystone.service[80748]: ERROR keystone.server.flask.application
File "/usr/local/lib/python3.8/dist-packages/flask_restful/__init__.py", line 467, in wrapper
May 26 21:00:55.498144 dv-cinder-828807-3-iscsi devstack@keystone.service[80748]: ERROR keystone.server.flask.application resp = resource(*args, **kwargs)
May 26 21:00:55.498144 dv-cinder-828807-3-iscsi devstack@keystone.service[80748]: ERROR keystone.server.flask.application
File "/usr/local/lib/python3.8/dist-packages/flask/views.py", line 84, in view
May 26 21:00:55.498144 dv-cinder-828807-3-iscsi devstack@keystone.service[80748]: ERROR keystone.server.flask.application return current_app.ensure_sync(self.dispatch_request)(*args, **kwargs)
May 26 21:00:55.498144 dv-cinder-828807-3-iscsi devstack@keystone.service[80748]: ERROR keystone.server.flask.application
File "/usr/local/lib/python3.8/dist-packages/flask_restful/__init__.py", line 582, in dispatch_request
May 26 21:00:55.498144 dv-cinder-828807-3-iscsi devstack@keystone.service[80748]: ERROR keystone.server.flask.application resp = meth(*args, **kwargs)
May 26 21:00:55.498144 dv-cinder-828807-3-iscsi devstack@keystone.service[80748]: ERROR keystone.server.flask.application
File "/opt/stack/keystone/keystone/api/roles.py", line 50, in get
May 26 21:00:55.498144 dv-cinder-828807-3-iscsi devstack@keystone.service[80748]: ERROR keystone.server.flask.application return self._get_role(role_id)
May 26 21:00:55.498144 dv-cinder-828807-3-iscsi devstack@keystone.service[80748]: ERROR keystone.server.flask.application
File "/opt/stack/keystone/keystone/api/roles.py", line 70, in _get_role
May 26 21:00:55.498144 dv-cinder-828807-3-iscsi devstack@keystone.service[80748]: ERROR keystone.server.flask.application ENFORCER.enforce_call(action='identity:get_role')
May 26 21:00:55.499418 dv-cinder-828807-3-iscsi devstack@keystone.service[80748]: ERROR keystone.server.flask.application
File "/opt/stack/keystone/keystone/common/rbac_enforcer/enforcer.py", line 402, in enforce_call
May 26 21:00:55.499418 dv-cinder-828807-3-iscsi devstack@keystone.service[80748]: ERROR keystone.server.flask.application policy_dict.update(cls._extract_member_target_data(
May 26 21:00:55.499418 dv-cinder-828807-3-iscsi devstack@keystone.service[80748]: ERROR keystone.server.flask.application
File "/opt/stack/keystone/keystone/common/rbac_enforcer/enforcer.py", line 234, in _extract_member_target_data
May 26 21:00:55.499418 dv-cinder-828807-3-iscsi devstack@keystone.service[80748]: ERROR keystone.server.flask.application member_name: func(flask.request.view_args[key])
May 26 21:00:55.499418 dv-cinder-828807-3-iscsi devstack@keystone.service[80748]: ERROR keystone.server.flask.application
File "/opt/stack/keystone/keystone/common/manager.py", line 115, in wrapped
May 26 21:00:55.499418 dv-cinder-828807-3-iscsi devstack@keystone.service[80748]: ERROR keystone.server.flask.application __ret_val = __f(*args, **kwargs)
May 26 21:00:55.499418 dv-cinder-828807-3-iscsi devstack@keystone.service[80748]: ERROR keystone.server.flask.application
File "/usr/local/lib/python3.8/dist-packages/decorator.py", line 232, in fun
May 26 21:00:55.499418 dv-cinder-828807-3-iscsi devstack@keystone.service[80748]: ERROR keystone.server.flask.application return caller(func, *(extras + args), **kw)
May 26 21:00:55.499418 dv-cinder-828807-3-iscsi devstack@keystone.service[80748]: ERROR keystone.server.flask.application
File "/usr/local/lib/python3.8/dist-packages/dogpile/cache/region.py", line 1577, in get_or_create_for_user_func
May 26 21:00:55.499418 dv-cinder-828807-3-iscsi devstack@keystone.service[80748]: ERROR keystone.server.flask.application return self.get_or_create(
May 26 21:00:55.499418 dv-cinder-828807-3-iscsi devstack@keystone.service[80748]: ERROR keystone.server.flask.application
File "/usr/local/lib/python3.8/dist-packages/dogpile/cache/region.py", line 1042, in get_or_create
May 26 21:00:55.499418 dv-cinder-828807-3-iscsi devstack@keystone.service[80748]: ERROR keystone.server.flask.application with Lock(
May 26 21:00:55.499418 dv-cinder-828807-3-iscsi devstack@keystone.service[80748]: ERROR keystone.server.flask.application
File "/usr/local/lib/python3.8/dist-packages/dogpile/lock.py", line 185, in __enter__
May 26 21:00:55.499418 dv-cinder-828807-3-iscsi devstack@keystone.service[80748]: ERROR keystone.server.flask.application return self._enter()
May 26 21:00:55.499418 dv-cinder-828807-3-iscsi devstack@keystone.service[80748]: ERROR keystone.server.flask.application
File "/usr/local/lib/python3.8/dist-packages/dogpile/lock.py", line 94, in _enter
May 26 21:00:55.499418 dv-cinder-828807-3-iscsi devstack@keystone.service[80748]: ERROR keystone.server.flask.application generated = self._enter_create(value, createdtime)
May 26 21:00:55.500309 dv-cinder-828807-3-iscsi devstack@keystone.service[80748]: ERROR keystone.server.flask.application
File "/usr/local/lib/python3.8/dist-packages/dogpile/lock.py", line 178, in _enter_create
May 26 21:00:55.500309 dv-cinder-828807-3-iscsi devstack@keystone.service[80748]: ERROR keystone.server.flask.application return self.creator()
May 26 21:00:55.500309 dv-cinder-828807-3-iscsi devstack@keystone.service[80748]: ERROR keystone.server.flask.application
File "/usr/local/lib/python3.8/dist-packages/dogpile/cache/region.py", line 995, in gen_value
May 26 21:00:55.500309 dv-cinder-828807-3-iscsi devstack@keystone.service[80748]: ERROR keystone.server.flask.application created_value = creator(
May 26 21:00:55.500309 dv-cinder-828807-3-iscsi devstack@keystone.service[80748]: ERROR keystone.server.flask.application
File "/opt/stack/keystone/keystone/assignment/core.py", line 1276, in get_role
May 26 21:00:55.500309 dv-cinder-828807-3-iscsi devstack@keystone.service[80748]: ERROR keystone.server.flask.application return self.driver.get_role(role_id)
May 26 21:00:55.500309 dv-cinder-828807-3-iscsi devstack@keystone.service[80748]: ERROR keystone.server.flask.application
File "/opt/stack/keystone/keystone/assignment/role_backends/sql.py", line 70, in get_role
May 26 21:00:55.500309 dv-cinder-828807-3-iscsi devstack@keystone.service[80748]: ERROR keystone.server.flask.application return self._get_role(session, role_id).to_dict()
May 26 21:00:55.500309 dv-cinder-828807-3-iscsi devstack@keystone.service[80748]: ERROR keystone.server.flask.application
File "/opt/stack/keystone/keystone/assignment/role_backends/sql.py", line 65, in _get_role
May 26 21:00:55.500309 dv-cinder-828807-3-iscsi devstack@keystone.service[80748]: ERROR keystone.server.flask.application raise exception.RoleNotFound(role_id=role_id)
May 26 21:00:55.500309 dv-cinder-828807-3-iscsi devstack@keystone.service[80748]: ERROR keystone.server.flask.application keystone.exception.RoleNotFound: Could not find role: anotherrole.
May 26 21:00:55.500309 dv-cinder-828807-3-iscsi devstack@keystone.service[80748]: ERROR keystone.server.flask.application
May 26 21:00:55.500309 dv-cinder-828807-3-iscsi devstack@keystone.service[80748]: [pid: 80748|app: 0|req: 77/156] 10.222.0.66 () {56 vars in 1114 bytes} [Thu May 26 21:00:55 2022] GET /identity/v3/roles/anotherrole => generated 89 bytes in 173 msecs (HTTP/1.1 404) 5 headers in 183 bytes (1 switches on core 0)
May 26 21:00:55.500309 dv-cinder-828807-3-iscsi devstack@keystone.service[80748]: DEBUG keystone.server.flask.request_processing.middleware.auth_context [None req-021a3d60-ac28-4cbc-9c62-bf4908652b2f None admin] Authenticating user token {{(pid=80748) process_request /usr/local/lib/python3.8/dist-packages/keystonemiddleware/auth_token/__init__.py:407}}
May 26 21:00:55.572397 dv-cinder-828807-3-iscsi devstack@keystone.service[80747]: DEBUG keystone.server.flask.request_processing.middleware.auth_context [None req-49588725-5a02-4ee0-8c3c-b2278a6e0708 None admin] Validating token access rules against request {{(pid=80747) validate_allowed_request /usr/local/lib/python3.8/dist-packages/keystonemiddleware/auth_token/__init__.py:545}}
May 26 21:00:55.610515 dv-cinder-828807-3-iscsi devstack@keystone.service[80747]: DEBUG keystone.server.flask.request_processing.middleware.auth_context [None req-eac22e60-c73a-4de3-93a3-e1257e0e1ec8 None admin] RBAC: auth_context: {'token': , 'domain_id': None, 'trust_id': None, 'trustor_id': None, 'trustee_id': None, 'domain_name': None, 'group_ids': [], 'user_id': '360bd68e46a04911b5f7e4be275448d0', 'user_domain_id': 'default', 'system_scope': 'all', 'project_id': None, 'project_domain_id': None, 'roles': ['admin', 'member', 'reader'], 'is_admin_project': True, 'service_user_id': None, 'service_user_domain_id': None, 'service_project_id': None, 'service_project_domain_id': None, 'service_roles': []} {{(pid=80747) fill_context /opt/stack/keystone/keystone/server/flask/request_processing/middleware/auth_context.py:478}}
May 26 21:00:55.611446 dv-cinder-828807-3-iscsi devstack@keystone.service[80747]: DEBUG keystone.server.flask.request_processing.req_logging [None req-eac22e60-c73a-4de3-93a3-e1257e0e1ec8 None admin] REQUEST_METHOD: `POST` {{(pid=80747) log_request_info /opt/stack/keystone/keystone/server/flask/request_processing/req_logging.py:27}}
May 26 21:00:55.611945 dv-cinder-828807-3-iscsi devstack@keystone.service[80747]: DEBUG keystone.server.flask.request_processing.req_logging [None req-eac22e60-c73a-4de3-93a3-e1257e0e1ec8 None admin] SCRIPT_NAME: `/identity` {{(pid=80747) log_request_info /opt/stack/keystone/keystone/server/flask/request_processing/req_logging.py:28}}
May 26 21:00:55.612460 dv-cinder-828807-3-iscsi devstack@keystone.service[80747]: DEBUG keystone.server.flask.request_processing.req_logging [None req-eac22e60-c73a-4de3-93a3-e1257e0e1ec8 None admin] PATH_INFO: `/v3/users` {{(pid=80747) log_request_info /opt/stack/keystone/keystone/server/flask/request_processing/req_logging.py:29}}
May 26 21:00:55.613426 dv-cinder-828807-3-iscsi devstack@keystone.service[80747]: DEBUG keystone.common.rbac_enforcer.enforcer [None req-eac22e60-c73a-4de3-93a3-e1257e0e1ec8 None admin] RBAC: Authorizing `identity:create_user()` {{(pid=80747) enforce_call /opt/stack/keystone/keystone/common/rbac_enforcer/enforcer.py:449}}
May 26 21:00:55.615092 dv-cinder-828807-3-iscsi devstack@keystone.service[80747]: DEBUG keystone.common.rbac_enforcer.enforcer [None req-eac22e60-c73a-4de3-93a3-e1257e0e1ec8 None admin] RBAC: Authorization granted {{(pid=80747) enforce_call /opt/stack/keystone/keystone/common/rbac_enforcer/enforcer.py:457}}
May 26 21:00:55.630429 dv-cinder-828807-3-iscsi devstack@keystone.service[80748]: DEBUG keystone.server.flask.request_processing.middleware.auth_context [None req-021a3d60-ac28-4cbc-9c62-bf4908652b2f None admin] Validating token access rules against request {{(pid=80748) validate_allowed_request /usr/local/lib/python3.8/dist-packages/keystonemiddleware/auth_token/__init__.py:545}}
May 26 21:00:55.644702 dv-cinder-828807-3-iscsi devstack@keystone.service[80748]: DEBUG dbcounter [-] [80748] Writing DB stats keystone:SELECT=100 {{(pid=80748) stat_writer /usr/local/lib/python3.8/dist-packages/dbcounter.py:114}}
May 26 21:00:55.666535 dv-cinder-828807-3-iscsi devstack@keystone.service[80748]: DEBUG keystone.server.flask.request_processing.middleware.auth_context [None req-0e992c3c-0cfe-4b41-854a-4dcaf9581fb1 None admin] RBAC: auth_context: {'token': , 'domain_id': None, 'trust_id': None, 'trustor_id': None, 'trustee_id': None, 'domain_name': None, 'group_ids': [], 'user_id': '360bd68e46a04911b5f7e4be275448d0', 'user_domain_id': 'default', 'system_scope': 'all', 'project_id': None, 'project_domain_id': None, 'roles': ['admin', 'member', 'reader'], 'is_admin_project': True, 'service_user_id': None, 'service_user_domain_id': None, 'service_project_id': None, 'service_project_domain_id': None, 'service_roles': []} {{(pid=80748) fill_context /opt/stack/keystone/keystone/server/flask/request_processing/middleware/auth_context.py:478}}
May 26 21:00:55.667992 dv-cinder-828807-3-iscsi devstack@keystone.service[80748]: DEBUG keystone.server.flask.request_processing.req_logging [None req-0e992c3c-0cfe-4b41-854a-4dcaf9581fb1 None admin] REQUEST_METHOD: `GET` {{(pid=80748) log_request_info /opt/stack/keystone/keystone/server/flask/request_processing/req_logging.py:27}}
May 26 21:00:55.668469 dv-cinder-828807-3-iscsi devstack@keystone.service[80748]: DEBUG keystone.server.flask.request_processing.req_logging [None req-0e992c3c-0cfe-4b41-854a-4dcaf9581fb1 None admin] SCRIPT_NAME: `/identity` {{(pid=80748) log_request_info /opt/stack/keystone/keystone/server/flask/request_processing/req_logging.py:28}}
May 26 21:00:55.669014 dv-cinder-828807-3-iscsi devstack@keystone.service[80748]: DEBUG keystone.server.flask.request_processing.req_logging [None req-0e992c3c-0cfe-4b41-854a-4dcaf9581fb1 None admin] PATH_INFO: `/v3/projects/8e241471fdd8481c81049b886aa4ed5c` {{(pid=80748) log_request_info /opt/stack/keystone/keystone/server/flask/request_processing/req_logging.py:29}}
May 26 21:00:55.671253 dv-cinder-828807-3-iscsi devstack@keystone.service[80748]: DEBUG keystone.common.rbac_enforcer.enforcer [None req-0e992c3c-0cfe-4b41-854a-4dcaf9581fb1 None admin] RBAC: Authorizing `identity:get_project(project_id=8e241471fdd8481c81049b886aa4ed5c)` {{(pid=80748) enforce_call /opt/stack/keystone/keystone/common/rbac_enforcer/enforcer.py:449}}
May 26 21:00:55.674602 dv-cinder-828807-3-iscsi devstack@keystone.service[80748]: DEBUG keystone.common.rbac_enforcer.enforcer [None req-0e992c3c-0cfe-4b41-854a-4dcaf9581fb1 None admin] RBAC: Authorization granted {{(pid=80748) enforce_call /opt/stack/keystone/keystone/common/rbac_enforcer/enforcer.py:457}}
May 26 21:00:55.678107 dv-cinder-828807-3-iscsi devstack@keystone.service[80748]: [pid: 80748|app: 0|req: 78/157] 10.222.0.66 () {56 vars in 1186 bytes} [Thu May 26 21:00:55 2022] GET /identity/v3/projects/8e241471fdd8481c81049b886aa4ed5c => generated 298 bytes in 178 msecs (HTTP/1.1 200) 5 headers in 177 bytes (1 switches on core 0)
May 26 21:00:55.679337 dv-cinder-828807-3-iscsi devstack@keystone.service[80748]: DEBUG keystone.server.flask.request_processing.middleware.auth_context [None req-0e992c3c-0cfe-4b41-854a-4dcaf9581fb1 None admin] Authenticating user token {{(pid=80748) process_request /usr/local/lib/python3.8/dist-packages/keystonemiddleware/auth_token/__init__.py:407}}
May 26 21:00:55.690067 dv-cinder-828807-3-iscsi devstack@keystone.service[80747]: [pid: 80747|app: 0|req: 80/158] 10.222.0.66 () {60 vars in 1132 bytes} [Thu May 26 21:00:55 2022] POST /identity/v3/users => generated 283 bytes in 256 msecs (HTTP/1.1 201) 5 headers in 182 bytes (1 switches on core 0)
May 26 21:00:55.691592 dv-cinder-828807-3-iscsi devstack@keystone.service[80747]: DEBUG keystone.server.flask.request_processing.middleware.auth_context [None req-eac22e60-c73a-4de3-93a3-e1257e0e1ec8 None admin] Authenticating user token {{(pid=80747) process_request /usr/local/lib/python3.8/dist-packages/keystonemiddleware/auth_token/__init__.py:407}}
May 26 21:00:55.720674 dv-cinder-828807-3-iscsi devstack@keystone.service[80747]: DEBUG dbcounter [-] [80747] Writing DB stats keystone:SELECT=97,keystone:INSERT=3 {{(pid=80747) stat_writer /usr/local/lib/python3.8/dist-packages/dbcounter.py:114}}
May 26 21:00:55.838020 dv-cinder-828807-3-iscsi devstack@keystone.service[80748]: DEBUG keystone.server.flask.request_processing.middleware.auth_context [None req-0e992c3c-0cfe-4b41-854a-4dcaf9581fb1 None admin] Validating token access rules against request {{(pid=80748) validate_allowed_request /usr/local/lib/python3.8/dist-packages/keystonemiddleware/auth_token/__init__.py:545}}
May 26 21:00:55.841712 dv-cinder-828807-3-iscsi devstack@keystone.service[80747]: DEBUG keystone.server.flask.request_processing.middleware.auth_context [None req-eac22e60-c73a-4de3-93a3-e1257e0e1ec8 None admin] Validating token access rules against request {{(pid=80747) validate_allowed_request /usr/local/lib/python3.8/dist-packages/keystonemiddleware/auth_token/__init__.py:545}}
May 26 21:00:55.880297 dv-cinder-828807-3-iscsi devstack@keystone.service[80748]: DEBUG keystone.server.flask.request_processing.middleware.auth_context [None req-cc9c714c-341d-4cde-b11e-8a2684fcc32e None admin] RBAC: auth_context: {'token': , 'domain_id': None, 'trust_id': None, 'trustor_id': None, 'trustee_id': None, 'domain_name': None, 'group_ids': [], 'user_id': '360bd68e46a04911b5f7e4be275448d0', 'user_domain_id': 'default', 'system_scope': 'all', 'project_id': None, 'project_domain_id': None, 'roles': ['admin', 'member', 'reader'], 'is_admin_project': True, 'service_user_id': None, 'service_user_domain_id': None, 'service_project_id': None, 'service_project_domain_id': None, 'service_roles': []} {{(pid=80748) fill_context /opt/stack/keystone/keystone/server/flask/request_processing/middleware/auth_context.py:478}}
May 26 21:00:55.881118 dv-cinder-828807-3-iscsi devstack@keystone.service[80748]: DEBUG keystone.server.flask.request_processing.req_logging [None req-cc9c714c-341d-4cde-b11e-8a2684fcc32e None admin] REQUEST_METHOD: `GET` {{(pid=80748) log_request_info /opt/stack/keystone/keystone/server/flask/request_processing/req_logging.py:27}}
May 26 21:00:55.881300 dv-cinder-828807-3-iscsi devstack@keystone.service[80748]: DEBUG keystone.server.flask.request_processing.req_logging [None req-cc9c714c-341d-4cde-b11e-8a2684fcc32e None admin] SCRIPT_NAME: `/identity` {{(pid=80748) log_request_info /opt/stack/keystone/keystone/server/flask/request_processing/req_logging.py:28}}
May 26 21:00:55.881575 dv-cinder-828807-3-iscsi devstack@keystone.service[80748]: DEBUG keystone.server.flask.request_processing.req_logging [None req-cc9c714c-341d-4cde-b11e-8a2684fcc32e None admin] PATH_INFO: `/v3/roles` {{(pid=80748) log_request_info /opt/stack/keystone/keystone/server/flask/request_processing/req_logging.py:29}}
May 26 21:00:55.882332 dv-cinder-828807-3-iscsi devstack@keystone.service[80748]: DEBUG keystone.common.rbac_enforcer.enforcer [None req-cc9c714c-341d-4cde-b11e-8a2684fcc32e None admin] RBAC: Adding query filter params (name=anotherrole) {{(pid=80748) _extract_filter_values /opt/stack/keystone/keystone/common/rbac_enforcer/enforcer.py:167}}
May 26 21:00:55.882967 dv-cinder-828807-3-iscsi devstack@keystone.service[80748]: DEBUG keystone.common.rbac_enforcer.enforcer [None req-cc9c714c-341d-4cde-b11e-8a2684fcc32e None admin] RBAC: Authorizing `identity:list_roles()` {{(pid=80748) enforce_call /opt/stack/keystone/keystone/common/rbac_enforcer/enforcer.py:449}}
May 26 21:00:55.884045 dv-cinder-828807-3-iscsi devstack@keystone.service[80748]: DEBUG keystone.common.rbac_enforcer.enforcer [None req-cc9c714c-341d-4cde-b11e-8a2684fcc32e None admin] RBAC: Authorization granted {{(pid=80748) enforce_call /opt/stack/keystone/keystone/common/rbac_enforcer/enforcer.py:457}}
May 26 21:00:55.893663 dv-cinder-828807-3-iscsi devstack@keystone.service[80747]: DEBUG keystone.server.flask.request_processing.middleware.auth_context [None req-fbe5542c-6837-4298-b1f1-654e9b1a6dac None admin] RBAC: auth_context: {'token': , 'domain_id': None, 'trust_id': None, 'trustor_id': None, 'trustee_id': None, 'domain_name': None, 'group_ids': [], 'user_id': '360bd68e46a04911b5f7e4be275448d0', 'user_domain_id': 'default', 'system_scope': 'all', 'project_id': None, 'project_domain_id': None, 'roles': ['admin', 'member', 'reader'], 'is_admin_project': True, 'service_user_id': None, 'service_user_domain_id': None, 'service_project_id': None, 'service_project_domain_id': None, 'service_roles': []} {{(pid=80747) fill_context /opt/stack/keystone/keystone/server/flask/request_processing/middleware/auth_context.py:478}}
May 26 21:00:55.894066 dv-cinder-828807-3-iscsi devstack@keystone.service[80748]: [pid: 80748|app: 0|req: 79/159] 10.222.0.66 () {56 vars in 1111 bytes} [Thu May 26 21:00:55 2022] GET /identity/v3/roles?name=anotherrole => generated 334 bytes in 215 msecs (HTTP/1.1 200) 5 headers in 177 bytes (1 switches on core 0)
May 26 21:00:55.895223 dv-cinder-828807-3-iscsi devstack@keystone.service[80747]: DEBUG keystone.server.flask.request_processing.req_logging [None req-fbe5542c-6837-4298-b1f1-654e9b1a6dac None admin] REQUEST_METHOD: `PUT` {{(pid=80747) log_request_info /opt/stack/keystone/keystone/server/flask/request_processing/req_logging.py:27}}
May 26 21:00:55.895726 dv-cinder-828807-3-iscsi devstack@keystone.service[80747]: DEBUG keystone.server.flask.request_processing.req_logging [None req-fbe5542c-6837-4298-b1f1-654e9b1a6dac None admin] SCRIPT_NAME: `/identity` {{(pid=80747) log_request_info /opt/stack/keystone/keystone/server/flask/request_processing/req_logging.py:28}}
May 26 21:00:55.896201 dv-cinder-828807-3-iscsi devstack@keystone.service[80747]: DEBUG keystone.server.flask.request_processing.req_logging [None req-fbe5542c-6837-4298-b1f1-654e9b1a6dac None admin] PATH_INFO: `/v3/projects/8e241471fdd8481c81049b886aa4ed5c/users/1d547a89a23243dfaa66ecf588590a3e/roles/d4282b64bc3b42419a613a6210a47a2b` {{(pid=80747) log_request_info /opt/stack/keystone/keystone/server/flask/request_processing/req_logging.py:29}}
May 26 21:00:55.898595 dv-cinder-828807-3-iscsi devstack@keystone.service[80747]: DEBUG keystone.common.rbac_enforcer.enforcer [None req-fbe5542c-6837-4298-b1f1-654e9b1a6dac None admin] RBAC: Authorizing `identity:create_grant(project_id=8e241471fdd8481c81049b886aa4ed5c, user_id=1d547a89a23243dfaa66ecf588590a3e, role_id=d4282b64bc3b42419a613a6210a47a2b)` {{(pid=80747) enforce_call /opt/stack/keystone/keystone/common/rbac_enforcer/enforcer.py:449}}
May 26 21:00:55.899787 dv-cinder-828807-3-iscsi devstack@keystone.service[80748]: DEBUG keystone.server.flask.request_processing.req_logging [None req-7b7e4ae0-c5e0-4a8f-b570-919fa73e324b None None] REQUEST_METHOD: `GET` {{(pid=80748) log_request_info /opt/stack/keystone/keystone/server/flask/request_processing/req_logging.py:27}}
May 26 21:00:55.900077 dv-cinder-828807-3-iscsi devstack@keystone.service[80748]: DEBUG keystone.server.flask.request_processing.req_logging [None req-7b7e4ae0-c5e0-4a8f-b570-919fa73e324b None None] SCRIPT_NAME: `/identity` {{(pid=80748) log_request_info /opt/stack/keystone/keystone/server/flask/request_processing/req_logging.py:28}}
May 26 21:00:55.900358 dv-cinder-828807-3-iscsi devstack@keystone.service[80748]: DEBUG keystone.server.flask.request_processing.req_logging [None req-7b7e4ae0-c5e0-4a8f-b570-919fa73e324b None None] PATH_INFO: `/` {{(pid=80748) log_request_info /opt/stack/keystone/keystone/server/flask/request_processing/req_logging.py:29}}
May 26 21:00:55.900820 dv-cinder-828807-3-iscsi devstack@keystone.service[80747]: DEBUG keystone.common.rbac_enforcer.enforcer [None req-fbe5542c-6837-4298-b1f1-654e9b1a6dac None admin] RBAC: Authorization granted {{(pid=80747) enforce_call /opt/stack/keystone/keystone/common/rbac_enforcer/enforcer.py:457}}
May 26 21:00:55.901802 dv-cinder-828807-3-iscsi devstack@keystone.service[80748]: [pid: 80748|app: 0|req: 80/160] 10.222.0.66 () {54 vars in 926 bytes} [Thu May 26 21:00:55 2022] GET /identity => generated 270 bytes in 8 msecs (HTTP/1.1 300) 6 headers in 234 bytes (1 switches on core 0)
May 26 21:00:55.902520 dv-cinder-828807-3-iscsi devstack@keystone.service[80748]: DEBUG keystone.server.flask.request_processing.middleware.auth_context [None req-7b7e4ae0-c5e0-4a8f-b570-919fa73e324b None None] Authenticating user token {{(pid=80748) process_request /usr/local/lib/python3.8/dist-packages/keystonemiddleware/auth_token/__init__.py:407}}
May 26 21:00:55.961699 dv-cinder-828807-3-iscsi devstack@keystone.service[80748]: DEBUG dbcounter [-] [80748] Writing DB stats keystone:SELECT=100 {{(pid=80748) stat_writer /usr/local/lib/python3.8/dist-packages/dbcounter.py:114}}
May 26 21:00:55.980856 dv-cinder-828807-3-iscsi devstack@keystone.service[80747]: [pid: 80747|app: 0|req: 81/161] 10.222.0.66 () {58 vars in 1439 bytes} [Thu May 26 21:00:55 2022] PUT /identity/v3/projects/8e241471fdd8481c81049b886aa4ed5c/users/1d547a89a23243dfaa66ecf588590a3e/roles/d4282b64bc3b42419a613a6210a47a2b => generated 0 bytes in 290 msecs (HTTP/1.1 204) 3 headers in 132 bytes (0 switches on core 0)
May 26 21:00:55.982226 dv-cinder-828807-3-iscsi devstack@keystone.service[80747]: DEBUG keystone.server.flask.request_processing.req_logging [None req-0ad886cc-0eaa-4fe9-ae52-ad9fc9161ecc None None] REQUEST_METHOD: `POST` {{(pid=80747) log_request_info /opt/stack/keystone/keystone/server/flask/request_processing/req_logging.py:27}}
May 26 21:00:55.982522 dv-cinder-828807-3-iscsi devstack@keystone.service[80747]: DEBUG keystone.server.flask.request_processing.req_logging [None req-0ad886cc-0eaa-4fe9-ae52-ad9fc9161ecc None None] SCRIPT_NAME: `/identity` {{(pid=80747) log_request_info /opt/stack/keystone/keystone/server/flask/request_processing/req_logging.py:28}}
May 26 21:00:55.982802 dv-cinder-828807-3-iscsi devstack@keystone.service[80747]: DEBUG keystone.server.flask.request_processing.req_logging [None req-0ad886cc-0eaa-4fe9-ae52-ad9fc9161ecc None None] PATH_INFO: `/v3/auth/tokens` {{(pid=80747) log_request_info /opt/stack/keystone/keystone/server/flask/request_processing/req_logging.py:29}}
May 26 21:00:56.003726 dv-cinder-828807-3-iscsi devstack@keystone.service[80747]: DEBUG keystone.auth.core [None req-0ad886cc-0eaa-4fe9-ae52-ad9fc9161ecc None None] MFA Rules not processed for user `360bd68e46a04911b5f7e4be275448d0`. Rule list: `[]` (Enabled: `True`). {{(pid=80747) check_auth_methods_against_rules /opt/stack/keystone/keystone/auth/core.py:438}}
May 26 21:00:56.005031 dv-cinder-828807-3-iscsi devstack@keystone.service[80747]: DEBUG keystone.common.fernet_utils [None req-0ad886cc-0eaa-4fe9-ae52-ad9fc9161ecc None None] Loaded 2 Fernet keys from /etc/keystone/fernet-keys/, but `[fernet_tokens] max_active_keys = 3`; perhaps there have not been enough key rotations to reach `max_active_keys` yet? {{(pid=80747) load_keys /opt/stack/keystone/keystone/common/fernet_utils.py:286}}
May 26 21:00:56.046997 dv-cinder-828807-3-iscsi devstack@keystone.service[80748]: DEBUG keystone.server.flask.request_processing.middleware.auth_context [None req-7b7e4ae0-c5e0-4a8f-b570-919fa73e324b None None] Validating token access rules against request {{(pid=80748) validate_allowed_request /usr/local/lib/python3.8/dist-packages/keystonemiddleware/auth_token/__init__.py:545}}
May 26 21:00:56.096142 dv-cinder-828807-3-iscsi devstack@keystone.service[80748]: DEBUG keystone.server.flask.request_processing.middleware.auth_context [None req-5d31f1d2-62bd-4cec-9a31-0aa54b4d2a9e None admin] RBAC: auth_context: {'token': , 'domain_id': None, 'trust_id': None, 'trustor_id': None, 'trustee_id': None, 'domain_name': None, 'group_ids': [], 'user_id': '360bd68e46a04911b5f7e4be275448d0', 'user_domain_id': 'default', 'system_scope': 'all', 'project_id': None, 'project_domain_id': None, 'roles': ['admin', 'member', 'reader'], 'is_admin_project': True, 'service_user_id': None, 'service_user_domain_id': None, 'service_project_id': None, 'service_project_domain_id': None, 'service_roles': []} {{(pid=80748) fill_context /opt/stack/keystone/keystone/server/flask/request_processing/middleware/auth_context.py:478}}
May 26 21:00:56.097369 dv-cinder-828807-3-iscsi devstack@keystone.service[80748]: DEBUG keystone.server.flask.request_processing.req_logging [None req-5d31f1d2-62bd-4cec-9a31-0aa54b4d2a9e None admin] REQUEST_METHOD: `GET` {{(pid=80748) log_request_info /opt/stack/keystone/keystone/server/flask/request_processing/req_logging.py:27}}
May 26 21:00:56.097721 dv-cinder-828807-3-iscsi devstack@keystone.service[80748]: DEBUG keystone.server.flask.request_processing.req_logging [None req-5d31f1d2-62bd-4cec-9a31-0aa54b4d2a9e None admin] SCRIPT_NAME: `/identity` {{(pid=80748) log_request_info /opt/stack/keystone/keystone/server/flask/request_processing/req_logging.py:28}}
May 26 21:00:56.098062 dv-cinder-828807-3-iscsi devstack@keystone.service[80748]: DEBUG keystone.server.flask.request_processing.req_logging [None req-5d31f1d2-62bd-4cec-9a31-0aa54b4d2a9e None admin] PATH_INFO: `/v3/users/e941a7c6994b4caf960392573fa084ec` {{(pid=80748) log_request_info /opt/stack/keystone/keystone/server/flask/request_processing/req_logging.py:29}}
May 26 21:00:56.099483 dv-cinder-828807-3-iscsi devstack@keystone.service[80748]: DEBUG keystone.common.rbac_enforcer.enforcer [None req-5d31f1d2-62bd-4cec-9a31-0aa54b4d2a9e None admin] RBAC: Authorizing `identity:get_user(user_id=e941a7c6994b4caf960392573fa084ec)` {{(pid=80748) enforce_call /opt/stack/keystone/keystone/common/rbac_enforcer/enforcer.py:449}}
May 26 21:00:56.101258 dv-cinder-828807-3-iscsi devstack@keystone.service[80748]: DEBUG keystone.common.rbac_enforcer.enforcer [None req-5d31f1d2-62bd-4cec-9a31-0aa54b4d2a9e None admin] RBAC: Authorization granted {{(pid=80748) enforce_call /opt/stack/keystone/keystone/common/rbac_enforcer/enforcer.py:457}}
May 26 21:00:56.102572 dv-cinder-828807-3-iscsi devstack@keystone.service[80747]: [pid: 80747|app: 0|req: 82/162] 10.222.0.66 () {58 vars in 1023 bytes} [Thu May 26 21:00:55 2022] POST /identity/v3/auth/tokens => generated 799 bytes in 121 msecs (HTTP/1.1 201) 6 headers in 363 bytes (1 switches on core 0)
May 26 21:00:56.103238 dv-cinder-828807-3-iscsi devstack@keystone.service[80748]: [pid: 80748|app: 0|req: 81/163] 10.222.0.66 () {56 vars in 1177 bytes} [Thu May 26 21:00:55 2022] GET /identity/v3/users/e941a7c6994b4caf960392573fa084ec => generated 275 bytes in 201 msecs (HTTP/1.1 200) 5 headers in 177 bytes (1 switches on core 0)
May 26 21:00:56.108790 dv-cinder-828807-3-iscsi devstack@keystone.service[80747]: DEBUG keystone.server.flask.request_processing.middleware.auth_context [None req-0ad886cc-0eaa-4fe9-ae52-ad9fc9161ecc None None] Authenticating user token {{(pid=80747) process_request /usr/local/lib/python3.8/dist-packages/keystonemiddleware/auth_token/__init__.py:407}}
May 26 21:00:56.121257 dv-cinder-828807-3-iscsi devstack@keystone.service[80747]: DEBUG dbcounter [-] [80747] Writing DB stats keystone:SELECT=99,keystone:INSERT=1 {{(pid=80747) stat_writer /usr/local/lib/python3.8/dist-packages/dbcounter.py:114}}
May 26 21:00:56.132592 dv-cinder-828807-3-iscsi devstack@keystone.service[80748]: DEBUG keystone.server.flask.request_processing.middleware.auth_context [None req-5d31f1d2-62bd-4cec-9a31-0aa54b4d2a9e None admin] Authenticating user token {{(pid=80748) process_request /usr/local/lib/python3.8/dist-packages/keystonemiddleware/auth_token/__init__.py:407}}
May 26 21:00:56.258464 dv-cinder-828807-3-iscsi devstack@keystone.service[80747]: DEBUG keystone.server.flask.request_processing.middleware.auth_context [None req-0ad886cc-0eaa-4fe9-ae52-ad9fc9161ecc None None] Validating token access rules against request {{(pid=80747) validate_allowed_request /usr/local/lib/python3.8/dist-packages/keystonemiddleware/auth_token/__init__.py:545}}
May 26 21:00:56.289702 dv-cinder-828807-3-iscsi devstack@keystone.service[80748]: DEBUG keystone.server.flask.request_processing.middleware.auth_context [None req-5d31f1d2-62bd-4cec-9a31-0aa54b4d2a9e None admin] Validating token access rules against request {{(pid=80748) validate_allowed_request /usr/local/lib/python3.8/dist-packages/keystonemiddleware/auth_token/__init__.py:545}}
May 26 21:00:56.299928 dv-cinder-828807-3-iscsi devstack@keystone.service[80747]: DEBUG keystone.server.flask.request_processing.middleware.auth_context [None req-451f6e5f-10e2-47bc-89eb-929745b24569 None admin] RBAC: auth_context: {'token': , 'domain_id': None, 'trust_id': None, 'trustor_id': None, 'trustee_id': None, 'domain_name': None, 'group_ids': [], 'user_id': '360bd68e46a04911b5f7e4be275448d0', 'user_domain_id': 'default', 'system_scope': 'all', 'project_id': None, 'project_domain_id': None, 'roles': ['admin', 'member', 'reader'], 'is_admin_project': True, 'service_user_id': None, 'service_user_domain_id': None, 'service_project_id': None, 'service_project_domain_id': None, 'service_roles': []} {{(pid=80747) fill_context /opt/stack/keystone/keystone/server/flask/request_processing/middleware/auth_context.py:478}}
May 26 21:00:56.300996 dv-cinder-828807-3-iscsi devstack@keystone.service[80747]: DEBUG keystone.server.flask.request_processing.req_logging [None req-451f6e5f-10e2-47bc-89eb-929745b24569 None admin] REQUEST_METHOD: `GET` {{(pid=80747) log_request_info /opt/stack/keystone/keystone/server/flask/request_processing/req_logging.py:27}}
May 26 21:00:56.301471 dv-cinder-828807-3-iscsi devstack@keystone.service[80747]: DEBUG keystone.server.flask.request_processing.req_logging [None req-451f6e5f-10e2-47bc-89eb-929745b24569 None admin] SCRIPT_NAME: `/identity` {{(pid=80747) log_request_info /opt/stack/keystone/keystone/server/flask/request_processing/req_logging.py:28}}
May 26 21:00:56.301916 dv-cinder-828807-3-iscsi devstack@keystone.service[80747]: DEBUG keystone.server.flask.request_processing.req_logging [None req-451f6e5f-10e2-47bc-89eb-929745b24569 None admin] PATH_INFO: `/v3/auth/tokens` {{(pid=80747) log_request_info /opt/stack/keystone/keystone/server/flask/request_processing/req_logging.py:29}}
May 26 21:00:56.307662 dv-cinder-828807-3-iscsi devstack@keystone.service[80748]: DEBUG dbcounter [-] [80748] Writing DB stats keystone:SELECT=100 {{(pid=80748) stat_writer /usr/local/lib/python3.8/dist-packages/dbcounter.py:114}}
May 26 21:00:56.333193 dv-cinder-828807-3-iscsi devstack@keystone.service[80748]: DEBUG keystone.server.flask.request_processing.middleware.auth_context [None req-2bd585ab-dd77-4d13-a170-b6ecc9962366 None admin] RBAC: auth_context: {'token': , 'domain_id': None, 'trust_id': None, 'trustor_id': None, 'trustee_id': None, 'domain_name': None, 'group_ids': [], 'user_id': '360bd68e46a04911b5f7e4be275448d0', 'user_domain_id': 'default', 'system_scope': 'all', 'project_id': None, 'project_domain_id': None, 'roles': ['admin', 'member', 'reader'], 'is_admin_project': True, 'service_user_id': None, 'service_user_domain_id': None, 'service_project_id': None, 'service_project_domain_id': None, 'service_roles': []} {{(pid=80748) fill_context /opt/stack/keystone/keystone/server/flask/request_processing/middleware/auth_context.py:478}}
May 26 21:00:56.334697 dv-cinder-828807-3-iscsi devstack@keystone.service[80748]: DEBUG keystone.server.flask.request_processing.req_logging [None req-2bd585ab-dd77-4d13-a170-b6ecc9962366 None admin] REQUEST_METHOD: `GET` {{(pid=80748) log_request_info /opt/stack/keystone/keystone/server/flask/request_processing/req_logging.py:27}}
May 26 21:00:56.335055 dv-cinder-828807-3-iscsi devstack@keystone.service[80748]: DEBUG keystone.server.flask.request_processing.req_logging [None req-2bd585ab-dd77-4d13-a170-b6ecc9962366 None admin] SCRIPT_NAME: `/identity` {{(pid=80748) log_request_info /opt/stack/keystone/keystone/server/flask/request_processing/req_logging.py:28}}
May 26 21:00:56.335405 dv-cinder-828807-3-iscsi devstack@keystone.service[80748]: DEBUG keystone.server.flask.request_processing.req_logging [None req-2bd585ab-dd77-4d13-a170-b6ecc9962366 None admin] PATH_INFO: `/v3/roles/member` {{(pid=80748) log_request_info /opt/stack/keystone/keystone/server/flask/request_processing/req_logging.py:29}}
May 26 21:00:56.351915 dv-cinder-828807-3-iscsi devstack@keystone.service[80748]: DEBUG keystone.common.rbac_enforcer.enforcer [None req-2bd585ab-dd77-4d13-a170-b6ecc9962366 None admin] Extracting inferred target data resulted in "NOT FOUND (404)". {{(pid=80748) enforce_call /opt/stack/keystone/keystone/common/rbac_enforcer/enforcer.py:409}}
May 26 21:00:56.362104 dv-cinder-828807-3-iscsi devstack@keystone.service[80748]: ERROR keystone.server.flask.application [None req-2bd585ab-dd77-4d13-a170-b6ecc9962366 None admin] Could not find role: member.: keystone.exception.RoleNotFound: Could not find role: member.
May 26 21:00:56.362104 dv-cinder-828807-3-iscsi devstack@keystone.service[80748]: ERROR keystone.server.flask.application
Traceback (most recent call last):
May 26 21:00:56.362104 dv-cinder-828807-3-iscsi devstack@keystone.service[80748]: ERROR keystone.server.flask.application
File "/usr/local/lib/python3.8/dist-packages/flask/app.py", line 1523, in full_dispatch_request
May 26 21:00:56.362104 dv-cinder-828807-3-iscsi devstack@keystone.service[80748]: ERROR keystone.server.flask.application rv = self.dispatch_request()
May 26 21:00:56.362104 dv-cinder-828807-3-iscsi devstack@keystone.service[80748]: ERROR keystone.server.flask.application
File "/usr/local/lib/python3.8/dist-packages/flask/app.py", line 1509, in dispatch_request
May 26 21:00:56.362104 dv-cinder-828807-3-iscsi devstack@keystone.service[80748]: ERROR keystone.server.flask.application return self.ensure_sync(self.view_functions[rule.endpoint])(**req.view_args)
