May 10 21:09:33.637150 dv-cinder-828807-2-smb neutron-server[104123]: DEBUG neutron.pecan_wsgi.hooks.policy_enforcement [req-a64c7446-9300-4933-b638-061e89ba9d6d req-d125174c-12d9-477d-a9e9-4b9f5c0631ae tempest-AttachVolumeNegativeTest-1294903538 tempest-AttachVolumeNegativeTest-1294903538-project] Attributes excluded by policy engine: ['standard_attr_id', 'binding:profile', 'binding:host_id', 'binding:vif_type', 'binding:vif_details'] {{(pid=104123) _exclude_attributes_by_policy /opt/stack/neutron/neutron/pecan_wsgi/hooks/policy_enforcement.py:259}}
May 10 21:09:33.638733 dv-cinder-828807-2-smb neutron-server[104123]: INFO neutron.wsgi [req-a64c7446-9300-4933-b638-061e89ba9d6d req-d125174c-12d9-477d-a9e9-4b9f5c0631ae tempest-AttachVolumeNegativeTest-1294903538 tempest-AttachVolumeNegativeTest-1294903538-project] 10.222.0.72 "GET /v2.0/ports?device_id=5204e6e1-a380-47b7-88bd-cf2cbc6d8dbc HTTP/1.1" status: 200 len: 945 time: 0.0501823
May 10 21:09:33.703363 dv-cinder-828807-2-smb neutron-server[104123]: INFO neutron.wsgi [req-a64c7446-9300-4933-b638-061e89ba9d6d req-75a87b5a-7094-480f-a2c0-f2c46ccc37d9 tempest-AttachVolumeNegativeTest-1294903538 tempest-AttachVolumeNegativeTest-1294903538-project] 10.222.0.72 "GET /v2.0/security-groups?id=2cc5c780-c55d-49ed-bc10-c662e8b7616a&fields=id&fields=name HTTP/1.1" status: 200 len: 312 time: 0.0586905
May 10 21:09:33.753336 dv-cinder-828807-2-smb neutron-server[104124]: DEBUG neutron.plugins.ml2.rpc [None req-30f83cf8-7200-4917-b098-384d27c42d2b None None] Device ff8a753b-ff8d-4a60-8696-d72ad3c0feb1 details requested by agent hyperv_hv-cinder-82880 with host hv-cinder-82880 {{(pid=104124) get_device_details /opt/stack/neutron/neutron/plugins/ml2/rpc.py:102}}
May 10 21:09:33.761428 dv-cinder-828807-2-smb neutron-server[104124]: DEBUG neutron.plugins.ml2.rpc [None req-30f83cf8-7200-4917-b098-384d27c42d2b None None] Device d7dcfdca-c269-427b-afe7-744864699381 up at agent hyperv_hv-cinder-82880 {{(pid=104124) update_device_up /opt/stack/neutron/neutron/plugins/ml2/rpc.py:296}}
May 10 21:09:33.874078 dv-cinder-828807-2-smb neutron-server[104123]: DEBUG neutron.pecan_wsgi.hooks.policy_enforcement [req-c54b6f99-e013-4800-95ae-0a949e496ffc req-23ea103b-2f8c-4c2f-b0d1-3a0f49e60fc2 tempest-AttachVolumeShelveTestJSON-714723279 tempest-AttachVolumeShelveTestJSON-714723279-project] Attributes excluded by policy engine: ['standard_attr_id', 'binding:profile', 'binding:host_id', 'binding:vif_type', 'binding:vif_details'] {{(pid=104123) _exclude_attributes_by_policy /opt/stack/neutron/neutron/pecan_wsgi/hooks/policy_enforcement.py:259}}
May 10 21:09:33.875525 dv-cinder-828807-2-smb neutron-server[104123]: INFO neutron.wsgi [req-c54b6f99-e013-4800-95ae-0a949e496ffc req-23ea103b-2f8c-4c2f-b0d1-3a0f49e60fc2 tempest-AttachVolumeShelveTestJSON-714723279 tempest-AttachVolumeShelveTestJSON-714723279-project] 10.222.0.72 "GET /v2.0/ports?device_id=7b0d1039-117d-4600-8d8f-7570d2b2a55e HTTP/1.1" status: 200 len: 944 time: 0.0570755
May 10 21:09:33.912050 dv-cinder-828807-2-smb neutron-server[104124]: DEBUG neutron.plugins.ml2.db [None req-30f83cf8-7200-4917-b098-384d27c42d2b None None] For port ff8a753b-ff8d-4a60-8696-d72ad3c0feb1, host hv-cinder-82880, got binding levels [PortBindingLevel(driver='hyperv',host='hv-cinder-82880',level=0,port_id=ff8a753b-ff8d-4a60-8696-d72ad3c0feb1,segment=NetworkSegment(65eb1a98-dcb4-444a-85be-563ed2d08f6e),segment_id=65eb1a98-dcb4-444a-85be-563ed2d08f6e)] {{(pid=104124) get_binding_level_objs /opt/stack/neutron/neutron/plugins/ml2/db.py:74}}
May 10 21:09:33.924101 dv-cinder-828807-2-smb neutron-server[104124]: DEBUG neutron.db.provisioning_blocks [None req-30f83cf8-7200-4917-b098-384d27c42d2b None None] Provisioning for port d7dcfdca-c269-427b-afe7-744864699381 completed by entity L2. {{(pid=104124) provisioning_complete /opt/stack/neutron/neutron/db/provisioning_blocks.py:137}}
May 10 21:09:33.930128 dv-cinder-828807-2-smb neutron-server[104124]: DEBUG neutron.plugins.ml2.rpc [None req-30f83cf8-7200-4917-b098-384d27c42d2b None None] Returning: {'device': 'ff8a753b-ff8d-4a60-8696-d72ad3c0feb1', 'network_id': 'e35dc145-d22c-4756-b6b0-166e622338f1', 'port_id': 'ff8a753b-ff8d-4a60-8696-d72ad3c0feb1', 'mac_address': 'fa:16:3e:59:7c:8f', 'admin_state_up': True, 'network_type': 'vlan', 'segmentation_id': 237, 'physical_network': 'physnet1', 'mtu': 1500, 'fixed_ips': [{'subnet_id': 'e5e570b5-dd37-4470-97ad-8d0481eab851', 'ip_address': '172.20.0.12'}], 'device_owner': 'compute:nova', 'allowed_address_pairs': [], 'port_security_enabled': True, 'qos_policy_id': None, 'qos_network_policy_id': None, 'profile': {}, 'propagate_uplink_status': False} {{(pid=104124) _get_device_details /opt/stack/neutron/neutron/plugins/ml2/rpc.py:184}}
May 10 21:09:33.985263 dv-cinder-828807-2-smb neutron-server[104124]: DEBUG neutron.plugins.ml2.plugin [None req-30f83cf8-7200-4917-b098-384d27c42d2b None None] Current status of the port ff8a753b-ff8d-4a60-8696-d72ad3c0feb1 is: DOWN; New status is: BUILD {{(pid=104124) _update_individual_port_db_status /opt/stack/neutron/neutron/plugins/ml2/plugin.py:2296}}
May 10 21:09:33.985656 dv-cinder-828807-2-smb neutron-server[104124]: DEBUG neutron_lib.callbacks.manager [None req-30f83cf8-7200-4917-b098-384d27c42d2b None None] Publish callbacks ['neutron.plugins.ml2.plugin.SecurityGroupDbMixin._ensure_default_security_group_handler-4155725'] for port (ff8a753b-ff8d-4a60-8696-d72ad3c0feb1), before_update {{(pid=104124) _notify_loop /usr/local/lib/python3.8/dist-packages/neutron_lib/callbacks/manager.py:176}}
May 10 21:09:34.002399 dv-cinder-828807-2-smb neutron-server[104124]: DEBUG neutron.notifiers.nova [None req-30f83cf8-7200-4917-b098-384d27c42d2b None None] Ignoring state change previous_port_status: DOWN current_port_status: BUILD port_id ff8a753b-ff8d-4a60-8696-d72ad3c0feb1 {{(pid=104124) record_port_status_changed /opt/stack/neutron/neutron/notifiers/nova.py:233}}
May 10 21:09:34.014184 dv-cinder-828807-2-smb neutron-server[104123]: DEBUG neutron.pecan_wsgi.hooks.policy_enforcement [req-d58f5d5c-1a62-41a4-95f1-8efd15f4ee67 req-64a73ebb-6080-4933-8714-987632ec8a40 service neutron] Attributes excluded by policy engine: ['standard_attr_id'] {{(pid=104123) _exclude_attributes_by_policy /opt/stack/neutron/neutron/pecan_wsgi/hooks/policy_enforcement.py:259}}
May 10 21:09:34.018251 dv-cinder-828807-2-smb neutron-server[104123]: INFO neutron.wsgi [req-d58f5d5c-1a62-41a4-95f1-8efd15f4ee67 req-64a73ebb-6080-4933-8714-987632ec8a40 service neutron] 10.222.0.44 "GET /v2.0/ports?device_id=d59e7c4b-0f03-4a40-8d3b-d5f769fd223f HTTP/1.1" status: 200 len: 1129 time: 0.1416383
May 10 21:09:34.023705 dv-cinder-828807-2-smb neutron-server[104123]: INFO neutron.wsgi [req-c54b6f99-e013-4800-95ae-0a949e496ffc req-2c85d883-3b78-414c-b3ef-e302eefd91a5 tempest-AttachVolumeShelveTestJSON-714723279 tempest-AttachVolumeShelveTestJSON-714723279-project] 10.222.0.72 "GET /v2.0/security-groups?id=9753cee0-ee8d-4de3-aaca-17f5e2dd7545&fields=id&fields=name HTTP/1.1" status: 200 len: 312 time: 0.1177959
May 10 21:09:34.041894 dv-cinder-828807-2-smb neutron-server[104124]: DEBUG neutron.plugins.ml2.db [None req-30f83cf8-7200-4917-b098-384d27c42d2b None None] For port ff8a753b-ff8d-4a60-8696-d72ad3c0feb1, host hv-cinder-82880, got binding levels [PortBindingLevel(driver='hyperv',host='hv-cinder-82880',level=0,port_id=ff8a753b-ff8d-4a60-8696-d72ad3c0feb1,segment=NetworkSegment(65eb1a98-dcb4-444a-85be-563ed2d08f6e),segment_id=65eb1a98-dcb4-444a-85be-563ed2d08f6e)] {{(pid=104124) get_binding_level_objs /opt/stack/neutron/neutron/plugins/ml2/db.py:74}}
May 10 21:09:34.096428 dv-cinder-828807-2-smb neutron-server[104123]: INFO neutron.wsgi [req-d58f5d5c-1a62-41a4-95f1-8efd15f4ee67 req-47648090-39c7-4afa-bfb8-40f764041f4c service neutron] 10.222.0.44 "GET /v2.0/security-groups?id=6e2dfd1e-f331-4df0-95ba-0ac691cb2143&fields=id&fields=name HTTP/1.1" status: 200 len: 286 time: 0.0594473
May 10 21:09:34.114512 dv-cinder-828807-2-smb neutron-server[104124]: DEBUG neutron.db.provisioning_blocks [None req-30f83cf8-7200-4917-b098-384d27c42d2b None None] Provisioning complete for port d7dcfdca-c269-427b-afe7-744864699381 triggered by entity L2. {{(pid=104124) provisioning_complete /opt/stack/neutron/neutron/db/provisioning_blocks.py:145}}
May 10 21:09:34.115784 dv-cinder-828807-2-smb neutron-server[104124]: DEBUG neutron_lib.callbacks.manager [None req-30f83cf8-7200-4917-b098-384d27c42d2b None None] Publish callbacks ['neutron.plugins.ml2.plugin.Ml2Plugin._port_provisioned-4161757'] for port (d7dcfdca-c269-427b-afe7-744864699381), provisioning_complete {{(pid=104124) _notify_loop /usr/local/lib/python3.8/dist-packages/neutron_lib/callbacks/manager.py:176}}
May 10 21:09:34.150816 dv-cinder-828807-2-smb neutron-server[104124]: DEBUG neutron_lib.callbacks.manager [None req-30f83cf8-7200-4917-b098-384d27c42d2b None None] Publish callbacks ['neutron.plugins.ml2.plugin.SecurityGroupServerNotifierRpcMixin._notify_sg_on_port_change-4155875', 'neutron.plugins.ml2.ovo_rpc._ObjectChangeHandler.handle_event-453644', 'neutron.api.rpc.agentnotifiers.dhcp_rpc_agent_api.DhcpAgentNotifyAPI._native_event_send_dhcp_notification-550736', 'neutron.db.l3_db.L3RpcNotifierMixin._notify_gateway_port_ip_changed-8738075120011', 'neutron.db.l3_dvrscheduler_db._notify_l3_agent_port_update-8738074559847', 'neutron.db.l3_hascheduler_db._notify_l3_agent_ha_port_update-8738074559865'] for port (ff8a753b-ff8d-4a60-8696-d72ad3c0feb1), after_update {{(pid=104124) _notify_loop /usr/local/lib/python3.8/dist-packages/neutron_lib/callbacks/manager.py:176}}
May 10 21:09:34.222405 dv-cinder-828807-2-smb neutron-server[104124]: DEBUG neutron.api.rpc.handlers.resources_rpc [None req-30f83cf8-7200-4917-b098-384d27c42d2b None None] Pushing event updated for resources: {'Port': ['ID=ff8a753b-ff8d-4a60-8696-d72ad3c0feb1,revision_number=4']} {{(pid=104124) push /opt/stack/neutron/neutron/api/rpc/handlers/resources_rpc.py:237}}
May 10 21:09:34.240043 dv-cinder-828807-2-smb neutron-server[104123]: DEBUG neutron.pecan_wsgi.hooks.policy_enforcement [req-69901534-92bb-433b-9af5-73054f53818b req-b94b4651-d70c-4bf2-9a2c-f96acaf7ae06 tempest-ServerRescueNegativeTestJSON-773599372 tempest-ServerRescueNegativeTestJSON-773599372-project] Attributes excluded by policy engine: ['standard_attr_id', 'binding:profile', 'binding:host_id', 'binding:vif_type', 'binding:vif_details'] {{(pid=104123) _exclude_attributes_by_policy /opt/stack/neutron/neutron/pecan_wsgi/hooks/policy_enforcement.py:259}}
May 10 21:09:34.247922 dv-cinder-828807-2-smb neutron-server[104123]: INFO neutron.wsgi [req-69901534-92bb-433b-9af5-73054f53818b req-b94b4651-d70c-4bf2-9a2c-f96acaf7ae06 tempest-ServerRescueNegativeTestJSON-773599372 tempest-ServerRescueNegativeTestJSON-773599372-project] 10.222.0.72 "GET /v2.0/ports?device_id=b7135275-9765-4fee-9590-53995f57906e HTTP/1.1" status: 200 len: 946 time: 0.0671711
May 10 21:09:34.266334 dv-cinder-828807-2-smb neutron-server[104124]: DEBUG neutron.plugins.ml2.plugin [None req-30f83cf8-7200-4917-b098-384d27c42d2b None None] Current status of the port d7dcfdca-c269-427b-afe7-744864699381 is: BUILD; New status is: ACTIVE {{(pid=104124) _update_individual_port_db_status /opt/stack/neutron/neutron/plugins/ml2/plugin.py:2296}}
May 10 21:09:34.275110 dv-cinder-828807-2-smb neutron-server[104124]: DEBUG neutron_lib.callbacks.manager [None req-30f83cf8-7200-4917-b098-384d27c42d2b None None] Publish callbacks ['neutron.plugins.ml2.plugin.SecurityGroupDbMixin._ensure_default_security_group_handler-4155725'] for port (d7dcfdca-c269-427b-afe7-744864699381), before_update {{(pid=104124) _notify_loop /usr/local/lib/python3.8/dist-packages/neutron_lib/callbacks/manager.py:176}}
May 10 21:09:34.295828 dv-cinder-828807-2-smb neutron-server[104123]: INFO neutron.wsgi [req-69901534-92bb-433b-9af5-73054f53818b req-5d3f420e-44ee-4cb7-9f27-d9fe9fa5c0fe tempest-ServerRescueNegativeTestJSON-773599372 tempest-ServerRescueNegativeTestJSON-773599372-project] 10.222.0.72 "GET /v2.0/security-groups?id=6e2dfd1e-f331-4df0-95ba-0ac691cb2143&fields=id&fields=name HTTP/1.1" status: 200 len: 286 time: 0.0469100
May 10 21:09:34.308897 dv-cinder-828807-2-smb neutron-server[104124]: DEBUG neutron.plugins.ml2.db [None req-30f83cf8-7200-4917-b098-384d27c42d2b None None] For port d7dcfdca-c269-427b-afe7-744864699381, host hv-cinder-82880, got binding levels [PortBindingLevel(driver='hyperv',host='hv-cinder-82880',level=0,port_id=d7dcfdca-c269-427b-afe7-744864699381,segment=NetworkSegment(550beb81-79b5-4c3b-8136-e2eb8e000184),segment_id=550beb81-79b5-4c3b-8136-e2eb8e000184)] {{(pid=104124) get_binding_level_objs /opt/stack/neutron/neutron/plugins/ml2/db.py:74}}
May 10 21:09:34.437058 dv-cinder-828807-2-smb neutron-server[104124]: DEBUG neutron_lib.callbacks.manager [None req-30f83cf8-7200-4917-b098-384d27c42d2b None None] Publish callbacks ['neutron.plugins.ml2.plugin.SecurityGroupServerNotifierRpcMixin._notify_sg_on_port_change-4155875', 'neutron.plugins.ml2.ovo_rpc._ObjectChangeHandler.handle_event-453644', 'neutron.api.rpc.agentnotifiers.dhcp_rpc_agent_api.DhcpAgentNotifyAPI._native_event_send_dhcp_notification-550736', 'neutron.db.l3_db.L3RpcNotifierMixin._notify_gateway_port_ip_changed-8738075120011', 'neutron.db.l3_dvrscheduler_db._notify_l3_agent_port_update-8738074559847', 'neutron.db.l3_hascheduler_db._notify_l3_agent_ha_port_update-8738074559865'] for port (d7dcfdca-c269-427b-afe7-744864699381), after_update {{(pid=104124) _notify_loop /usr/local/lib/python3.8/dist-packages/neutron_lib/callbacks/manager.py:176}}
May 10 21:09:34.494556 dv-cinder-828807-2-smb neutron-server[104124]: DEBUG neutron.api.rpc.handlers.resources_rpc [None req-30f83cf8-7200-4917-b098-384d27c42d2b None None] Pushing event updated for resources: {'Port': ['ID=d7dcfdca-c269-427b-afe7-744864699381,revision_number=5']} {{(pid=104124) push /opt/stack/neutron/neutron/api/rpc/handlers/resources_rpc.py:237}}
May 10 21:09:34.510685 dv-cinder-828807-2-smb neutron-server[104124]: DEBUG neutron.plugins.ml2.db [None req-30f83cf8-7200-4917-b098-384d27c42d2b None None] get_ports_and_sgs() called for port_ids ['ff8a753b-ff8d-4a60-8696-d72ad3c0feb1'] {{(pid=104124) get_ports_and_sgs /opt/stack/neutron/neutron/plugins/ml2/db.py:156}}
May 10 21:09:34.694155 dv-cinder-828807-2-smb neutron-server[104124]: DEBUG neutron.notifiers.nova [-] Sending events: [{'server_uuid': '5204e6e1-a380-47b7-88bd-cf2cbc6d8dbc', 'name': 'network-vif-plugged', 'status': 'completed', 'tag': 'd7dcfdca-c269-427b-afe7-744864699381'}] {{(pid=104124) send_events /opt/stack/neutron/neutron/notifiers/nova.py:271}}
May 10 21:09:34.696475 dv-cinder-828807-2-smb neutron-server[104124]: DEBUG novaclient.v2.client [-] REQ: curl -g -i --cacert "/opt/stack/data/ca-bundle.pem" -X POST http://10.222.0.72/compute/v2.1/os-server-external-events -H "Accept: application/json" -H "Content-Type: application/json" -H "User-Agent: python-novaclient" -H "X-Auth-Token: {SHA256}1156a5d2dbca9d86be90e099d25b5c86c7b967638d5817247f34eee81a43e03b" -H "X-OpenStack-Nova-API-Version: 2.1" -H "X-OpenStack-Request-ID: req-13bbc145-b976-4c88-891d-feb50cbd0e20" -d '{"events": [{"server_uuid": "5204e6e1-a380-47b7-88bd-cf2cbc6d8dbc", "name": "network-vif-plugged", "status": "completed", "tag": "d7dcfdca-c269-427b-afe7-744864699381"}]}' {{(pid=104124) _http_log_request /usr/local/lib/python3.8/dist-packages/keystoneauth1/session.py:519}}
May 10 21:09:34.731060 dv-cinder-828807-2-smb neutron-server[104124]: DEBUG novaclient.v2.client [-] RESP: [200] Connection: close Content-Length: 183 Content-Type: application/json Date: Tue, 10 May 2022 21:09:34 GMT OpenStack-API-Version: compute 2.1 Server: Apache/2.4.41 (Ubuntu) Vary: OpenStack-API-Version,X-OpenStack-Nova-API-Version X-OpenStack-Nova-API-Version: 2.1 x-compute-request-id: req-367a39b5-3634-4387-8e78-0a9e6030b30f x-openstack-request-id: req-367a39b5-3634-4387-8e78-0a9e6030b30f {{(pid=104124) _http_log_response /usr/local/lib/python3.8/dist-packages/keystoneauth1/session.py:550}}
May 10 21:09:34.731376 dv-cinder-828807-2-smb neutron-server[104124]: DEBUG novaclient.v2.client [-] RESP BODY: {"events": [{"server_uuid": "5204e6e1-a380-47b7-88bd-cf2cbc6d8dbc", "name": "network-vif-plugged", "status": "completed", "tag": "d7dcfdca-c269-427b-afe7-744864699381", "code": 200}]} {{(pid=104124) _http_log_response /usr/local/lib/python3.8/dist-packages/keystoneauth1/session.py:582}}
May 10 21:09:34.731633 dv-cinder-828807-2-smb neutron-server[104124]: DEBUG novaclient.v2.client [-] POST call to compute for http://10.222.0.72/compute/v2.1/os-server-external-events used request id req-367a39b5-3634-4387-8e78-0a9e6030b30f {{(pid=104124) request /usr/local/lib/python3.8/dist-packages/keystoneauth1/session.py:954}}
May 10 21:09:34.732027 dv-cinder-828807-2-smb neutron-server[104124]: INFO neutron.notifiers.nova [-] Nova event matching ['req-367a39b5-3634-4387-8e78-0a9e6030b30f'] response: {'server_uuid': '5204e6e1-a380-47b7-88bd-cf2cbc6d8dbc', 'name': 'network-vif-plugged', 'status': 'completed', 'tag': 'd7dcfdca-c269-427b-afe7-744864699381', 'code': 200}
May 10 21:09:34.833416 dv-cinder-828807-2-smb neutron-server[104123]: DEBUG neutron.pecan_wsgi.hooks.policy_enforcement [req-a2f4430e-671a-4256-9135-776c8c216103 req-edef35cd-fadf-44e9-b805-dc0adf967206 tempest-AttachVolumeNegativeTest-1294903538 tempest-AttachVolumeNegativeTest-1294903538-project] Attributes excluded by policy engine: ['standard_attr_id', 'binding:profile', 'binding:host_id', 'binding:vif_type', 'binding:vif_details'] {{(pid=104123) _exclude_attributes_by_policy /opt/stack/neutron/neutron/pecan_wsgi/hooks/policy_enforcement.py:259}}
May 10 21:09:34.835770 dv-cinder-828807-2-smb neutron-server[104123]: INFO neutron.wsgi [req-a2f4430e-671a-4256-9135-776c8c216103 req-edef35cd-fadf-44e9-b805-dc0adf967206 tempest-AttachVolumeNegativeTest-1294903538 tempest-AttachVolumeNegativeTest-1294903538-project] 10.222.0.72 "GET /v2.0/ports?device_id=5204e6e1-a380-47b7-88bd-cf2cbc6d8dbc HTTP/1.1" status: 200 len: 946 time: 0.0561459
May 10 21:09:34.920269 dv-cinder-828807-2-smb neutron-server[104123]: INFO neutron.wsgi [req-a2f4430e-671a-4256-9135-776c8c216103 req-8b6374cd-2c63-4be6-88b5-5ac6126fbf33 tempest-AttachVolumeNegativeTest-1294903538 tempest-AttachVolumeNegativeTest-1294903538-project] 10.222.0.72 "GET /v2.0/security-groups?id=2cc5c780-c55d-49ed-bc10-c662e8b7616a&fields=id&fields=name HTTP/1.1" status: 200 len: 312 time: 0.0758791
May 10 21:09:34.940627 dv-cinder-828807-2-smb neutron-server[104123]: DEBUG neutron.pecan_wsgi.hooks.policy_enforcement [req-dee097a2-e346-4509-92c7-4a5d09bfd91d req-64571b96-28bf-407d-9316-d5db203b2694 service neutron] Attributes excluded by policy engine: ['standard_attr_id'] {{(pid=104123) _exclude_attributes_by_policy /opt/stack/neutron/neutron/pecan_wsgi/hooks/policy_enforcement.py:259}}
May 10 21:09:34.940627 dv-cinder-828807-2-smb neutron-server[104123]: INFO neutron.wsgi [req-dee097a2-e346-4509-92c7-4a5d09bfd91d req-64571b96-28bf-407d-9316-d5db203b2694 service neutron] 10.222.0.44 "GET /v2.0/ports?tenant_id=2b9b4a71eb7a46d699357a78f6b1d3b7&device_id=b7135275-9765-4fee-9590-53995f57906e HTTP/1.1" status: 200 len: 1130 time: 0.0565310
May 10 21:09:35.079032 dv-cinder-828807-2-smb neutron-server[104123]: DEBUG neutron.pecan_wsgi.hooks.policy_enforcement [req-dee097a2-e346-4509-92c7-4a5d09bfd91d req-95461a5d-f81b-4fa9-b6b9-0ec0792855e1 service neutron] Attributes excluded by policy engine: ['standard_attr_id', 'vlan_transparent'] {{(pid=104123) _exclude_attributes_by_policy /opt/stack/neutron/neutron/pecan_wsgi/hooks/policy_enforcement.py:259}}
May 10 21:09:35.080592 dv-cinder-828807-2-smb neutron-server[104123]: INFO neutron.wsgi [req-dee097a2-e346-4509-92c7-4a5d09bfd91d req-95461a5d-f81b-4fa9-b6b9-0ec0792855e1 service neutron] 10.222.0.44 "GET /v2.0/networks?id=9c9e0da5-57bb-4b43-bb9c-7cda2b5c287c HTTP/1.1" status: 200 len: 920 time: 0.1099195
May 10 21:09:35.169488 dv-cinder-828807-2-smb neutron-server[104123]: DEBUG neutron.pecan_wsgi.hooks.policy_enforcement [req-0c5d81a3-628d-471e-9bcf-044e8dddee5c req-a21ce895-beeb-4a79-802c-5af26b544d2b tempest-AttachVolumeShelveTestJSON-714723279 tempest-AttachVolumeShelveTestJSON-714723279-project] Attributes excluded by policy engine: ['standard_attr_id', 'binding:profile', 'binding:host_id', 'binding:vif_type', 'binding:vif_details'] {{(pid=104123) _exclude_attributes_by_policy /opt/stack/neutron/neutron/pecan_wsgi/hooks/policy_enforcement.py:259}}
May 10 21:09:35.171111 dv-cinder-828807-2-smb neutron-server[104123]: INFO neutron.wsgi [req-0c5d81a3-628d-471e-9bcf-044e8dddee5c req-a21ce895-beeb-4a79-802c-5af26b544d2b tempest-AttachVolumeShelveTestJSON-714723279 tempest-AttachVolumeShelveTestJSON-714723279-project] 10.222.0.72 "GET /v2.0/ports?device_id=7b0d1039-117d-4600-8d8f-7570d2b2a55e HTTP/1.1" status: 200 len: 945 time: 0.0595620
May 10 21:09:35.218841 dv-cinder-828807-2-smb neutron-server[104123]: INFO neutron.wsgi [req-0c5d81a3-628d-471e-9bcf-044e8dddee5c req-1e62e343-2ef5-4f39-b455-42c7a5ca0bf9 tempest-AttachVolumeShelveTestJSON-714723279 tempest-AttachVolumeShelveTestJSON-714723279-project] 10.222.0.72 "GET /v2.0/security-groups?id=9753cee0-ee8d-4de3-aaca-17f5e2dd7545&fields=id&fields=name HTTP/1.1" status: 200 len: 312 time: 0.0419331
May 10 21:09:35.422482 dv-cinder-828807-2-smb neutron-server[104123]: DEBUG neutron.pecan_wsgi.hooks.policy_enforcement [req-c1c2bbe4-dc66-4931-bf97-36bd0d5934af req-8846af59-13b1-4e10-aafd-a1a8b48a5b19 tempest-ServerRescueNegativeTestJSON-773599372 tempest-ServerRescueNegativeTestJSON-773599372-project] Attributes excluded by policy engine: ['standard_attr_id', 'binding:profile', 'binding:host_id', 'binding:vif_type', 'binding:vif_details'] {{(pid=104123) _exclude_attributes_by_policy /opt/stack/neutron/neutron/pecan_wsgi/hooks/policy_enforcement.py:259}}
May 10 21:09:35.424120 dv-cinder-828807-2-smb neutron-server[104123]: INFO neutron.wsgi [req-c1c2bbe4-dc66-4931-bf97-36bd0d5934af req-8846af59-13b1-4e10-aafd-a1a8b48a5b19 tempest-ServerRescueNegativeTestJSON-773599372 tempest-ServerRescueNegativeTestJSON-773599372-project] 10.222.0.72 "GET /v2.0/ports?device_id=b7135275-9765-4fee-9590-53995f57906e HTTP/1.1" status: 200 len: 946 time: 0.0454566
May 10 21:09:35.472763 dv-cinder-828807-2-smb neutron-server[104123]: INFO neutron.wsgi [req-c1c2bbe4-dc66-4931-bf97-36bd0d5934af req-9bea5f38-c69e-41e7-bef9-24ce47e9b285 tempest-ServerRescueNegativeTestJSON-773599372 tempest-ServerRescueNegativeTestJSON-773599372-project] 10.222.0.72 "GET /v2.0/security-groups?id=6e2dfd1e-f331-4df0-95ba-0ac691cb2143&fields=id&fields=name HTTP/1.1" status: 200 len: 286 time: 0.0416737
May 10 21:09:35.545113 dv-cinder-828807-2-smb neutron-server[104123]: INFO neutron.wsgi [req-dee097a2-e346-4509-92c7-4a5d09bfd91d req-75736477-75b6-4394-85da-fc92fee11a4f service neutron] 10.222.0.44 "GET /v2.0/floatingips?fixed_ip_address=172.20.0.11&port_id=9e3b6458-7e81-463d-94b8-e8c6b0bbad7b HTTP/1.1" status: 200 len: 217 time: 0.0368853
May 10 21:09:35.750025 dv-cinder-828807-2-smb neutron-server[104124]: DEBUG neutron.plugins.ml2.rpc [None req-30f83cf8-7200-4917-b098-384d27c42d2b None None] Device ff8a753b-ff8d-4a60-8696-d72ad3c0feb1 up at agent hyperv_hv-cinder-82880 {{(pid=104124) update_device_up /opt/stack/neutron/neutron/plugins/ml2/rpc.py:296}}
May 10 21:09:35.768902 dv-cinder-828807-2-smb neutron-server[104122]: DEBUG neutron.pecan_wsgi.hooks.policy_enforcement [req-d713b186-a191-4dd0-b6ea-4592c9495684 req-e07b1cce-d4ec-44c2-8943-117f09173f7f service neutron] Attributes excluded by policy engine: ['standard_attr_id'] {{(pid=104122) _exclude_attributes_by_policy /opt/stack/neutron/neutron/pecan_wsgi/hooks/policy_enforcement.py:259}}
May 10 21:09:35.770844 dv-cinder-828807-2-smb neutron-server[104122]: INFO neutron.wsgi [req-d713b186-a191-4dd0-b6ea-4592c9495684 req-e07b1cce-d4ec-44c2-8943-117f09173f7f service neutron] 10.222.0.44 "GET /v2.0/ports?device_id=5204e6e1-a380-47b7-88bd-cf2cbc6d8dbc HTTP/1.1" status: 200 len: 1130 time: 0.0415695
May 10 21:09:35.778880 dv-cinder-828807-2-smb neutron-server[104123]: DEBUG neutron.pecan_wsgi.hooks.policy_enforcement [req-dee097a2-e346-4509-92c7-4a5d09bfd91d req-87d85c10-84ea-418d-87bd-58be7c212a01 service neutron] Attributes excluded by policy engine: ['standard_attr_id', 'shared', 'segment_id'] {{(pid=104123) _exclude_attributes_by_policy /opt/stack/neutron/neutron/pecan_wsgi/hooks/policy_enforcement.py:259}}
May 10 21:09:35.780020 dv-cinder-828807-2-smb neutron-server[104123]: INFO neutron.wsgi [req-dee097a2-e346-4509-92c7-4a5d09bfd91d req-87d85c10-84ea-418d-87bd-58be7c212a01 service neutron] 10.222.0.44 "GET /v2.0/subnets?id=bb41186d-e72d-4f42-9abd-168419882fac HTTP/1.1" status: 200 len: 858 time: 0.0509720
May 10 21:09:35.812038 dv-cinder-828807-2-smb neutron-server[104124]: DEBUG neutron.db.provisioning_blocks [None req-30f83cf8-7200-4917-b098-384d27c42d2b None None] Provisioning for port ff8a753b-ff8d-4a60-8696-d72ad3c0feb1 completed by entity L2. {{(pid=104124) provisioning_complete /opt/stack/neutron/neutron/db/provisioning_blocks.py:137}}
May 10 21:09:35.826445 dv-cinder-828807-2-smb neutron-server[104123]: DEBUG neutron.pecan_wsgi.hooks.policy_enforcement [req-dee097a2-e346-4509-92c7-4a5d09bfd91d req-6743ee40-c38d-4b37-850d-3e8d26295c98 service neutron] Attributes excluded by policy engine: ['standard_attr_id'] {{(pid=104123) _exclude_attributes_by_policy /opt/stack/neutron/neutron/pecan_wsgi/hooks/policy_enforcement.py:259}}
May 10 21:09:35.827946 dv-cinder-828807-2-smb neutron-server[104123]: INFO neutron.wsgi [req-dee097a2-e346-4509-92c7-4a5d09bfd91d req-6743ee40-c38d-4b37-850d-3e8d26295c98 service neutron] 10.222.0.44 "GET /v2.0/ports?network_id=9c9e0da5-57bb-4b43-bb9c-7cda2b5c287c&device_owner=network%3Adhcp HTTP/1.1" status: 200 len: 1210 time: 0.0391037
May 10 21:09:35.830029 dv-cinder-828807-2-smb neutron-server[104122]: INFO neutron.wsgi [req-d713b186-a191-4dd0-b6ea-4592c9495684 req-4a889ab4-ea5f-4962-a367-c1d99f655ce6 service neutron] 10.222.0.44 "GET /v2.0/security-groups?id=2cc5c780-c55d-49ed-bc10-c662e8b7616a&fields=id&fields=name HTTP/1.1" status: 200 len: 312 time: 0.0516727
May 10 21:09:35.893165 dv-cinder-828807-2-smb neutron-server[104124]: DEBUG neutron.db.provisioning_blocks [None req-30f83cf8-7200-4917-b098-384d27c42d2b None None] Provisioning complete for port ff8a753b-ff8d-4a60-8696-d72ad3c0feb1 triggered by entity L2. {{(pid=104124) provisioning_complete /opt/stack/neutron/neutron/db/provisioning_blocks.py:145}}
May 10 21:09:35.896897 dv-cinder-828807-2-smb neutron-server[104124]: DEBUG neutron_lib.callbacks.manager [None req-30f83cf8-7200-4917-b098-384d27c42d2b None None] Publish callbacks ['neutron.plugins.ml2.plugin.Ml2Plugin._port_provisioned-4161757'] for port (ff8a753b-ff8d-4a60-8696-d72ad3c0feb1), provisioning_complete {{(pid=104124) _notify_loop /usr/local/lib/python3.8/dist-packages/neutron_lib/callbacks/manager.py:176}}
May 10 21:09:35.897709 dv-cinder-828807-2-smb neutron-server[104122]: DEBUG neutron.wsgi [-] (104122) accepted ('10.222.0.72', 33984) {{(pid=104122) server /usr/local/lib/python3.8/dist-packages/eventlet/wsgi.py:1004}}
May 10 21:09:35.983839 dv-cinder-828807-2-smb neutron-server[104124]: DEBUG neutron.plugins.ml2.plugin [None req-30f83cf8-7200-4917-b098-384d27c42d2b None None] Current status of the port ff8a753b-ff8d-4a60-8696-d72ad3c0feb1 is: BUILD; New status is: ACTIVE {{(pid=104124) _update_individual_port_db_status /opt/stack/neutron/neutron/plugins/ml2/plugin.py:2296}}
May 10 21:09:35.984264 dv-cinder-828807-2-smb neutron-server[104124]: DEBUG neutron_lib.callbacks.manager [None req-30f83cf8-7200-4917-b098-384d27c42d2b None None] Publish callbacks ['neutron.plugins.ml2.plugin.SecurityGroupDbMixin._ensure_default_security_group_handler-4155725'] for port (ff8a753b-ff8d-4a60-8696-d72ad3c0feb1), before_update {{(pid=104124) _notify_loop /usr/local/lib/python3.8/dist-packages/neutron_lib/callbacks/manager.py:176}}
May 10 21:09:36.020256 dv-cinder-828807-2-smb neutron-server[104124]: DEBUG neutron.plugins.ml2.db [None req-30f83cf8-7200-4917-b098-384d27c42d2b None None] For port ff8a753b-ff8d-4a60-8696-d72ad3c0feb1, host hv-cinder-82880, got binding levels [PortBindingLevel(driver='hyperv',host='hv-cinder-82880',level=0,port_id=ff8a753b-ff8d-4a60-8696-d72ad3c0feb1,segment=NetworkSegment(65eb1a98-dcb4-444a-85be-563ed2d08f6e),segment_id=65eb1a98-dcb4-444a-85be-563ed2d08f6e)] {{(pid=104124) get_binding_level_objs /opt/stack/neutron/neutron/plugins/ml2/db.py:74}}
May 10 21:09:36.042371 dv-cinder-828807-2-smb neutron-server[104122]: DEBUG neutron_lib.callbacks.manager [None req-009da946-da0a-4c10-87ca-d13d2c12dc0d admin admin] Publish callbacks [] for security_group (None), before_create {{(pid=104122) _notify_loop /usr/local/lib/python3.8/dist-packages/neutron_lib/callbacks/manager.py:176}}
May 10 21:09:36.087346 dv-cinder-828807-2-smb neutron-server[104123]: DEBUG neutron.pecan_wsgi.hooks.policy_enforcement [req-0505d37f-12b0-479f-89f9-4969f8e90143 req-a4f1e880-ffd3-45ee-b854-29118949f83a tempest-AttachVolumeNegativeTest-1294903538 tempest-AttachVolumeNegativeTest-1294903538-project] Attributes excluded by policy engine: ['standard_attr_id', 'binding:profile', 'binding:host_id', 'binding:vif_type', 'binding:vif_details'] {{(pid=104123) _exclude_attributes_by_policy /opt/stack/neutron/neutron/pecan_wsgi/hooks/policy_enforcement.py:259}}
May 10 21:09:36.093650 dv-cinder-828807-2-smb neutron-server[104123]: INFO neutron.wsgi [req-0505d37f-12b0-479f-89f9-4969f8e90143 req-a4f1e880-ffd3-45ee-b854-29118949f83a tempest-AttachVolumeNegativeTest-1294903538 tempest-AttachVolumeNegativeTest-1294903538-project] 10.222.0.72 "GET /v2.0/ports?device_id=5204e6e1-a380-47b7-88bd-cf2cbc6d8dbc HTTP/1.1" status: 200 len: 946 time: 0.0711920
May 10 21:09:36.136374 dv-cinder-828807-2-smb neutron-server[104122]: DEBUG neutron_lib.callbacks.manager [None req-009da946-da0a-4c10-87ca-d13d2c12dc0d admin admin] Publish callbacks [] for security_group (9c841a44-0c5b-4bd9-962a-2766284bbf25), precommit_create {{(pid=104122) _notify_loop /usr/local/lib/python3.8/dist-packages/neutron_lib/callbacks/manager.py:176}}
May 10 21:09:36.144661 dv-cinder-828807-2-smb neutron-server[104124]: DEBUG neutron_lib.callbacks.manager [None req-30f83cf8-7200-4917-b098-384d27c42d2b None None] Publish callbacks ['neutron.plugins.ml2.plugin.SecurityGroupServerNotifierRpcMixin._notify_sg_on_port_change-4155875', 'neutron.plugins.ml2.ovo_rpc._ObjectChangeHandler.handle_event-453644', 'neutron.api.rpc.agentnotifiers.dhcp_rpc_agent_api.DhcpAgentNotifyAPI._native_event_send_dhcp_notification-550736', 'neutron.db.l3_db.L3RpcNotifierMixin._notify_gateway_port_ip_changed-8738075120011', 'neutron.db.l3_dvrscheduler_db._notify_l3_agent_port_update-8738074559847', 'neutron.db.l3_hascheduler_db._notify_l3_agent_ha_port_update-8738074559865'] for port (ff8a753b-ff8d-4a60-8696-d72ad3c0feb1), after_update {{(pid=104124) _notify_loop /usr/local/lib/python3.8/dist-packages/neutron_lib/callbacks/manager.py:176}}
May 10 21:09:36.196832 dv-cinder-828807-2-smb neutron-server[104124]: DEBUG neutron.api.rpc.handlers.resources_rpc [None req-30f83cf8-7200-4917-b098-384d27c42d2b None None] Pushing event updated for resources: {'Port': ['ID=ff8a753b-ff8d-4a60-8696-d72ad3c0feb1,revision_number=5']} {{(pid=104124) push /opt/stack/neutron/neutron/api/rpc/handlers/resources_rpc.py:237}}
May 10 21:09:36.219118 dv-cinder-828807-2-smb neutron-server[104123]: INFO neutron.wsgi [req-0505d37f-12b0-479f-89f9-4969f8e90143 req-a1d619ad-ed7a-4e9c-8288-8c5a09bb4f4b tempest-AttachVolumeNegativeTest-1294903538 tempest-AttachVolumeNegativeTest-1294903538-project] 10.222.0.72 "GET /v2.0/security-groups?id=2cc5c780-c55d-49ed-bc10-c662e8b7616a&fields=id&fields=name HTTP/1.1" status: 200 len: 312 time: 0.1192205
May 10 21:09:36.244911 dv-cinder-828807-2-smb neutron-server[104123]: INFO neutron.wsgi [req-dee097a2-e346-4509-92c7-4a5d09bfd91d req-02f5965e-cbff-4189-b04d-213998be213c service neutron] 10.222.0.44 "GET /v2.0/networks/9c9e0da5-57bb-4b43-bb9c-7cda2b5c287c?fields=segments HTTP/1.1" status: 200 len: 212 time: 0.1152427
May 10 21:09:36.338287 dv-cinder-828807-2-smb neutron-server[104123]: DEBUG neutron.pecan_wsgi.hooks.policy_enforcement [req-696f6bc0-d3d6-453c-855b-1b094e29688e req-6a61e208-8108-4af1-9bb4-97d6f2e68ed5 tempest-AttachVolumeShelveTestJSON-714723279 tempest-AttachVolumeShelveTestJSON-714723279-project] Attributes excluded by policy engine: ['standard_attr_id', 'binding:profile', 'binding:host_id', 'binding:vif_type', 'binding:vif_details'] {{(pid=104123) _exclude_attributes_by_policy /opt/stack/neutron/neutron/pecan_wsgi/hooks/policy_enforcement.py:259}}
May 10 21:09:36.339742 dv-cinder-828807-2-smb neutron-server[104123]: INFO neutron.wsgi [req-696f6bc0-d3d6-453c-855b-1b094e29688e req-6a61e208-8108-4af1-9bb4-97d6f2e68ed5 tempest-AttachVolumeShelveTestJSON-714723279 tempest-AttachVolumeShelveTestJSON-714723279-project] 10.222.0.72 "GET /v2.0/ports?device_id=7b0d1039-117d-4600-8d8f-7570d2b2a55e HTTP/1.1" status: 200 len: 946 time: 0.0518000
May 10 21:09:36.361796 dv-cinder-828807-2-smb neutron-server[104122]: DEBUG neutron_lib.callbacks.manager [None req-009da946-da0a-4c10-87ca-d13d2c12dc0d admin admin] Publish callbacks ['neutron.plugins.ml2.ovo_rpc._ObjectChangeHandler.handle_event-539771'] for security_group (9c841a44-0c5b-4bd9-962a-2766284bbf25), after_create {{(pid=104122) _notify_loop /usr/local/lib/python3.8/dist-packages/neutron_lib/callbacks/manager.py:176}}
May 10 21:09:36.391626 dv-cinder-828807-2-smb neutron-server[104123]: INFO neutron.wsgi [req-696f6bc0-d3d6-453c-855b-1b094e29688e req-264ef047-f925-4dda-894e-6725533ccd6b tempest-AttachVolumeShelveTestJSON-714723279 tempest-AttachVolumeShelveTestJSON-714723279-project] 10.222.0.72 "GET /v2.0/security-groups?id=9753cee0-ee8d-4de3-aaca-17f5e2dd7545&fields=id&fields=name HTTP/1.1" status: 200 len: 312 time: 0.0460055
May 10 21:09:36.401868 dv-cinder-828807-2-smb neutron-server[104122]: INFO neutron.wsgi [None req-009da946-da0a-4c10-87ca-d13d2c12dc0d admin admin] 10.222.0.72 "GET /v2.0/security-groups?tenant_id=1add6b3fad4549d0a868bd3692e7d9c3&name=default HTTP/1.1" status: 200 len: 2996 time: 0.5057774
May 10 21:09:36.404200 dv-cinder-828807-2-smb neutron-server[104122]: DEBUG neutron.api.rpc.handlers.resources_rpc [None req-009da946-da0a-4c10-87ca-d13d2c12dc0d admin admin] Pushing event updated for resources: {'SecurityGroup': ['ID=9c841a44-0c5b-4bd9-962a-2766284bbf25,revision_number=1']} {{(pid=104122) push /opt/stack/neutron/neutron/api/rpc/handlers/resources_rpc.py:237}}
May 10 21:09:36.409498 dv-cinder-828807-2-smb neutron-server[104122]: DEBUG neutron.wsgi [-] (104122) accepted ('10.222.0.72', 34002) {{(pid=104122) server /usr/local/lib/python3.8/dist-packages/eventlet/wsgi.py:1004}}
May 10 21:09:36.469736 dv-cinder-828807-2-smb neutron-server[104122]: DEBUG neutron_lib.callbacks.manager [None req-32d32c16-4dac-4e34-933a-866f0557b2db admin admin] Publish callbacks [] for security_group (9c841a44-0c5b-4bd9-962a-2766284bbf25), before_delete {{(pid=104122) _notify_loop /usr/local/lib/python3.8/dist-packages/neutron_lib/callbacks/manager.py:176}}
May 10 21:09:36.490664 dv-cinder-828807-2-smb neutron-server[104122]: DEBUG neutron_lib.callbacks.manager [None req-32d32c16-4dac-4e34-933a-866f0557b2db admin admin] Publish callbacks [] for security_group (9c841a44-0c5b-4bd9-962a-2766284bbf25), precommit_delete {{(pid=104122) _notify_loop /usr/local/lib/python3.8/dist-packages/neutron_lib/callbacks/manager.py:176}}
May 10 21:09:36.634227 dv-cinder-828807-2-smb neutron-server[104123]: DEBUG neutron.pecan_wsgi.hooks.policy_enforcement [req-fe9982fc-5b17-42ff-a2e8-3b01c832368e req-664360a6-8290-42f4-bb0a-301eca6e8337 tempest-ServerRescueNegativeTestJSON-773599372 tempest-ServerRescueNegativeTestJSON-773599372-project] Attributes excluded by policy engine: ['standard_attr_id', 'binding:profile', 'binding:host_id', 'binding:vif_type', 'binding:vif_details'] {{(pid=104123) _exclude_attributes_by_policy /opt/stack/neutron/neutron/pecan_wsgi/hooks/policy_enforcement.py:259}}
May 10 21:09:36.635689 dv-cinder-828807-2-smb neutron-server[104123]: INFO neutron.wsgi [req-fe9982fc-5b17-42ff-a2e8-3b01c832368e req-664360a6-8290-42f4-bb0a-301eca6e8337 tempest-ServerRescueNegativeTestJSON-773599372 tempest-ServerRescueNegativeTestJSON-773599372-project] 10.222.0.72 "GET /v2.0/ports?device_id=b7135275-9765-4fee-9590-53995f57906e HTTP/1.1" status: 200 len: 946 time: 0.0963156
May 10 21:09:36.690244 dv-cinder-828807-2-smb neutron-server[104123]: INFO neutron.wsgi [req-dee097a2-e346-4509-92c7-4a5d09bfd91d req-92b6b562-d28e-41cf-8724-b1eaf8269f18 service neutron] 10.222.0.44 "GET /v2.0/networks/9c9e0da5-57bb-4b43-bb9c-7cda2b5c287c?fields=provider%3Aphysical_network&fields=provider%3Anetwork_type HTTP/1.1" status: 200 len: 281 time: 0.1486971
May 10 21:09:36.701568 dv-cinder-828807-2-smb neutron-server[104123]: INFO neutron.wsgi [req-fe9982fc-5b17-42ff-a2e8-3b01c832368e req-8eb89eab-65a4-4b2b-afbe-73923a723bcb tempest-ServerRescueNegativeTestJSON-773599372 tempest-ServerRescueNegativeTestJSON-773599372-project] 10.222.0.72 "GET /v2.0/security-groups?id=6e2dfd1e-f331-4df0-95ba-0ac691cb2143&fields=id&fields=name HTTP/1.1" status: 200 len: 286 time: 0.0582337
May 10 21:09:36.733518 dv-cinder-828807-2-smb neutron-server[104124]: DEBUG neutron.notifiers.nova [-] Sending events: [{'server_uuid': '7b0d1039-117d-4600-8d8f-7570d2b2a55e', 'name': 'network-vif-plugged', 'status': 'completed', 'tag': 'ff8a753b-ff8d-4a60-8696-d72ad3c0feb1'}] {{(pid=104124) send_events /opt/stack/neutron/neutron/notifiers/nova.py:271}}
May 10 21:09:36.735779 dv-cinder-828807-2-smb neutron-server[104124]: DEBUG novaclient.v2.client [-] REQ: curl -g -i --cacert "/opt/stack/data/ca-bundle.pem" -X POST http://10.222.0.72/compute/v2.1/os-server-external-events -H "Accept: application/json" -H "Content-Type: application/json" -H "User-Agent: python-novaclient" -H "X-Auth-Token: {SHA256}1156a5d2dbca9d86be90e099d25b5c86c7b967638d5817247f34eee81a43e03b" -H "X-OpenStack-Nova-API-Version: 2.1" -H "X-OpenStack-Request-ID: req-9b9185e5-a3d3-47e3-85a0-6281df6e04e3" -d '{"events": [{"server_uuid": "7b0d1039-117d-4600-8d8f-7570d2b2a55e", "name": "network-vif-plugged", "status": "completed", "tag": "ff8a753b-ff8d-4a60-8696-d72ad3c0feb1"}]}' {{(pid=104124) _http_log_request /usr/local/lib/python3.8/dist-packages/keystoneauth1/session.py:519}}
May 10 21:09:36.770936 dv-cinder-828807-2-smb neutron-server[104124]: DEBUG novaclient.v2.client [-] RESP: [200] Connection: close Content-Length: 183 Content-Type: application/json Date: Tue, 10 May 2022 21:09:36 GMT OpenStack-API-Version: compute 2.1 Server: Apache/2.4.41 (Ubuntu) Vary: OpenStack-API-Version,X-OpenStack-Nova-API-Version X-OpenStack-Nova-API-Version: 2.1 x-compute-request-id: req-31c43851-6eba-4ed8-a8d0-5acd28d94454 x-openstack-request-id: req-31c43851-6eba-4ed8-a8d0-5acd28d94454 {{(pid=104124) _http_log_response /usr/local/lib/python3.8/dist-packages/keystoneauth1/session.py:550}}
May 10 21:09:36.771494 dv-cinder-828807-2-smb neutron-server[104124]: DEBUG novaclient.v2.client [-] RESP BODY: {"events": [{"server_uuid": "7b0d1039-117d-4600-8d8f-7570d2b2a55e", "name": "network-vif-plugged", "status": "completed", "tag": "ff8a753b-ff8d-4a60-8696-d72ad3c0feb1", "code": 200}]} {{(pid=104124) _http_log_response /usr/local/lib/python3.8/dist-packages/keystoneauth1/session.py:582}}
May 10 21:09:36.771494 dv-cinder-828807-2-smb neutron-server[104124]: DEBUG novaclient.v2.client [-] POST call to compute for http://10.222.0.72/compute/v2.1/os-server-external-events used request id req-31c43851-6eba-4ed8-a8d0-5acd28d94454 {{(pid=104124) request /usr/local/lib/python3.8/dist-packages/keystoneauth1/session.py:954}}
May 10 21:09:36.774511 dv-cinder-828807-2-smb neutron-server[104124]: INFO neutron.notifiers.nova [-] Nova event matching ['req-31c43851-6eba-4ed8-a8d0-5acd28d94454'] response: {'server_uuid': '7b0d1039-117d-4600-8d8f-7570d2b2a55e', 'name': 'network-vif-plugged', 'status': 'completed', 'tag': 'ff8a753b-ff8d-4a60-8696-d72ad3c0feb1', 'code': 200}
May 10 21:09:36.807131 dv-cinder-828807-2-smb neutron-server[104122]: DEBUG neutron_lib.callbacks.manager [None req-32d32c16-4dac-4e34-933a-866f0557b2db admin admin] Publish callbacks ['neutron.plugins.ml2.ovo_rpc._ObjectChangeHandler.handle_event-539771'] for security_group (9c841a44-0c5b-4bd9-962a-2766284bbf25), after_delete {{(pid=104122) _notify_loop /usr/local/lib/python3.8/dist-packages/neutron_lib/callbacks/manager.py:176}}
May 10 21:09:36.823264 dv-cinder-828807-2-smb neutron-server[104122]: DEBUG neutron_lib.callbacks.manager [None req-32d32c16-4dac-4e34-933a-866f0557b2db admin admin] Publish callbacks [] for security_group (None), before_response {{(pid=104122) _notify_loop /usr/local/lib/python3.8/dist-packages/neutron_lib/callbacks/manager.py:176}}
May 10 21:09:36.823264 dv-cinder-828807-2-smb neutron-server[104122]: INFO neutron.wsgi [None req-32d32c16-4dac-4e34-933a-866f0557b2db admin admin] 10.222.0.72 "DELETE /v2.0/security-groups/9c841a44-0c5b-4bd9-962a-2766284bbf25 HTTP/1.1" status: 204 len: 168 time: 0.4002712
May 10 21:09:36.823264 dv-cinder-828807-2-smb neutron-server[104122]: DEBUG neutron.api.rpc.handlers.resources_rpc [None req-32d32c16-4dac-4e34-933a-866f0557b2db admin admin] Pushing event deleted for resources: {'SecurityGroup': ['ID=9c841a44-0c5b-4bd9-962a-2766284bbf25,revision_number=None']} {{(pid=104122) push /opt/stack/neutron/neutron/api/rpc/handlers/resources_rpc.py:237}}
May 10 21:09:37.338130 dv-cinder-828807-2-smb neutron-server[104123]: DEBUG neutron.pecan_wsgi.hooks.policy_enforcement [req-54bb8a83-b19c-4e1a-a5d1-e76e27d8c7f8 req-f9f0dbab-a95b-42a3-a4eb-427ee3c9bd64 tempest-AttachVolumeNegativeTest-1294903538 tempest-AttachVolumeNegativeTest-1294903538-project] Attributes excluded by policy engine: ['standard_attr_id', 'binding:profile', 'binding:host_id', 'binding:vif_type', 'binding:vif_details'] {{(pid=104123) _exclude_attributes_by_policy /opt/stack/neutron/neutron/pecan_wsgi/hooks/policy_enforcement.py:259}}
May 10 21:09:37.339588 dv-cinder-828807-2-smb neutron-server[104123]: INFO neutron.wsgi [req-54bb8a83-b19c-4e1a-a5d1-e76e27d8c7f8 req-f9f0dbab-a95b-42a3-a4eb-427ee3c9bd64 tempest-AttachVolumeNegativeTest-1294903538 tempest-AttachVolumeNegativeTest-1294903538-project] 10.222.0.72 "GET /v2.0/ports?device_id=5204e6e1-a380-47b7-88bd-cf2cbc6d8dbc HTTP/1.1" status: 200 len: 946 time: 0.0476942
May 10 21:09:37.386202 dv-cinder-828807-2-smb neutron-server[104123]: INFO neutron.wsgi [req-54bb8a83-b19c-4e1a-a5d1-e76e27d8c7f8 req-61ccf07d-d5a7-46f5-9d74-c867f2afa78f tempest-AttachVolumeNegativeTest-1294903538 tempest-AttachVolumeNegativeTest-1294903538-project] 10.222.0.72 "GET /v2.0/security-groups?id=2cc5c780-c55d-49ed-bc10-c662e8b7616a&fields=id&fields=name HTTP/1.1" status: 200 len: 312 time: 0.0411506
May 10 21:09:37.539041 dv-cinder-828807-2-smb neutron-server[104123]: DEBUG neutron.pecan_wsgi.hooks.policy_enforcement [req-fc83d2b9-2b37-4f73-bb3f-f3706acc6765 req-2b9d2c95-2565-4dd7-b497-93845bc677f0 tempest-AttachVolumeShelveTestJSON-714723279 tempest-AttachVolumeShelveTestJSON-714723279-project] Attributes excluded by policy engine: ['standard_attr_id', 'binding:profile', 'binding:host_id', 'binding:vif_type', 'binding:vif_details'] {{(pid=104123) _exclude_attributes_by_policy /opt/stack/neutron/neutron/pecan_wsgi/hooks/policy_enforcement.py:259}}
May 10 21:09:37.540203 dv-cinder-828807-2-smb neutron-server[104123]: INFO neutron.wsgi [req-fc83d2b9-2b37-4f73-bb3f-f3706acc6765 req-2b9d2c95-2565-4dd7-b497-93845bc677f0 tempest-AttachVolumeShelveTestJSON-714723279 tempest-AttachVolumeShelveTestJSON-714723279-project] 10.222.0.72 "GET /v2.0/ports?device_id=7b0d1039-117d-4600-8d8f-7570d2b2a55e HTTP/1.1" status: 200 len: 946 time: 0.0558386
May 10 21:09:37.548452 dv-cinder-828807-2-smb neutron-server[104123]: DEBUG neutron.pecan_wsgi.hooks.policy_enforcement [req-5ab9d87a-aff2-4f5c-b332-f9c1800e884c req-eb9957fc-ad35-4fcb-9f3f-7fc7001306ab tempest-AttachVolumeNegativeTest-1294903538 tempest-AttachVolumeNegativeTest-1294903538-project] Attributes excluded by policy engine: ['standard_attr_id', 'binding:profile', 'binding:host_id', 'binding:vif_type', 'binding:vif_details'] {{(pid=104123) _exclude_attributes_by_policy /opt/stack/neutron/neutron/pecan_wsgi/hooks/policy_enforcement.py:259}}
May 10 21:09:37.549851 dv-cinder-828807-2-smb neutron-server[104123]: INFO neutron.wsgi [req-5ab9d87a-aff2-4f5c-b332-f9c1800e884c req-eb9957fc-ad35-4fcb-9f3f-7fc7001306ab tempest-AttachVolumeNegativeTest-1294903538 tempest-AttachVolumeNegativeTest-1294903538-project] 10.222.0.72 "GET /v2.0/ports?device_id=5204e6e1-a380-47b7-88bd-cf2cbc6d8dbc HTTP/1.1" status: 200 len: 946 time: 0.0982533
May 10 21:09:37.566710 dv-cinder-828807-2-smb neutron-server[104122]: DEBUG neutron.wsgi [-] (104122) accepted ('10.222.0.72', 34040) {{(pid=104122) server /usr/local/lib/python3.8/dist-packages/eventlet/wsgi.py:1004}}
May 10 21:09:37.566710 dv-cinder-828807-2-smb neutron-server[104122]: DEBUG neutron.api.v2.base [None req-a645a55a-5e86-40c9-a4cf-edc454e595db tempest-AttachVolumeNegativeTest-1294903538 tempest-AttachVolumeNegativeTest-1294903538-project] Request body: {'floatingip': {'port_id': 'd7dcfdca-c269-427b-afe7-744864699381'}} {{(pid=104122) prepare_request_body /opt/stack/neutron/neutron/api/v2/base.py:730}}
May 10 21:09:37.607758 dv-cinder-828807-2-smb neutron-server[104123]: INFO neutron.wsgi [req-fc83d2b9-2b37-4f73-bb3f-f3706acc6765 req-abce7977-8478-4ea3-844a-4e9d84a319c7 tempest-AttachVolumeShelveTestJSON-714723279 tempest-AttachVolumeShelveTestJSON-714723279-project] 10.222.0.72 "GET /v2.0/security-groups?id=9753cee0-ee8d-4de3-aaca-17f5e2dd7545&fields=id&fields=name HTTP/1.1" status: 200 len: 312 time: 0.0569153
May 10 21:09:37.646924 dv-cinder-828807-2-smb neutron-server[104122]: DEBUG neutron_lib.callbacks.manager [None req-a645a55a-5e86-40c9-a4cf-edc454e595db tempest-AttachVolumeNegativeTest-1294903538 tempest-AttachVolumeNegativeTest-1294903538-project] Publish callbacks [] for floatingip (256723b6-18ec-4e1b-a5fc-33f8a8e92c6c), before_update {{(pid=104122) _notify_loop /usr/local/lib/python3.8/dist-packages/neutron_lib/callbacks/manager.py:176}}
May 10 21:09:37.796223 dv-cinder-828807-2-smb neutron-server[104123]: DEBUG neutron.pecan_wsgi.hooks.policy_enforcement [req-a10da95c-7fe1-477e-9ca5-02ae2dd1b396 req-411d638f-3d53-463d-9648-75a224c0dd86 service neutron] Attributes excluded by policy engine: ['standard_attr_id'] {{(pid=104123) _exclude_attributes_by_policy /opt/stack/neutron/neutron/pecan_wsgi/hooks/policy_enforcement.py:259}}
May 10 21:09:37.796223 dv-cinder-828807-2-smb neutron-server[104123]: INFO neutron.wsgi [req-a10da95c-7fe1-477e-9ca5-02ae2dd1b396 req-411d638f-3d53-463d-9648-75a224c0dd86 service neutron] 10.222.0.44 "GET /v2.0/ports?device_id=7b0d1039-117d-4600-8d8f-7570d2b2a55e HTTP/1.1" status: 200 len: 1130 time: 0.0829663
May 10 21:09:37.860435 dv-cinder-828807-2-smb neutron-server[104123]: DEBUG neutron.pecan_wsgi.hooks.policy_enforcement [req-b278bfd0-fe03-40f4-b7b6-ec0a0ab7d52b req-8a294398-df52-44ae-85f5-765887432299 tempest-ServerRescueNegativeTestJSON-773599372 tempest-ServerRescueNegativeTestJSON-773599372-project] Attributes excluded by policy engine: ['standard_attr_id', 'binding:profile', 'binding:host_id', 'binding:vif_type', 'binding:vif_details'] {{(pid=104123) _exclude_attributes_by_policy /opt/stack/neutron/neutron/pecan_wsgi/hooks/policy_enforcement.py:259}}
May 10 21:09:37.862065 dv-cinder-828807-2-smb neutron-server[104123]: INFO neutron.wsgi [req-b278bfd0-fe03-40f4-b7b6-ec0a0ab7d52b req-8a294398-df52-44ae-85f5-765887432299 tempest-ServerRescueNegativeTestJSON-773599372 tempest-ServerRescueNegativeTestJSON-773599372-project] 10.222.0.72 "GET /v2.0/ports?device_id=b7135275-9765-4fee-9590-53995f57906e HTTP/1.1" status: 200 len: 946 time: 0.0648463
May 10 21:09:37.903376 dv-cinder-828807-2-smb neutron-server[104123]: INFO neutron.wsgi [req-a10da95c-7fe1-477e-9ca5-02ae2dd1b396 req-004c94fa-815c-4fa3-98df-b6d55db4149f service neutron] 10.222.0.44 "GET /v2.0/security-groups?id=9753cee0-ee8d-4de3-aaca-17f5e2dd7545&fields=id&fields=name HTTP/1.1" status: 200 len: 312 time: 0.0965984
May 10 21:09:37.937644 dv-cinder-828807-2-smb neutron-server[104123]: INFO neutron.wsgi [req-b278bfd0-fe03-40f4-b7b6-ec0a0ab7d52b req-7b08cd46-e294-4d4e-a144-8ce01a40484e tempest-ServerRescueNegativeTestJSON-773599372 tempest-ServerRescueNegativeTestJSON-773599372-project] 10.222.0.72 "GET /v2.0/security-groups?id=6e2dfd1e-f331-4df0-95ba-0ac691cb2143&fields=id&fields=name HTTP/1.1" status: 200 len: 286 time: 0.0647998
May 10 21:09:37.956155 dv-cinder-828807-2-smb neutron-server[104123]: DEBUG neutron.wsgi [-] (104123) accepted ('10.222.0.72', 34054) {{(pid=104123) server /usr/local/lib/python3.8/dist-packages/eventlet/wsgi.py:1004}}
May 10 21:09:37.972127 dv-cinder-828807-2-smb neutron-server[104123]: DEBUG neutron_lib.callbacks.manager [None req-f9dac809-4558-42b0-853f-c2c6e2fc450c admin admin] Publish callbacks [] for security_group (None), before_create {{(pid=104123) _notify_loop /usr/local/lib/python3.8/dist-packages/neutron_lib/callbacks/manager.py:176}}
May 10 21:09:38.044516 dv-cinder-828807-2-smb neutron-server[104123]: DEBUG neutron_lib.callbacks.manager [None req-f9dac809-4558-42b0-853f-c2c6e2fc450c admin admin] Publish callbacks [] for security_group (578c8bbf-eb60-44ea-9459-662a1fcdbf93), precommit_create {{(pid=104123) _notify_loop /usr/local/lib/python3.8/dist-packages/neutron_lib/callbacks/manager.py:176}}
