Sep 13 19:36:43.851998 dv-cinder-828806-6-iscsi devstack@keystone.service[93090]: [pid: 93090|app: 0|req: 195/389] 10.222.0.18 () {58 vars in 1024 bytes} [Tue Sep 13 19:36:43 2022] POST /identity/v3/auth/tokens => generated 799 bytes in 97 msecs (HTTP/1.1 201) 6 headers in 363 bytes (1 switches on core 0)
Sep 13 19:36:43.856917 dv-cinder-828806-6-iscsi devstack@keystone.service[93090]: DEBUG keystone.server.flask.request_processing.middleware.auth_context [None req-9fe944c4-cf26-477d-84ee-1102140a7d2e None None] Authenticating user token {{(pid=93090) process_request /usr/local/lib/python3.8/dist-packages/keystonemiddleware/auth_token/__init__.py:407}}
Sep 13 19:36:43.877319 dv-cinder-828806-6-iscsi devstack@keystone.service[93091]: DEBUG dbcounter [-] [93091] Writing DB stats keystone:SELECT=100 {{(pid=93091) stat_writer /usr/local/lib/python3.8/dist-packages/dbcounter.py:114}}
Sep 13 19:36:43.908021 dv-cinder-828806-6-iscsi devstack@keystone.service[93091]: DEBUG keystone.server.flask.request_processing.middleware.auth_context [None req-345dbe75-f067-4830-be67-ccabdd8a50a0 None None] Validating token access rules against request {{(pid=93091) validate_allowed_request /usr/local/lib/python3.8/dist-packages/keystonemiddleware/auth_token/__init__.py:545}}
Sep 13 19:36:43.964730 dv-cinder-828806-6-iscsi devstack@keystone.service[93091]: DEBUG keystone.server.flask.request_processing.middleware.auth_context [None req-2aca9b85-3501-4c8e-89dd-cb057b997874 None admin] RBAC: auth_context: {'token': , 'domain_id': None, 'trust_id': None, 'trustor_id': None, 'trustee_id': None, 'domain_name': None, 'group_ids': [], 'user_id': 'cc92c723f30741629d9940fdc108b101', 'user_domain_id': 'default', 'system_scope': 'all', 'project_id': None, 'project_domain_id': None, 'roles': ['admin', 'member', 'reader'], 'is_admin_project': True, 'service_user_id': None, 'service_user_domain_id': None, 'service_project_id': None, 'service_project_domain_id': None, 'service_roles': []} {{(pid=93091) fill_context /opt/stack/keystone/keystone/server/flask/request_processing/middleware/auth_context.py:478}}
Sep 13 19:36:43.965389 dv-cinder-828806-6-iscsi devstack@keystone.service[93091]: DEBUG keystone.server.flask.request_processing.req_logging [None req-2aca9b85-3501-4c8e-89dd-cb057b997874 None admin] REQUEST_METHOD: `GET` {{(pid=93091) log_request_info /opt/stack/keystone/keystone/server/flask/request_processing/req_logging.py:27}}
Sep 13 19:36:43.965664 dv-cinder-828806-6-iscsi devstack@keystone.service[93091]: DEBUG keystone.server.flask.request_processing.req_logging [None req-2aca9b85-3501-4c8e-89dd-cb057b997874 None admin] SCRIPT_NAME: `/identity` {{(pid=93091) log_request_info /opt/stack/keystone/keystone/server/flask/request_processing/req_logging.py:28}}
Sep 13 19:36:43.965929 dv-cinder-828806-6-iscsi devstack@keystone.service[93091]: DEBUG keystone.server.flask.request_processing.req_logging [None req-2aca9b85-3501-4c8e-89dd-cb057b997874 None admin] PATH_INFO: `/v3/roles` {{(pid=93091) log_request_info /opt/stack/keystone/keystone/server/flask/request_processing/req_logging.py:29}}
Sep 13 19:36:43.966624 dv-cinder-828806-6-iscsi devstack@keystone.service[93091]: DEBUG keystone.common.rbac_enforcer.enforcer [None req-2aca9b85-3501-4c8e-89dd-cb057b997874 None admin] RBAC: Adding query filter params (name=anotherrole) {{(pid=93091) _extract_filter_values /opt/stack/keystone/keystone/common/rbac_enforcer/enforcer.py:167}}
Sep 13 19:36:43.966890 dv-cinder-828806-6-iscsi devstack@keystone.service[93091]: DEBUG keystone.common.rbac_enforcer.enforcer [None req-2aca9b85-3501-4c8e-89dd-cb057b997874 None admin] RBAC: Authorizing `identity:list_roles()` {{(pid=93091) enforce_call /opt/stack/keystone/keystone/common/rbac_enforcer/enforcer.py:449}}
Sep 13 19:36:43.968287 dv-cinder-828806-6-iscsi devstack@keystone.service[93091]: DEBUG keystone.common.rbac_enforcer.enforcer [None req-2aca9b85-3501-4c8e-89dd-cb057b997874 None admin] RBAC: Authorization granted {{(pid=93091) enforce_call /opt/stack/keystone/keystone/common/rbac_enforcer/enforcer.py:457}}
Sep 13 19:36:43.993517 dv-cinder-828806-6-iscsi devstack@keystone.service[93091]: [pid: 93091|app: 0|req: 195/390] 10.222.0.18 () {56 vars in 1111 bytes} [Tue Sep 13 19:36:43 2022] GET /identity/v3/roles?name=anotherrole => generated 334 bytes in 255 msecs (HTTP/1.1 200) 5 headers in 177 bytes (2 switches on core 0)
Sep 13 19:36:43.999416 dv-cinder-828806-6-iscsi devstack@keystone.service[93091]: DEBUG keystone.server.flask.request_processing.middleware.auth_context [None req-2aca9b85-3501-4c8e-89dd-cb057b997874 None admin] Authenticating user token {{(pid=93091) process_request /usr/local/lib/python3.8/dist-packages/keystonemiddleware/auth_token/__init__.py:407}}
Sep 13 19:36:44.018175 dv-cinder-828806-6-iscsi devstack@keystone.service[93090]: DEBUG dbcounter [-] [93090] Writing DB stats keystone:SELECT=100 {{(pid=93090) stat_writer /usr/local/lib/python3.8/dist-packages/dbcounter.py:114}}
Sep 13 19:36:44.038678 dv-cinder-828806-6-iscsi devstack@keystone.service[93090]: DEBUG keystone.server.flask.request_processing.middleware.auth_context [None req-9fe944c4-cf26-477d-84ee-1102140a7d2e None None] Validating token access rules against request {{(pid=93090) validate_allowed_request /usr/local/lib/python3.8/dist-packages/keystonemiddleware/auth_token/__init__.py:545}}
Sep 13 19:36:44.095118 dv-cinder-828806-6-iscsi devstack@keystone.service[93090]: DEBUG keystone.server.flask.request_processing.middleware.auth_context [None req-483f41af-c341-4486-8365-b6fd771134bd None admin] RBAC: auth_context: {'token': , 'domain_id': None, 'trust_id': None, 'trustor_id': None, 'trustee_id': None, 'domain_name': None, 'group_ids': [], 'user_id': 'cc92c723f30741629d9940fdc108b101', 'user_domain_id': 'default', 'system_scope': 'all', 'project_id': None, 'project_domain_id': None, 'roles': ['admin', 'member', 'reader'], 'is_admin_project': True, 'service_user_id': None, 'service_user_domain_id': None, 'service_project_id': None, 'service_project_domain_id': None, 'service_roles': []} {{(pid=93090) fill_context /opt/stack/keystone/keystone/server/flask/request_processing/middleware/auth_context.py:478}}
Sep 13 19:36:44.095775 dv-cinder-828806-6-iscsi devstack@keystone.service[93090]: DEBUG keystone.server.flask.request_processing.req_logging [None req-483f41af-c341-4486-8365-b6fd771134bd None admin] REQUEST_METHOD: `GET` {{(pid=93090) log_request_info /opt/stack/keystone/keystone/server/flask/request_processing/req_logging.py:27}}
Sep 13 19:36:44.096053 dv-cinder-828806-6-iscsi devstack@keystone.service[93090]: DEBUG keystone.server.flask.request_processing.req_logging [None req-483f41af-c341-4486-8365-b6fd771134bd None admin] SCRIPT_NAME: `/identity` {{(pid=93090) log_request_info /opt/stack/keystone/keystone/server/flask/request_processing/req_logging.py:28}}
Sep 13 19:36:44.096320 dv-cinder-828806-6-iscsi devstack@keystone.service[93090]: DEBUG keystone.server.flask.request_processing.req_logging [None req-483f41af-c341-4486-8365-b6fd771134bd None admin] PATH_INFO: `/v3/groups/0d506bcaa9af41dbb594660e31c0b990` {{(pid=93090) log_request_info /opt/stack/keystone/keystone/server/flask/request_processing/req_logging.py:29}}
Sep 13 19:36:44.105926 dv-cinder-828806-6-iscsi devstack@keystone.service[93090]: DEBUG keystone.common.rbac_enforcer.enforcer [None req-483f41af-c341-4486-8365-b6fd771134bd None admin] RBAC: Authorizing `identity:get_group(group_id=0d506bcaa9af41dbb594660e31c0b990)` {{(pid=93090) enforce_call /opt/stack/keystone/keystone/common/rbac_enforcer/enforcer.py:449}}
Sep 13 19:36:44.107396 dv-cinder-828806-6-iscsi devstack@keystone.service[93090]: DEBUG keystone.common.rbac_enforcer.enforcer [None req-483f41af-c341-4486-8365-b6fd771134bd None admin] RBAC: Authorization granted {{(pid=93090) enforce_call /opt/stack/keystone/keystone/common/rbac_enforcer/enforcer.py:457}}
Sep 13 19:36:44.112406 dv-cinder-828806-6-iscsi devstack@keystone.service[93090]: [pid: 93090|app: 0|req: 196/391] 10.222.0.18 () {56 vars in 1180 bytes} [Tue Sep 13 19:36:43 2022] GET /identity/v3/groups/0d506bcaa9af41dbb594660e31c0b990 => generated 226 bytes in 258 msecs (HTTP/1.1 200) 5 headers in 177 bytes (1 switches on core 0)
Sep 13 19:36:44.115945 dv-cinder-828806-6-iscsi devstack@keystone.service[93090]: DEBUG keystone.server.flask.request_processing.middleware.auth_context [None req-483f41af-c341-4486-8365-b6fd771134bd None admin] Authenticating user token {{(pid=93090) process_request /usr/local/lib/python3.8/dist-packages/keystonemiddleware/auth_token/__init__.py:407}}
Sep 13 19:36:44.235787 dv-cinder-828806-6-iscsi devstack@keystone.service[93090]: DEBUG keystone.server.flask.request_processing.middleware.auth_context [None req-483f41af-c341-4486-8365-b6fd771134bd None admin] Validating token access rules against request {{(pid=93090) validate_allowed_request /usr/local/lib/python3.8/dist-packages/keystonemiddleware/auth_token/__init__.py:545}}
Sep 13 19:36:44.256403 dv-cinder-828806-6-iscsi devstack@keystone.service[93091]: DEBUG keystone.server.flask.request_processing.middleware.auth_context [None req-2aca9b85-3501-4c8e-89dd-cb057b997874 None admin] Validating token access rules against request {{(pid=93091) validate_allowed_request /usr/local/lib/python3.8/dist-packages/keystonemiddleware/auth_token/__init__.py:545}}
Sep 13 19:36:44.281023 dv-cinder-828806-6-iscsi devstack@keystone.service[93090]: DEBUG keystone.server.flask.request_processing.middleware.auth_context [None req-50f172aa-601f-484c-8149-e3ec5dd4dc44 None admin] RBAC: auth_context: {'token': , 'domain_id': None, 'trust_id': None, 'trustor_id': None, 'trustee_id': None, 'domain_name': None, 'group_ids': [], 'user_id': 'cc92c723f30741629d9940fdc108b101', 'user_domain_id': 'default', 'system_scope': 'all', 'project_id': None, 'project_domain_id': None, 'roles': ['admin', 'member', 'reader'], 'is_admin_project': True, 'service_user_id': None, 'service_user_domain_id': None, 'service_project_id': None, 'service_project_domain_id': None, 'service_roles': []} {{(pid=93090) fill_context /opt/stack/keystone/keystone/server/flask/request_processing/middleware/auth_context.py:478}}
Sep 13 19:36:44.281799 dv-cinder-828806-6-iscsi devstack@keystone.service[93090]: DEBUG keystone.server.flask.request_processing.req_logging [None req-50f172aa-601f-484c-8149-e3ec5dd4dc44 None admin] REQUEST_METHOD: `GET` {{(pid=93090) log_request_info /opt/stack/keystone/keystone/server/flask/request_processing/req_logging.py:27}}
Sep 13 19:36:44.282144 dv-cinder-828806-6-iscsi devstack@keystone.service[93090]: DEBUG keystone.server.flask.request_processing.req_logging [None req-50f172aa-601f-484c-8149-e3ec5dd4dc44 None admin] SCRIPT_NAME: `/identity` {{(pid=93090) log_request_info /opt/stack/keystone/keystone/server/flask/request_processing/req_logging.py:28}}
Sep 13 19:36:44.282484 dv-cinder-828806-6-iscsi devstack@keystone.service[93090]: DEBUG keystone.server.flask.request_processing.req_logging [None req-50f172aa-601f-484c-8149-e3ec5dd4dc44 None admin] PATH_INFO: `/v3/projects/4b3fef2046454438aa0708862af8a381` {{(pid=93090) log_request_info /opt/stack/keystone/keystone/server/flask/request_processing/req_logging.py:29}}
Sep 13 19:36:44.283837 dv-cinder-828806-6-iscsi devstack@keystone.service[93090]: DEBUG keystone.common.rbac_enforcer.enforcer [None req-50f172aa-601f-484c-8149-e3ec5dd4dc44 None admin] RBAC: Authorizing `identity:get_project(project_id=4b3fef2046454438aa0708862af8a381)` {{(pid=93090) enforce_call /opt/stack/keystone/keystone/common/rbac_enforcer/enforcer.py:449}}
Sep 13 19:36:44.285564 dv-cinder-828806-6-iscsi devstack@keystone.service[93090]: DEBUG keystone.common.rbac_enforcer.enforcer [None req-50f172aa-601f-484c-8149-e3ec5dd4dc44 None admin] RBAC: Authorization granted {{(pid=93090) enforce_call /opt/stack/keystone/keystone/common/rbac_enforcer/enforcer.py:457}}
Sep 13 19:36:44.287746 dv-cinder-828806-6-iscsi devstack@keystone.service[93090]: [pid: 93090|app: 0|req: 197/392] 10.222.0.18 () {56 vars in 1186 bytes} [Tue Sep 13 19:36:44 2022] GET /identity/v3/projects/4b3fef2046454438aa0708862af8a381 => generated 302 bytes in 172 msecs (HTTP/1.1 200) 5 headers in 177 bytes (1 switches on core 0)
Sep 13 19:36:44.288635 dv-cinder-828806-6-iscsi devstack@keystone.service[93090]: DEBUG keystone.server.flask.request_processing.middleware.auth_context [None req-50f172aa-601f-484c-8149-e3ec5dd4dc44 None admin] Authenticating user token {{(pid=93090) process_request /usr/local/lib/python3.8/dist-packages/keystonemiddleware/auth_token/__init__.py:407}}
Sep 13 19:36:44.304156 dv-cinder-828806-6-iscsi devstack@keystone.service[93091]: DEBUG keystone.server.flask.request_processing.middleware.auth_context [None req-3217bba7-adb3-4fa4-b069-2bdecb2ebc6a None admin] RBAC: auth_context: {'token': , 'domain_id': None, 'trust_id': None, 'trustor_id': None, 'trustee_id': None, 'domain_name': None, 'group_ids': [], 'user_id': 'cc92c723f30741629d9940fdc108b101', 'user_domain_id': 'default', 'system_scope': 'all', 'project_id': None, 'project_domain_id': None, 'roles': ['admin', 'member', 'reader'], 'is_admin_project': True, 'service_user_id': None, 'service_user_domain_id': None, 'service_project_id': None, 'service_project_domain_id': None, 'service_roles': []} {{(pid=93091) fill_context /opt/stack/keystone/keystone/server/flask/request_processing/middleware/auth_context.py:478}}
Sep 13 19:36:44.304850 dv-cinder-828806-6-iscsi devstack@keystone.service[93091]: DEBUG keystone.server.flask.request_processing.req_logging [None req-3217bba7-adb3-4fa4-b069-2bdecb2ebc6a None admin] REQUEST_METHOD: `GET` {{(pid=93091) log_request_info /opt/stack/keystone/keystone/server/flask/request_processing/req_logging.py:27}}
Sep 13 19:36:44.305318 dv-cinder-828806-6-iscsi devstack@keystone.service[93091]: DEBUG keystone.server.flask.request_processing.req_logging [None req-3217bba7-adb3-4fa4-b069-2bdecb2ebc6a None admin] SCRIPT_NAME: `/identity` {{(pid=93091) log_request_info /opt/stack/keystone/keystone/server/flask/request_processing/req_logging.py:28}}
Sep 13 19:36:44.305577 dv-cinder-828806-6-iscsi devstack@keystone.service[93091]: DEBUG keystone.server.flask.request_processing.req_logging [None req-3217bba7-adb3-4fa4-b069-2bdecb2ebc6a None admin] PATH_INFO: `/v3/groups/0d506bcaa9af41dbb594660e31c0b990` {{(pid=93091) log_request_info /opt/stack/keystone/keystone/server/flask/request_processing/req_logging.py:29}}
Sep 13 19:36:44.306952 dv-cinder-828806-6-iscsi devstack@keystone.service[93091]: DEBUG keystone.common.rbac_enforcer.enforcer [None req-3217bba7-adb3-4fa4-b069-2bdecb2ebc6a None admin] RBAC: Authorizing `identity:get_group(group_id=0d506bcaa9af41dbb594660e31c0b990)` {{(pid=93091) enforce_call /opt/stack/keystone/keystone/common/rbac_enforcer/enforcer.py:449}}
Sep 13 19:36:44.308634 dv-cinder-828806-6-iscsi devstack@keystone.service[93091]: DEBUG keystone.common.rbac_enforcer.enforcer [None req-3217bba7-adb3-4fa4-b069-2bdecb2ebc6a None admin] RBAC: Authorization granted {{(pid=93091) enforce_call /opt/stack/keystone/keystone/common/rbac_enforcer/enforcer.py:457}}
Sep 13 19:36:44.310818 dv-cinder-828806-6-iscsi devstack@keystone.service[93090]: DEBUG dbcounter [-] [93090] Writing DB stats keystone:SELECT=100 {{(pid=93090) stat_writer /usr/local/lib/python3.8/dist-packages/dbcounter.py:114}}
Sep 13 19:36:44.312059 dv-cinder-828806-6-iscsi devstack@keystone.service[93091]: [pid: 93091|app: 0|req: 196/393] 10.222.0.18 () {56 vars in 1180 bytes} [Tue Sep 13 19:36:43 2022] GET /identity/v3/groups/0d506bcaa9af41dbb594660e31c0b990 => generated 226 bytes in 313 msecs (HTTP/1.1 200) 5 headers in 177 bytes (2 switches on core 0)
Sep 13 19:36:44.313116 dv-cinder-828806-6-iscsi devstack@keystone.service[93091]: DEBUG keystone.server.flask.request_processing.middleware.auth_context [None req-3217bba7-adb3-4fa4-b069-2bdecb2ebc6a None admin] Authenticating user token {{(pid=93091) process_request /usr/local/lib/python3.8/dist-packages/keystonemiddleware/auth_token/__init__.py:407}}
Sep 13 19:36:44.347531 dv-cinder-828806-6-iscsi devstack@keystone.service[93091]: DEBUG dbcounter [-] [93091] Writing DB stats keystone:SELECT=100 {{(pid=93091) stat_writer /usr/local/lib/python3.8/dist-packages/dbcounter.py:114}}
Sep 13 19:36:44.402691 dv-cinder-828806-6-iscsi devstack@keystone.service[93090]: DEBUG keystone.server.flask.request_processing.middleware.auth_context [None req-50f172aa-601f-484c-8149-e3ec5dd4dc44 None admin] Validating token access rules against request {{(pid=93090) validate_allowed_request /usr/local/lib/python3.8/dist-packages/keystonemiddleware/auth_token/__init__.py:545}}
Sep 13 19:36:44.476446 dv-cinder-828806-6-iscsi devstack@keystone.service[93091]: DEBUG keystone.server.flask.request_processing.middleware.auth_context [None req-3217bba7-adb3-4fa4-b069-2bdecb2ebc6a None admin] Validating token access rules against request {{(pid=93091) validate_allowed_request /usr/local/lib/python3.8/dist-packages/keystonemiddleware/auth_token/__init__.py:545}}
Sep 13 19:36:44.481809 dv-cinder-828806-6-iscsi devstack@keystone.service[93090]: DEBUG keystone.server.flask.request_processing.middleware.auth_context [None req-52646f26-c034-47ba-840a-104fc5af7650 None admin] RBAC: auth_context: {'token': , 'domain_id': None, 'trust_id': None, 'trustor_id': None, 'trustee_id': None, 'domain_name': None, 'group_ids': [], 'user_id': 'cc92c723f30741629d9940fdc108b101', 'user_domain_id': 'default', 'system_scope': 'all', 'project_id': None, 'project_domain_id': None, 'roles': ['admin', 'member', 'reader'], 'is_admin_project': True, 'service_user_id': None, 'service_user_domain_id': None, 'service_project_id': None, 'service_project_domain_id': None, 'service_roles': []} {{(pid=93090) fill_context /opt/stack/keystone/keystone/server/flask/request_processing/middleware/auth_context.py:478}}
Sep 13 19:36:44.483115 dv-cinder-828806-6-iscsi devstack@keystone.service[93090]: DEBUG keystone.server.flask.request_processing.req_logging [None req-52646f26-c034-47ba-840a-104fc5af7650 None admin] REQUEST_METHOD: `GET` {{(pid=93090) log_request_info /opt/stack/keystone/keystone/server/flask/request_processing/req_logging.py:27}}
Sep 13 19:36:44.483771 dv-cinder-828806-6-iscsi devstack@keystone.service[93090]: DEBUG keystone.server.flask.request_processing.req_logging [None req-52646f26-c034-47ba-840a-104fc5af7650 None admin] SCRIPT_NAME: `/identity` {{(pid=93090) log_request_info /opt/stack/keystone/keystone/server/flask/request_processing/req_logging.py:28}}
Sep 13 19:36:44.484388 dv-cinder-828806-6-iscsi devstack@keystone.service[93090]: DEBUG keystone.server.flask.request_processing.req_logging [None req-52646f26-c034-47ba-840a-104fc5af7650 None admin] PATH_INFO: `/v3/roles/member` {{(pid=93090) log_request_info /opt/stack/keystone/keystone/server/flask/request_processing/req_logging.py:29}}
Sep 13 19:36:44.505502 dv-cinder-828806-6-iscsi devstack@keystone.service[93090]: DEBUG keystone.common.rbac_enforcer.enforcer [None req-52646f26-c034-47ba-840a-104fc5af7650 None admin] Extracting inferred target data resulted in "NOT FOUND (404)". {{(pid=93090) enforce_call /opt/stack/keystone/keystone/common/rbac_enforcer/enforcer.py:409}}
Sep 13 19:36:44.515661 dv-cinder-828806-6-iscsi devstack@keystone.service[93091]: DEBUG keystone.server.flask.request_processing.middleware.auth_context [None req-7285283c-aff8-4c40-8443-c099b63ecbfa None admin] RBAC: auth_context: {'token': , 'domain_id': None, 'trust_id': None, 'trustor_id': None, 'trustee_id': None, 'domain_name': None, 'group_ids': [], 'user_id': 'cc92c723f30741629d9940fdc108b101', 'user_domain_id': 'default', 'system_scope': 'all', 'project_id': None, 'project_domain_id': None, 'roles': ['admin', 'member', 'reader'], 'is_admin_project': True, 'service_user_id': None, 'service_user_domain_id': None, 'service_project_id': None, 'service_project_domain_id': None, 'service_roles': []} {{(pid=93091) fill_context /opt/stack/keystone/keystone/server/flask/request_processing/middleware/auth_context.py:478}}
Sep 13 19:36:44.516425 dv-cinder-828806-6-iscsi devstack@keystone.service[93091]: DEBUG keystone.server.flask.request_processing.req_logging [None req-7285283c-aff8-4c40-8443-c099b63ecbfa None admin] REQUEST_METHOD: `PUT` {{(pid=93091) log_request_info /opt/stack/keystone/keystone/server/flask/request_processing/req_logging.py:27}}
Sep 13 19:36:44.516804 dv-cinder-828806-6-iscsi devstack@keystone.service[93091]: DEBUG keystone.server.flask.request_processing.req_logging [None req-7285283c-aff8-4c40-8443-c099b63ecbfa None admin] SCRIPT_NAME: `/identity` {{(pid=93091) log_request_info /opt/stack/keystone/keystone/server/flask/request_processing/req_logging.py:28}}
Sep 13 19:36:44.517155 dv-cinder-828806-6-iscsi devstack@keystone.service[93091]: DEBUG keystone.server.flask.request_processing.req_logging [None req-7285283c-aff8-4c40-8443-c099b63ecbfa None admin] PATH_INFO: `/v3/projects/4b3fef2046454438aa0708862af8a381/groups/0d506bcaa9af41dbb594660e31c0b990/roles/7e3d833e6ff343faa2a2b56eadd5cc59` {{(pid=93091) log_request_info /opt/stack/keystone/keystone/server/flask/request_processing/req_logging.py:29}}
Sep 13 19:36:44.517972 dv-cinder-828806-6-iscsi devstack@keystone.service[93090]: ERROR keystone.server.flask.application [None req-52646f26-c034-47ba-840a-104fc5af7650 None admin] Could not find role: member.: keystone.exception.RoleNotFound: Could not find role: member.
Sep 13 19:36:44.517972 dv-cinder-828806-6-iscsi devstack@keystone.service[93090]: ERROR keystone.server.flask.application
Traceback (most recent call last):
Sep 13 19:36:44.517972 dv-cinder-828806-6-iscsi devstack@keystone.service[93090]: ERROR keystone.server.flask.application
File "/usr/local/lib/python3.8/dist-packages/flask/app.py", line 1820, in full_dispatch_request
Sep 13 19:36:44.517972 dv-cinder-828806-6-iscsi devstack@keystone.service[93090]: ERROR keystone.server.flask.application rv = self.dispatch_request()
Sep 13 19:36:44.517972 dv-cinder-828806-6-iscsi devstack@keystone.service[93090]: ERROR keystone.server.flask.application
File "/usr/local/lib/python3.8/dist-packages/flask/app.py", line 1796, in dispatch_request
Sep 13 19:36:44.517972 dv-cinder-828806-6-iscsi devstack@keystone.service[93090]: ERROR keystone.server.flask.application return self.ensure_sync(self.view_functions[rule.endpoint])(**view_args)
Sep 13 19:36:44.517972 dv-cinder-828806-6-iscsi devstack@keystone.service[93090]: ERROR keystone.server.flask.application
File "/usr/local/lib/python3.8/dist-packages/flask_restful/__init__.py", line 467, in wrapper
Sep 13 19:36:44.517972 dv-cinder-828806-6-iscsi devstack@keystone.service[93090]: ERROR keystone.server.flask.application resp = resource(*args, **kwargs)
Sep 13 19:36:44.517972 dv-cinder-828806-6-iscsi devstack@keystone.service[93090]: ERROR keystone.server.flask.application
File "/usr/local/lib/python3.8/dist-packages/flask/views.py", line 107, in view
Sep 13 19:36:44.517972 dv-cinder-828806-6-iscsi devstack@keystone.service[93090]: ERROR keystone.server.flask.application return current_app.ensure_sync(self.dispatch_request)(**kwargs)
Sep 13 19:36:44.517972 dv-cinder-828806-6-iscsi devstack@keystone.service[93090]: ERROR keystone.server.flask.application
File "/usr/local/lib/python3.8/dist-packages/flask_restful/__init__.py", line 582, in dispatch_request
Sep 13 19:36:44.517972 dv-cinder-828806-6-iscsi devstack@keystone.service[93090]: ERROR keystone.server.flask.application resp = meth(*args, **kwargs)
Sep 13 19:36:44.517972 dv-cinder-828806-6-iscsi devstack@keystone.service[93090]: ERROR keystone.server.flask.application
File "/opt/stack/keystone/keystone/api/roles.py", line 50, in get
Sep 13 19:36:44.517972 dv-cinder-828806-6-iscsi devstack@keystone.service[93090]: ERROR keystone.server.flask.application return self._get_role(role_id)
Sep 13 19:36:44.517972 dv-cinder-828806-6-iscsi devstack@keystone.service[93090]: ERROR keystone.server.flask.application
File "/opt/stack/keystone/keystone/api/roles.py", line 70, in _get_role
Sep 13 19:36:44.517972 dv-cinder-828806-6-iscsi devstack@keystone.service[93090]: ERROR keystone.server.flask.application ENFORCER.enforce_call(action='identity:get_role')
Sep 13 19:36:44.519777 dv-cinder-828806-6-iscsi devstack@keystone.service[93090]: ERROR keystone.server.flask.application
File "/opt/stack/keystone/keystone/common/rbac_enforcer/enforcer.py", line 402, in enforce_call
Sep 13 19:36:44.519777 dv-cinder-828806-6-iscsi devstack@keystone.service[93090]: ERROR keystone.server.flask.application policy_dict.update(cls._extract_member_target_data(
Sep 13 19:36:44.519777 dv-cinder-828806-6-iscsi devstack@keystone.service[93090]: ERROR keystone.server.flask.application
File "/opt/stack/keystone/keystone/common/rbac_enforcer/enforcer.py", line 234, in _extract_member_target_data
Sep 13 19:36:44.519777 dv-cinder-828806-6-iscsi devstack@keystone.service[93090]: ERROR keystone.server.flask.application member_name: func(flask.request.view_args[key])
Sep 13 19:36:44.519777 dv-cinder-828806-6-iscsi devstack@keystone.service[93090]: ERROR keystone.server.flask.application
File "/opt/stack/keystone/keystone/common/manager.py", line 115, in wrapped
Sep 13 19:36:44.519777 dv-cinder-828806-6-iscsi devstack@keystone.service[93090]: ERROR keystone.server.flask.application __ret_val = __f(*args, **kwargs)
Sep 13 19:36:44.519777 dv-cinder-828806-6-iscsi devstack@keystone.service[93090]: ERROR keystone.server.flask.application
File "/usr/local/lib/python3.8/dist-packages/decorator.py", line 232, in fun
Sep 13 19:36:44.519777 dv-cinder-828806-6-iscsi devstack@keystone.service[93090]: ERROR keystone.server.flask.application return caller(func, *(extras + args), **kw)
Sep 13 19:36:44.519777 dv-cinder-828806-6-iscsi devstack@keystone.service[93090]: ERROR keystone.server.flask.application
File "/usr/local/lib/python3.8/dist-packages/dogpile/cache/region.py", line 1577, in get_or_create_for_user_func
Sep 13 19:36:44.519777 dv-cinder-828806-6-iscsi devstack@keystone.service[93090]: ERROR keystone.server.flask.application return self.get_or_create(
Sep 13 19:36:44.519777 dv-cinder-828806-6-iscsi devstack@keystone.service[93090]: ERROR keystone.server.flask.application
File "/usr/local/lib/python3.8/dist-packages/dogpile/cache/region.py", line 1042, in get_or_create
Sep 13 19:36:44.519777 dv-cinder-828806-6-iscsi devstack@keystone.service[93090]: ERROR keystone.server.flask.application with Lock(
Sep 13 19:36:44.519777 dv-cinder-828806-6-iscsi devstack@keystone.service[93090]: ERROR keystone.server.flask.application
File "/usr/local/lib/python3.8/dist-packages/dogpile/lock.py", line 185, in __enter__
Sep 13 19:36:44.519777 dv-cinder-828806-6-iscsi devstack@keystone.service[93090]: ERROR keystone.server.flask.application return self._enter()
Sep 13 19:36:44.519777 dv-cinder-828806-6-iscsi devstack@keystone.service[93090]: ERROR keystone.server.flask.application
File "/usr/local/lib/python3.8/dist-packages/dogpile/lock.py", line 94, in _enter
Sep 13 19:36:44.519777 dv-cinder-828806-6-iscsi devstack@keystone.service[93090]: ERROR keystone.server.flask.application generated = self._enter_create(value, createdtime)
Sep 13 19:36:44.521538 dv-cinder-828806-6-iscsi devstack@keystone.service[93090]: ERROR keystone.server.flask.application
File "/usr/local/lib/python3.8/dist-packages/dogpile/lock.py", line 178, in _enter_create
Sep 13 19:36:44.521538 dv-cinder-828806-6-iscsi devstack@keystone.service[93090]: ERROR keystone.server.flask.application return self.creator()
Sep 13 19:36:44.521538 dv-cinder-828806-6-iscsi devstack@keystone.service[93090]: ERROR keystone.server.flask.application
File "/usr/local/lib/python3.8/dist-packages/dogpile/cache/region.py", line 995, in gen_value
Sep 13 19:36:44.521538 dv-cinder-828806-6-iscsi devstack@keystone.service[93090]: ERROR keystone.server.flask.application created_value = creator(
Sep 13 19:36:44.521538 dv-cinder-828806-6-iscsi devstack@keystone.service[93090]: ERROR keystone.server.flask.application
File "/opt/stack/keystone/keystone/assignment/core.py", line 1276, in get_role
Sep 13 19:36:44.521538 dv-cinder-828806-6-iscsi devstack@keystone.service[93090]: ERROR keystone.server.flask.application return self.driver.get_role(role_id)
Sep 13 19:36:44.521538 dv-cinder-828806-6-iscsi devstack@keystone.service[93090]: ERROR keystone.server.flask.application
File "/opt/stack/keystone/keystone/assignment/role_backends/sql.py", line 70, in get_role
Sep 13 19:36:44.521538 dv-cinder-828806-6-iscsi devstack@keystone.service[93090]: ERROR keystone.server.flask.application return self._get_role(session, role_id).to_dict()
Sep 13 19:36:44.521538 dv-cinder-828806-6-iscsi devstack@keystone.service[93090]: ERROR keystone.server.flask.application
File "/opt/stack/keystone/keystone/assignment/role_backends/sql.py", line 65, in _get_role
Sep 13 19:36:44.521538 dv-cinder-828806-6-iscsi devstack@keystone.service[93090]: ERROR keystone.server.flask.application raise exception.RoleNotFound(role_id=role_id)
Sep 13 19:36:44.521538 dv-cinder-828806-6-iscsi devstack@keystone.service[93090]: ERROR keystone.server.flask.application keystone.exception.RoleNotFound: Could not find role: member.
Sep 13 19:36:44.521538 dv-cinder-828806-6-iscsi devstack@keystone.service[93090]: ERROR keystone.server.flask.application
Sep 13 19:36:44.522805 dv-cinder-828806-6-iscsi devstack@keystone.service[93091]: DEBUG keystone.common.rbac_enforcer.enforcer [None req-7285283c-aff8-4c40-8443-c099b63ecbfa None admin] RBAC: Authorizing `identity:create_grant(project_id=4b3fef2046454438aa0708862af8a381, group_id=0d506bcaa9af41dbb594660e31c0b990, role_id=7e3d833e6ff343faa2a2b56eadd5cc59)` {{(pid=93091) enforce_call /opt/stack/keystone/keystone/common/rbac_enforcer/enforcer.py:449}}
Sep 13 19:36:44.523096 dv-cinder-828806-6-iscsi devstack@keystone.service[93091]: DEBUG keystone.common.rbac_enforcer.enforcer [None req-7285283c-aff8-4c40-8443-c099b63ecbfa None admin] RBAC: Authorization granted {{(pid=93091) enforce_call /opt/stack/keystone/keystone/common/rbac_enforcer/enforcer.py:457}}
Sep 13 19:36:44.531313 dv-cinder-828806-6-iscsi devstack@keystone.service[93090]: [pid: 93090|app: 0|req: 198/394] 10.222.0.18 () {56 vars in 1099 bytes} [Tue Sep 13 19:36:44 2022] GET /identity/v3/roles/member => generated 84 bytes in 237 msecs (HTTP/1.1 404) 5 headers in 183 bytes (1 switches on core 0)
Sep 13 19:36:44.531313 dv-cinder-828806-6-iscsi devstack@keystone.service[93090]: DEBUG keystone.server.flask.request_processing.middleware.auth_context [None req-52646f26-c034-47ba-840a-104fc5af7650 None admin] Authenticating user token {{(pid=93090) process_request /usr/local/lib/python3.8/dist-packages/keystonemiddleware/auth_token/__init__.py:407}}
Sep 13 19:36:44.547034 dv-cinder-828806-6-iscsi devstack@keystone.service[93091]: [pid: 93091|app: 0|req: 197/395] 10.222.0.18 () {58 vars in 1442 bytes} [Tue Sep 13 19:36:44 2022] PUT /identity/v3/projects/4b3fef2046454438aa0708862af8a381/groups/0d506bcaa9af41dbb594660e31c0b990/roles/7e3d833e6ff343faa2a2b56eadd5cc59 => generated 0 bytes in 234 msecs (HTTP/1.1 204) 3 headers in 132 bytes (0 switches on core 0)
Sep 13 19:36:44.549133 dv-cinder-828806-6-iscsi devstack@keystone.service[93091]: DEBUG keystone.server.flask.request_processing.middleware.auth_context [None req-7285283c-aff8-4c40-8443-c099b63ecbfa None admin] Authenticating user token {{(pid=93091) process_request /usr/local/lib/python3.8/dist-packages/keystonemiddleware/auth_token/__init__.py:407}}
Sep 13 19:36:44.622127 dv-cinder-828806-6-iscsi devstack@keystone.service[93090]: DEBUG dbcounter [-] [93090] Writing DB stats keystone:SELECT=100 {{(pid=93090) stat_writer /usr/local/lib/python3.8/dist-packages/dbcounter.py:114}}
Sep 13 19:36:44.650140 dv-cinder-828806-6-iscsi devstack@keystone.service[93090]: DEBUG keystone.server.flask.request_processing.middleware.auth_context [None req-52646f26-c034-47ba-840a-104fc5af7650 None admin] Validating token access rules against request {{(pid=93090) validate_allowed_request /usr/local/lib/python3.8/dist-packages/keystonemiddleware/auth_token/__init__.py:545}}
Sep 13 19:36:44.694235 dv-cinder-828806-6-iscsi devstack@keystone.service[93090]: DEBUG keystone.server.flask.request_processing.middleware.auth_context [None req-dcb6a8ad-2cde-4f60-a4f0-3350555d604c None admin] RBAC: auth_context: {'token': , 'domain_id': None, 'trust_id': None, 'trustor_id': None, 'trustee_id': None, 'domain_name': None, 'group_ids': [], 'user_id': 'cc92c723f30741629d9940fdc108b101', 'user_domain_id': 'default', 'system_scope': 'all', 'project_id': None, 'project_domain_id': None, 'roles': ['admin', 'member', 'reader'], 'is_admin_project': True, 'service_user_id': None, 'service_user_domain_id': None, 'service_project_id': None, 'service_project_domain_id': None, 'service_roles': []} {{(pid=93090) fill_context /opt/stack/keystone/keystone/server/flask/request_processing/middleware/auth_context.py:478}}
Sep 13 19:36:44.694801 dv-cinder-828806-6-iscsi devstack@keystone.service[93090]: DEBUG keystone.server.flask.request_processing.req_logging [None req-dcb6a8ad-2cde-4f60-a4f0-3350555d604c None admin] REQUEST_METHOD: `GET` {{(pid=93090) log_request_info /opt/stack/keystone/keystone/server/flask/request_processing/req_logging.py:27}}
Sep 13 19:36:44.695052 dv-cinder-828806-6-iscsi devstack@keystone.service[93090]: DEBUG keystone.server.flask.request_processing.req_logging [None req-dcb6a8ad-2cde-4f60-a4f0-3350555d604c None admin] SCRIPT_NAME: `/identity` {{(pid=93090) log_request_info /opt/stack/keystone/keystone/server/flask/request_processing/req_logging.py:28}}
Sep 13 19:36:44.695326 dv-cinder-828806-6-iscsi devstack@keystone.service[93090]: DEBUG keystone.server.flask.request_processing.req_logging [None req-dcb6a8ad-2cde-4f60-a4f0-3350555d604c None admin] PATH_INFO: `/v3/projects/99ea55dfca19477d991d0bd252ed5c98` {{(pid=93090) log_request_info /opt/stack/keystone/keystone/server/flask/request_processing/req_logging.py:29}}
Sep 13 19:36:44.697591 dv-cinder-828806-6-iscsi devstack@keystone.service[93090]: DEBUG keystone.common.rbac_enforcer.enforcer [None req-dcb6a8ad-2cde-4f60-a4f0-3350555d604c None admin] RBAC: Authorizing `identity:get_project(project_id=99ea55dfca19477d991d0bd252ed5c98)` {{(pid=93090) enforce_call /opt/stack/keystone/keystone/common/rbac_enforcer/enforcer.py:449}}
Sep 13 19:36:44.699047 dv-cinder-828806-6-iscsi devstack@keystone.service[93090]: DEBUG keystone.common.rbac_enforcer.enforcer [None req-dcb6a8ad-2cde-4f60-a4f0-3350555d604c None admin] RBAC: Authorization granted {{(pid=93090) enforce_call /opt/stack/keystone/keystone/common/rbac_enforcer/enforcer.py:457}}
Sep 13 19:36:44.700725 dv-cinder-828806-6-iscsi devstack@keystone.service[93090]: [pid: 93090|app: 0|req: 199/396] 10.222.0.18 () {56 vars in 1186 bytes} [Tue Sep 13 19:36:44 2022] GET /identity/v3/projects/99ea55dfca19477d991d0bd252ed5c98 => generated 298 bytes in 171 msecs (HTTP/1.1 200) 5 headers in 177 bytes (1 switches on core 0)
Sep 13 19:36:44.701978 dv-cinder-828806-6-iscsi devstack@keystone.service[93090]: DEBUG keystone.server.flask.request_processing.req_logging [None req-af2f80b3-0a4c-46c4-89d8-3fcd4d8337ce None None] REQUEST_METHOD: `GET` {{(pid=93090) log_request_info /opt/stack/keystone/keystone/server/flask/request_processing/req_logging.py:27}}
Sep 13 19:36:44.702254 dv-cinder-828806-6-iscsi devstack@keystone.service[93090]: DEBUG keystone.server.flask.request_processing.req_logging [None req-af2f80b3-0a4c-46c4-89d8-3fcd4d8337ce None None] SCRIPT_NAME: `/identity` {{(pid=93090) log_request_info /opt/stack/keystone/keystone/server/flask/request_processing/req_logging.py:28}}
Sep 13 19:36:44.702568 dv-cinder-828806-6-iscsi devstack@keystone.service[93090]: DEBUG keystone.server.flask.request_processing.req_logging [None req-af2f80b3-0a4c-46c4-89d8-3fcd4d8337ce None None] PATH_INFO: `/` {{(pid=93090) log_request_info /opt/stack/keystone/keystone/server/flask/request_processing/req_logging.py:29}}
Sep 13 19:36:44.704034 dv-cinder-828806-6-iscsi devstack@keystone.service[93090]: [pid: 93090|app: 0|req: 200/397] 10.222.0.18 () {54 vars in 927 bytes} [Tue Sep 13 19:36:44 2022] GET /identity => generated 270 bytes in 3 msecs (HTTP/1.1 300) 6 headers in 234 bytes (1 switches on core 0)
Sep 13 19:36:44.709334 dv-cinder-828806-6-iscsi devstack@keystone.service[93090]: DEBUG keystone.server.flask.request_processing.req_logging [None req-6b9acfe8-af1b-4e8b-9e12-469798ac7afb None None] REQUEST_METHOD: `POST` {{(pid=93090) log_request_info /opt/stack/keystone/keystone/server/flask/request_processing/req_logging.py:27}}
Sep 13 19:36:44.709720 dv-cinder-828806-6-iscsi devstack@keystone.service[93090]: DEBUG keystone.server.flask.request_processing.req_logging [None req-6b9acfe8-af1b-4e8b-9e12-469798ac7afb None None] SCRIPT_NAME: `/identity` {{(pid=93090) log_request_info /opt/stack/keystone/keystone/server/flask/request_processing/req_logging.py:28}}
Sep 13 19:36:44.710082 dv-cinder-828806-6-iscsi devstack@keystone.service[93090]: DEBUG keystone.server.flask.request_processing.req_logging [None req-6b9acfe8-af1b-4e8b-9e12-469798ac7afb None None] PATH_INFO: `/v3/auth/tokens` {{(pid=93090) log_request_info /opt/stack/keystone/keystone/server/flask/request_processing/req_logging.py:29}}
Sep 13 19:36:44.720472 dv-cinder-828806-6-iscsi devstack@keystone.service[93091]: DEBUG dbcounter [-] [93091] Writing DB stats keystone:SELECT=99,keystone:INSERT=1 {{(pid=93091) stat_writer /usr/local/lib/python3.8/dist-packages/dbcounter.py:114}}
Sep 13 19:36:44.733393 dv-cinder-828806-6-iscsi devstack@keystone.service[93090]: DEBUG keystone.auth.core [None req-6b9acfe8-af1b-4e8b-9e12-469798ac7afb None None] MFA Rules not processed for user `cc92c723f30741629d9940fdc108b101`. Rule list: `[]` (Enabled: `True`). {{(pid=93090) check_auth_methods_against_rules /opt/stack/keystone/keystone/auth/core.py:438}}
Sep 13 19:36:44.735117 dv-cinder-828806-6-iscsi devstack@keystone.service[93090]: DEBUG keystone.common.fernet_utils [None req-6b9acfe8-af1b-4e8b-9e12-469798ac7afb None None] Loaded 2 Fernet keys from /etc/keystone/fernet-keys/, but `[fernet_tokens] max_active_keys = 3`; perhaps there have not been enough key rotations to reach `max_active_keys` yet? {{(pid=93090) load_keys /opt/stack/keystone/keystone/common/fernet_utils.py:286}}
Sep 13 19:36:44.746933 dv-cinder-828806-6-iscsi devstack@keystone.service[93091]: DEBUG keystone.server.flask.request_processing.middleware.auth_context [None req-7285283c-aff8-4c40-8443-c099b63ecbfa None admin] Validating token access rules against request {{(pid=93091) validate_allowed_request /usr/local/lib/python3.8/dist-packages/keystonemiddleware/auth_token/__init__.py:545}}
Sep 13 19:36:44.791347 dv-cinder-828806-6-iscsi devstack@keystone.service[93091]: DEBUG keystone.server.flask.request_processing.middleware.auth_context [None req-9bed95b9-e416-49ce-a7a1-0eabf5767583 None admin] RBAC: auth_context: {'token': , 'domain_id': None, 'trust_id': None, 'trustor_id': None, 'trustee_id': None, 'domain_name': None, 'group_ids': [], 'user_id': 'cc92c723f30741629d9940fdc108b101', 'user_domain_id': 'default', 'system_scope': 'all', 'project_id': None, 'project_domain_id': None, 'roles': ['admin', 'member', 'reader'], 'is_admin_project': True, 'service_user_id': None, 'service_user_domain_id': None, 'service_project_id': None, 'service_project_domain_id': None, 'service_roles': []} {{(pid=93091) fill_context /opt/stack/keystone/keystone/server/flask/request_processing/middleware/auth_context.py:478}}
Sep 13 19:36:44.791963 dv-cinder-828806-6-iscsi devstack@keystone.service[93091]: DEBUG keystone.server.flask.request_processing.req_logging [None req-9bed95b9-e416-49ce-a7a1-0eabf5767583 None admin] REQUEST_METHOD: `GET` {{(pid=93091) log_request_info /opt/stack/keystone/keystone/server/flask/request_processing/req_logging.py:27}}
Sep 13 19:36:44.792237 dv-cinder-828806-6-iscsi devstack@keystone.service[93091]: DEBUG keystone.server.flask.request_processing.req_logging [None req-9bed95b9-e416-49ce-a7a1-0eabf5767583 None admin] SCRIPT_NAME: `/identity` {{(pid=93091) log_request_info /opt/stack/keystone/keystone/server/flask/request_processing/req_logging.py:28}}
Sep 13 19:36:44.792503 dv-cinder-828806-6-iscsi devstack@keystone.service[93091]: DEBUG keystone.server.flask.request_processing.req_logging [None req-9bed95b9-e416-49ce-a7a1-0eabf5767583 None admin] PATH_INFO: `/v3/roles` {{(pid=93091) log_request_info /opt/stack/keystone/keystone/server/flask/request_processing/req_logging.py:29}}
Sep 13 19:36:44.793217 dv-cinder-828806-6-iscsi devstack@keystone.service[93091]: DEBUG keystone.common.rbac_enforcer.enforcer [None req-9bed95b9-e416-49ce-a7a1-0eabf5767583 None admin] RBAC: Adding query filter params (name=member) {{(pid=93091) _extract_filter_values /opt/stack/keystone/keystone/common/rbac_enforcer/enforcer.py:167}}
Sep 13 19:36:44.793515 dv-cinder-828806-6-iscsi devstack@keystone.service[93091]: DEBUG keystone.common.rbac_enforcer.enforcer [None req-9bed95b9-e416-49ce-a7a1-0eabf5767583 None admin] RBAC: Authorizing `identity:list_roles()` {{(pid=93091) enforce_call /opt/stack/keystone/keystone/common/rbac_enforcer/enforcer.py:449}}
Sep 13 19:36:44.794902 dv-cinder-828806-6-iscsi devstack@keystone.service[93091]: DEBUG keystone.common.rbac_enforcer.enforcer [None req-9bed95b9-e416-49ce-a7a1-0eabf5767583 None admin] RBAC: Authorization granted {{(pid=93091) enforce_call /opt/stack/keystone/keystone/common/rbac_enforcer/enforcer.py:457}}
Sep 13 19:36:44.807965 dv-cinder-828806-6-iscsi devstack@keystone.service[93091]: [pid: 93091|app: 0|req: 198/398] 10.222.0.18 () {56 vars in 1101 bytes} [Tue Sep 13 19:36:44 2022] GET /identity/v3/roles?name=member => generated 341 bytes in 257 msecs (HTTP/1.1 200) 5 headers in 177 bytes (1 switches on core 0)
Sep 13 19:36:44.809050 dv-cinder-828806-6-iscsi devstack@keystone.service[93091]: DEBUG keystone.server.flask.request_processing.middleware.auth_context [None req-9bed95b9-e416-49ce-a7a1-0eabf5767583 None admin] Authenticating user token {{(pid=93091) process_request /usr/local/lib/python3.8/dist-packages/keystonemiddleware/auth_token/__init__.py:407}}
Sep 13 19:36:44.827199 dv-cinder-828806-6-iscsi devstack@keystone.service[93090]: [pid: 93090|app: 0|req: 201/399] 10.222.0.18 () {58 vars in 1024 bytes} [Tue Sep 13 19:36:44 2022] POST /identity/v3/auth/tokens => generated 799 bytes in 119 msecs (HTTP/1.1 201) 6 headers in 363 bytes (1 switches on core 0)
Sep 13 19:36:44.829052 dv-cinder-828806-6-iscsi devstack@keystone.service[93090]: DEBUG keystone.server.flask.request_processing.middleware.auth_context [None req-6b9acfe8-af1b-4e8b-9e12-469798ac7afb None None] Authenticating user token {{(pid=93090) process_request /usr/local/lib/python3.8/dist-packages/keystonemiddleware/auth_token/__init__.py:407}}
Sep 13 19:36:44.931820 dv-cinder-828806-6-iscsi devstack@keystone.service[93090]: DEBUG dbcounter [-] [93090] Writing DB stats keystone:SELECT=100 {{(pid=93090) stat_writer /usr/local/lib/python3.8/dist-packages/dbcounter.py:114}}
Sep 13 19:36:44.947416 dv-cinder-828806-6-iscsi devstack@keystone.service[93091]: DEBUG keystone.server.flask.request_processing.middleware.auth_context [None req-9bed95b9-e416-49ce-a7a1-0eabf5767583 None admin] Validating token access rules against request {{(pid=93091) validate_allowed_request /usr/local/lib/python3.8/dist-packages/keystonemiddleware/auth_token/__init__.py:545}}
Sep 13 19:36:44.963108 dv-cinder-828806-6-iscsi devstack@keystone.service[93090]: DEBUG keystone.server.flask.request_processing.middleware.auth_context [None req-6b9acfe8-af1b-4e8b-9e12-469798ac7afb None None] Validating token access rules against request {{(pid=93090) validate_allowed_request /usr/local/lib/python3.8/dist-packages/keystonemiddleware/auth_token/__init__.py:545}}
Sep 13 19:36:44.990073 dv-cinder-828806-6-iscsi devstack@keystone.service[93091]: DEBUG keystone.server.flask.request_processing.middleware.auth_context [None req-41877be1-dc30-4cf5-8394-a74a8852dc82 None admin] RBAC: auth_context: {'token': , 'domain_id': None, 'trust_id': None, 'trustor_id': None, 'trustee_id': None, 'domain_name': None, 'group_ids': [], 'user_id': 'cc92c723f30741629d9940fdc108b101', 'user_domain_id': 'default', 'system_scope': 'all', 'project_id': None, 'project_domain_id': None, 'roles': ['admin', 'member', 'reader'], 'is_admin_project': True, 'service_user_id': None, 'service_user_domain_id': None, 'service_project_id': None, 'service_project_domain_id': None, 'service_roles': []} {{(pid=93091) fill_context /opt/stack/keystone/keystone/server/flask/request_processing/middleware/auth_context.py:478}}
Sep 13 19:36:44.990892 dv-cinder-828806-6-iscsi devstack@keystone.service[93091]: DEBUG keystone.server.flask.request_processing.req_logging [None req-41877be1-dc30-4cf5-8394-a74a8852dc82 None admin] REQUEST_METHOD: `PUT` {{(pid=93091) log_request_info /opt/stack/keystone/keystone/server/flask/request_processing/req_logging.py:27}}
Sep 13 19:36:44.991297 dv-cinder-828806-6-iscsi devstack@keystone.service[93091]: DEBUG keystone.server.flask.request_processing.req_logging [None req-41877be1-dc30-4cf5-8394-a74a8852dc82 None admin] SCRIPT_NAME: `/identity` {{(pid=93091) log_request_info /opt/stack/keystone/keystone/server/flask/request_processing/req_logging.py:28}}
Sep 13 19:36:44.991671 dv-cinder-828806-6-iscsi devstack@keystone.service[93091]: DEBUG keystone.server.flask.request_processing.req_logging [None req-41877be1-dc30-4cf5-8394-a74a8852dc82 None admin] PATH_INFO: `/v3/projects/99ea55dfca19477d991d0bd252ed5c98/groups/0d506bcaa9af41dbb594660e31c0b990/roles/b62430e4550a43989b6adfc24920894e` {{(pid=93091) log_request_info /opt/stack/keystone/keystone/server/flask/request_processing/req_logging.py:29}}
Sep 13 19:36:44.994664 dv-cinder-828806-6-iscsi devstack@keystone.service[93091]: DEBUG keystone.common.rbac_enforcer.enforcer [None req-41877be1-dc30-4cf5-8394-a74a8852dc82 None admin] RBAC: Authorizing `identity:create_grant(project_id=99ea55dfca19477d991d0bd252ed5c98, group_id=0d506bcaa9af41dbb594660e31c0b990, role_id=b62430e4550a43989b6adfc24920894e)` {{(pid=93091) enforce_call /opt/stack/keystone/keystone/common/rbac_enforcer/enforcer.py:449}}
Sep 13 19:36:44.996351 dv-cinder-828806-6-iscsi devstack@keystone.service[93091]: DEBUG keystone.common.rbac_enforcer.enforcer [None req-41877be1-dc30-4cf5-8394-a74a8852dc82 None admin] RBAC: Authorization granted {{(pid=93091) enforce_call /opt/stack/keystone/keystone/common/rbac_enforcer/enforcer.py:457}}
Sep 13 19:36:45.011798 dv-cinder-828806-6-iscsi devstack@keystone.service[93090]: DEBUG keystone.server.flask.request_processing.middleware.auth_context [None req-c99fb802-d6b1-4c57-a7d7-4c9173f5d296 None admin] RBAC: auth_context: {'token': , 'domain_id': None, 'trust_id': None, 'trustor_id': None, 'trustee_id': None, 'domain_name': None, 'group_ids': [], 'user_id': 'cc92c723f30741629d9940fdc108b101', 'user_domain_id': 'default', 'system_scope': 'all', 'project_id': None, 'project_domain_id': None, 'roles': ['admin', 'member', 'reader'], 'is_admin_project': True, 'service_user_id': None, 'service_user_domain_id': None, 'service_project_id': None, 'service_project_domain_id': None, 'service_roles': []} {{(pid=93090) fill_context /opt/stack/keystone/keystone/server/flask/request_processing/middleware/auth_context.py:478}}
Sep 13 19:36:45.012738 dv-cinder-828806-6-iscsi devstack@keystone.service[93090]: DEBUG keystone.server.flask.request_processing.req_logging [None req-c99fb802-d6b1-4c57-a7d7-4c9173f5d296 None admin] REQUEST_METHOD: `GET` {{(pid=93090) log_request_info /opt/stack/keystone/keystone/server/flask/request_processing/req_logging.py:27}}
Sep 13 19:36:45.013176 dv-cinder-828806-6-iscsi devstack@keystone.service[93090]: DEBUG keystone.server.flask.request_processing.req_logging [None req-c99fb802-d6b1-4c57-a7d7-4c9173f5d296 None admin] SCRIPT_NAME: `/identity` {{(pid=93090) log_request_info /opt/stack/keystone/keystone/server/flask/request_processing/req_logging.py:28}}
Sep 13 19:36:45.013618 dv-cinder-828806-6-iscsi devstack@keystone.service[93090]: DEBUG keystone.server.flask.request_processing.req_logging [None req-c99fb802-d6b1-4c57-a7d7-4c9173f5d296 None admin] PATH_INFO: `/v3/groups/0d506bcaa9af41dbb594660e31c0b990` {{(pid=93090) log_request_info /opt/stack/keystone/keystone/server/flask/request_processing/req_logging.py:29}}
Sep 13 19:36:45.013925 dv-cinder-828806-6-iscsi devstack@keystone.service[93091]: [pid: 93091|app: 0|req: 199/400] 10.222.0.18 () {58 vars in 1442 bytes} [Tue Sep 13 19:36:44 2022] PUT /identity/v3/projects/99ea55dfca19477d991d0bd252ed5c98/groups/0d506bcaa9af41dbb594660e31c0b990/roles/b62430e4550a43989b6adfc24920894e => generated 0 bytes in 205 msecs (HTTP/1.1 204) 3 headers in 132 bytes (0 switches on core 0)
Sep 13 19:36:45.015336 dv-cinder-828806-6-iscsi devstack@keystone.service[93091]: DEBUG keystone.server.flask.request_processing.req_logging [None req-e770dcb6-70cf-4996-9fac-8db834389581 None None] REQUEST_METHOD: `GET` {{(pid=93091) log_request_info /opt/stack/keystone/keystone/server/flask/request_processing/req_logging.py:27}}
Sep 13 19:36:45.015481 dv-cinder-828806-6-iscsi devstack@keystone.service[93090]: DEBUG keystone.common.rbac_enforcer.enforcer [None req-c99fb802-d6b1-4c57-a7d7-4c9173f5d296 None admin] RBAC: Authorizing `identity:get_group(group_id=0d506bcaa9af41dbb594660e31c0b990)` {{(pid=93090) enforce_call /opt/stack/keystone/keystone/common/rbac_enforcer/enforcer.py:449}}
