Aug 30 14:56:51.403465 dv-cinder-828806-5-smb neutron-server[118284]: DEBUG neutron.plugins.ml2.rpc [None req-552c5a65-6fce-409e-97a7-bd62473fb139 None None] Returning: {'device': 'f5723e0c-f5ba-4bf9-bf2a-b74814149eba', 'network_id': '8a31b4ca-23ab-4bc8-877f-72a0cf6c087a', 'port_id': 'f5723e0c-f5ba-4bf9-bf2a-b74814149eba', 'mac_address': 'fa:16:3e:51:09:28', 'admin_state_up': True, 'network_type': 'vlan', 'segmentation_id': 639, 'physical_network': 'physnet1', 'mtu': 1500, 'fixed_ips': [{'subnet_id': 'bc3a3b4b-8e72-4747-b99c-f57014f8fc14', 'ip_address': '172.20.0.4'}], 'device_owner': 'compute:nova', 'allowed_address_pairs': [], 'port_security_enabled': True, 'qos_policy_id': None, 'qos_network_policy_id': None, 'profile': {}, 'propagate_uplink_status': False} {{(pid=118284) _get_device_details /opt/stack/neutron/neutron/plugins/ml2/rpc.py:184}}
Aug 30 14:56:51.409414 dv-cinder-828806-5-smb neutron-server[118284]: DEBUG neutron.api.rpc.handlers.dhcp_rpc [None req-35c574d3-da2c-457f-8041-60a6795d003a None None] Network bf6fcf69-a563-4d46-b249-67b001523370 requested from dv-cinder-828806-5-smb {{(pid=118284) get_network_info /opt/stack/neutron/neutron/api/rpc/handlers/dhcp_rpc.py:191}}
Aug 30 14:56:51.419793 dv-cinder-828806-5-smb neutron-server[118283]: DEBUG neutron_lib.callbacks.manager [req-a576fea3-ec07-463f-973c-5dfbb95d81d1 req-2579b99e-b4a0-45a0-9235-fba05d22be86 tempest-AttachVolumeTestJSON-2081788641 tempest-AttachVolumeTestJSON-2081788641-project] Publish callbacks [] for port (8324c991-06d2-4bb3-a6ee-880c8946c9ea), precommit_create {{(pid=118283) _notify_loop /usr/local/lib/python3.8/dist-packages/neutron_lib/callbacks/manager.py:176}}
Aug 30 14:56:51.488438 dv-cinder-828806-5-smb neutron-server[118283]: DEBUG neutron_lib.callbacks.manager [None req-f7e48735-bb13-4b66-9edd-6e6fb96c2451 admin admin] Publish callbacks ['neutron.plugins.ml2.ovo_rpc._ObjectChangeHandler.handle_event-560891'] for security_group (b12065fb-41da-463d-88f6-da9e0f1263f5), after_create {{(pid=118283) _notify_loop /usr/local/lib/python3.8/dist-packages/neutron_lib/callbacks/manager.py:176}}
Aug 30 14:56:51.512477 dv-cinder-828806-5-smb neutron-server[118282]: DEBUG neutron.pecan_wsgi.hooks.policy_enforcement [req-633db052-abd0-4ad2-8517-92e2bb40278e req-28fa5f3e-ba4e-4279-87de-389ca962e862 tempest-ServerRescueNegativeTestJSON-2078650194 tempest-ServerRescueNegativeTestJSON-2078650194-project] Attributes excluded by policy engine: ['standard_attr_id', 'binding:profile', 'binding:host_id', 'binding:vif_type', 'binding:vif_details'] {{(pid=118282) _exclude_attributes_by_policy /opt/stack/neutron/neutron/pecan_wsgi/hooks/policy_enforcement.py:259}}
Aug 30 14:56:51.519463 dv-cinder-828806-5-smb neutron-server[118282]: INFO neutron.wsgi [req-633db052-abd0-4ad2-8517-92e2bb40278e req-28fa5f3e-ba4e-4279-87de-389ca962e862 tempest-ServerRescueNegativeTestJSON-2078650194 tempest-ServerRescueNegativeTestJSON-2078650194-project] 10.222.0.47 "GET /networking/v2.0/ports?device_id=4c4b4520-4560-41ee-bf59-7bb50033270b HTTP/1.1" status: 200 len: 943 time: 0.1953778
Aug 30 14:56:51.548631 dv-cinder-828806-5-smb neutron-server[118283]: DEBUG neutron.api.rpc.handlers.resources_rpc [None req-f7e48735-bb13-4b66-9edd-6e6fb96c2451 admin admin] Pushing event updated for resources: {'SecurityGroup': ['ID=b12065fb-41da-463d-88f6-da9e0f1263f5,revision_number=1']} {{(pid=118283) push /opt/stack/neutron/neutron/api/rpc/handlers/resources_rpc.py:237}}
Aug 30 14:56:51.557371 dv-cinder-828806-5-smb neutron-server[118283]: INFO neutron.wsgi [req-2bd8b5d4-a79c-4224-8d90-7dba0752c8e9 req-26a393aa-3ccf-48fd-a227-48c3b931c4bd tempest-AttachVolumeNegativeTest-1932872975 tempest-AttachVolumeNegativeTest-1932872975-project] 10.222.0.47 "GET /networking/v2.0/ports?device_id=f5430468-e9fa-4b61-ae20-dbea00468ead HTTP/1.1" status: 200 len: 210 time: 0.1234338
Aug 30 14:56:51.579227 dv-cinder-828806-5-smb neutron-server[118283]: INFO neutron.wsgi [None req-f7e48735-bb13-4b66-9edd-6e6fb96c2451 admin admin] 10.222.0.47 "GET /networking/v2.0/security-groups?tenant_id=ca0f2b6bb5084cc58f92449e62431732&name=default HTTP/1.1" status: 200 len: 2996 time: 0.5008831
Aug 30 14:56:51.580080 dv-cinder-828806-5-smb neutron-server[118283]: DEBUG neutron.wsgi [-] (118283) accepted ('10.222.0.47', 50780) {{(pid=118283) server /usr/local/lib/python3.8/dist-packages/eventlet/wsgi.py:1004}}
Aug 30 14:56:51.590877 dv-cinder-828806-5-smb neutron-server[118284]: DEBUG neutron.plugins.ml2.plugin [None req-552c5a65-6fce-409e-97a7-bd62473fb139 None None] Current status of the port f5723e0c-f5ba-4bf9-bf2a-b74814149eba is: DOWN; New status is: BUILD {{(pid=118284) _update_individual_port_db_status /opt/stack/neutron/neutron/plugins/ml2/plugin.py:2302}}
Aug 30 14:56:51.592019 dv-cinder-828806-5-smb neutron-server[118284]: DEBUG neutron_lib.callbacks.manager [None req-552c5a65-6fce-409e-97a7-bd62473fb139 None None] Publish callbacks ['neutron.plugins.ml2.plugin.SecurityGroupDbMixin._ensure_default_security_group_handler-1623868'] for port (f5723e0c-f5ba-4bf9-bf2a-b74814149eba), before_update {{(pid=118284) _notify_loop /usr/local/lib/python3.8/dist-packages/neutron_lib/callbacks/manager.py:176}}
Aug 30 14:56:51.643711 dv-cinder-828806-5-smb neutron-server[118284]: DEBUG neutron.notifiers.nova [None req-552c5a65-6fce-409e-97a7-bd62473fb139 None None] Ignoring state change previous_port_status: DOWN current_port_status: BUILD port_id f5723e0c-f5ba-4bf9-bf2a-b74814149eba {{(pid=118284) record_port_status_changed /opt/stack/neutron/neutron/notifiers/nova.py:233}}
Aug 30 14:56:51.687947 dv-cinder-828806-5-smb neutron-server[118284]: DEBUG neutron.plugins.ml2.db [None req-552c5a65-6fce-409e-97a7-bd62473fb139 None None] For port f5723e0c-f5ba-4bf9-bf2a-b74814149eba, host hv-cinder-82880, got binding levels [PortBindingLevel(driver='hyperv',host='hv-cinder-82880',level=0,port_id=f5723e0c-f5ba-4bf9-bf2a-b74814149eba,segment=NetworkSegment(a53d352f-d351-4ecd-9634-ff56e2292b57),segment_id=a53d352f-d351-4ecd-9634-ff56e2292b57)] {{(pid=118284) get_binding_level_objs /opt/stack/neutron/neutron/plugins/ml2/db.py:74}}
Aug 30 14:56:51.700266 dv-cinder-828806-5-smb neutron-server[118283]: DEBUG neutron_lib.callbacks.manager [req-a576fea3-ec07-463f-973c-5dfbb95d81d1 req-2579b99e-b4a0-45a0-9235-fba05d22be86 tempest-AttachVolumeTestJSON-2081788641 tempest-AttachVolumeTestJSON-2081788641-project] Publish callbacks ['neutron.plugins.ml2.plugin.SecurityGroupServerNotifierRpcMixin._notify_sg_on_port_change-1623935', 'neutron.plugins.ml2.ovo_rpc._ObjectChangeHandler.handle_event-482236', 'neutron.api.rpc.agentnotifiers.dhcp_rpc_agent_api.DhcpAgentNotifyAPI._native_event_send_dhcp_notification-589654', 'neutron.db.l3_dvrscheduler_db._notify_l3_agent_new_port-8772934506262', 'neutron.services.segments.plugin.NovaSegmentNotifier._notify_port_created_or_deleted-3550159'] for port (8324c991-06d2-4bb3-a6ee-880c8946c9ea), after_create {{(pid=118283) _notify_loop /usr/local/lib/python3.8/dist-packages/neutron_lib/callbacks/manager.py:176}}
Aug 30 14:56:51.703305 dv-cinder-828806-5-smb neutron-server[118282]: INFO neutron.wsgi [req-633db052-abd0-4ad2-8517-92e2bb40278e req-f18fc255-91da-4be7-8c09-8bd491adae5c tempest-ServerRescueNegativeTestJSON-2078650194 tempest-ServerRescueNegativeTestJSON-2078650194-project] 10.222.0.47 "GET /networking/v2.0/security-groups?id=7147bc80-467e-424b-be99-86f094226225&fields=id&fields=name HTTP/1.1" status: 200 len: 286 time: 0.1829731
Aug 30 14:56:51.776641 dv-cinder-828806-5-smb neutron-server[118282]: DEBUG neutron.pecan_wsgi.hooks.quota_enforcement [req-fed30a53-b17c-43fa-a315-606004715a5e req-9985c909-965d-4f29-a2a2-e551f9025c81 tempest-AttachVolumeNegativeTest-1932872975 tempest-AttachVolumeNegativeTest-1932872975-project] Made reservation on behalf of 978e53cb67c54053911e4333ccd65f66 for: {'port': 1} {{(pid=118282) before /opt/stack/neutron/neutron/pecan_wsgi/hooks/quota_enforcement.py:53}}
Aug 30 14:56:51.776734 dv-cinder-828806-5-smb neutron-server[118284]: DEBUG neutron_lib.callbacks.manager [None req-552c5a65-6fce-409e-97a7-bd62473fb139 None None] Publish callbacks ['neutron.plugins.ml2.plugin.SecurityGroupServerNotifierRpcMixin._notify_sg_on_port_change-1623935', 'neutron.plugins.ml2.ovo_rpc._ObjectChangeHandler.handle_event-482236', 'neutron.api.rpc.agentnotifiers.dhcp_rpc_agent_api.DhcpAgentNotifyAPI._native_event_send_dhcp_notification-589654', 'neutron.db.l3_db.L3RpcNotifierMixin._notify_gateway_port_ip_changed-8772934883458', 'neutron.db.l3_dvrscheduler_db._notify_l3_agent_port_update-8772934506280', 'neutron.db.l3_hascheduler_db._notify_l3_agent_ha_port_update-8772934506298'] for port (f5723e0c-f5ba-4bf9-bf2a-b74814149eba), after_update {{(pid=118284) _notify_loop /usr/local/lib/python3.8/dist-packages/neutron_lib/callbacks/manager.py:176}}
Aug 30 14:56:51.777309 dv-cinder-828806-5-smb neutron-server[118284]: DEBUG neutron.plugins.ml2.rpc [None req-552c5a65-6fce-409e-97a7-bd62473fb139 None None] Device a9a21585-bc33-4959-81bd-e90ffdb57f6b details requested by agent hyperv_hv-cinder-82880 with host hv-cinder-82880 {{(pid=118284) get_device_details /opt/stack/neutron/neutron/plugins/ml2/rpc.py:102}}
Aug 30 14:56:51.780447 dv-cinder-828806-5-smb neutron-server[118282]: DEBUG neutron_lib.callbacks.manager [req-fed30a53-b17c-43fa-a315-606004715a5e req-9985c909-965d-4f29-a2a2-e551f9025c81 tempest-AttachVolumeNegativeTest-1932872975 tempest-AttachVolumeNegativeTest-1932872975-project] Publish callbacks ['neutron.plugins.ml2.plugin.SecurityGroupDbMixin._ensure_default_security_group_handler-1623868'] for port (None), before_create {{(pid=118282) _notify_loop /usr/local/lib/python3.8/dist-packages/neutron_lib/callbacks/manager.py:176}}
Aug 30 14:56:51.792545 dv-cinder-828806-5-smb neutron-server[118283]: DEBUG neutron.scheduler.dhcp_agent_scheduler [req-a576fea3-ec07-463f-973c-5dfbb95d81d1 req-2579b99e-b4a0-45a0-9235-fba05d22be86 tempest-AttachVolumeTestJSON-2081788641 tempest-AttachVolumeTestJSON-2081788641-project] Network 5d194e89-fd58-4ae9-9564-ae4290ffb207 is already hosted by enough agents. {{(pid=118283) _get_dhcp_agents_hosting_network /opt/stack/neutron/neutron/scheduler/dhcp_agent_scheduler.py:275}}
Aug 30 14:56:51.835242 dv-cinder-828806-5-smb neutron-server[118283]: DEBUG neutron.scheduler.base_scheduler [req-a576fea3-ec07-463f-973c-5dfbb95d81d1 req-2579b99e-b4a0-45a0-9235-fba05d22be86 tempest-AttachVolumeTestJSON-2081788641 tempest-AttachVolumeTestJSON-2081788641-project] Resources bound (agent type, host, resource id): {{(pid=118283) schedule /opt/stack/neutron/neutron/scheduler/base_scheduler.py:57}}
Aug 30 14:56:51.843270 dv-cinder-828806-5-smb neutron-server[118283]: DEBUG neutron.db.l3_dvrscheduler_db [req-a576fea3-ec07-463f-973c-5dfbb95d81d1 req-2579b99e-b4a0-45a0-9235-fba05d22be86 tempest-AttachVolumeTestJSON-2081788641 tempest-AttachVolumeTestJSON-2081788641-project] Received port after_create {{(pid=118283) _notify_l3_agent_new_port /opt/stack/neutron/neutron/db/l3_dvrscheduler_db.py:538}}
Aug 30 14:56:51.892495 dv-cinder-828806-5-smb neutron-server[118282]: DEBUG neutron.pecan_wsgi.hooks.policy_enforcement [req-e772c405-f403-41ff-bda4-9a3694f744f0 req-9ff0a6ad-e5d2-470c-b950-ae3f3c927341 tempest-AttachVolumeTestJSON-2081788641 tempest-AttachVolumeTestJSON-2081788641-project] Attributes excluded by policy engine: ['standard_attr_id', 'binding:profile', 'binding:host_id', 'binding:vif_type', 'binding:vif_details'] {{(pid=118282) _exclude_attributes_by_policy /opt/stack/neutron/neutron/pecan_wsgi/hooks/policy_enforcement.py:259}}
Aug 30 14:56:51.894280 dv-cinder-828806-5-smb neutron-server[118282]: INFO neutron.wsgi [req-e772c405-f403-41ff-bda4-9a3694f744f0 req-9ff0a6ad-e5d2-470c-b950-ae3f3c927341 tempest-AttachVolumeTestJSON-2081788641 tempest-AttachVolumeTestJSON-2081788641-project] 10.222.0.47 "GET /networking/v2.0/ports?device_id=c25d4bb5-906b-4cdb-94e2-1a9137055ba5 HTTP/1.1" status: 200 len: 931 time: 0.1103160
Aug 30 14:56:51.899787 dv-cinder-828806-5-smb neutron-server[118284]: DEBUG neutron.plugins.ml2.db [None req-552c5a65-6fce-409e-97a7-bd62473fb139 None None] For port a9a21585-bc33-4959-81bd-e90ffdb57f6b, host hv-cinder-82880, got binding levels [PortBindingLevel(driver='hyperv',host='hv-cinder-82880',level=0,port_id=a9a21585-bc33-4959-81bd-e90ffdb57f6b,segment=NetworkSegment(32ccb9bc-3bf9-4a06-9620-dd5fc6a08718),segment_id=32ccb9bc-3bf9-4a06-9620-dd5fc6a08718)] {{(pid=118284) get_binding_level_objs /opt/stack/neutron/neutron/plugins/ml2/db.py:74}}
Aug 30 14:56:51.905266 dv-cinder-828806-5-smb neutron-server[118284]: DEBUG neutron.api.rpc.handlers.resources_rpc [None req-552c5a65-6fce-409e-97a7-bd62473fb139 None None] Pushing event updated for resources: {'Port': ['ID=f5723e0c-f5ba-4bf9-bf2a-b74814149eba,revision_number=4']} {{(pid=118284) push /opt/stack/neutron/neutron/api/rpc/handlers/resources_rpc.py:237}}
Aug 30 14:56:51.912773 dv-cinder-828806-5-smb neutron-server[118283]: DEBUG neutron_lib.callbacks.manager [None req-c9500125-2089-455f-9a91-55f7e3516ebf admin admin] Publish callbacks [] for security_group (b12065fb-41da-463d-88f6-da9e0f1263f5), before_delete {{(pid=118283) _notify_loop /usr/local/lib/python3.8/dist-packages/neutron_lib/callbacks/manager.py:176}}
Aug 30 14:56:51.932690 dv-cinder-828806-5-smb neutron-server[118284]: DEBUG neutron.plugins.ml2.rpc [None req-552c5a65-6fce-409e-97a7-bd62473fb139 None None] Returning: {'device': 'a9a21585-bc33-4959-81bd-e90ffdb57f6b', 'network_id': '21968ee3-e6d3-42aa-9796-4ea48a9e1a21', 'port_id': 'a9a21585-bc33-4959-81bd-e90ffdb57f6b', 'mac_address': 'fa:16:3e:b6:d7:4c', 'admin_state_up': True, 'network_type': 'vlan', 'segmentation_id': 607, 'physical_network': 'physnet1', 'mtu': 1500, 'fixed_ips': [{'subnet_id': 'd47af6a1-a8db-448c-87a3-109b88522a97', 'ip_address': '172.20.0.5'}], 'device_owner': 'compute:nova', 'allowed_address_pairs': [], 'port_security_enabled': True, 'qos_policy_id': None, 'qos_network_policy_id': None, 'profile': {}, 'propagate_uplink_status': False} {{(pid=118284) _get_device_details /opt/stack/neutron/neutron/plugins/ml2/rpc.py:184}}
Aug 30 14:56:51.949265 dv-cinder-828806-5-smb neutron-server[118283]: DEBUG neutron_lib.callbacks.manager [None req-c9500125-2089-455f-9a91-55f7e3516ebf admin admin] Publish callbacks [] for security_group (b12065fb-41da-463d-88f6-da9e0f1263f5), precommit_delete {{(pid=118283) _notify_loop /usr/local/lib/python3.8/dist-packages/neutron_lib/callbacks/manager.py:176}}
Aug 30 14:56:52.010287 dv-cinder-828806-5-smb neutron-server[118284]: DEBUG neutron.plugins.ml2.plugin [None req-552c5a65-6fce-409e-97a7-bd62473fb139 None None] Current status of the port a9a21585-bc33-4959-81bd-e90ffdb57f6b is: DOWN; New status is: BUILD {{(pid=118284) _update_individual_port_db_status /opt/stack/neutron/neutron/plugins/ml2/plugin.py:2302}}
Aug 30 14:56:52.010287 dv-cinder-828806-5-smb neutron-server[118284]: DEBUG neutron_lib.callbacks.manager [None req-552c5a65-6fce-409e-97a7-bd62473fb139 None None] Publish callbacks ['neutron.plugins.ml2.plugin.SecurityGroupDbMixin._ensure_default_security_group_handler-1623868'] for port (a9a21585-bc33-4959-81bd-e90ffdb57f6b), before_update {{(pid=118284) _notify_loop /usr/local/lib/python3.8/dist-packages/neutron_lib/callbacks/manager.py:176}}
Aug 30 14:56:52.022088 dv-cinder-828806-5-smb neutron-server[118283]: DEBUG neutron.pecan_wsgi.hooks.policy_enforcement [req-fdd0c456-c6ce-4987-8cae-da85bcff6142 req-36cf922f-2db6-4423-9e4b-b40526e251af tempest-DeleteServersTestJSON-278185911 tempest-DeleteServersTestJSON-278185911-project] Attributes excluded by policy engine: ['standard_attr_id', 'binding:profile', 'binding:host_id', 'binding:vif_type', 'binding:vif_details'] {{(pid=118283) _exclude_attributes_by_policy /opt/stack/neutron/neutron/pecan_wsgi/hooks/policy_enforcement.py:259}}
Aug 30 14:56:52.024885 dv-cinder-828806-5-smb neutron-server[118283]: INFO neutron.wsgi [req-fdd0c456-c6ce-4987-8cae-da85bcff6142 req-36cf922f-2db6-4423-9e4b-b40526e251af tempest-DeleteServersTestJSON-278185911 tempest-DeleteServersTestJSON-278185911-project] 10.222.0.47 "GET /networking/v2.0/ports?device_id=9ab845f7-e1d6-42c3-948e-df40f3499a7a HTTP/1.1" status: 200 len: 943 time: 0.3179011
Aug 30 14:56:52.043745 dv-cinder-828806-5-smb neutron-server[118282]: INFO neutron.wsgi [req-e772c405-f403-41ff-bda4-9a3694f744f0 req-1f0ab685-2e4b-49c6-b51e-b54e77b24804 tempest-AttachVolumeTestJSON-2081788641 tempest-AttachVolumeTestJSON-2081788641-project] 10.222.0.47 "GET /networking/v2.0/security-groups?id=25d3ebd4-1a07-460d-ae2a-becd34ed0907&fields=id&fields=name HTTP/1.1" status: 200 len: 313 time: 0.1388307
Aug 30 14:56:52.046387 dv-cinder-828806-5-smb neutron-server[118284]: DEBUG neutron.notifiers.nova [None req-552c5a65-6fce-409e-97a7-bd62473fb139 None None] Ignoring state change previous_port_status: DOWN current_port_status: BUILD port_id a9a21585-bc33-4959-81bd-e90ffdb57f6b {{(pid=118284) record_port_status_changed /opt/stack/neutron/neutron/notifiers/nova.py:233}}
Aug 30 14:56:52.079755 dv-cinder-828806-5-smb neutron-server[118283]: DEBUG neutron.api.rpc.handlers.resources_rpc [None req-2579b99e-b4a0-45a0-9235-fba05d22be86 tempest-AttachVolumeTestJSON-2081788641 tempest-AttachVolumeTestJSON-2081788641-project] Pushing event updated for resources: {'Port': ['ID=8324c991-06d2-4bb3-a6ee-880c8946c9ea,revision_number=1']} {{(pid=118283) push /opt/stack/neutron/neutron/api/rpc/handlers/resources_rpc.py:237}}
Aug 30 14:56:52.086404 dv-cinder-828806-5-smb neutron-server[118282]: DEBUG neutron.db.db_base_plugin_common [req-fed30a53-b17c-43fa-a315-606004715a5e req-9985c909-965d-4f29-a2a2-e551f9025c81 tempest-AttachVolumeNegativeTest-1932872975 tempest-AttachVolumeNegativeTest-1932872975-project] Allocated IP 172.20.0.3 (1e05270d-88cb-40b4-a6a8-e2b44c161e98/5ceb3eed-2cd4-48ee-950b-75688b4625bd/dc3ed318-5e1d-4578-8a2e-1944ab1af3fc) {{(pid=118282) _store_ip_allocation /opt/stack/neutron/neutron/db/db_base_plugin_common.py:131}}
Aug 30 14:56:52.092265 dv-cinder-828806-5-smb neutron-server[118284]: DEBUG neutron.plugins.ml2.db [None req-552c5a65-6fce-409e-97a7-bd62473fb139 None None] For port a9a21585-bc33-4959-81bd-e90ffdb57f6b, host hv-cinder-82880, got binding levels [PortBindingLevel(driver='hyperv',host='hv-cinder-82880',level=0,port_id=a9a21585-bc33-4959-81bd-e90ffdb57f6b,segment=NetworkSegment(32ccb9bc-3bf9-4a06-9620-dd5fc6a08718),segment_id=32ccb9bc-3bf9-4a06-9620-dd5fc6a08718)] {{(pid=118284) get_binding_level_objs /opt/stack/neutron/neutron/plugins/ml2/db.py:74}}
Aug 30 14:56:52.105792 dv-cinder-828806-5-smb neutron-server[118283]: DEBUG dbcounter [-] [118283] Writing DB stats neutron:SELECT=96,neutron:DELETE=4 {{(pid=118283) stat_writer /usr/local/lib/python3.8/dist-packages/dbcounter.py:114}}
Aug 30 14:56:52.125769 dv-cinder-828806-5-smb neutron-server[118283]: DEBUG neutron.pecan_wsgi.hooks.policy_enforcement [req-a576fea3-ec07-463f-973c-5dfbb95d81d1 req-2579b99e-b4a0-45a0-9235-fba05d22be86 tempest-AttachVolumeTestJSON-2081788641 tempest-AttachVolumeTestJSON-2081788641-project] Attributes excluded by policy engine: ['standard_attr_id', 'binding:profile', 'binding:host_id', 'binding:vif_type', 'binding:vif_details', 'network'] {{(pid=118283) _exclude_attributes_by_policy /opt/stack/neutron/neutron/pecan_wsgi/hooks/policy_enforcement.py:259}}
Aug 30 14:56:52.126337 dv-cinder-828806-5-smb neutron-server[118283]: DEBUG neutron_lib.callbacks.manager [req-a576fea3-ec07-463f-973c-5dfbb95d81d1 req-2579b99e-b4a0-45a0-9235-fba05d22be86 tempest-AttachVolumeTestJSON-2081788641 tempest-AttachVolumeTestJSON-2081788641-project] Publish callbacks ['neutron.notifiers.nova.Notifier._send_nova_notification-115395', 'neutron.api.rpc.agentnotifiers.dhcp_rpc_agent_api.DhcpAgentNotifyAPI._send_dhcp_notification-589636'] for port (None), before_response {{(pid=118283) _notify_loop /usr/local/lib/python3.8/dist-packages/neutron_lib/callbacks/manager.py:176}}
Aug 30 14:56:52.159458 dv-cinder-828806-5-smb neutron-server[118283]: INFO neutron.wsgi [req-fdd0c456-c6ce-4987-8cae-da85bcff6142 req-3b523757-89c6-4db2-87db-0c4f7f8aacf4 tempest-DeleteServersTestJSON-278185911 tempest-DeleteServersTestJSON-278185911-project] 10.222.0.47 "GET /networking/v2.0/security-groups?id=fcd11afe-8c56-478b-a80b-05b8e084c3e0&fields=id&fields=name HTTP/1.1" status: 200 len: 286 time: 0.1253507
Aug 30 14:56:52.211997 dv-cinder-828806-5-smb neutron-server[118284]: DEBUG neutron_lib.callbacks.manager [None req-552c5a65-6fce-409e-97a7-bd62473fb139 None None] Publish callbacks ['neutron.plugins.ml2.plugin.SecurityGroupServerNotifierRpcMixin._notify_sg_on_port_change-1623935', 'neutron.plugins.ml2.ovo_rpc._ObjectChangeHandler.handle_event-482236', 'neutron.api.rpc.agentnotifiers.dhcp_rpc_agent_api.DhcpAgentNotifyAPI._native_event_send_dhcp_notification-589654', 'neutron.db.l3_db.L3RpcNotifierMixin._notify_gateway_port_ip_changed-8772934883458', 'neutron.db.l3_dvrscheduler_db._notify_l3_agent_port_update-8772934506280', 'neutron.db.l3_hascheduler_db._notify_l3_agent_ha_port_update-8772934506298'] for port (a9a21585-bc33-4959-81bd-e90ffdb57f6b), after_update {{(pid=118284) _notify_loop /usr/local/lib/python3.8/dist-packages/neutron_lib/callbacks/manager.py:176}}
Aug 30 14:56:52.245330 dv-cinder-828806-5-smb neutron-server[118283]: INFO neutron.wsgi [req-a576fea3-ec07-463f-973c-5dfbb95d81d1 req-2579b99e-b4a0-45a0-9235-fba05d22be86 tempest-AttachVolumeTestJSON-2081788641 tempest-AttachVolumeTestJSON-2081788641-project] 10.222.0.48 "POST /networking/v2.0/ports HTTP/1.1" status: 201 len: 933 time: 2.3549252
Aug 30 14:56:52.246790 dv-cinder-828806-5-smb neutron-server[118283]: DEBUG neutron_lib.callbacks.manager [None req-c9500125-2089-455f-9a91-55f7e3516ebf admin admin] Publish callbacks ['neutron.plugins.ml2.ovo_rpc._ObjectChangeHandler.handle_event-560891'] for security_group (b12065fb-41da-463d-88f6-da9e0f1263f5), after_delete {{(pid=118283) _notify_loop /usr/local/lib/python3.8/dist-packages/neutron_lib/callbacks/manager.py:176}}
Aug 30 14:56:52.249676 dv-cinder-828806-5-smb neutron-server[118283]: DEBUG neutron_lib.callbacks.manager [None req-c9500125-2089-455f-9a91-55f7e3516ebf admin admin] Publish callbacks [] for security_group (None), before_response {{(pid=118283) _notify_loop /usr/local/lib/python3.8/dist-packages/neutron_lib/callbacks/manager.py:176}}
Aug 30 14:56:52.256083 dv-cinder-828806-5-smb neutron-server[118283]: INFO neutron.wsgi [None req-c9500125-2089-455f-9a91-55f7e3516ebf admin admin] 10.222.0.47 "DELETE /networking/v2.0/security-groups/b12065fb-41da-463d-88f6-da9e0f1263f5 HTTP/1.1" status: 204 len: 168 time: 0.6755023
Aug 30 14:56:52.276925 dv-cinder-828806-5-smb neutron-server[118283]: DEBUG neutron.api.v2.base [req-a576fea3-ec07-463f-973c-5dfbb95d81d1 req-794bdd57-ceb2-4a9a-a438-3ecffea3aef0 service neutron] Request body: {'port': {'device_id': 'c25d4bb5-906b-4cdb-94e2-1a9137055ba5', 'device_owner': 'compute:nova', 'binding:host_id': 'hv-cinder-82880'}} {{(pid=118283) prepare_request_body /opt/stack/neutron/neutron/api/v2/base.py:730}}
Aug 30 14:56:52.290897 dv-cinder-828806-5-smb neutron-server[118282]: DEBUG neutron_lib.callbacks.manager [req-fed30a53-b17c-43fa-a315-606004715a5e req-9985c909-965d-4f29-a2a2-e551f9025c81 tempest-AttachVolumeNegativeTest-1932872975 tempest-AttachVolumeNegativeTest-1932872975-project] Publish callbacks [] for port (dc3ed318-5e1d-4578-8a2e-1944ab1af3fc), precommit_create {{(pid=118282) _notify_loop /usr/local/lib/python3.8/dist-packages/neutron_lib/callbacks/manager.py:176}}
Aug 30 14:56:52.339084 dv-cinder-828806-5-smb neutron-server[118283]: DEBUG neutron.api.rpc.handlers.resources_rpc [None req-c9500125-2089-455f-9a91-55f7e3516ebf admin admin] Pushing event deleted for resources: {'SecurityGroup': ['ID=b12065fb-41da-463d-88f6-da9e0f1263f5,revision_number=None']} {{(pid=118283) push /opt/stack/neutron/neutron/api/rpc/handlers/resources_rpc.py:237}}
Aug 30 14:56:52.397795 dv-cinder-828806-5-smb neutron-server[118283]: DEBUG dbcounter [-] [118283] Writing DB stats neutron:SELECT=88,neutron:INSERT=8,neutron:UPDATE=4 {{(pid=118283) stat_writer /usr/local/lib/python3.8/dist-packages/dbcounter.py:114}}
Aug 30 14:56:52.399462 dv-cinder-828806-5-smb neutron-server[118283]: DEBUG neutron_lib.callbacks.manager [req-a576fea3-ec07-463f-973c-5dfbb95d81d1 req-794bdd57-ceb2-4a9a-a438-3ecffea3aef0 service neutron] Publish callbacks ['neutron.plugins.ml2.plugin.SecurityGroupDbMixin._ensure_default_security_group_handler-1623868'] for port (8324c991-06d2-4bb3-a6ee-880c8946c9ea), before_update {{(pid=118283) _notify_loop /usr/local/lib/python3.8/dist-packages/neutron_lib/callbacks/manager.py:176}}
Aug 30 14:56:52.447375 dv-cinder-828806-5-smb neutron-server[118282]: DEBUG neutron_lib.callbacks.manager [req-fed30a53-b17c-43fa-a315-606004715a5e req-9985c909-965d-4f29-a2a2-e551f9025c81 tempest-AttachVolumeNegativeTest-1932872975 tempest-AttachVolumeNegativeTest-1932872975-project] Publish callbacks ['neutron.plugins.ml2.plugin.SecurityGroupServerNotifierRpcMixin._notify_sg_on_port_change-1623935', 'neutron.plugins.ml2.ovo_rpc._ObjectChangeHandler.handle_event-482236', 'neutron.api.rpc.agentnotifiers.dhcp_rpc_agent_api.DhcpAgentNotifyAPI._native_event_send_dhcp_notification-589654', 'neutron.db.l3_dvrscheduler_db._notify_l3_agent_new_port-8772934506262'] for port (dc3ed318-5e1d-4578-8a2e-1944ab1af3fc), after_create {{(pid=118282) _notify_loop /usr/local/lib/python3.8/dist-packages/neutron_lib/callbacks/manager.py:176}}
Aug 30 14:56:52.530278 dv-cinder-828806-5-smb neutron-server[118283]: DEBUG neutron.wsgi [-] (118283) accepted ('10.222.0.47', 50820) {{(pid=118283) server /usr/local/lib/python3.8/dist-packages/eventlet/wsgi.py:1004}}
Aug 30 14:56:52.530668 dv-cinder-828806-5-smb neutron-server[118282]: DEBUG neutron.scheduler.dhcp_agent_scheduler [req-fed30a53-b17c-43fa-a315-606004715a5e req-9985c909-965d-4f29-a2a2-e551f9025c81 tempest-AttachVolumeNegativeTest-1932872975 tempest-AttachVolumeNegativeTest-1932872975-project] Network 1e05270d-88cb-40b4-a6a8-e2b44c161e98 is already hosted by enough agents. {{(pid=118282) _get_dhcp_agents_hosting_network /opt/stack/neutron/neutron/scheduler/dhcp_agent_scheduler.py:275}}
Aug 30 14:56:52.533703 dv-cinder-828806-5-smb neutron-server[118284]: DEBUG neutron.db.provisioning_blocks [None req-a8196f66-b0cc-4de7-93c3-ddc7c3f284bb None None] Provisioning complete for port 8324c991-06d2-4bb3-a6ee-880c8946c9ea triggered by entity DHCP. {{(pid=118284) provisioning_complete /opt/stack/neutron/neutron/db/provisioning_blocks.py:144}}
Aug 30 14:56:52.534358 dv-cinder-828806-5-smb neutron-server[118284]: DEBUG neutron_lib.callbacks.manager [None req-a8196f66-b0cc-4de7-93c3-ddc7c3f284bb None None] Publish callbacks ['neutron.plugins.ml2.plugin.Ml2Plugin._port_provisioned-2095981'] for port (8324c991-06d2-4bb3-a6ee-880c8946c9ea), provisioning_complete {{(pid=118284) _notify_loop /usr/local/lib/python3.8/dist-packages/neutron_lib/callbacks/manager.py:176}}
Aug 30 14:56:52.535302 dv-cinder-828806-5-smb neutron-server[118283]: DEBUG neutron.api.v2.base [None req-3626f7c4-483a-4c36-ae87-2bf9de2262cf admin admin] Request body: {'network': {'name': 'tempest-VolumesActionsTest-1256476129-network', 'tenant_id': '7ecf51ad2de14dc790a38cb42f9c6919'}} {{(pid=118283) prepare_request_body /opt/stack/neutron/neutron/api/v2/base.py:730}}
Aug 30 14:56:52.541638 dv-cinder-828806-5-smb neutron-server[118282]: DEBUG neutron.scheduler.base_scheduler [req-fed30a53-b17c-43fa-a315-606004715a5e req-9985c909-965d-4f29-a2a2-e551f9025c81 tempest-AttachVolumeNegativeTest-1932872975 tempest-AttachVolumeNegativeTest-1932872975-project] Resources bound (agent type, host, resource id): {{(pid=118282) schedule /opt/stack/neutron/neutron/scheduler/base_scheduler.py:57}}
Aug 30 14:56:52.553311 dv-cinder-828806-5-smb neutron-server[118284]: DEBUG neutron.api.rpc.handlers.resources_rpc [None req-552c5a65-6fce-409e-97a7-bd62473fb139 None None] Pushing event updated for resources: {'Port': ['ID=a9a21585-bc33-4959-81bd-e90ffdb57f6b,revision_number=4']} {{(pid=118284) push /opt/stack/neutron/neutron/api/rpc/handlers/resources_rpc.py:237}}
Aug 30 14:56:52.571314 dv-cinder-828806-5-smb neutron-server[118282]: DEBUG neutron.db.l3_dvrscheduler_db [req-fed30a53-b17c-43fa-a315-606004715a5e req-9985c909-965d-4f29-a2a2-e551f9025c81 tempest-AttachVolumeNegativeTest-1932872975 tempest-AttachVolumeNegativeTest-1932872975-project] Received port after_create {{(pid=118282) _notify_l3_agent_new_port /opt/stack/neutron/neutron/db/l3_dvrscheduler_db.py:538}}
Aug 30 14:56:52.591469 dv-cinder-828806-5-smb neutron-server[118282]: DEBUG neutron.pecan_wsgi.hooks.policy_enforcement [req-fed30a53-b17c-43fa-a315-606004715a5e req-9985c909-965d-4f29-a2a2-e551f9025c81 tempest-AttachVolumeNegativeTest-1932872975 tempest-AttachVolumeNegativeTest-1932872975-project] Attributes excluded by policy engine: ['standard_attr_id', 'binding:profile', 'binding:host_id', 'binding:vif_type', 'binding:vif_details', 'network'] {{(pid=118282) _exclude_attributes_by_policy /opt/stack/neutron/neutron/pecan_wsgi/hooks/policy_enforcement.py:259}}
Aug 30 14:56:52.592567 dv-cinder-828806-5-smb neutron-server[118282]: DEBUG neutron_lib.callbacks.manager [req-fed30a53-b17c-43fa-a315-606004715a5e req-9985c909-965d-4f29-a2a2-e551f9025c81 tempest-AttachVolumeNegativeTest-1932872975 tempest-AttachVolumeNegativeTest-1932872975-project] Publish callbacks ['neutron.notifiers.nova.Notifier._send_nova_notification-115395', 'neutron.api.rpc.agentnotifiers.dhcp_rpc_agent_api.DhcpAgentNotifyAPI._send_dhcp_notification-589636'] for port (None), before_response {{(pid=118282) _notify_loop /usr/local/lib/python3.8/dist-packages/neutron_lib/callbacks/manager.py:176}}
Aug 30 14:56:52.606582 dv-cinder-828806-5-smb neutron-server[118284]: DEBUG neutron.plugins.ml2.plugin [None req-a8196f66-b0cc-4de7-93c3-ddc7c3f284bb None None] Port 8324c991-06d2-4bb3-a6ee-880c8946c9ea cannot update to ACTIVE because it is not bound. {{(pid=118284) _port_provisioned /opt/stack/neutron/neutron/plugins/ml2/plugin.py:348}}
Aug 30 14:56:52.615420 dv-cinder-828806-5-smb neutron-server[118284]: DEBUG dbcounter [-] [118284] Writing DB stats neutron:SELECT=96,neutron:UPDATE=4 {{(pid=118284) stat_writer /usr/local/lib/python3.8/dist-packages/dbcounter.py:114}}
Aug 30 14:56:52.622101 dv-cinder-828806-5-smb neutron-server[118282]: DEBUG neutron.api.rpc.handlers.resources_rpc [None req-9985c909-965d-4f29-a2a2-e551f9025c81 tempest-AttachVolumeNegativeTest-1932872975 tempest-AttachVolumeNegativeTest-1932872975-project] Pushing event updated for resources: {'Port': ['ID=dc3ed318-5e1d-4578-8a2e-1944ab1af3fc,revision_number=1']} {{(pid=118282) push /opt/stack/neutron/neutron/api/rpc/handlers/resources_rpc.py:237}}
Aug 30 14:56:52.686409 dv-cinder-828806-5-smb neutron-server[118283]: DEBUG neutron.pecan_wsgi.hooks.quota_enforcement [None req-3626f7c4-483a-4c36-ae87-2bf9de2262cf admin admin] Made reservation on behalf of 7ecf51ad2de14dc790a38cb42f9c6919 for: {'network': 1} {{(pid=118283) before /opt/stack/neutron/neutron/pecan_wsgi/hooks/quota_enforcement.py:53}}
Aug 30 14:56:52.688898 dv-cinder-828806-5-smb neutron-server[118283]: DEBUG neutron_lib.callbacks.manager [None req-3626f7c4-483a-4c36-ae87-2bf9de2262cf admin admin] Publish callbacks ['neutron.plugins.ml2.plugin.SecurityGroupDbMixin._ensure_default_security_group_handler-1623868'] for network (None), before_create {{(pid=118283) _notify_loop /usr/local/lib/python3.8/dist-packages/neutron_lib/callbacks/manager.py:176}}
Aug 30 14:56:52.709226 dv-cinder-828806-5-smb neutron-server[118283]: DEBUG neutron_lib.callbacks.manager [None req-3626f7c4-483a-4c36-ae87-2bf9de2262cf admin admin] Publish callbacks [] for security_group (None), before_create {{(pid=118283) _notify_loop /usr/local/lib/python3.8/dist-packages/neutron_lib/callbacks/manager.py:176}}
Aug 30 14:56:52.770646 dv-cinder-828806-5-smb neutron-server[118282]: DEBUG neutron.pecan_wsgi.hooks.policy_enforcement [req-a3c911df-b1d7-4e2d-8d33-853718c5dbb7 req-21aad999-c787-4922-84cb-cd0be303d399 tempest-AttachVolumeNegativeTest-1932872975 tempest-AttachVolumeNegativeTest-1932872975-project] Attributes excluded by policy engine: ['standard_attr_id', 'binding:profile', 'binding:host_id', 'binding:vif_type', 'binding:vif_details'] {{(pid=118282) _exclude_attributes_by_policy /opt/stack/neutron/neutron/pecan_wsgi/hooks/policy_enforcement.py:259}}
Aug 30 14:56:52.772720 dv-cinder-828806-5-smb neutron-server[118282]: INFO neutron.wsgi [req-a3c911df-b1d7-4e2d-8d33-853718c5dbb7 req-21aad999-c787-4922-84cb-cd0be303d399 tempest-AttachVolumeNegativeTest-1932872975 tempest-AttachVolumeNegativeTest-1932872975-project] 10.222.0.47 "GET /networking/v2.0/ports?device_id=f5430468-e9fa-4b61-ae20-dbea00468ead HTTP/1.1" status: 200 len: 931 time: 0.0923853
Aug 30 14:56:52.808569 dv-cinder-828806-5-smb neutron-server[118283]: DEBUG neutron.notifiers.nova [req-a576fea3-ec07-463f-973c-5dfbb95d81d1 req-794bdd57-ceb2-4a9a-a438-3ecffea3aef0 service neutron] Ignoring state change previous_port_status: DOWN current_port_status: DOWN port_id 8324c991-06d2-4bb3-a6ee-880c8946c9ea {{(pid=118283) record_port_status_changed /opt/stack/neutron/neutron/notifiers/nova.py:233}}
Aug 30 14:56:52.816377 dv-cinder-828806-5-smb neutron-server[118283]: DEBUG neutron_lib.callbacks.manager [req-a576fea3-ec07-463f-973c-5dfbb95d81d1 req-794bdd57-ceb2-4a9a-a438-3ecffea3aef0 service neutron] Publish callbacks [] for port (8324c991-06d2-4bb3-a6ee-880c8946c9ea), precommit_update {{(pid=118283) _notify_loop /usr/local/lib/python3.8/dist-packages/neutron_lib/callbacks/manager.py:176}}
Aug 30 14:56:52.827614 dv-cinder-828806-5-smb neutron-server[118282]: INFO neutron.wsgi [req-fed30a53-b17c-43fa-a315-606004715a5e req-9985c909-965d-4f29-a2a2-e551f9025c81 tempest-AttachVolumeNegativeTest-1932872975 tempest-AttachVolumeNegativeTest-1932872975-project] 10.222.0.48 "POST /networking/v2.0/ports HTTP/1.1" status: 201 len: 933 time: 1.6394160
Aug 30 14:56:52.860098 dv-cinder-828806-5-smb neutron-server[118283]: DEBUG neutron.db.provisioning_blocks [req-a576fea3-ec07-463f-973c-5dfbb95d81d1 req-794bdd57-ceb2-4a9a-a438-3ecffea3aef0 service neutron] Transition to ACTIVE for port object 8324c991-06d2-4bb3-a6ee-880c8946c9ea will not be triggered until provisioned by entity L2. {{(pid=118283) add_provisioning_component /opt/stack/neutron/neutron/db/provisioning_blocks.py:74}}
Aug 30 14:56:52.872396 dv-cinder-828806-5-smb neutron-server[118282]: INFO neutron.wsgi [req-a3c911df-b1d7-4e2d-8d33-853718c5dbb7 req-ae5a1a23-b060-44ad-9b80-b710b50e7cf5 tempest-AttachVolumeNegativeTest-1932872975 tempest-AttachVolumeNegativeTest-1932872975-project] 10.222.0.47 "GET /networking/v2.0/security-groups?id=0585a33b-4eb0-46a0-a328-3645887a7221&fields=id&fields=name HTTP/1.1" status: 200 len: 313 time: 0.0920670
Aug 30 14:56:52.876954 dv-cinder-828806-5-smb neutron-server[118282]: DEBUG neutron.api.v2.base [req-fed30a53-b17c-43fa-a315-606004715a5e req-8e020ecb-b9aa-4ada-b022-fefc43406dd2 service neutron] Request body: {'port': {'device_id': 'f5430468-e9fa-4b61-ae20-dbea00468ead', 'device_owner': 'compute:nova', 'binding:host_id': 'hv-cinder-82880'}} {{(pid=118282) prepare_request_body /opt/stack/neutron/neutron/api/v2/base.py:730}}
Aug 30 14:56:52.892726 dv-cinder-828806-5-smb neutron-server[118284]: DEBUG neutron.plugins.ml2.db [None req-552c5a65-6fce-409e-97a7-bd62473fb139 None None] get_ports_and_sgs() called for port_ids ['8fcd8f0e-a97a-4343-99aa-c00b490bfe1a'] {{(pid=118284) get_ports_and_sgs /opt/stack/neutron/neutron/plugins/ml2/db.py:163}}
Aug 30 14:56:52.913004 dv-cinder-828806-5-smb neutron-server[118283]: DEBUG neutron.pecan_wsgi.hooks.policy_enforcement [req-8809eceb-7e01-4dae-a537-03417168b39c req-ffb407f9-10eb-42ec-9063-e674290462c0 tempest-ServerRescueNegativeTestJSON-2078650194 tempest-ServerRescueNegativeTestJSON-2078650194-project] Attributes excluded by policy engine: ['standard_attr_id', 'binding:profile', 'binding:host_id', 'binding:vif_type', 'binding:vif_details'] {{(pid=118283) _exclude_attributes_by_policy /opt/stack/neutron/neutron/pecan_wsgi/hooks/policy_enforcement.py:259}}
Aug 30 14:56:52.921204 dv-cinder-828806-5-smb neutron-server[118283]: INFO neutron.wsgi [req-8809eceb-7e01-4dae-a537-03417168b39c req-ffb407f9-10eb-42ec-9063-e674290462c0 tempest-ServerRescueNegativeTestJSON-2078650194 tempest-ServerRescueNegativeTestJSON-2078650194-project] 10.222.0.47 "GET /networking/v2.0/ports?device_id=4c4b4520-4560-41ee-bf59-7bb50033270b HTTP/1.1" status: 200 len: 944 time: 0.0865679
Aug 30 14:56:52.951690 dv-cinder-828806-5-smb neutron-server[118282]: DEBUG dbcounter [-] [118282] Writing DB stats neutron:SELECT=96,neutron:DELETE=2,neutron:INSERT=2 {{(pid=118282) stat_writer /usr/local/lib/python3.8/dist-packages/dbcounter.py:114}}
Aug 30 14:56:52.971750 dv-cinder-828806-5-smb neutron-server[118283]: DEBUG neutron_lib.callbacks.manager [None req-3626f7c4-483a-4c36-ae87-2bf9de2262cf admin admin] Publish callbacks [] for security_group (d16f08c4-00cf-4923-88a3-41cf7a60b164), precommit_create {{(pid=118283) _notify_loop /usr/local/lib/python3.8/dist-packages/neutron_lib/callbacks/manager.py:176}}
Aug 30 14:56:53.002552 dv-cinder-828806-5-smb neutron-server[118283]: DEBUG neutron_lib.callbacks.manager [req-a576fea3-ec07-463f-973c-5dfbb95d81d1 req-794bdd57-ceb2-4a9a-a438-3ecffea3aef0 service neutron] Publish callbacks ['neutron.plugins.ml2.plugin.SecurityGroupServerNotifierRpcMixin._notify_sg_on_port_change-1623935', 'neutron.plugins.ml2.ovo_rpc._ObjectChangeHandler.handle_event-482236', 'neutron.api.rpc.agentnotifiers.dhcp_rpc_agent_api.DhcpAgentNotifyAPI._native_event_send_dhcp_notification-589654', 'neutron.db.l3_db.L3RpcNotifierMixin._notify_gateway_port_ip_changed-8772934883458', 'neutron.db.l3_dvrscheduler_db._notify_l3_agent_port_update-8772934506280', 'neutron.db.l3_hascheduler_db._notify_l3_agent_ha_port_update-8772934506298', 'neutron.services.segments.plugin.NovaSegmentNotifier._notify_port_updated-3550150'] for port (8324c991-06d2-4bb3-a6ee-880c8946c9ea), after_update {{(pid=118283) _notify_loop /usr/local/lib/python3.8/dist-packages/neutron_lib/callbacks/manager.py:176}}
Aug 30 14:56:53.004563 dv-cinder-828806-5-smb neutron-server[118282]: DEBUG neutron_lib.callbacks.manager [req-fed30a53-b17c-43fa-a315-606004715a5e req-8e020ecb-b9aa-4ada-b022-fefc43406dd2 service neutron] Publish callbacks ['neutron.plugins.ml2.plugin.SecurityGroupDbMixin._ensure_default_security_group_handler-1623868'] for port (dc3ed318-5e1d-4578-8a2e-1944ab1af3fc), before_update {{(pid=118282) _notify_loop /usr/local/lib/python3.8/dist-packages/neutron_lib/callbacks/manager.py:176}}
Aug 30 14:56:53.010999 dv-cinder-828806-5-smb neutron-server[118284]: DEBUG neutron.db.provisioning_blocks [None req-bca9730c-0bd0-408b-a836-f7d47b71ff61 None None] Provisioning complete for port dc3ed318-5e1d-4578-8a2e-1944ab1af3fc triggered by entity DHCP. {{(pid=118284) provisioning_complete /opt/stack/neutron/neutron/db/provisioning_blocks.py:144}}
Aug 30 14:56:53.010999 dv-cinder-828806-5-smb neutron-server[118284]: DEBUG neutron_lib.callbacks.manager [None req-bca9730c-0bd0-408b-a836-f7d47b71ff61 None None] Publish callbacks ['neutron.plugins.ml2.plugin.Ml2Plugin._port_provisioned-2095981'] for port (dc3ed318-5e1d-4578-8a2e-1944ab1af3fc), provisioning_complete {{(pid=118284) _notify_loop /usr/local/lib/python3.8/dist-packages/neutron_lib/callbacks/manager.py:176}}
Aug 30 14:56:53.088430 dv-cinder-828806-5-smb neutron-server[118283]: INFO neutron.wsgi [req-8809eceb-7e01-4dae-a537-03417168b39c req-f07dc239-4ca5-4e98-8c0f-609eda734c0a tempest-ServerRescueNegativeTestJSON-2078650194 tempest-ServerRescueNegativeTestJSON-2078650194-project] 10.222.0.47 "GET /networking/v2.0/security-groups?id=7147bc80-467e-424b-be99-86f094226225&fields=id&fields=name HTTP/1.1" status: 200 len: 286 time: 0.1498458
Aug 30 14:56:53.116012 dv-cinder-828806-5-smb neutron-server[118283]: DEBUG neutron_lib.callbacks.manager [None req-3626f7c4-483a-4c36-ae87-2bf9de2262cf admin admin] Publish callbacks ['neutron.plugins.ml2.ovo_rpc._ObjectChangeHandler.handle_event-560891'] for security_group (d16f08c4-00cf-4923-88a3-41cf7a60b164), after_create {{(pid=118283) _notify_loop /usr/local/lib/python3.8/dist-packages/neutron_lib/callbacks/manager.py:176}}
Aug 30 14:56:53.141026 dv-cinder-828806-5-smb neutron-server[118284]: DEBUG neutron.plugins.ml2.db [None req-552c5a65-6fce-409e-97a7-bd62473fb139 None None] get_ports_and_sgs() called for port_ids ['f5723e0c-f5ba-4bf9-bf2a-b74814149eba'] {{(pid=118284) get_ports_and_sgs /opt/stack/neutron/neutron/plugins/ml2/db.py:163}}
Aug 30 14:56:53.201390 dv-cinder-828806-5-smb neutron-server[118283]: DEBUG neutron.api.rpc.handlers.resources_rpc [None req-794bdd57-ceb2-4a9a-a438-3ecffea3aef0 service neutron] Pushing event updated for resources: {'Port': ['ID=8324c991-06d2-4bb3-a6ee-880c8946c9ea,revision_number=2']} {{(pid=118283) push /opt/stack/neutron/neutron/api/rpc/handlers/resources_rpc.py:237}}
Aug 30 14:56:53.202474 dv-cinder-828806-5-smb neutron-server[118284]: DEBUG neutron.plugins.ml2.plugin [None req-bca9730c-0bd0-408b-a836-f7d47b71ff61 None None] Port dc3ed318-5e1d-4578-8a2e-1944ab1af3fc cannot update to ACTIVE because it is not bound. {{(pid=118284) _port_provisioned /opt/stack/neutron/neutron/plugins/ml2/plugin.py:348}}
Aug 30 14:56:53.221033 dv-cinder-828806-5-smb neutron-server[118284]: DEBUG neutron.plugins.ml2.db [None req-552c5a65-6fce-409e-97a7-bd62473fb139 None None] get_ports_and_sgs() called for port_ids ['a9a21585-bc33-4959-81bd-e90ffdb57f6b'] {{(pid=118284) get_ports_and_sgs /opt/stack/neutron/neutron/plugins/ml2/db.py:163}}
Aug 30 14:56:53.244000 dv-cinder-828806-5-smb neutron-server[118283]: DEBUG neutron.plugins.ml2.drivers.helpers [None req-3626f7c4-483a-4c36-ae87-2bf9de2262cf admin admin] vlan segment allocate from pool success with {'physical_network': 'physnet1', 'vlan_id': 644} {{(pid=118283) allocate_partially_specified_segment /opt/stack/neutron/neutron/plugins/ml2/drivers/helpers.py:153}}
Aug 30 14:56:53.267416 dv-cinder-828806-5-smb neutron-server[118283]: DEBUG neutron.api.rpc.handlers.resources_rpc [None req-3626f7c4-483a-4c36-ae87-2bf9de2262cf admin admin] Pushing event updated for resources: {'SecurityGroup': ['ID=d16f08c4-00cf-4923-88a3-41cf7a60b164,revision_number=1']} {{(pid=118283) push /opt/stack/neutron/neutron/api/rpc/handlers/resources_rpc.py:237}}
Aug 30 14:56:53.278176 dv-cinder-828806-5-smb neutron-server[118283]: DEBUG neutron_lib.callbacks.manager [None req-3626f7c4-483a-4c36-ae87-2bf9de2262cf admin admin] Publish callbacks ['neutron.plugins.ml2.plugin.Ml2Plugin._handle_segment_change-2091636'] for segment (65c583a9-af95-4cbd-9ef6-d34a8e94d9ae), precommit_create {{(pid=118283) _notify_loop /usr/local/lib/python3.8/dist-packages/neutron_lib/callbacks/manager.py:176}}
Aug 30 14:56:53.278589 dv-cinder-828806-5-smb neutron-server[118283]: INFO neutron.db.segments_db [None req-3626f7c4-483a-4c36-ae87-2bf9de2262cf admin admin] Added segment 65c583a9-af95-4cbd-9ef6-d34a8e94d9ae of type vlan for network 3d207e9a-7deb-4c42-b481-502a90d54e97
Aug 30 14:56:53.359739 dv-cinder-828806-5-smb neutron-server[118283]: DEBUG neutron_lib.callbacks.manager [None req-3626f7c4-483a-4c36-ae87-2bf9de2262cf admin admin] Publish callbacks ['neutron.services.auto_allocate.db._ensure_external_network_default_value_callback-8772934522709'] for network (3d207e9a-7deb-4c42-b481-502a90d54e97), precommit_create {{(pid=118283) _notify_loop /usr/local/lib/python3.8/dist-packages/neutron_lib/callbacks/manager.py:176}}
Aug 30 14:56:53.361151 dv-cinder-828806-5-smb neutron-server[118282]: DEBUG dbcounter [-] [118282] Writing DB stats neutron:SELECT=98,neutron:UPDATE=2 {{(pid=118282) stat_writer /usr/local/lib/python3.8/dist-packages/dbcounter.py:114}}
Aug 30 14:56:53.382374 dv-cinder-828806-5-smb neutron-server[118284]: DEBUG dbcounter [-] [118284] Writing DB stats neutron:SELECT=100 {{(pid=118284) stat_writer /usr/local/lib/python3.8/dist-packages/dbcounter.py:114}}
Aug 30 14:56:53.409799 dv-cinder-828806-5-smb neutron-server[118283]: DEBUG neutron.plugins.ml2.managers [req-a576fea3-ec07-463f-973c-5dfbb95d81d1 req-794bdd57-ceb2-4a9a-a438-3ecffea3aef0 service neutron] Attempting to bind port 8324c991-06d2-4bb3-a6ee-880c8946c9ea on host hv-cinder-82880 for vnic_type normal with profile {{(pid=118283) bind_port /opt/stack/neutron/neutron/plugins/ml2/managers.py:810}}
Aug 30 14:56:53.416556 dv-cinder-828806-5-smb neutron-server[118283]: DEBUG neutron.plugins.ml2.managers [req-a576fea3-ec07-463f-973c-5dfbb95d81d1 req-794bdd57-ceb2-4a9a-a438-3ecffea3aef0 service neutron] Attempting to bind port 8324c991-06d2-4bb3-a6ee-880c8946c9ea by drivers openvswitch,hyperv on host hv-cinder-82880 at level 0 using segments [{'id': '0f792117-24fe-4562-b832-521727b0d5a5', 'network_type': 'vlan', 'physical_network': 'physnet1', 'segmentation_id': 618, 'network_id': '5d194e89-fd58-4ae9-9564-ae4290ffb207'}] {{(pid=118283) _bind_port_level /opt/stack/neutron/neutron/plugins/ml2/managers.py:835}}
Aug 30 14:56:53.416556 dv-cinder-828806-5-smb neutron-server[118283]: DEBUG neutron.plugins.ml2.drivers.mech_agent [req-a576fea3-ec07-463f-973c-5dfbb95d81d1 req-794bdd57-ceb2-4a9a-a438-3ecffea3aef0 service neutron] Attempting to bind port 8324c991-06d2-4bb3-a6ee-880c8946c9ea on network 5d194e89-fd58-4ae9-9564-ae4290ffb207 {{(pid=118283) bind_port /opt/stack/neutron/neutron/plugins/ml2/drivers/mech_agent.py:91}}
Aug 30 14:56:53.416748 dv-cinder-828806-5-smb neutron-server[118282]: DEBUG neutron.pecan_wsgi.hooks.policy_enforcement [req-4123d66f-e3da-414e-9228-67fc23e01e3b req-45ee7e66-d0fa-4066-a0c4-57e3c98eecd8 tempest-AttachVolumeTestJSON-2081788641 tempest-AttachVolumeTestJSON-2081788641-project] Attributes excluded by policy engine: ['standard_attr_id', 'binding:profile', 'binding:host_id', 'binding:vif_type', 'binding:vif_details'] {{(pid=118282) _exclude_attributes_by_policy /opt/stack/neutron/neutron/pecan_wsgi/hooks/policy_enforcement.py:259}}
Aug 30 14:56:53.425799 dv-cinder-828806-5-smb neutron-server[118283]: DEBUG neutron.pecan_wsgi.hooks.policy_enforcement [req-8e2249f2-1c5a-4230-8a4e-5c0a102f04d1 req-5ba233db-e8eb-4081-8100-b63634340c32 tempest-DeleteServersTestJSON-278185911 tempest-DeleteServersTestJSON-278185911-project] Attributes excluded by policy engine: ['standard_attr_id', 'binding:profile', 'binding:host_id', 'binding:vif_type', 'binding:vif_details'] {{(pid=118283) _exclude_attributes_by_policy /opt/stack/neutron/neutron/pecan_wsgi/hooks/policy_enforcement.py:259}}
Aug 30 14:56:53.427584 dv-cinder-828806-5-smb neutron-server[118282]: INFO neutron.wsgi [req-4123d66f-e3da-414e-9228-67fc23e01e3b req-45ee7e66-d0fa-4066-a0c4-57e3c98eecd8 tempest-AttachVolumeTestJSON-2081788641 tempest-AttachVolumeTestJSON-2081788641-project] 10.222.0.47 "GET /networking/v2.0/ports?device_id=c25d4bb5-906b-4cdb-94e2-1a9137055ba5 HTTP/1.1" status: 200 len: 943 time: 0.0762179
Aug 30 14:56:53.428245 dv-cinder-828806-5-smb neutron-server[118283]: INFO neutron.wsgi [req-8e2249f2-1c5a-4230-8a4e-5c0a102f04d1 req-5ba233db-e8eb-4081-8100-b63634340c32 tempest-DeleteServersTestJSON-278185911 tempest-DeleteServersTestJSON-278185911-project] 10.222.0.47 "GET /networking/v2.0/ports?device_id=9ab845f7-e1d6-42c3-948e-df40f3499a7a HTTP/1.1" status: 200 len: 944 time: 0.0910506
Aug 30 14:56:53.430472 dv-cinder-828806-5-smb neutron-server[118283]: DEBUG neutron.plugins.ml2.drivers.mech_agent [req-a576fea3-ec07-463f-973c-5dfbb95d81d1 req-794bdd57-ceb2-4a9a-a438-3ecffea3aef0 service neutron] Port 8324c991-06d2-4bb3-a6ee-880c8946c9ea on network 5d194e89-fd58-4ae9-9564-ae4290ffb207 not bound, no agent of type Open vSwitch agent registered on host hv-cinder-82880 {{(pid=118283) bind_port /opt/stack/neutron/neutron/plugins/ml2/drivers/mech_agent.py:103}}
Aug 30 14:56:53.430779 dv-cinder-828806-5-smb neutron-server[118283]: DEBUG neutron.plugins.ml2.drivers.mech_agent [req-a576fea3-ec07-463f-973c-5dfbb95d81d1 req-794bdd57-ceb2-4a9a-a438-3ecffea3aef0 service neutron] Attempting to bind port 8324c991-06d2-4bb3-a6ee-880c8946c9ea on network 5d194e89-fd58-4ae9-9564-ae4290ffb207 {{(pid=118283) bind_port /opt/stack/neutron/neutron/plugins/ml2/drivers/mech_agent.py:91}}
Aug 30 14:56:53.456885 dv-cinder-828806-5-smb neutron-server[118283]: DEBUG neutron.plugins.ml2.drivers.mech_agent [req-a576fea3-ec07-463f-973c-5dfbb95d81d1 req-794bdd57-ceb2-4a9a-a438-3ecffea3aef0 service neutron] Checking agent: {'id': 'd8f8e2e2-19a1-4e6c-8184-a757fa592c0b', 'agent_type': 'HyperV agent', 'binary': 'neutron-hyperv-agent', 'topic': 'N/A', 'host': 'hv-cinder-82880', 'admin_state_up': True, 'created_at': datetime.datetime(2022, 8, 30, 14, 54, 13), 'started_at': datetime.datetime(2022, 8, 30, 14, 54, 13), 'heartbeat_timestamp': datetime.datetime(2022, 8, 30, 14, 56, 43), 'description': None, 'resources_synced': None, 'availability_zone': None, 'alive': True, 'configurations': {'vswitch_mappings': {'physnet1$': 'br-data'}}, 'resource_versions': {}} {{(pid=118283) bind_port /opt/stack/neutron/neutron/plugins/ml2/drivers/mech_agent.py:110}}
Aug 30 14:56:53.457224 dv-cinder-828806-5-smb neutron-server[118283]: DEBUG neutron.plugins.ml2.drivers.mech_agent [req-a576fea3-ec07-463f-973c-5dfbb95d81d1 req-794bdd57-ceb2-4a9a-a438-3ecffea3aef0 service neutron] Checking segment: {'id': '0f792117-24fe-4562-b832-521727b0d5a5', 'network_type': 'vlan', 'physical_network': 'physnet1', 'segmentation_id': 618, 'network_id': '5d194e89-fd58-4ae9-9564-ae4290ffb207'} for mappings: {'physnet1$': 'br-data'} with network types: ['local', 'flat', 'vlan'] {{(pid=118283) check_segment_for_agent /opt/stack/neutron/neutron/plugins/ml2/drivers/mech_agent.py:373}}
