Aug 30 15:00:23.711371 dv-cinder-828806-5-smb devstack@g-api.service[126575]: [pid: 126575|app: 0|req: 118/223] 127.0.0.1 () {40 vars in 864 bytes} [Tue Aug 30 15:00:12 2022] GET /v2/images/c1073a8e-bd9a-465a-9450-1ebd50f5710f/file => generated 645922816 bytes in 10880 msecs (HTTP/1.1 200) 5 headers in 218 bytes (10109 switches on core 0)
Aug 30 15:00:24.052625 dv-cinder-828806-5-smb devstack@g-api.service[126574]: DEBUG glance.api.middleware.version_negotiation [None req-8f92db2b-3ce9-4f33-a45b-983baa7e0a27 tempest-TestShelveInstance-87124360 tempest-TestShelveInstance-87124360-project] Determining version of request: GET /v2/images/c1073a8e-bd9a-465a-9450-1ebd50f5710f Accept: */* {{(pid=126574) process_request /opt/stack/glance/glance/api/middleware/version_negotiation.py:44}}
Aug 30 15:00:24.053115 dv-cinder-828806-5-smb devstack@g-api.service[126574]: DEBUG glance.api.middleware.version_negotiation [None req-8f92db2b-3ce9-4f33-a45b-983baa7e0a27 tempest-TestShelveInstance-87124360 tempest-TestShelveInstance-87124360-project] Using url versioning {{(pid=126574) process_request /opt/stack/glance/glance/api/middleware/version_negotiation.py:57}}
Aug 30 15:00:24.053264 dv-cinder-828806-5-smb devstack@g-api.service[126574]: DEBUG glance.api.middleware.version_negotiation [None req-8f92db2b-3ce9-4f33-a45b-983baa7e0a27 tempest-TestShelveInstance-87124360 tempest-TestShelveInstance-87124360-project] Matched version: v2 {{(pid=126574) process_request /opt/stack/glance/glance/api/middleware/version_negotiation.py:69}}
Aug 30 15:00:24.053539 dv-cinder-828806-5-smb devstack@g-api.service[126574]: DEBUG glance.api.middleware.version_negotiation [None req-8f92db2b-3ce9-4f33-a45b-983baa7e0a27 tempest-TestShelveInstance-87124360 tempest-TestShelveInstance-87124360-project] new path /v2/images/c1073a8e-bd9a-465a-9450-1ebd50f5710f {{(pid=126574) process_request /opt/stack/glance/glance/api/middleware/version_negotiation.py:70}}
Aug 30 15:00:24.069470 dv-cinder-828806-5-smb devstack@g-api.service[126574]: [pid: 126574|app: 0|req: 106/224] 127.0.0.1 () {40 vars in 854 bytes} [Tue Aug 30 15:00:24 2022] GET /v2/images/c1073a8e-bd9a-465a-9450-1ebd50f5710f => generated 946 bytes in 17 msecs (HTTP/1.1 200) 4 headers in 157 bytes (1 switches on core 0)
Aug 30 15:00:24.078105 dv-cinder-828806-5-smb devstack@g-api.service[126575]: DEBUG glance.api.middleware.version_negotiation [None req-8f92db2b-3ce9-4f33-a45b-983baa7e0a27 tempest-TestShelveInstance-87124360 tempest-TestShelveInstance-87124360-project] Determining version of request: GET /v2/schemas/image Accept: */* {{(pid=126575) process_request /opt/stack/glance/glance/api/middleware/version_negotiation.py:44}}
Aug 30 15:00:24.078608 dv-cinder-828806-5-smb devstack@g-api.service[126575]: DEBUG glance.api.middleware.version_negotiation [None req-8f92db2b-3ce9-4f33-a45b-983baa7e0a27 tempest-TestShelveInstance-87124360 tempest-TestShelveInstance-87124360-project] Using url versioning {{(pid=126575) process_request /opt/stack/glance/glance/api/middleware/version_negotiation.py:57}}
Aug 30 15:00:24.078781 dv-cinder-828806-5-smb devstack@g-api.service[126575]: DEBUG glance.api.middleware.version_negotiation [None req-8f92db2b-3ce9-4f33-a45b-983baa7e0a27 tempest-TestShelveInstance-87124360 tempest-TestShelveInstance-87124360-project] Matched version: v2 {{(pid=126575) process_request /opt/stack/glance/glance/api/middleware/version_negotiation.py:69}}
Aug 30 15:00:24.079088 dv-cinder-828806-5-smb devstack@g-api.service[126575]: DEBUG glance.api.middleware.version_negotiation [None req-8f92db2b-3ce9-4f33-a45b-983baa7e0a27 tempest-TestShelveInstance-87124360 tempest-TestShelveInstance-87124360-project] new path /v2/schemas/image {{(pid=126575) process_request /opt/stack/glance/glance/api/middleware/version_negotiation.py:70}}
Aug 30 15:00:24.083410 dv-cinder-828806-5-smb devstack@g-api.service[126575]: [pid: 126575|app: 0|req: 119/225] 127.0.0.1 () {40 vars in 794 bytes} [Tue Aug 30 15:00:24 2022] GET /v2/schemas/image => generated 6083 bytes in 6 msecs (HTTP/1.1 200) 4 headers in 158 bytes (1 switches on core 0)
Aug 30 15:00:24.263551 dv-cinder-828806-5-smb devstack@g-api.service[126574]: DEBUG glance.api.middleware.version_negotiation [None req-8f92db2b-3ce9-4f33-a45b-983baa7e0a27 tempest-TestShelveInstance-87124360 tempest-TestShelveInstance-87124360-project] Determining version of request: GET /v2/images/c1073a8e-bd9a-465a-9450-1ebd50f5710f Accept: */* {{(pid=126574) process_request /opt/stack/glance/glance/api/middleware/version_negotiation.py:44}}
Aug 30 15:00:24.263890 dv-cinder-828806-5-smb devstack@g-api.service[126574]: DEBUG glance.api.middleware.version_negotiation [None req-8f92db2b-3ce9-4f33-a45b-983baa7e0a27 tempest-TestShelveInstance-87124360 tempest-TestShelveInstance-87124360-project] Using url versioning {{(pid=126574) process_request /opt/stack/glance/glance/api/middleware/version_negotiation.py:57}}
Aug 30 15:00:24.264205 dv-cinder-828806-5-smb devstack@g-api.service[126574]: DEBUG glance.api.middleware.version_negotiation [None req-8f92db2b-3ce9-4f33-a45b-983baa7e0a27 tempest-TestShelveInstance-87124360 tempest-TestShelveInstance-87124360-project] Matched version: v2 {{(pid=126574) process_request /opt/stack/glance/glance/api/middleware/version_negotiation.py:69}}
Aug 30 15:00:24.264482 dv-cinder-828806-5-smb devstack@g-api.service[126574]: DEBUG glance.api.middleware.version_negotiation [None req-8f92db2b-3ce9-4f33-a45b-983baa7e0a27 tempest-TestShelveInstance-87124360 tempest-TestShelveInstance-87124360-project] new path /v2/images/c1073a8e-bd9a-465a-9450-1ebd50f5710f {{(pid=126574) process_request /opt/stack/glance/glance/api/middleware/version_negotiation.py:70}}
Aug 30 15:00:24.280043 dv-cinder-828806-5-smb devstack@g-api.service[126574]: [pid: 126574|app: 0|req: 107/226] 127.0.0.1 () {40 vars in 854 bytes} [Tue Aug 30 15:00:24 2022] GET /v2/images/c1073a8e-bd9a-465a-9450-1ebd50f5710f => generated 946 bytes in 17 msecs (HTTP/1.1 200) 4 headers in 157 bytes (1 switches on core 0)
Aug 30 15:00:24.313742 dv-cinder-828806-5-smb devstack@g-api.service[126575]: DEBUG glance.api.middleware.version_negotiation [None req-8f92db2b-3ce9-4f33-a45b-983baa7e0a27 tempest-TestShelveInstance-87124360 tempest-TestShelveInstance-87124360-project] Determining version of request: GET /v2/schemas/image Accept: */* {{(pid=126575) process_request /opt/stack/glance/glance/api/middleware/version_negotiation.py:44}}
Aug 30 15:00:24.314082 dv-cinder-828806-5-smb devstack@g-api.service[126575]: DEBUG glance.api.middleware.version_negotiation [None req-8f92db2b-3ce9-4f33-a45b-983baa7e0a27 tempest-TestShelveInstance-87124360 tempest-TestShelveInstance-87124360-project] Using url versioning {{(pid=126575) process_request /opt/stack/glance/glance/api/middleware/version_negotiation.py:57}}
Aug 30 15:00:24.314399 dv-cinder-828806-5-smb devstack@g-api.service[126575]: DEBUG glance.api.middleware.version_negotiation [None req-8f92db2b-3ce9-4f33-a45b-983baa7e0a27 tempest-TestShelveInstance-87124360 tempest-TestShelveInstance-87124360-project] Matched version: v2 {{(pid=126575) process_request /opt/stack/glance/glance/api/middleware/version_negotiation.py:69}}
Aug 30 15:00:24.314714 dv-cinder-828806-5-smb devstack@g-api.service[126575]: DEBUG glance.api.middleware.version_negotiation [None req-8f92db2b-3ce9-4f33-a45b-983baa7e0a27 tempest-TestShelveInstance-87124360 tempest-TestShelveInstance-87124360-project] new path /v2/schemas/image {{(pid=126575) process_request /opt/stack/glance/glance/api/middleware/version_negotiation.py:70}}
Aug 30 15:00:24.318723 dv-cinder-828806-5-smb devstack@g-api.service[126575]: [pid: 126575|app: 0|req: 120/227] 127.0.0.1 () {40 vars in 794 bytes} [Tue Aug 30 15:00:24 2022] GET /v2/schemas/image => generated 6083 bytes in 5 msecs (HTTP/1.1 200) 4 headers in 158 bytes (1 switches on core 0)
Aug 30 15:00:24.780340 dv-cinder-828806-5-smb devstack@g-api.service[126574]: DEBUG glance.api.middleware.version_negotiation [None req-8f92db2b-3ce9-4f33-a45b-983baa7e0a27 tempest-TestShelveInstance-87124360 tempest-TestShelveInstance-87124360-project] Determining version of request: GET /v2/images/c1073a8e-bd9a-465a-9450-1ebd50f5710f Accept: */* {{(pid=126574) process_request /opt/stack/glance/glance/api/middleware/version_negotiation.py:44}}
Aug 30 15:00:24.781348 dv-cinder-828806-5-smb devstack@g-api.service[126574]: DEBUG glance.api.middleware.version_negotiation [None req-8f92db2b-3ce9-4f33-a45b-983baa7e0a27 tempest-TestShelveInstance-87124360 tempest-TestShelveInstance-87124360-project] Using url versioning {{(pid=126574) process_request /opt/stack/glance/glance/api/middleware/version_negotiation.py:57}}
Aug 30 15:00:24.781891 dv-cinder-828806-5-smb devstack@g-api.service[126574]: DEBUG glance.api.middleware.version_negotiation [None req-8f92db2b-3ce9-4f33-a45b-983baa7e0a27 tempest-TestShelveInstance-87124360 tempest-TestShelveInstance-87124360-project] Matched version: v2 {{(pid=126574) process_request /opt/stack/glance/glance/api/middleware/version_negotiation.py:69}}
Aug 30 15:00:24.782296 dv-cinder-828806-5-smb devstack@g-api.service[126574]: DEBUG glance.api.middleware.version_negotiation [None req-8f92db2b-3ce9-4f33-a45b-983baa7e0a27 tempest-TestShelveInstance-87124360 tempest-TestShelveInstance-87124360-project] new path /v2/images/c1073a8e-bd9a-465a-9450-1ebd50f5710f {{(pid=126574) process_request /opt/stack/glance/glance/api/middleware/version_negotiation.py:70}}
Aug 30 15:00:24.800563 dv-cinder-828806-5-smb devstack@g-api.service[126574]: [pid: 126574|app: 0|req: 108/228] 127.0.0.1 () {40 vars in 854 bytes} [Tue Aug 30 15:00:24 2022] GET /v2/images/c1073a8e-bd9a-465a-9450-1ebd50f5710f => generated 946 bytes in 21 msecs (HTTP/1.1 200) 4 headers in 157 bytes (1 switches on core 0)
Aug 30 15:00:24.807287 dv-cinder-828806-5-smb devstack@g-api.service[126575]: DEBUG glance.api.middleware.version_negotiation [None req-8f92db2b-3ce9-4f33-a45b-983baa7e0a27 tempest-TestShelveInstance-87124360 tempest-TestShelveInstance-87124360-project] Determining version of request: GET /v2/schemas/image Accept: */* {{(pid=126575) process_request /opt/stack/glance/glance/api/middleware/version_negotiation.py:44}}
Aug 30 15:00:24.807769 dv-cinder-828806-5-smb devstack@g-api.service[126575]: DEBUG glance.api.middleware.version_negotiation [None req-8f92db2b-3ce9-4f33-a45b-983baa7e0a27 tempest-TestShelveInstance-87124360 tempest-TestShelveInstance-87124360-project] Using url versioning {{(pid=126575) process_request /opt/stack/glance/glance/api/middleware/version_negotiation.py:57}}
Aug 30 15:00:24.808232 dv-cinder-828806-5-smb devstack@g-api.service[126575]: DEBUG glance.api.middleware.version_negotiation [None req-8f92db2b-3ce9-4f33-a45b-983baa7e0a27 tempest-TestShelveInstance-87124360 tempest-TestShelveInstance-87124360-project] Matched version: v2 {{(pid=126575) process_request /opt/stack/glance/glance/api/middleware/version_negotiation.py:69}}
Aug 30 15:00:24.808564 dv-cinder-828806-5-smb devstack@g-api.service[126575]: DEBUG glance.api.middleware.version_negotiation [None req-8f92db2b-3ce9-4f33-a45b-983baa7e0a27 tempest-TestShelveInstance-87124360 tempest-TestShelveInstance-87124360-project] new path /v2/schemas/image {{(pid=126575) process_request /opt/stack/glance/glance/api/middleware/version_negotiation.py:70}}
Aug 30 15:00:24.815299 dv-cinder-828806-5-smb devstack@g-api.service[126575]: [pid: 126575|app: 0|req: 121/229] 127.0.0.1 () {40 vars in 794 bytes} [Tue Aug 30 15:00:24 2022] GET /v2/schemas/image => generated 6083 bytes in 7 msecs (HTTP/1.1 200) 4 headers in 158 bytes (1 switches on core 0)
Aug 30 15:00:34.432914 dv-cinder-828806-5-smb devstack@g-api.service[126574]: DEBUG glance.api.middleware.version_negotiation [None req-8f92db2b-3ce9-4f33-a45b-983baa7e0a27 tempest-TestShelveInstance-87124360 tempest-TestShelveInstance-87124360-project] Determining version of request: GET /v2/images/c1073a8e-bd9a-465a-9450-1ebd50f5710f Accept: */* {{(pid=126574) process_request /opt/stack/glance/glance/api/middleware/version_negotiation.py:44}}
Aug 30 15:00:34.433524 dv-cinder-828806-5-smb devstack@g-api.service[126574]: DEBUG glance.api.middleware.version_negotiation [None req-8f92db2b-3ce9-4f33-a45b-983baa7e0a27 tempest-TestShelveInstance-87124360 tempest-TestShelveInstance-87124360-project] Using url versioning {{(pid=126574) process_request /opt/stack/glance/glance/api/middleware/version_negotiation.py:57}}
Aug 30 15:00:34.433524 dv-cinder-828806-5-smb devstack@g-api.service[126574]: DEBUG glance.api.middleware.version_negotiation [None req-8f92db2b-3ce9-4f33-a45b-983baa7e0a27 tempest-TestShelveInstance-87124360 tempest-TestShelveInstance-87124360-project] Matched version: v2 {{(pid=126574) process_request /opt/stack/glance/glance/api/middleware/version_negotiation.py:69}}
Aug 30 15:00:34.433816 dv-cinder-828806-5-smb devstack@g-api.service[126574]: DEBUG glance.api.middleware.version_negotiation [None req-8f92db2b-3ce9-4f33-a45b-983baa7e0a27 tempest-TestShelveInstance-87124360 tempest-TestShelveInstance-87124360-project] new path /v2/images/c1073a8e-bd9a-465a-9450-1ebd50f5710f {{(pid=126574) process_request /opt/stack/glance/glance/api/middleware/version_negotiation.py:70}}
Aug 30 15:00:34.450351 dv-cinder-828806-5-smb devstack@g-api.service[126574]: [pid: 126574|app: 0|req: 109/230] 127.0.0.1 () {42 vars in 1061 bytes} [Tue Aug 30 15:00:34 2022] GET /v2/images/c1073a8e-bd9a-465a-9450-1ebd50f5710f => generated 946 bytes in 18 msecs (HTTP/1.1 200) 4 headers in 157 bytes (1 switches on core 0)
Aug 30 15:00:34.455576 dv-cinder-828806-5-smb devstack@g-api.service[126575]: DEBUG glance.api.middleware.version_negotiation [None req-8f92db2b-3ce9-4f33-a45b-983baa7e0a27 tempest-TestShelveInstance-87124360 tempest-TestShelveInstance-87124360-project] Determining version of request: GET /v2/schemas/image Accept: */* {{(pid=126575) process_request /opt/stack/glance/glance/api/middleware/version_negotiation.py:44}}
Aug 30 15:00:34.456031 dv-cinder-828806-5-smb devstack@g-api.service[126575]: DEBUG glance.api.middleware.version_negotiation [None req-8f92db2b-3ce9-4f33-a45b-983baa7e0a27 tempest-TestShelveInstance-87124360 tempest-TestShelveInstance-87124360-project] Using url versioning {{(pid=126575) process_request /opt/stack/glance/glance/api/middleware/version_negotiation.py:57}}
Aug 30 15:00:34.456336 dv-cinder-828806-5-smb devstack@g-api.service[126575]: DEBUG glance.api.middleware.version_negotiation [None req-8f92db2b-3ce9-4f33-a45b-983baa7e0a27 tempest-TestShelveInstance-87124360 tempest-TestShelveInstance-87124360-project] Matched version: v2 {{(pid=126575) process_request /opt/stack/glance/glance/api/middleware/version_negotiation.py:69}}
Aug 30 15:00:34.456679 dv-cinder-828806-5-smb devstack@g-api.service[126575]: DEBUG glance.api.middleware.version_negotiation [None req-8f92db2b-3ce9-4f33-a45b-983baa7e0a27 tempest-TestShelveInstance-87124360 tempest-TestShelveInstance-87124360-project] new path /v2/schemas/image {{(pid=126575) process_request /opt/stack/glance/glance/api/middleware/version_negotiation.py:70}}
Aug 30 15:00:34.461420 dv-cinder-828806-5-smb devstack@g-api.service[126575]: [pid: 126575|app: 0|req: 122/231] 127.0.0.1 () {42 vars in 1001 bytes} [Tue Aug 30 15:00:34 2022] GET /v2/schemas/image => generated 6083 bytes in 6 msecs (HTTP/1.1 200) 4 headers in 158 bytes (1 switches on core 0)
Aug 30 15:00:37.883038 dv-cinder-828806-5-smb devstack@g-api.service[126574]: DEBUG glance.api.middleware.version_negotiation [None req-b63ffba2-6317-4ee5-bc0e-5435b4563251 tempest-AttachVolumeTestJSON-2081788641 tempest-AttachVolumeTestJSON-2081788641-project] Determining version of request: GET /v2/images/c1073a8e-bd9a-465a-9450-1ebd50f5710f Accept: */* {{(pid=126574) process_request /opt/stack/glance/glance/api/middleware/version_negotiation.py:44}}
Aug 30 15:00:37.883548 dv-cinder-828806-5-smb devstack@g-api.service[126574]: DEBUG glance.api.middleware.version_negotiation [None req-b63ffba2-6317-4ee5-bc0e-5435b4563251 tempest-AttachVolumeTestJSON-2081788641 tempest-AttachVolumeTestJSON-2081788641-project] Using url versioning {{(pid=126574) process_request /opt/stack/glance/glance/api/middleware/version_negotiation.py:57}}
Aug 30 15:00:37.883663 dv-cinder-828806-5-smb devstack@g-api.service[126574]: DEBUG glance.api.middleware.version_negotiation [None req-b63ffba2-6317-4ee5-bc0e-5435b4563251 tempest-AttachVolumeTestJSON-2081788641 tempest-AttachVolumeTestJSON-2081788641-project] Matched version: v2 {{(pid=126574) process_request /opt/stack/glance/glance/api/middleware/version_negotiation.py:69}}
Aug 30 15:00:37.883963 dv-cinder-828806-5-smb devstack@g-api.service[126574]: DEBUG glance.api.middleware.version_negotiation [None req-b63ffba2-6317-4ee5-bc0e-5435b4563251 tempest-AttachVolumeTestJSON-2081788641 tempest-AttachVolumeTestJSON-2081788641-project] new path /v2/images/c1073a8e-bd9a-465a-9450-1ebd50f5710f {{(pid=126574) process_request /opt/stack/glance/glance/api/middleware/version_negotiation.py:70}}
Aug 30 15:00:37.900077 dv-cinder-828806-5-smb devstack@g-api.service[126574]: [pid: 126574|app: 0|req: 110/232] 127.0.0.1 () {40 vars in 854 bytes} [Tue Aug 30 15:00:37 2022] GET /v2/images/c1073a8e-bd9a-465a-9450-1ebd50f5710f => generated 946 bytes in 18 msecs (HTTP/1.1 200) 4 headers in 157 bytes (1 switches on core 0)
Aug 30 15:00:37.911595 dv-cinder-828806-5-smb devstack@g-api.service[126575]: DEBUG glance.api.middleware.version_negotiation [None req-b63ffba2-6317-4ee5-bc0e-5435b4563251 tempest-AttachVolumeTestJSON-2081788641 tempest-AttachVolumeTestJSON-2081788641-project] Determining version of request: GET /v2/schemas/image Accept: */* {{(pid=126575) process_request /opt/stack/glance/glance/api/middleware/version_negotiation.py:44}}
Aug 30 15:00:37.912091 dv-cinder-828806-5-smb devstack@g-api.service[126575]: DEBUG glance.api.middleware.version_negotiation [None req-b63ffba2-6317-4ee5-bc0e-5435b4563251 tempest-AttachVolumeTestJSON-2081788641 tempest-AttachVolumeTestJSON-2081788641-project] Using url versioning {{(pid=126575) process_request /opt/stack/glance/glance/api/middleware/version_negotiation.py:57}}
Aug 30 15:00:37.912353 dv-cinder-828806-5-smb devstack@g-api.service[126575]: DEBUG glance.api.middleware.version_negotiation [None req-b63ffba2-6317-4ee5-bc0e-5435b4563251 tempest-AttachVolumeTestJSON-2081788641 tempest-AttachVolumeTestJSON-2081788641-project] Matched version: v2 {{(pid=126575) process_request /opt/stack/glance/glance/api/middleware/version_negotiation.py:69}}
Aug 30 15:00:37.912636 dv-cinder-828806-5-smb devstack@g-api.service[126575]: DEBUG glance.api.middleware.version_negotiation [None req-b63ffba2-6317-4ee5-bc0e-5435b4563251 tempest-AttachVolumeTestJSON-2081788641 tempest-AttachVolumeTestJSON-2081788641-project] new path /v2/schemas/image {{(pid=126575) process_request /opt/stack/glance/glance/api/middleware/version_negotiation.py:70}}
Aug 30 15:00:37.916650 dv-cinder-828806-5-smb devstack@g-api.service[126575]: [pid: 126575|app: 0|req: 123/233] 127.0.0.1 () {40 vars in 794 bytes} [Tue Aug 30 15:00:37 2022] GET /v2/schemas/image => generated 6083 bytes in 5 msecs (HTTP/1.1 200) 4 headers in 158 bytes (1 switches on core 0)
Aug 30 15:00:47.896596 dv-cinder-828806-5-smb devstack@g-api.service[126574]: DEBUG dbcounter [-] [126574] Writing DB stats glance:SELECT=20 {{(pid=126574) stat_writer /usr/local/lib/python3.8/dist-packages/dbcounter.py:114}}
Aug 30 15:01:04.897430 dv-cinder-828806-5-smb devstack@g-api.service[126574]: DEBUG glance.api.middleware.version_negotiation [None req-b63ffba2-6317-4ee5-bc0e-5435b4563251 tempest-AttachVolumeTestJSON-2081788641 tempest-AttachVolumeTestJSON-2081788641-project] Determining version of request: GET /v2/images/c1073a8e-bd9a-465a-9450-1ebd50f5710f Accept: */* {{(pid=126574) process_request /opt/stack/glance/glance/api/middleware/version_negotiation.py:44}}
Aug 30 15:01:04.898162 dv-cinder-828806-5-smb devstack@g-api.service[126574]: DEBUG glance.api.middleware.version_negotiation [None req-b63ffba2-6317-4ee5-bc0e-5435b4563251 tempest-AttachVolumeTestJSON-2081788641 tempest-AttachVolumeTestJSON-2081788641-project] Using url versioning {{(pid=126574) process_request /opt/stack/glance/glance/api/middleware/version_negotiation.py:57}}
Aug 30 15:01:04.898162 dv-cinder-828806-5-smb devstack@g-api.service[126574]: DEBUG glance.api.middleware.version_negotiation [None req-b63ffba2-6317-4ee5-bc0e-5435b4563251 tempest-AttachVolumeTestJSON-2081788641 tempest-AttachVolumeTestJSON-2081788641-project] Matched version: v2 {{(pid=126574) process_request /opt/stack/glance/glance/api/middleware/version_negotiation.py:69}}
Aug 30 15:01:04.898569 dv-cinder-828806-5-smb devstack@g-api.service[126574]: DEBUG glance.api.middleware.version_negotiation [None req-b63ffba2-6317-4ee5-bc0e-5435b4563251 tempest-AttachVolumeTestJSON-2081788641 tempest-AttachVolumeTestJSON-2081788641-project] new path /v2/images/c1073a8e-bd9a-465a-9450-1ebd50f5710f {{(pid=126574) process_request /opt/stack/glance/glance/api/middleware/version_negotiation.py:70}}
Aug 30 15:01:04.915569 dv-cinder-828806-5-smb devstack@g-api.service[126574]: [pid: 126574|app: 0|req: 111/234] 127.0.0.1 () {42 vars in 1061 bytes} [Tue Aug 30 15:01:04 2022] GET /v2/images/c1073a8e-bd9a-465a-9450-1ebd50f5710f => generated 946 bytes in 18 msecs (HTTP/1.1 200) 4 headers in 157 bytes (1 switches on core 0)
Aug 30 15:01:04.920783 dv-cinder-828806-5-smb devstack@g-api.service[126575]: DEBUG glance.api.middleware.version_negotiation [None req-b63ffba2-6317-4ee5-bc0e-5435b4563251 tempest-AttachVolumeTestJSON-2081788641 tempest-AttachVolumeTestJSON-2081788641-project] Determining version of request: GET /v2/schemas/image Accept: */* {{(pid=126575) process_request /opt/stack/glance/glance/api/middleware/version_negotiation.py:44}}
Aug 30 15:01:04.921285 dv-cinder-828806-5-smb devstack@g-api.service[126575]: DEBUG glance.api.middleware.version_negotiation [None req-b63ffba2-6317-4ee5-bc0e-5435b4563251 tempest-AttachVolumeTestJSON-2081788641 tempest-AttachVolumeTestJSON-2081788641-project] Using url versioning {{(pid=126575) process_request /opt/stack/glance/glance/api/middleware/version_negotiation.py:57}}
Aug 30 15:01:04.921417 dv-cinder-828806-5-smb devstack@g-api.service[126575]: DEBUG glance.api.middleware.version_negotiation [None req-b63ffba2-6317-4ee5-bc0e-5435b4563251 tempest-AttachVolumeTestJSON-2081788641 tempest-AttachVolumeTestJSON-2081788641-project] Matched version: v2 {{(pid=126575) process_request /opt/stack/glance/glance/api/middleware/version_negotiation.py:69}}
Aug 30 15:01:04.921688 dv-cinder-828806-5-smb devstack@g-api.service[126575]: DEBUG glance.api.middleware.version_negotiation [None req-b63ffba2-6317-4ee5-bc0e-5435b4563251 tempest-AttachVolumeTestJSON-2081788641 tempest-AttachVolumeTestJSON-2081788641-project] new path /v2/schemas/image {{(pid=126575) process_request /opt/stack/glance/glance/api/middleware/version_negotiation.py:70}}
Aug 30 15:01:04.926068 dv-cinder-828806-5-smb devstack@g-api.service[126575]: [pid: 126575|app: 0|req: 124/235] 127.0.0.1 () {42 vars in 1001 bytes} [Tue Aug 30 15:01:04 2022] GET /v2/schemas/image => generated 6083 bytes in 6 msecs (HTTP/1.1 200) 4 headers in 158 bytes (1 switches on core 0)
Aug 30 15:01:10.686503 dv-cinder-828806-5-smb devstack@g-api.service[126574]: DEBUG glance.api.middleware.version_negotiation [None req-8abe3083-5e76-4f5f-bb2d-ca9cace2e837 tempest-AttachVolumeShelveTestJSON-898774077 tempest-AttachVolumeShelveTestJSON-898774077-project] Determining version of request: GET /v2/images/c1073a8e-bd9a-465a-9450-1ebd50f5710f Accept: */* {{(pid=126574) process_request /opt/stack/glance/glance/api/middleware/version_negotiation.py:44}}
Aug 30 15:01:10.687348 dv-cinder-828806-5-smb devstack@g-api.service[126574]: DEBUG glance.api.middleware.version_negotiation [None req-8abe3083-5e76-4f5f-bb2d-ca9cace2e837 tempest-AttachVolumeShelveTestJSON-898774077 tempest-AttachVolumeShelveTestJSON-898774077-project] Using url versioning {{(pid=126574) process_request /opt/stack/glance/glance/api/middleware/version_negotiation.py:57}}
Aug 30 15:01:10.687821 dv-cinder-828806-5-smb devstack@g-api.service[126574]: DEBUG glance.api.middleware.version_negotiation [None req-8abe3083-5e76-4f5f-bb2d-ca9cace2e837 tempest-AttachVolumeShelveTestJSON-898774077 tempest-AttachVolumeShelveTestJSON-898774077-project] Matched version: v2 {{(pid=126574) process_request /opt/stack/glance/glance/api/middleware/version_negotiation.py:69}}
Aug 30 15:01:10.694931 dv-cinder-828806-5-smb devstack@g-api.service[126574]: DEBUG glance.api.middleware.version_negotiation [None req-8abe3083-5e76-4f5f-bb2d-ca9cace2e837 tempest-AttachVolumeShelveTestJSON-898774077 tempest-AttachVolumeShelveTestJSON-898774077-project] new path /v2/images/c1073a8e-bd9a-465a-9450-1ebd50f5710f {{(pid=126574) process_request /opt/stack/glance/glance/api/middleware/version_negotiation.py:70}}
Aug 30 15:01:10.717668 dv-cinder-828806-5-smb devstack@g-api.service[126574]: [pid: 126574|app: 0|req: 112/236] 127.0.0.1 () {40 vars in 854 bytes} [Tue Aug 30 15:01:10 2022] GET /v2/images/c1073a8e-bd9a-465a-9450-1ebd50f5710f => generated 946 bytes in 31 msecs (HTTP/1.1 200) 4 headers in 157 bytes (1 switches on core 0)
Aug 30 15:01:10.732698 dv-cinder-828806-5-smb devstack@g-api.service[126575]: DEBUG glance.api.middleware.version_negotiation [None req-8abe3083-5e76-4f5f-bb2d-ca9cace2e837 tempest-AttachVolumeShelveTestJSON-898774077 tempest-AttachVolumeShelveTestJSON-898774077-project] Determining version of request: GET /v2/schemas/image Accept: */* {{(pid=126575) process_request /opt/stack/glance/glance/api/middleware/version_negotiation.py:44}}
Aug 30 15:01:10.733179 dv-cinder-828806-5-smb devstack@g-api.service[126575]: DEBUG glance.api.middleware.version_negotiation [None req-8abe3083-5e76-4f5f-bb2d-ca9cace2e837 tempest-AttachVolumeShelveTestJSON-898774077 tempest-AttachVolumeShelveTestJSON-898774077-project] Using url versioning {{(pid=126575) process_request /opt/stack/glance/glance/api/middleware/version_negotiation.py:57}}
Aug 30 15:01:10.733401 dv-cinder-828806-5-smb devstack@g-api.service[126575]: DEBUG glance.api.middleware.version_negotiation [None req-8abe3083-5e76-4f5f-bb2d-ca9cace2e837 tempest-AttachVolumeShelveTestJSON-898774077 tempest-AttachVolumeShelveTestJSON-898774077-project] Matched version: v2 {{(pid=126575) process_request /opt/stack/glance/glance/api/middleware/version_negotiation.py:69}}
Aug 30 15:01:10.733691 dv-cinder-828806-5-smb devstack@g-api.service[126575]: DEBUG glance.api.middleware.version_negotiation [None req-8abe3083-5e76-4f5f-bb2d-ca9cace2e837 tempest-AttachVolumeShelveTestJSON-898774077 tempest-AttachVolumeShelveTestJSON-898774077-project] new path /v2/schemas/image {{(pid=126575) process_request /opt/stack/glance/glance/api/middleware/version_negotiation.py:70}}
Aug 30 15:01:10.737708 dv-cinder-828806-5-smb devstack@g-api.service[126575]: [pid: 126575|app: 0|req: 125/237] 127.0.0.1 () {40 vars in 794 bytes} [Tue Aug 30 15:01:10 2022] GET /v2/schemas/image => generated 6083 bytes in 5 msecs (HTTP/1.1 200) 4 headers in 158 bytes (1 switches on core 0)
Aug 30 15:01:19.886266 dv-cinder-828806-5-smb devstack@g-api.service[126574]: DEBUG glance.api.middleware.version_negotiation [None req-8abe3083-5e76-4f5f-bb2d-ca9cace2e837 tempest-AttachVolumeShelveTestJSON-898774077 tempest-AttachVolumeShelveTestJSON-898774077-project] Determining version of request: GET /v2/images/c1073a8e-bd9a-465a-9450-1ebd50f5710f Accept: */* {{(pid=126574) process_request /opt/stack/glance/glance/api/middleware/version_negotiation.py:44}}
Aug 30 15:01:19.886798 dv-cinder-828806-5-smb devstack@g-api.service[126574]: DEBUG glance.api.middleware.version_negotiation [None req-8abe3083-5e76-4f5f-bb2d-ca9cace2e837 tempest-AttachVolumeShelveTestJSON-898774077 tempest-AttachVolumeShelveTestJSON-898774077-project] Using url versioning {{(pid=126574) process_request /opt/stack/glance/glance/api/middleware/version_negotiation.py:57}}
Aug 30 15:01:19.886951 dv-cinder-828806-5-smb devstack@g-api.service[126574]: DEBUG glance.api.middleware.version_negotiation [None req-8abe3083-5e76-4f5f-bb2d-ca9cace2e837 tempest-AttachVolumeShelveTestJSON-898774077 tempest-AttachVolumeShelveTestJSON-898774077-project] Matched version: v2 {{(pid=126574) process_request /opt/stack/glance/glance/api/middleware/version_negotiation.py:69}}
Aug 30 15:01:19.887237 dv-cinder-828806-5-smb devstack@g-api.service[126574]: DEBUG glance.api.middleware.version_negotiation [None req-8abe3083-5e76-4f5f-bb2d-ca9cace2e837 tempest-AttachVolumeShelveTestJSON-898774077 tempest-AttachVolumeShelveTestJSON-898774077-project] new path /v2/images/c1073a8e-bd9a-465a-9450-1ebd50f5710f {{(pid=126574) process_request /opt/stack/glance/glance/api/middleware/version_negotiation.py:70}}
Aug 30 15:01:19.904417 dv-cinder-828806-5-smb devstack@g-api.service[126574]: [pid: 126574|app: 0|req: 113/238] 127.0.0.1 () {42 vars in 1061 bytes} [Tue Aug 30 15:01:19 2022] GET /v2/images/c1073a8e-bd9a-465a-9450-1ebd50f5710f => generated 946 bytes in 18 msecs (HTTP/1.1 200) 4 headers in 157 bytes (1 switches on core 0)
Aug 30 15:01:19.909816 dv-cinder-828806-5-smb devstack@g-api.service[126575]: DEBUG glance.api.middleware.version_negotiation [None req-8abe3083-5e76-4f5f-bb2d-ca9cace2e837 tempest-AttachVolumeShelveTestJSON-898774077 tempest-AttachVolumeShelveTestJSON-898774077-project] Determining version of request: GET /v2/schemas/image Accept: */* {{(pid=126575) process_request /opt/stack/glance/glance/api/middleware/version_negotiation.py:44}}
Aug 30 15:01:19.910545 dv-cinder-828806-5-smb devstack@g-api.service[126575]: DEBUG glance.api.middleware.version_negotiation [None req-8abe3083-5e76-4f5f-bb2d-ca9cace2e837 tempest-AttachVolumeShelveTestJSON-898774077 tempest-AttachVolumeShelveTestJSON-898774077-project] Using url versioning {{(pid=126575) process_request /opt/stack/glance/glance/api/middleware/version_negotiation.py:57}}
Aug 30 15:01:19.910869 dv-cinder-828806-5-smb devstack@g-api.service[126575]: DEBUG glance.api.middleware.version_negotiation [None req-8abe3083-5e76-4f5f-bb2d-ca9cace2e837 tempest-AttachVolumeShelveTestJSON-898774077 tempest-AttachVolumeShelveTestJSON-898774077-project] Matched version: v2 {{(pid=126575) process_request /opt/stack/glance/glance/api/middleware/version_negotiation.py:69}}
Aug 30 15:01:19.911173 dv-cinder-828806-5-smb devstack@g-api.service[126575]: DEBUG glance.api.middleware.version_negotiation [None req-8abe3083-5e76-4f5f-bb2d-ca9cace2e837 tempest-AttachVolumeShelveTestJSON-898774077 tempest-AttachVolumeShelveTestJSON-898774077-project] new path /v2/schemas/image {{(pid=126575) process_request /opt/stack/glance/glance/api/middleware/version_negotiation.py:70}}
Aug 30 15:01:19.916562 dv-cinder-828806-5-smb devstack@g-api.service[126575]: [pid: 126575|app: 0|req: 126/239] 127.0.0.1 () {42 vars in 1001 bytes} [Tue Aug 30 15:01:19 2022] GET /v2/schemas/image => generated 6083 bytes in 7 msecs (HTTP/1.1 200) 4 headers in 158 bytes (1 switches on core 0)
Aug 30 15:01:26.189919 dv-cinder-828806-5-smb devstack@g-api.service[126574]: DEBUG glance.api.middleware.version_negotiation [None req-e897eb50-d157-41a6-afaa-cd5fcd29328d tempest-AttachVolumeNegativeTest-1932872975 tempest-AttachVolumeNegativeTest-1932872975-project] Determining version of request: GET /v2/images/c1073a8e-bd9a-465a-9450-1ebd50f5710f Accept: */* {{(pid=126574) process_request /opt/stack/glance/glance/api/middleware/version_negotiation.py:44}}
Aug 30 15:01:26.190396 dv-cinder-828806-5-smb devstack@g-api.service[126574]: DEBUG glance.api.middleware.version_negotiation [None req-e897eb50-d157-41a6-afaa-cd5fcd29328d tempest-AttachVolumeNegativeTest-1932872975 tempest-AttachVolumeNegativeTest-1932872975-project] Using url versioning {{(pid=126574) process_request /opt/stack/glance/glance/api/middleware/version_negotiation.py:57}}
Aug 30 15:01:26.190617 dv-cinder-828806-5-smb devstack@g-api.service[126574]: DEBUG glance.api.middleware.version_negotiation [None req-e897eb50-d157-41a6-afaa-cd5fcd29328d tempest-AttachVolumeNegativeTest-1932872975 tempest-AttachVolumeNegativeTest-1932872975-project] Matched version: v2 {{(pid=126574) process_request /opt/stack/glance/glance/api/middleware/version_negotiation.py:69}}
Aug 30 15:01:26.190954 dv-cinder-828806-5-smb devstack@g-api.service[126574]: DEBUG glance.api.middleware.version_negotiation [None req-e897eb50-d157-41a6-afaa-cd5fcd29328d tempest-AttachVolumeNegativeTest-1932872975 tempest-AttachVolumeNegativeTest-1932872975-project] new path /v2/images/c1073a8e-bd9a-465a-9450-1ebd50f5710f {{(pid=126574) process_request /opt/stack/glance/glance/api/middleware/version_negotiation.py:70}}
Aug 30 15:01:26.207740 dv-cinder-828806-5-smb devstack@g-api.service[126574]: [pid: 126574|app: 0|req: 114/240] 127.0.0.1 () {40 vars in 854 bytes} [Tue Aug 30 15:01:26 2022] GET /v2/images/c1073a8e-bd9a-465a-9450-1ebd50f5710f => generated 946 bytes in 18 msecs (HTTP/1.1 200) 4 headers in 157 bytes (1 switches on core 0)
Aug 30 15:01:26.213734 dv-cinder-828806-5-smb devstack@g-api.service[126575]: DEBUG glance.api.middleware.version_negotiation [None req-e897eb50-d157-41a6-afaa-cd5fcd29328d tempest-AttachVolumeNegativeTest-1932872975 tempest-AttachVolumeNegativeTest-1932872975-project] Determining version of request: GET /v2/schemas/image Accept: */* {{(pid=126575) process_request /opt/stack/glance/glance/api/middleware/version_negotiation.py:44}}
Aug 30 15:01:26.214358 dv-cinder-828806-5-smb devstack@g-api.service[126575]: DEBUG glance.api.middleware.version_negotiation [None req-e897eb50-d157-41a6-afaa-cd5fcd29328d tempest-AttachVolumeNegativeTest-1932872975 tempest-AttachVolumeNegativeTest-1932872975-project] Using url versioning {{(pid=126575) process_request /opt/stack/glance/glance/api/middleware/version_negotiation.py:57}}
Aug 30 15:01:26.214976 dv-cinder-828806-5-smb devstack@g-api.service[126575]: DEBUG glance.api.middleware.version_negotiation [None req-e897eb50-d157-41a6-afaa-cd5fcd29328d tempest-AttachVolumeNegativeTest-1932872975 tempest-AttachVolumeNegativeTest-1932872975-project] Matched version: v2 {{(pid=126575) process_request /opt/stack/glance/glance/api/middleware/version_negotiation.py:69}}
Aug 30 15:01:26.215372 dv-cinder-828806-5-smb devstack@g-api.service[126575]: DEBUG glance.api.middleware.version_negotiation [None req-e897eb50-d157-41a6-afaa-cd5fcd29328d tempest-AttachVolumeNegativeTest-1932872975 tempest-AttachVolumeNegativeTest-1932872975-project] new path /v2/schemas/image {{(pid=126575) process_request /opt/stack/glance/glance/api/middleware/version_negotiation.py:70}}
Aug 30 15:01:26.219881 dv-cinder-828806-5-smb devstack@g-api.service[126575]: [pid: 126575|app: 0|req: 127/241] 127.0.0.1 () {40 vars in 794 bytes} [Tue Aug 30 15:01:26 2022] GET /v2/schemas/image => generated 6083 bytes in 6 msecs (HTTP/1.1 200) 4 headers in 158 bytes (1 switches on core 0)
Aug 30 15:01:36.203592 dv-cinder-828806-5-smb devstack@g-api.service[126574]: DEBUG dbcounter [-] [126574] Writing DB stats glance:SELECT=16 {{(pid=126574) stat_writer /usr/local/lib/python3.8/dist-packages/dbcounter.py:114}}
Aug 30 15:01:53.351330 dv-cinder-828806-5-smb devstack@g-api.service[126574]: DEBUG glance.api.middleware.version_negotiation [None req-e897eb50-d157-41a6-afaa-cd5fcd29328d tempest-AttachVolumeNegativeTest-1932872975 tempest-AttachVolumeNegativeTest-1932872975-project] Determining version of request: DELETE /v2/images/51b31fb1-c0ae-4e86-af79-cc6b5c06f917 Accept: application/json {{(pid=126574) process_request /opt/stack/glance/glance/api/middleware/version_negotiation.py:44}}
Aug 30 15:01:53.351959 dv-cinder-828806-5-smb devstack@g-api.service[126574]: DEBUG glance.api.middleware.version_negotiation [None req-e897eb50-d157-41a6-afaa-cd5fcd29328d tempest-AttachVolumeNegativeTest-1932872975 tempest-AttachVolumeNegativeTest-1932872975-project] Using url versioning {{(pid=126574) process_request /opt/stack/glance/glance/api/middleware/version_negotiation.py:57}}
Aug 30 15:01:53.351959 dv-cinder-828806-5-smb devstack@g-api.service[126574]: DEBUG glance.api.middleware.version_negotiation [None req-e897eb50-d157-41a6-afaa-cd5fcd29328d tempest-AttachVolumeNegativeTest-1932872975 tempest-AttachVolumeNegativeTest-1932872975-project] Matched version: v2 {{(pid=126574) process_request /opt/stack/glance/glance/api/middleware/version_negotiation.py:69}}
Aug 30 15:01:53.352228 dv-cinder-828806-5-smb devstack@g-api.service[126574]: DEBUG glance.api.middleware.version_negotiation [None req-e897eb50-d157-41a6-afaa-cd5fcd29328d tempest-AttachVolumeNegativeTest-1932872975 tempest-AttachVolumeNegativeTest-1932872975-project] new path /v2/images/51b31fb1-c0ae-4e86-af79-cc6b5c06f917 {{(pid=126574) process_request /opt/stack/glance/glance/api/middleware/version_negotiation.py:70}}
Aug 30 15:01:53.367641 dv-cinder-828806-5-smb devstack@g-api.service[126574]: WARNING glance.api.v2.images [None req-52f163ea-6872-4e2a-85a8-0bb246d879a6 tempest-TestMinimumBasicScenario-1127482229 tempest-TestMinimumBasicScenario-1127482229-project] After upload to backend, deletion of staged image data has failed because it cannot be found at /tmp/staging//51b31fb1-c0ae-4e86-af79-cc6b5c06f917
Aug 30 15:01:53.368739 dv-cinder-828806-5-smb devstack@g-api.service[126574]: DEBUG glance_store.backend [None req-52f163ea-6872-4e2a-85a8-0bb246d879a6 tempest-TestMinimumBasicScenario-1127482229 tempest-TestMinimumBasicScenario-1127482229-project] Attempting to import store swift {{(pid=126574) _load_store /usr/local/lib/python3.8/dist-packages/glance_store/backend.py:216}}
Aug 30 15:01:53.372764 dv-cinder-828806-5-smb devstack@g-api.service[126574]: DEBUG glance_store.capabilities [None req-52f163ea-6872-4e2a-85a8-0bb246d879a6 tempest-TestMinimumBasicScenario-1127482229 tempest-TestMinimumBasicScenario-1127482229-project] Store glance_store._drivers.swift.store.SingleTenantStore doesn't support updating dynamic storage capabilities. Please overwrite 'update_capabilities' method of the store to implement updating logics if needed. {{(pid=126574) update_capabilities /usr/local/lib/python3.8/dist-packages/glance_store/capabilities.py:91}}
Aug 30 15:01:53.373101 dv-cinder-828806-5-smb devstack@g-api.service[126574]: DEBUG glance_store.driver [None req-52f163ea-6872-4e2a-85a8-0bb246d879a6 tempest-TestMinimumBasicScenario-1127482229 tempest-TestMinimumBasicScenario-1127482229-project] Late loading location class glance_store._drivers.swift.store.StoreLocation {{(pid=126574) get_store_location_class /usr/local/lib/python3.8/dist-packages/glance_store/driver.py:116}}
Aug 30 15:01:53.373293 dv-cinder-828806-5-smb devstack@g-api.service[126574]: DEBUG glance_store.location [None req-52f163ea-6872-4e2a-85a8-0bb246d879a6 tempest-TestMinimumBasicScenario-1127482229 tempest-TestMinimumBasicScenario-1127482229-project] Registering scheme swift+https with {'store': , 'location_class': , 'store_entry': 'swift'} {{(pid=126574) register_scheme_map /usr/local/lib/python3.8/dist-packages/glance_store/location.py:146}}
Aug 30 15:01:53.373773 dv-cinder-828806-5-smb devstack@g-api.service[126574]: DEBUG glance_store.location [None req-52f163ea-6872-4e2a-85a8-0bb246d879a6 tempest-TestMinimumBasicScenario-1127482229 tempest-TestMinimumBasicScenario-1127482229-project] Registering scheme swift+https with {'store': , 'location_class': , 'store_entry': 'swift'} {{(pid=126574) register_scheme_map /usr/local/lib/python3.8/dist-packages/glance_store/location.py:146}}
Aug 30 15:01:53.373773 dv-cinder-828806-5-smb devstack@g-api.service[126574]: DEBUG glance_store.location [None req-52f163ea-6872-4e2a-85a8-0bb246d879a6 tempest-TestMinimumBasicScenario-1127482229 tempest-TestMinimumBasicScenario-1127482229-project] Registering scheme swift with {'store': , 'location_class': , 'store_entry': 'swift'} {{(pid=126574) register_scheme_map /usr/local/lib/python3.8/dist-packages/glance_store/location.py:146}}
Aug 30 15:01:53.373996 dv-cinder-828806-5-smb devstack@g-api.service[126574]: DEBUG glance_store.location [None req-52f163ea-6872-4e2a-85a8-0bb246d879a6 tempest-TestMinimumBasicScenario-1127482229 tempest-TestMinimumBasicScenario-1127482229-project] Registering scheme swift+https with {'store': , 'location_class': , 'store_entry': 'swift'} {{(pid=126574) register_scheme_map /usr/local/lib/python3.8/dist-packages/glance_store/location.py:146}}
Aug 30 15:01:53.374236 dv-cinder-828806-5-smb devstack@g-api.service[126574]: DEBUG glance_store.location [None req-52f163ea-6872-4e2a-85a8-0bb246d879a6 tempest-TestMinimumBasicScenario-1127482229 tempest-TestMinimumBasicScenario-1127482229-project] Registering scheme swift with {'store': , 'location_class': , 'store_entry': 'swift'} {{(pid=126574) register_scheme_map /usr/local/lib/python3.8/dist-packages/glance_store/location.py:146}}
Aug 30 15:01:53.374489 dv-cinder-828806-5-smb devstack@g-api.service[126574]: DEBUG glance_store.location [None req-52f163ea-6872-4e2a-85a8-0bb246d879a6 tempest-TestMinimumBasicScenario-1127482229 tempest-TestMinimumBasicScenario-1127482229-project] Registering scheme swift+http with {'store': , 'location_class': , 'store_entry': 'swift'} {{(pid=126574) register_scheme_map /usr/local/lib/python3.8/dist-packages/glance_store/location.py:146}}
Aug 30 15:01:53.374729 dv-cinder-828806-5-smb devstack@g-api.service[126574]: DEBUG glance_store.location [None req-52f163ea-6872-4e2a-85a8-0bb246d879a6 tempest-TestMinimumBasicScenario-1127482229 tempest-TestMinimumBasicScenario-1127482229-project] Registering scheme swift+https with {'store': , 'location_class': , 'store_entry': 'swift'} {{(pid=126574) register_scheme_map /usr/local/lib/python3.8/dist-packages/glance_store/location.py:146}}
Aug 30 15:01:53.375081 dv-cinder-828806-5-smb devstack@g-api.service[126574]: DEBUG glance_store.location [None req-52f163ea-6872-4e2a-85a8-0bb246d879a6 tempest-TestMinimumBasicScenario-1127482229 tempest-TestMinimumBasicScenario-1127482229-project] Registering scheme swift with {'store': , 'location_class': , 'store_entry': 'swift'} {{(pid=126574) register_scheme_map /usr/local/lib/python3.8/dist-packages/glance_store/location.py:146}}
Aug 30 15:01:53.375278 dv-cinder-828806-5-smb devstack@g-api.service[126574]: DEBUG glance_store.location [None req-52f163ea-6872-4e2a-85a8-0bb246d879a6 tempest-TestMinimumBasicScenario-1127482229 tempest-TestMinimumBasicScenario-1127482229-project] Registering scheme swift+http with {'store': , 'location_class': , 'store_entry': 'swift'} {{(pid=126574) register_scheme_map /usr/local/lib/python3.8/dist-packages/glance_store/location.py:146}}
Aug 30 15:01:53.375575 dv-cinder-828806-5-smb devstack@g-api.service[126574]: DEBUG glance_store.location [None req-52f163ea-6872-4e2a-85a8-0bb246d879a6 tempest-TestMinimumBasicScenario-1127482229 tempest-TestMinimumBasicScenario-1127482229-project] Registering scheme swift+config with {'store': , 'location_class': , 'store_entry': 'swift'} {{(pid=126574) register_scheme_map /usr/local/lib/python3.8/dist-packages/glance_store/location.py:146}}
Aug 30 15:01:53.376628 dv-cinder-828806-5-smb devstack@g-api.service[126574]: DEBUG keystoneclient.auth.identity.v3.base [None req-52f163ea-6872-4e2a-85a8-0bb246d879a6 tempest-TestMinimumBasicScenario-1127482229 tempest-TestMinimumBasicScenario-1127482229-project] Making authentication request to http://10.222.0.47/identity/v3/auth/tokens {{(pid=126574) get_auth_ref /usr/local/lib/python3.8/dist-packages/keystoneclient/auth/identity/v3/base.py:187}}
Aug 30 15:01:53.476067 dv-cinder-828806-5-smb devstack@g-api.service[126574]: DEBUG keystoneclient.auth.identity.v3.base [None req-52f163ea-6872-4e2a-85a8-0bb246d879a6 tempest-TestMinimumBasicScenario-1127482229 tempest-TestMinimumBasicScenario-1127482229-project] {"token": {"methods": ["password"], "user": {"domain": {"id": "default", "name": "Default"}, "id": "6b75d4fa3ca04bd69c079295e3fc44e6", "name": "glance-swift", "password_expires_at": null}, "audit_ids": ["xfMhQq2MRBWVadvQy46HtQ"], "expires_at": "2022-08-30T16:01:53.000000Z", "issued_at": "2022-08-30T15:01:53.000000Z", "project": {"domain": {"id": "default", "name": "Default"}, "id": "7a4c34a5e4054ee4a2819fab0f36a234", "name": "service"}, "is_domain": false, "roles": [{"id": "328893edd99d4e4481d51f18b861953f", "name": "service"}, {"id": "0550ae856cff42c88708b154ea85e1b2", "name": "ResellerAdmin"}], "catalog": [{"endpoints": [{"id": "bccf51bd514b464787ccf0eae63000dc", "interface": "public", "region_id": "RegionOne", "url": "http://10.222.0.47:9696/networking", "region": "RegionOne"}], "id": "0ebc5b6da5d6401f88106868d01eae93", "type": "network", "name": "neutron"}, {"endpoints": [{"id": "991024d400c6408da9820e01047f559a", "interface": "public", "region_id": "RegionOne", "url": "http://10.222.0.47/compute/v2.1", "region": "RegionOne"}], "id": "16a2cd1940db4a2495aa06ef28f62a36", "type": "compute", "name": "nova"}, {"endpoints": [{"id": "c40b226ff15a43dba7e5acf8ac1112b6", "interface": "public", "region_id": "RegionOne", "url": "http://10.222.0.47/placement", "region": "RegionOne"}], "id": "277b0d3b2b2247dda4446d5d7ff1ee8b", "type": "placement", "name": "placement"}, {"endpoints": [{"id": "5d137efb82f740c18111ea26a62fa704", "interface": "public", "region_id": "RegionOne", "url": "http://10.222.0.47/compute/v2/7a4c34a5e4054ee4a2819fab0f36a234", "region": "RegionOne"}], "id": "2f714cece4e74c8d84a417518ec5b3d1", "type": "compute_legacy", "name": "nova_legacy"}, {"endpoints": [{"id": "cb5121408c094ef8a58945237cbcd98f", "interface": "public", "region_id": "RegionOne", "url": "http://10.222.0.47/volume/v3/7a4c34a5e4054ee4a2819fab0f36a234", "region": "RegionOne"}], "id": "4920c492b67547149119c39e7de91de9", "type": "block-storage", "name": "cinder"}, {"endpoints": [{"id": "9d32ef4bafd3414ba4c6cddc2ffb1f66", "interface": "public", "region_id": "RegionOne", "url": "http://10.222.0.47/identity", "region": "RegionOne"}], "id": "555345c2eecf439a9e5ed4ea49d62cc1", "type": "identity", "name": "keystone"}, {"endpoints": [{"id": "c2998983c3214a7aae76704af0038528", "interface": "public", "region_id": "RegionOne", "url": "http://10.222.0.47/volume/v3/7a4c34a5e4054ee4a2819fab0f36a234", "region": "RegionOne"}], "id": "b1dc39f77aaf41609e63084869ce8b67", "type": "volumev3", "name": "cinderv3"}, {"endpoints": [{"id": "4e6106cfd32c4f9f8dc8f584342d83e3", "interface": "public", "region_id": "RegionOne", "url": "http://10.222.0.47:8080/v1/AUTH_7a4c34a5e4054ee4a2819fab0f36a234", "region": "RegionOne"}, {"id": "55cb0ff64610491f9a41404e91005587", "interface": "admin", "region_id": "RegionOne", "url": "http://10.222.0.47:8080", "region": "RegionOne"}], "id": "ea41e1181d514b4599986b15d00ac8b0", "type": "object-store", "name": "swift"}, {"endpoints": [{"id": "6f76470b5d3b40cfb9ce721bbe8e98d7", "interface": "public", "region_id": "RegionOne", "url": "http://10.222.0.47/image", "region": "RegionOne"}], "id": "f80041fd0bd044549e423ec112830043", "type": "image", "name": "glance"}]}} {{(pid=126574) get_auth_ref /usr/local/lib/python3.8/dist-packages/keystoneclient/auth/identity/v3/base.py:192}}
Aug 30 15:01:53.476554 dv-cinder-828806-5-smb devstack@g-api.service[126574]: DEBUG keystoneclient.httpclient [None req-52f163ea-6872-4e2a-85a8-0bb246d879a6 tempest-TestMinimumBasicScenario-1127482229 tempest-TestMinimumBasicScenario-1127482229-project] Failed to find endpoint for management url admin endpoint for identity service not found {{(pid=126574) _process_management_url /usr/local/lib/python3.8/dist-packages/keystoneclient/httpclient.py:676}}
Aug 30 15:01:53.820345 dv-cinder-828806-5-smb devstack@g-api.service[126574]: DEBUG swiftclient [None req-52f163ea-6872-4e2a-85a8-0bb246d879a6 tempest-TestMinimumBasicScenario-1127482229 tempest-TestMinimumBasicScenario-1127482229-project] REQ: curl -i http://10.222.0.47:8080/v1/AUTH_7a4c34a5e4054ee4a2819fab0f36a234/glance/51b31fb1-c0ae-4e86-af79-cc6b5c06f917 -I -H "X-Auth-Token: gAAAAABjDiZhS8SH..." {{(pid=126574) http_log /usr/local/lib/python3.8/dist-packages/swiftclient/client.py:157}}
Aug 30 15:01:53.820645 dv-cinder-828806-5-smb devstack@g-api.service[126574]: DEBUG swiftclient [None req-52f163ea-6872-4e2a-85a8-0bb246d879a6 tempest-TestMinimumBasicScenario-1127482229 tempest-TestMinimumBasicScenario-1127482229-project] RESP STATUS: 200 OK {{(pid=126574) http_log /usr/local/lib/python3.8/dist-packages/swiftclient/client.py:158}}
Aug 30 15:01:53.821001 dv-cinder-828806-5-smb devstack@g-api.service[126574]: DEBUG swiftclient [None req-52f163ea-6872-4e2a-85a8-0bb246d879a6 tempest-TestMinimumBasicScenario-1127482229 tempest-TestMinimumBasicScenario-1127482229-project] RESP HEADERS: {'Content-Type': 'application/octet-stream', 'X-Object-Manifest': 'glance/51b31fb1-c0ae-4e86-af79-cc6b5c06f917-', 'Last-Modified': 'Tue, 30 Aug 2022 14:59:01 GMT', 'X-Timestamp': '1661871540.57412', 'Accept-Ranges': 'bytes', 'Content-Length': '645922816', 'Etag': '"9226ddb8990fb6831800204290dc2fa9"', 'X-Trans-Id': 'tx76e4f13e62644f7c9cdbb-00630e2661', 'X-Openstack-Request-Id': 'tx76e4f13e62644f7c9cdbb-00630e2661', 'Date': 'Tue, 30 Aug 2022 15:01:53 GMT'} {{(pid=126574) http_log /usr/local/lib/python3.8/dist-packages/swiftclient/client.py:159}}
Aug 30 15:01:53.842817 dv-cinder-828806-5-smb devstack@g-api.service[126574]: DEBUG swiftclient [None req-52f163ea-6872-4e2a-85a8-0bb246d879a6 tempest-TestMinimumBasicScenario-1127482229 tempest-TestMinimumBasicScenario-1127482229-project] REQ: curl -i http://10.222.0.47:8080/v1/AUTH_7a4c34a5e4054ee4a2819fab0f36a234/glance?format=json&prefix=51b31fb1-c0ae-4e86-af79-cc6b5c06f917- -X GET -H "X-Auth-Token: gAAAAABjDiZhS8SH..." -H "Accept-Encoding: gzip" {{(pid=126574) http_log /usr/local/lib/python3.8/dist-packages/swiftclient/client.py:157}}
