Aug 30 14:43:01.052919 dv-cinder-828806-5-iscsi devstack@c-api.service[119929]: DEBUG cinder.api.openstack.wsgi [None req-b7e1218d-317e-44ab-a4e6-4316ede84636 tempest-VolumeTypesAccessTest-1910293480 tempest-VolumeTypesAccessTest-1910293480-project] Calling method 'show' {{(pid=119929) _process_stack /opt/stack/cinder/cinder/api/openstack/wsgi.py:868}}
Aug 30 14:43:01.068391 dv-cinder-828806-5-iscsi devstack@c-api.service[119929]: /usr/local/lib/python3.8/dist-packages/oslo_context/context.py:100: DeprecationWarning: Policy enforcement is depending on the value of is_admin. This key is deprecated. Please update your policy file to use the standard policy values.
Aug 30 14:43:01.068391 dv-cinder-828806-5-iscsi devstack@c-api.service[119929]: warnings.warn('Policy enforcement is depending on the value of '
Aug 30 14:43:01.074723 dv-cinder-828806-5-iscsi devstack@c-api.service[119929]: INFO cinder.volume.api [None req-b7e1218d-317e-44ab-a4e6-4316ede84636 tempest-VolumeTypesAccessTest-1910293480 tempest-VolumeTypesAccessTest-1910293480-project] Volume info retrieved successfully.
Aug 30 14:43:01.084741 dv-cinder-828806-5-iscsi devstack@c-api.service[119929]: INFO cinder.api.openstack.wsgi [None req-b7e1218d-317e-44ab-a4e6-4316ede84636 tempest-VolumeTypesAccessTest-1910293480 tempest-VolumeTypesAccessTest-1910293480-project] http://10.222.0.30/volume/v3/86b78ba5cb474866a902bad41662a5ba/volumes/dbc0ddbc-16e6-47ae-a65e-75d8db6e85e8 returned with HTTP 200
Aug 30 14:43:01.085476 dv-cinder-828806-5-iscsi devstack@c-api.service[119929]: [pid: 119929|app: 0|req: 109/227] 10.222.0.30 () {58 vars in 1325 bytes} [Tue Aug 30 14:43:01 2022] GET /volume/v3/86b78ba5cb474866a902bad41662a5ba/volumes/dbc0ddbc-16e6-47ae-a65e-75d8db6e85e8 => generated 954 bytes in 39 msecs (HTTP/1.1 200) 7 headers in 285 bytes (1 switches on core 0)
Aug 30 14:43:01.100643 dv-cinder-828806-5-iscsi devstack@c-api.service[119930]: DEBUG cinder.api.middleware.request_id [None req-ea3d777d-37e0-47eb-8de2-c230ae25b7ac None None] RequestId filter calling following filter/app {{(pid=119930) _context_setter /opt/stack/cinder/cinder/api/middleware/request_id.py:62}}
Aug 30 14:43:01.104720 dv-cinder-828806-5-iscsi devstack@c-api.service[119930]: INFO cinder.api.openstack.wsgi [None req-ea3d777d-37e0-47eb-8de2-c230ae25b7ac tempest-VolumeTypesAccessTest-2051581655 tempest-VolumeTypesAccessTest-2051581655-project-admin] POST http://10.222.0.30/volume/v3/4099ad654a6049e8b15874ba261ac9fa/types/500c9d85-d99a-41d9-bd89-3d3d2aa48498/action
Aug 30 14:43:01.105590 dv-cinder-828806-5-iscsi devstack@c-api.service[119930]: DEBUG cinder.api.openstack.wsgi [None req-ea3d777d-37e0-47eb-8de2-c230ae25b7ac tempest-VolumeTypesAccessTest-2051581655 tempest-VolumeTypesAccessTest-2051581655-project-admin] Action body: b'{"removeProjectAccess": {"project": "86b78ba5cb474866a902bad41662a5ba"}}' {{(pid=119930) get_method /opt/stack/cinder/cinder/api/openstack/wsgi.py:983}}
Aug 30 14:43:01.105980 dv-cinder-828806-5-iscsi devstack@c-api.service[119930]: DEBUG cinder.api.openstack.wsgi [None req-ea3d777d-37e0-47eb-8de2-c230ae25b7ac tempest-VolumeTypesAccessTest-2051581655 tempest-VolumeTypesAccessTest-2051581655-project-admin] Action: 'action', calling method: _removeProjectAccess, body: {"removeProjectAccess": {"project": "86b78ba5cb474866a902bad41662a5ba"}} {{(pid=119930) _process_stack /opt/stack/cinder/cinder/api/openstack/wsgi.py:866}}
Aug 30 14:43:01.148194 dv-cinder-828806-5-iscsi devstack@c-api.service[119930]: INFO cinder.api.openstack.wsgi [None req-ea3d777d-37e0-47eb-8de2-c230ae25b7ac tempest-VolumeTypesAccessTest-2051581655 tempest-VolumeTypesAccessTest-2051581655-project-admin] http://10.222.0.30/volume/v3/4099ad654a6049e8b15874ba261ac9fa/types/500c9d85-d99a-41d9-bd89-3d3d2aa48498/action returned with HTTP 202
Aug 30 14:43:01.153084 dv-cinder-828806-5-iscsi devstack@c-api.service[119930]: [pid: 119930|app: 0|req: 119/228] 10.222.0.30 () {60 vars in 1361 bytes} [Tue Aug 30 14:43:01 2022] POST /volume/v3/4099ad654a6049e8b15874ba261ac9fa/types/500c9d85-d99a-41d9-bd89-3d3d2aa48498/action => generated 0 bytes in 49 msecs (HTTP/1.1 202) 6 headers in 233 bytes (2 switches on core 0)
Aug 30 14:43:01.155552 dv-cinder-828806-5-iscsi devstack@c-api.service[119929]: DEBUG cinder.api.middleware.request_id [None req-ea133291-5eee-4d43-8fe6-b4d00f1d94d7 None None] RequestId filter calling following filter/app {{(pid=119929) _context_setter /opt/stack/cinder/cinder/api/middleware/request_id.py:62}}
Aug 30 14:43:01.159149 dv-cinder-828806-5-iscsi devstack@c-api.service[119929]: INFO cinder.api.openstack.wsgi [None req-ea133291-5eee-4d43-8fe6-b4d00f1d94d7 tempest-VolumeTypesAccessTest-2051581655 tempest-VolumeTypesAccessTest-2051581655-project-admin] POST http://10.222.0.30/volume/v3/4099ad654a6049e8b15874ba261ac9fa/types
Aug 30 14:43:01.159922 dv-cinder-828806-5-iscsi devstack@c-api.service[119929]: DEBUG cinder.api.openstack.wsgi [None req-ea133291-5eee-4d43-8fe6-b4d00f1d94d7 tempest-VolumeTypesAccessTest-2051581655 tempest-VolumeTypesAccessTest-2051581655-project-admin] Action: 'create', calling method: _create, body: {"volume_type": {"name": "tempest-VolumeTypesAccessTest-volume-type-1868820843", "os-volume-type-access:is_public": false}} {{(pid=119929) _process_stack /opt/stack/cinder/cinder/api/openstack/wsgi.py:866}}
Aug 30 14:43:01.185596 dv-cinder-828806-5-iscsi devstack@c-api.service[119929]: INFO cinder.api.openstack.wsgi [None req-ea133291-5eee-4d43-8fe6-b4d00f1d94d7 tempest-VolumeTypesAccessTest-2051581655 tempest-VolumeTypesAccessTest-2051581655-project-admin] http://10.222.0.30/volume/v3/4099ad654a6049e8b15874ba261ac9fa/types returned with HTTP 200
Aug 30 14:43:01.193056 dv-cinder-828806-5-iscsi devstack@c-api.service[119929]: [pid: 119929|app: 0|req: 110/229] 10.222.0.30 () {60 vars in 1230 bytes} [Tue Aug 30 14:43:01 2022] POST /volume/v3/4099ad654a6049e8b15874ba261ac9fa/types => generated 229 bytes in 33 msecs (HTTP/1.1 200) 7 headers in 285 bytes (1 switches on core 0)
Aug 30 14:43:01.194705 dv-cinder-828806-5-iscsi devstack@c-api.service[119930]: DEBUG cinder.api.middleware.request_id [None req-8b65924f-2bb8-4728-8db3-4574d07aa724 None None] RequestId filter calling following filter/app {{(pid=119930) _context_setter /opt/stack/cinder/cinder/api/middleware/request_id.py:62}}
Aug 30 14:43:01.198857 dv-cinder-828806-5-iscsi devstack@c-api.service[119930]: INFO cinder.api.openstack.wsgi [None req-8b65924f-2bb8-4728-8db3-4574d07aa724 tempest-VolumeTypesAccessTest-2051581655 tempest-VolumeTypesAccessTest-2051581655-project-admin] POST http://10.222.0.30/volume/v3/4099ad654a6049e8b15874ba261ac9fa/types/77b96667-ecfc-4bc4-a782-da3a048c44bb/action
Aug 30 14:43:01.199545 dv-cinder-828806-5-iscsi devstack@c-api.service[119930]: DEBUG cinder.api.openstack.wsgi [None req-8b65924f-2bb8-4728-8db3-4574d07aa724 tempest-VolumeTypesAccessTest-2051581655 tempest-VolumeTypesAccessTest-2051581655-project-admin] Action body: b'{"addProjectAccess": {"project": "86b78ba5cb474866a902bad41662a5ba"}}' {{(pid=119930) get_method /opt/stack/cinder/cinder/api/openstack/wsgi.py:983}}
Aug 30 14:43:01.200144 dv-cinder-828806-5-iscsi devstack@c-api.service[119930]: DEBUG cinder.api.openstack.wsgi [None req-8b65924f-2bb8-4728-8db3-4574d07aa724 tempest-VolumeTypesAccessTest-2051581655 tempest-VolumeTypesAccessTest-2051581655-project-admin] Action: 'action', calling method: _addProjectAccess, body: {"addProjectAccess": {"project": "86b78ba5cb474866a902bad41662a5ba"}} {{(pid=119930) _process_stack /opt/stack/cinder/cinder/api/openstack/wsgi.py:866}}
Aug 30 14:43:01.236525 dv-cinder-828806-5-iscsi devstack@c-api.service[119930]: INFO cinder.api.openstack.wsgi [None req-8b65924f-2bb8-4728-8db3-4574d07aa724 tempest-VolumeTypesAccessTest-2051581655 tempest-VolumeTypesAccessTest-2051581655-project-admin] http://10.222.0.30/volume/v3/4099ad654a6049e8b15874ba261ac9fa/types/77b96667-ecfc-4bc4-a782-da3a048c44bb/action returned with HTTP 202
Aug 30 14:43:01.239260 dv-cinder-828806-5-iscsi devstack@c-api.service[119930]: [pid: 119930|app: 0|req: 120/230] 10.222.0.30 () {60 vars in 1361 bytes} [Tue Aug 30 14:43:01 2022] POST /volume/v3/4099ad654a6049e8b15874ba261ac9fa/types/77b96667-ecfc-4bc4-a782-da3a048c44bb/action => generated 0 bytes in 44 msecs (HTTP/1.1 202) 6 headers in 233 bytes (1 switches on core 0)
Aug 30 14:43:01.242646 dv-cinder-828806-5-iscsi devstack@c-api.service[119929]: DEBUG cinder.api.middleware.request_id [None req-6805527a-de93-49bf-b146-e5dd7cb99764 None None] RequestId filter calling following filter/app {{(pid=119929) _context_setter /opt/stack/cinder/cinder/api/middleware/request_id.py:62}}
Aug 30 14:43:01.247642 dv-cinder-828806-5-iscsi devstack@c-api.service[119929]: INFO cinder.api.openstack.wsgi [None req-6805527a-de93-49bf-b146-e5dd7cb99764 tempest-VolumeTypesAccessTest-2051581655 tempest-VolumeTypesAccessTest-2051581655-project-admin] POST http://10.222.0.30/volume/v3/4099ad654a6049e8b15874ba261ac9fa/types/77b96667-ecfc-4bc4-a782-da3a048c44bb/action
Aug 30 14:43:01.249115 dv-cinder-828806-5-iscsi devstack@c-api.service[119929]: DEBUG cinder.api.openstack.wsgi [None req-6805527a-de93-49bf-b146-e5dd7cb99764 tempest-VolumeTypesAccessTest-2051581655 tempest-VolumeTypesAccessTest-2051581655-project-admin] Action body: b'{"addProjectAccess": {"project": "4f90d68eba3c4b698a2b2148027ca7e9"}}' {{(pid=119929) get_method /opt/stack/cinder/cinder/api/openstack/wsgi.py:983}}
Aug 30 14:43:01.249520 dv-cinder-828806-5-iscsi devstack@c-api.service[119929]: DEBUG cinder.api.openstack.wsgi [None req-6805527a-de93-49bf-b146-e5dd7cb99764 tempest-VolumeTypesAccessTest-2051581655 tempest-VolumeTypesAccessTest-2051581655-project-admin] Action: 'action', calling method: _addProjectAccess, body: {"addProjectAccess": {"project": "4f90d68eba3c4b698a2b2148027ca7e9"}} {{(pid=119929) _process_stack /opt/stack/cinder/cinder/api/openstack/wsgi.py:866}}
Aug 30 14:43:01.270757 dv-cinder-828806-5-iscsi devstack@c-api.service[119929]: INFO cinder.api.openstack.wsgi [None req-6805527a-de93-49bf-b146-e5dd7cb99764 tempest-VolumeTypesAccessTest-2051581655 tempest-VolumeTypesAccessTest-2051581655-project-admin] http://10.222.0.30/volume/v3/4099ad654a6049e8b15874ba261ac9fa/types/77b96667-ecfc-4bc4-a782-da3a048c44bb/action returned with HTTP 202
Aug 30 14:43:01.275198 dv-cinder-828806-5-iscsi devstack@c-api.service[119929]: [pid: 119929|app: 0|req: 111/231] 10.222.0.30 () {60 vars in 1361 bytes} [Tue Aug 30 14:43:01 2022] POST /volume/v3/4099ad654a6049e8b15874ba261ac9fa/types/77b96667-ecfc-4bc4-a782-da3a048c44bb/action => generated 0 bytes in 30 msecs (HTTP/1.1 202) 6 headers in 233 bytes (1 switches on core 0)
Aug 30 14:43:01.277540 dv-cinder-828806-5-iscsi devstack@c-api.service[119930]: DEBUG cinder.api.middleware.request_id [None req-dfb2173a-61e8-4e09-86f4-6d09f760233a None None] RequestId filter calling following filter/app {{(pid=119930) _context_setter /opt/stack/cinder/cinder/api/middleware/request_id.py:62}}
Aug 30 14:43:01.283472 dv-cinder-828806-5-iscsi devstack@c-api.service[119930]: INFO cinder.api.openstack.wsgi [None req-dfb2173a-61e8-4e09-86f4-6d09f760233a tempest-VolumeTypesAccessTest-2051581655 tempest-VolumeTypesAccessTest-2051581655-project-admin] GET http://10.222.0.30/volume/v3/4099ad654a6049e8b15874ba261ac9fa/types/77b96667-ecfc-4bc4-a782-da3a048c44bb/os-volume-type-access
Aug 30 14:43:01.283911 dv-cinder-828806-5-iscsi devstack@c-api.service[119930]: DEBUG cinder.api.openstack.wsgi [None req-dfb2173a-61e8-4e09-86f4-6d09f760233a tempest-VolumeTypesAccessTest-2051581655 tempest-VolumeTypesAccessTest-2051581655-project-admin] Empty body provided in request {{(pid=119930) get_body /opt/stack/cinder/cinder/api/openstack/wsgi.py:715}}
Aug 30 14:43:01.284358 dv-cinder-828806-5-iscsi devstack@c-api.service[119930]: DEBUG cinder.api.openstack.wsgi [None req-dfb2173a-61e8-4e09-86f4-6d09f760233a tempest-VolumeTypesAccessTest-2051581655 tempest-VolumeTypesAccessTest-2051581655-project-admin] Calling method 'index' {{(pid=119930) _process_stack /opt/stack/cinder/cinder/api/openstack/wsgi.py:868}}
Aug 30 14:43:01.302534 dv-cinder-828806-5-iscsi devstack@c-api.service[119930]: INFO cinder.api.openstack.wsgi [None req-dfb2173a-61e8-4e09-86f4-6d09f760233a tempest-VolumeTypesAccessTest-2051581655 tempest-VolumeTypesAccessTest-2051581655-project-admin] http://10.222.0.30/volume/v3/4099ad654a6049e8b15874ba261ac9fa/types/77b96667-ecfc-4bc4-a782-da3a048c44bb/os-volume-type-access returned with HTTP 200
Aug 30 14:43:01.309485 dv-cinder-828806-5-iscsi devstack@c-api.service[119930]: [pid: 119930|app: 0|req: 121/232] 10.222.0.30 () {58 vars in 1385 bytes} [Tue Aug 30 14:43:01 2022] GET /volume/v3/4099ad654a6049e8b15874ba261ac9fa/types/77b96667-ecfc-4bc4-a782-da3a048c44bb/os-volume-type-access => generated 244 bytes in 33 msecs (HTTP/1.1 200) 7 headers in 285 bytes (1 switches on core 0)
Aug 30 14:43:01.312253 dv-cinder-828806-5-iscsi devstack@c-api.service[119929]: DEBUG cinder.api.middleware.request_id [None req-d631fc03-7f5a-4199-9cf5-c0d14e836381 None None] RequestId filter calling following filter/app {{(pid=119929) _context_setter /opt/stack/cinder/cinder/api/middleware/request_id.py:62}}
Aug 30 14:43:01.316692 dv-cinder-828806-5-iscsi devstack@c-api.service[119929]: INFO cinder.api.openstack.wsgi [None req-d631fc03-7f5a-4199-9cf5-c0d14e836381 tempest-VolumeTypesAccessTest-2051581655 tempest-VolumeTypesAccessTest-2051581655-project-admin] POST http://10.222.0.30/volume/v3/4099ad654a6049e8b15874ba261ac9fa/types/77b96667-ecfc-4bc4-a782-da3a048c44bb/action
Aug 30 14:43:01.317434 dv-cinder-828806-5-iscsi devstack@c-api.service[119929]: DEBUG cinder.api.openstack.wsgi [None req-d631fc03-7f5a-4199-9cf5-c0d14e836381 tempest-VolumeTypesAccessTest-2051581655 tempest-VolumeTypesAccessTest-2051581655-project-admin] Action body: b'{"removeProjectAccess": {"project": "4f90d68eba3c4b698a2b2148027ca7e9"}}' {{(pid=119929) get_method /opt/stack/cinder/cinder/api/openstack/wsgi.py:983}}
Aug 30 14:43:01.318036 dv-cinder-828806-5-iscsi devstack@c-api.service[119929]: DEBUG cinder.api.openstack.wsgi [None req-d631fc03-7f5a-4199-9cf5-c0d14e836381 tempest-VolumeTypesAccessTest-2051581655 tempest-VolumeTypesAccessTest-2051581655-project-admin] Action: 'action', calling method: _removeProjectAccess, body: {"removeProjectAccess": {"project": "4f90d68eba3c4b698a2b2148027ca7e9"}} {{(pid=119929) _process_stack /opt/stack/cinder/cinder/api/openstack/wsgi.py:866}}
Aug 30 14:43:01.335578 dv-cinder-828806-5-iscsi devstack@c-api.service[119930]: DEBUG cinder.api.middleware.request_id [None req-f2ef5242-18a8-408a-82b7-49c1ad333f97 None None] RequestId filter calling following filter/app {{(pid=119930) _context_setter /opt/stack/cinder/cinder/api/middleware/request_id.py:62}}
Aug 30 14:43:01.341224 dv-cinder-828806-5-iscsi devstack@c-api.service[119930]: INFO cinder.api.openstack.wsgi [None req-f2ef5242-18a8-408a-82b7-49c1ad333f97 tempest-GroupsTest-1199126825 tempest-GroupsTest-1199126825-project] GET http://10.222.0.30/volume/v3/05aae87b4d6d4b30b43b263141a33007/groups/a33a7815-da5d-4d0d-b582-4990bbd1c32c
Aug 30 14:43:01.341895 dv-cinder-828806-5-iscsi devstack@c-api.service[119930]: DEBUG cinder.api.openstack.wsgi [None req-f2ef5242-18a8-408a-82b7-49c1ad333f97 tempest-GroupsTest-1199126825 tempest-GroupsTest-1199126825-project] Empty body provided in request {{(pid=119930) get_body /opt/stack/cinder/cinder/api/openstack/wsgi.py:715}}
Aug 30 14:43:01.342627 dv-cinder-828806-5-iscsi devstack@c-api.service[119930]: DEBUG cinder.api.openstack.wsgi [None req-f2ef5242-18a8-408a-82b7-49c1ad333f97 tempest-GroupsTest-1199126825 tempest-GroupsTest-1199126825-project] Calling method 'version_select' {{(pid=119930) _process_stack /opt/stack/cinder/cinder/api/openstack/wsgi.py:868}}
Aug 30 14:43:01.345248 dv-cinder-828806-5-iscsi devstack@c-api.service[119929]: INFO cinder.api.openstack.wsgi [None req-d631fc03-7f5a-4199-9cf5-c0d14e836381 tempest-VolumeTypesAccessTest-2051581655 tempest-VolumeTypesAccessTest-2051581655-project-admin] http://10.222.0.30/volume/v3/4099ad654a6049e8b15874ba261ac9fa/types/77b96667-ecfc-4bc4-a782-da3a048c44bb/action returned with HTTP 202
Aug 30 14:43:01.345704 dv-cinder-828806-5-iscsi devstack@c-api.service[119930]: DEBUG cinder.api.v3.groups [None req-f2ef5242-18a8-408a-82b7-49c1ad333f97 tempest-GroupsTest-1199126825 tempest-GroupsTest-1199126825-project] show called for member a33a7815-da5d-4d0d-b582-4990bbd1c32c {{(pid=119930) show /opt/stack/cinder/cinder/api/v3/groups.py:58}}
Aug 30 14:43:01.351626 dv-cinder-828806-5-iscsi devstack@c-api.service[119929]: [pid: 119929|app: 0|req: 112/233] 10.222.0.30 () {60 vars in 1361 bytes} [Tue Aug 30 14:43:01 2022] POST /volume/v3/4099ad654a6049e8b15874ba261ac9fa/types/77b96667-ecfc-4bc4-a782-da3a048c44bb/action => generated 0 bytes in 41 msecs (HTTP/1.1 202) 6 headers in 233 bytes (1 switches on core 0)
Aug 30 14:43:01.353906 dv-cinder-828806-5-iscsi devstack@c-api.service[119929]: DEBUG cinder.api.middleware.request_id [None req-89b1c83c-a13f-4153-824e-8a27cb0e6527 None None] RequestId filter calling following filter/app {{(pid=119929) _context_setter /opt/stack/cinder/cinder/api/middleware/request_id.py:62}}
Aug 30 14:43:01.359975 dv-cinder-828806-5-iscsi devstack@c-api.service[119929]: INFO cinder.api.openstack.wsgi [None req-89b1c83c-a13f-4153-824e-8a27cb0e6527 tempest-VolumeTypesAccessTest-2051581655 tempest-VolumeTypesAccessTest-2051581655-project-admin] POST http://10.222.0.30/volume/v3/4099ad654a6049e8b15874ba261ac9fa/types/77b96667-ecfc-4bc4-a782-da3a048c44bb/action
Aug 30 14:43:01.361809 dv-cinder-828806-5-iscsi devstack@c-api.service[119929]: DEBUG cinder.api.openstack.wsgi [None req-89b1c83c-a13f-4153-824e-8a27cb0e6527 tempest-VolumeTypesAccessTest-2051581655 tempest-VolumeTypesAccessTest-2051581655-project-admin] Action body: b'{"removeProjectAccess": {"project": "86b78ba5cb474866a902bad41662a5ba"}}' {{(pid=119929) get_method /opt/stack/cinder/cinder/api/openstack/wsgi.py:983}}
Aug 30 14:43:01.362349 dv-cinder-828806-5-iscsi devstack@c-api.service[119929]: DEBUG cinder.api.openstack.wsgi [None req-89b1c83c-a13f-4153-824e-8a27cb0e6527 tempest-VolumeTypesAccessTest-2051581655 tempest-VolumeTypesAccessTest-2051581655-project-admin] Action: 'action', calling method: _removeProjectAccess, body: {"removeProjectAccess": {"project": "86b78ba5cb474866a902bad41662a5ba"}} {{(pid=119929) _process_stack /opt/stack/cinder/cinder/api/openstack/wsgi.py:866}}
Aug 30 14:43:01.375284 dv-cinder-828806-5-iscsi devstack@c-api.service[119930]: /usr/local/lib/python3.8/dist-packages/oslo_context/context.py:100: DeprecationWarning: Policy enforcement is depending on the value of is_admin. This key is deprecated. Please update your policy file to use the standard policy values.
Aug 30 14:43:01.375284 dv-cinder-828806-5-iscsi devstack@c-api.service[119930]: warnings.warn('Policy enforcement is depending on the value of '
Aug 30 14:43:01.400157 dv-cinder-828806-5-iscsi devstack@c-api.service[119930]: INFO cinder.api.openstack.wsgi [None req-f2ef5242-18a8-408a-82b7-49c1ad333f97 tempest-GroupsTest-1199126825 tempest-GroupsTest-1199126825-project] http://10.222.0.30/volume/v3/05aae87b4d6d4b30b43b263141a33007/groups/a33a7815-da5d-4d0d-b582-4990bbd1c32c returned with HTTP 200
Aug 30 14:43:01.401723 dv-cinder-828806-5-iscsi devstack@c-api.service[119930]: [pid: 119930|app: 0|req: 122/234] 10.222.0.30 () {60 vars in 1363 bytes} [Tue Aug 30 14:43:01 2022] GET /volume/v3/05aae87b4d6d4b30b43b263141a33007/groups/a33a7815-da5d-4d0d-b582-4990bbd1c32c => generated 324 bytes in 70 msecs (HTTP/1.1 200) 7 headers in 286 bytes (2 switches on core 0)
Aug 30 14:43:01.411551 dv-cinder-828806-5-iscsi devstack@c-api.service[119930]: DEBUG cinder.api.middleware.request_id [None req-a56b0831-d78e-4edf-832d-3c56fd6a74c9 None None] RequestId filter calling following filter/app {{(pid=119930) _context_setter /opt/stack/cinder/cinder/api/middleware/request_id.py:62}}
Aug 30 14:43:01.418895 dv-cinder-828806-5-iscsi devstack@c-api.service[119930]: INFO cinder.api.openstack.wsgi [None req-a56b0831-d78e-4edf-832d-3c56fd6a74c9 tempest-GroupsTest-1199126825 tempest-GroupsTest-1199126825-project] GET http://10.222.0.30/volume/v3/05aae87b4d6d4b30b43b263141a33007/volumes/detail
Aug 30 14:43:01.425313 dv-cinder-828806-5-iscsi devstack@c-api.service[119929]: INFO cinder.api.openstack.wsgi [None req-89b1c83c-a13f-4153-824e-8a27cb0e6527 tempest-VolumeTypesAccessTest-2051581655 tempest-VolumeTypesAccessTest-2051581655-project-admin] http://10.222.0.30/volume/v3/4099ad654a6049e8b15874ba261ac9fa/types/77b96667-ecfc-4bc4-a782-da3a048c44bb/action returned with HTTP 202
Aug 30 14:43:01.427566 dv-cinder-828806-5-iscsi devstack@c-api.service[119930]: DEBUG cinder.api.openstack.wsgi [None req-a56b0831-d78e-4edf-832d-3c56fd6a74c9 tempest-GroupsTest-1199126825 tempest-GroupsTest-1199126825-project] Empty body provided in request {{(pid=119930) get_body /opt/stack/cinder/cinder/api/openstack/wsgi.py:715}}
Aug 30 14:43:01.428107 dv-cinder-828806-5-iscsi devstack@c-api.service[119930]: DEBUG cinder.api.openstack.wsgi [None req-a56b0831-d78e-4edf-832d-3c56fd6a74c9 tempest-GroupsTest-1199126825 tempest-GroupsTest-1199126825-project] Calling method 'detail' {{(pid=119930) _process_stack /opt/stack/cinder/cinder/api/openstack/wsgi.py:868}}
Aug 30 14:43:01.428721 dv-cinder-828806-5-iscsi devstack@c-api.service[119930]: DEBUG cinder.api.api_utils [None req-a56b0831-d78e-4edf-832d-3c56fd6a74c9 tempest-GroupsTest-1199126825 tempest-GroupsTest-1199126825-project] Removing options '' from query. {{(pid=119930) remove_invalid_filter_options /opt/stack/cinder/cinder/api/api_utils.py:83}}
Aug 30 14:43:01.429577 dv-cinder-828806-5-iscsi devstack@c-api.service[119930]: /usr/local/lib/python3.8/dist-packages/oslo_context/context.py:100: DeprecationWarning: Policy enforcement is depending on the value of is_admin. This key is deprecated. Please update your policy file to use the standard policy values.
Aug 30 14:43:01.429577 dv-cinder-828806-5-iscsi devstack@c-api.service[119930]: warnings.warn('Policy enforcement is depending on the value of '
Aug 30 14:43:01.430772 dv-cinder-828806-5-iscsi devstack@c-api.service[119930]: DEBUG cinder.volume.api [None req-a56b0831-d78e-4edf-832d-3c56fd6a74c9 tempest-GroupsTest-1199126825 tempest-GroupsTest-1199126825-project] Searching by: MultiDict([('no_migration_targets', True)]). {{(pid=119930) get_all /opt/stack/cinder/cinder/volume/api.py:664}}
Aug 30 14:43:01.431372 dv-cinder-828806-5-iscsi devstack@c-api.service[119929]: [pid: 119929|app: 0|req: 113/235] 10.222.0.30 () {60 vars in 1361 bytes} [Tue Aug 30 14:43:01 2022] POST /volume/v3/4099ad654a6049e8b15874ba261ac9fa/types/77b96667-ecfc-4bc4-a782-da3a048c44bb/action => generated 0 bytes in 79 msecs (HTTP/1.1 202) 6 headers in 233 bytes (1 switches on core 0)
Aug 30 14:43:01.434571 dv-cinder-828806-5-iscsi devstack@c-api.service[119929]: DEBUG cinder.api.middleware.request_id [None req-5e1bc52b-e783-44e3-b12e-a53baf941f28 None None] RequestId filter calling following filter/app {{(pid=119929) _context_setter /opt/stack/cinder/cinder/api/middleware/request_id.py:62}}
Aug 30 14:43:01.439350 dv-cinder-828806-5-iscsi devstack@c-api.service[119929]: INFO cinder.api.openstack.wsgi [None req-5e1bc52b-e783-44e3-b12e-a53baf941f28 tempest-VolumeTypesAccessTest-2051581655 tempest-VolumeTypesAccessTest-2051581655-project-admin] DELETE http://10.222.0.30/volume/v3/4099ad654a6049e8b15874ba261ac9fa/types/77b96667-ecfc-4bc4-a782-da3a048c44bb
Aug 30 14:43:01.439803 dv-cinder-828806-5-iscsi devstack@c-api.service[119929]: DEBUG cinder.api.openstack.wsgi [None req-5e1bc52b-e783-44e3-b12e-a53baf941f28 tempest-VolumeTypesAccessTest-2051581655 tempest-VolumeTypesAccessTest-2051581655-project-admin] Empty body provided in request {{(pid=119929) get_body /opt/stack/cinder/cinder/api/openstack/wsgi.py:715}}
Aug 30 14:43:01.440530 dv-cinder-828806-5-iscsi devstack@c-api.service[119929]: DEBUG cinder.api.openstack.wsgi [None req-5e1bc52b-e783-44e3-b12e-a53baf941f28 tempest-VolumeTypesAccessTest-2051581655 tempest-VolumeTypesAccessTest-2051581655-project-admin] Calling method '_delete' {{(pid=119929) _process_stack /opt/stack/cinder/cinder/api/openstack/wsgi.py:868}}
Aug 30 14:43:01.507693 dv-cinder-828806-5-iscsi devstack@c-api.service[119930]: INFO cinder.volume.api [None req-a56b0831-d78e-4edf-832d-3c56fd6a74c9 tempest-GroupsTest-1199126825 tempest-GroupsTest-1199126825-project] Get all volumes completed successfully.
Aug 30 14:43:01.510093 dv-cinder-828806-5-iscsi devstack@c-api.service[119930]: WARNING stevedore.named [None req-a56b0831-d78e-4edf-832d-3c56fd6a74c9 tempest-GroupsTest-1199126825 tempest-GroupsTest-1199126825-project] Could not load cinder.keymgr.conf_key_mgr.ConfKeyManager
Aug 30 14:43:01.510695 dv-cinder-828806-5-iscsi devstack@c-api.service[119930]: WARNING castellan.key_manager [None req-a56b0831-d78e-4edf-832d-3c56fd6a74c9 tempest-GroupsTest-1199126825 tempest-GroupsTest-1199126825-project] Deprecation Warning : cinder.keymgr.conf_key_mgr.ConfKeyManager is not a stevedore based driver, trying to load it as a class: stevedore.exception.NoMatches: No 'castellan.drivers' driver found, looking for 'cinder.keymgr.conf_key_mgr.ConfKeyManager'
Aug 30 14:43:01.526265 dv-cinder-828806-5-iscsi devstack@c-api.service[119930]: DEBUG oslo_db.sqlalchemy.engines [None req-a56b0831-d78e-4edf-832d-3c56fd6a74c9 tempest-GroupsTest-1199126825 tempest-GroupsTest-1199126825-project] MySQL server mode set to STRICT_TRANS_TABLES,STRICT_ALL_TABLES,NO_ZERO_IN_DATE,NO_ZERO_DATE,ERROR_FOR_DIVISION_BY_ZERO,TRADITIONAL,NO_ENGINE_SUBSTITUTION {{(pid=119930) _check_effective_sql_mode /usr/local/lib/python3.8/dist-packages/oslo_db/sqlalchemy/engines.py:314}}
Aug 30 14:43:01.536319 dv-cinder-828806-5-iscsi devstack@c-api.service[119929]: INFO cinder.api.openstack.wsgi [None req-5e1bc52b-e783-44e3-b12e-a53baf941f28 tempest-VolumeTypesAccessTest-2051581655 tempest-VolumeTypesAccessTest-2051581655-project-admin] http://10.222.0.30/volume/v3/4099ad654a6049e8b15874ba261ac9fa/types/77b96667-ecfc-4bc4-a782-da3a048c44bb returned with HTTP 202
Aug 30 14:43:01.537136 dv-cinder-828806-5-iscsi devstack@c-api.service[119929]: [pid: 119929|app: 0|req: 114/236] 10.222.0.30 () {58 vars in 1322 bytes} [Tue Aug 30 14:43:01 2022] DELETE /volume/v3/4099ad654a6049e8b15874ba261ac9fa/types/77b96667-ecfc-4bc4-a782-da3a048c44bb => generated 0 bytes in 105 msecs (HTTP/1.1 202) 6 headers in 233 bytes (1 switches on core 0)
Aug 30 14:43:01.539354 dv-cinder-828806-5-iscsi devstack@c-api.service[119930]: /usr/local/lib/python3.8/dist-packages/oslo_context/context.py:100: DeprecationWarning: Policy enforcement is depending on the value of is_admin. This key is deprecated. Please update your policy file to use the standard policy values.
Aug 30 14:43:01.539354 dv-cinder-828806-5-iscsi devstack@c-api.service[119930]: warnings.warn('Policy enforcement is depending on the value of '
Aug 30 14:43:01.543230 dv-cinder-828806-5-iscsi devstack@c-api.service[119929]: DEBUG cinder.api.middleware.request_id [None req-2cda9531-f8d4-4b34-85b5-0f4bdf8acaa1 None None] RequestId filter calling following filter/app {{(pid=119929) _context_setter /opt/stack/cinder/cinder/api/middleware/request_id.py:62}}
Aug 30 14:43:01.548687 dv-cinder-828806-5-iscsi devstack@c-api.service[119929]: INFO cinder.api.openstack.wsgi [None req-2cda9531-f8d4-4b34-85b5-0f4bdf8acaa1 tempest-VolumeTypesAccessTest-2051581655 tempest-VolumeTypesAccessTest-2051581655-project-admin] GET http://10.222.0.30/volume/v3/4099ad654a6049e8b15874ba261ac9fa/types/77b96667-ecfc-4bc4-a782-da3a048c44bb
Aug 30 14:43:01.549257 dv-cinder-828806-5-iscsi devstack@c-api.service[119929]: DEBUG cinder.api.openstack.wsgi [None req-2cda9531-f8d4-4b34-85b5-0f4bdf8acaa1 tempest-VolumeTypesAccessTest-2051581655 tempest-VolumeTypesAccessTest-2051581655-project-admin] Empty body provided in request {{(pid=119929) get_body /opt/stack/cinder/cinder/api/openstack/wsgi.py:715}}
Aug 30 14:43:01.549716 dv-cinder-828806-5-iscsi devstack@c-api.service[119929]: DEBUG cinder.api.openstack.wsgi [None req-2cda9531-f8d4-4b34-85b5-0f4bdf8acaa1 tempest-VolumeTypesAccessTest-2051581655 tempest-VolumeTypesAccessTest-2051581655-project-admin] Calling method 'show' {{(pid=119929) _process_stack /opt/stack/cinder/cinder/api/openstack/wsgi.py:868}}
Aug 30 14:43:01.557364 dv-cinder-828806-5-iscsi devstack@c-api.service[119930]: WARNING stevedore.named [None req-a56b0831-d78e-4edf-832d-3c56fd6a74c9 tempest-GroupsTest-1199126825 tempest-GroupsTest-1199126825-project] Could not load cinder.keymgr.conf_key_mgr.ConfKeyManager
Aug 30 14:43:01.557753 dv-cinder-828806-5-iscsi devstack@c-api.service[119930]: WARNING castellan.key_manager [None req-a56b0831-d78e-4edf-832d-3c56fd6a74c9 tempest-GroupsTest-1199126825 tempest-GroupsTest-1199126825-project] Deprecation Warning : cinder.keymgr.conf_key_mgr.ConfKeyManager is not a stevedore based driver, trying to load it as a class: stevedore.exception.NoMatches: No 'castellan.drivers' driver found, looking for 'cinder.keymgr.conf_key_mgr.ConfKeyManager'
Aug 30 14:43:01.563153 dv-cinder-828806-5-iscsi devstack@c-api.service[119929]: INFO cinder.api.openstack.wsgi [None req-2cda9531-f8d4-4b34-85b5-0f4bdf8acaa1 tempest-VolumeTypesAccessTest-2051581655 tempest-VolumeTypesAccessTest-2051581655-project-admin] http://10.222.0.30/volume/v3/4099ad654a6049e8b15874ba261ac9fa/types/77b96667-ecfc-4bc4-a782-da3a048c44bb returned with HTTP 404
Aug 30 14:43:01.567823 dv-cinder-828806-5-iscsi devstack@c-api.service[119929]: [pid: 119929|app: 0|req: 115/237] 10.222.0.30 () {58 vars in 1319 bytes} [Tue Aug 30 14:43:01 2022] GET /volume/v3/4099ad654a6049e8b15874ba261ac9fa/types/77b96667-ecfc-4bc4-a782-da3a048c44bb => generated 114 bytes in 23 msecs (HTTP/1.1 404) 7 headers in 292 bytes (2 switches on core 0)
Aug 30 14:43:01.570631 dv-cinder-828806-5-iscsi devstack@c-api.service[119929]: DEBUG cinder.api.middleware.request_id [None req-43266436-7566-416c-9a50-9cfcb8d06106 None None] RequestId filter calling following filter/app {{(pid=119929) _context_setter /opt/stack/cinder/cinder/api/middleware/request_id.py:62}}
Aug 30 14:43:01.574408 dv-cinder-828806-5-iscsi devstack@c-api.service[119929]: INFO cinder.api.openstack.wsgi [None req-43266436-7566-416c-9a50-9cfcb8d06106 tempest-VolumeTypesAccessTest-1910293480 tempest-VolumeTypesAccessTest-1910293480-project] DELETE http://10.222.0.30/volume/v3/86b78ba5cb474866a902bad41662a5ba/volumes/dbc0ddbc-16e6-47ae-a65e-75d8db6e85e8
Aug 30 14:43:01.574842 dv-cinder-828806-5-iscsi devstack@c-api.service[119929]: DEBUG cinder.api.openstack.wsgi [None req-43266436-7566-416c-9a50-9cfcb8d06106 tempest-VolumeTypesAccessTest-1910293480 tempest-VolumeTypesAccessTest-1910293480-project] Empty body provided in request {{(pid=119929) get_body /opt/stack/cinder/cinder/api/openstack/wsgi.py:715}}
Aug 30 14:43:01.575316 dv-cinder-828806-5-iscsi devstack@c-api.service[119929]: DEBUG cinder.api.openstack.wsgi [None req-43266436-7566-416c-9a50-9cfcb8d06106 tempest-VolumeTypesAccessTest-1910293480 tempest-VolumeTypesAccessTest-1910293480-project] Calling method 'delete' {{(pid=119929) _process_stack /opt/stack/cinder/cinder/api/openstack/wsgi.py:868}}
Aug 30 14:43:01.575714 dv-cinder-828806-5-iscsi devstack@c-api.service[119929]: INFO cinder.api.v3.volumes [None req-43266436-7566-416c-9a50-9cfcb8d06106 tempest-VolumeTypesAccessTest-1910293480 tempest-VolumeTypesAccessTest-1910293480-project] Delete volume with id: dbc0ddbc-16e6-47ae-a65e-75d8db6e85e8
Aug 30 14:43:01.578158 dv-cinder-828806-5-iscsi devstack@c-api.service[119930]: DEBUG oslo_db.sqlalchemy.engines [None req-a56b0831-d78e-4edf-832d-3c56fd6a74c9 tempest-GroupsTest-1199126825 tempest-GroupsTest-1199126825-project] MySQL server mode set to STRICT_TRANS_TABLES,STRICT_ALL_TABLES,NO_ZERO_IN_DATE,NO_ZERO_DATE,ERROR_FOR_DIVISION_BY_ZERO,TRADITIONAL,NO_ENGINE_SUBSTITUTION {{(pid=119930) _check_effective_sql_mode /usr/local/lib/python3.8/dist-packages/oslo_db/sqlalchemy/engines.py:314}}
Aug 30 14:43:01.586056 dv-cinder-828806-5-iscsi devstack@c-api.service[119930]: /usr/local/lib/python3.8/dist-packages/oslo_context/context.py:100: DeprecationWarning: Policy enforcement is depending on the value of is_admin. This key is deprecated. Please update your policy file to use the standard policy values.
Aug 30 14:43:01.586056 dv-cinder-828806-5-iscsi devstack@c-api.service[119930]: warnings.warn('Policy enforcement is depending on the value of '
Aug 30 14:43:01.611157 dv-cinder-828806-5-iscsi devstack@c-api.service[119929]: /usr/local/lib/python3.8/dist-packages/oslo_context/context.py:100: DeprecationWarning: Policy enforcement is depending on the value of is_admin. This key is deprecated. Please update your policy file to use the standard policy values.
Aug 30 14:43:01.611157 dv-cinder-828806-5-iscsi devstack@c-api.service[119929]: warnings.warn('Policy enforcement is depending on the value of '
Aug 30 14:43:01.613151 dv-cinder-828806-5-iscsi devstack@c-api.service[119929]: INFO cinder.volume.api [None req-43266436-7566-416c-9a50-9cfcb8d06106 tempest-VolumeTypesAccessTest-1910293480 tempest-VolumeTypesAccessTest-1910293480-project] Volume info retrieved successfully.
Aug 30 14:43:01.621075 dv-cinder-828806-5-iscsi devstack@c-api.service[119930]: INFO cinder.api.openstack.wsgi [None req-a56b0831-d78e-4edf-832d-3c56fd6a74c9 tempest-GroupsTest-1199126825 tempest-GroupsTest-1199126825-project] http://10.222.0.30/volume/v3/05aae87b4d6d4b30b43b263141a33007/volumes/detail returned with HTTP 200
Aug 30 14:43:01.621833 dv-cinder-828806-5-iscsi devstack@c-api.service[119930]: [pid: 119930|app: 0|req: 123/238] 10.222.0.30 () {60 vars in 1276 bytes} [Tue Aug 30 14:43:01 2022] GET /volume/v3/05aae87b4d6d4b30b43b263141a33007/volumes/detail => generated 1962 bytes in 212 msecs (HTTP/1.1 200) 7 headers in 287 bytes (2 switches on core 0)
Aug 30 14:43:01.638402 dv-cinder-828806-5-iscsi devstack@c-api.service[119930]: DEBUG cinder.api.middleware.request_id [None req-bad8230f-c15d-4954-8637-4cf11ac66db6 None None] RequestId filter calling following filter/app {{(pid=119930) _context_setter /opt/stack/cinder/cinder/api/middleware/request_id.py:62}}
Aug 30 14:43:01.643952 dv-cinder-828806-5-iscsi devstack@c-api.service[119930]: INFO cinder.api.openstack.wsgi [None req-bad8230f-c15d-4954-8637-4cf11ac66db6 tempest-GroupsTest-1199126825 tempest-GroupsTest-1199126825-project] GET http://10.222.0.30/volume/v3/05aae87b4d6d4b30b43b263141a33007/volumes/detail
Aug 30 14:43:01.645246 dv-cinder-828806-5-iscsi devstack@c-api.service[119930]: DEBUG cinder.api.openstack.wsgi [None req-bad8230f-c15d-4954-8637-4cf11ac66db6 tempest-GroupsTest-1199126825 tempest-GroupsTest-1199126825-project] Empty body provided in request {{(pid=119930) get_body /opt/stack/cinder/cinder/api/openstack/wsgi.py:715}}
Aug 30 14:43:01.645872 dv-cinder-828806-5-iscsi devstack@c-api.service[119930]: DEBUG cinder.api.openstack.wsgi [None req-bad8230f-c15d-4954-8637-4cf11ac66db6 tempest-GroupsTest-1199126825 tempest-GroupsTest-1199126825-project] Calling method 'detail' {{(pid=119930) _process_stack /opt/stack/cinder/cinder/api/openstack/wsgi.py:868}}
Aug 30 14:43:01.646678 dv-cinder-828806-5-iscsi devstack@c-api.service[119930]: DEBUG cinder.api.api_utils [None req-bad8230f-c15d-4954-8637-4cf11ac66db6 tempest-GroupsTest-1199126825 tempest-GroupsTest-1199126825-project] Removing options '' from query. {{(pid=119930) remove_invalid_filter_options /opt/stack/cinder/cinder/api/api_utils.py:83}}
Aug 30 14:43:01.649203 dv-cinder-828806-5-iscsi devstack@c-api.service[119930]: DEBUG cinder.volume.api [None req-bad8230f-c15d-4954-8637-4cf11ac66db6 tempest-GroupsTest-1199126825 tempest-GroupsTest-1199126825-project] Searching by: MultiDict([('no_migration_targets', True)]). {{(pid=119930) get_all /opt/stack/cinder/cinder/volume/api.py:664}}
Aug 30 14:43:01.677216 dv-cinder-828806-5-iscsi devstack@c-api.service[119929]: INFO cinder.volume.api [None req-43266436-7566-416c-9a50-9cfcb8d06106 tempest-VolumeTypesAccessTest-1910293480 tempest-VolumeTypesAccessTest-1910293480-project] Delete volume request issued successfully.
Aug 30 14:43:01.678206 dv-cinder-828806-5-iscsi devstack@c-api.service[119929]: INFO cinder.api.openstack.wsgi [None req-43266436-7566-416c-9a50-9cfcb8d06106 tempest-VolumeTypesAccessTest-1910293480 tempest-VolumeTypesAccessTest-1910293480-project] http://10.222.0.30/volume/v3/86b78ba5cb474866a902bad41662a5ba/volumes/dbc0ddbc-16e6-47ae-a65e-75d8db6e85e8 returned with HTTP 202
Aug 30 14:43:01.682822 dv-cinder-828806-5-iscsi devstack@c-api.service[119929]: [pid: 119929|app: 0|req: 116/239] 10.222.0.30 () {58 vars in 1328 bytes} [Tue Aug 30 14:43:01 2022] DELETE /volume/v3/86b78ba5cb474866a902bad41662a5ba/volumes/dbc0ddbc-16e6-47ae-a65e-75d8db6e85e8 => generated 0 bytes in 110 msecs (HTTP/1.1 202) 6 headers in 233 bytes (2 switches on core 0)
Aug 30 14:43:01.684380 dv-cinder-828806-5-iscsi devstack@c-api.service[119929]: DEBUG cinder.api.middleware.request_id [None req-c0c1e9dc-1a24-4db6-951c-8ec044514439 None None] RequestId filter calling following filter/app {{(pid=119929) _context_setter /opt/stack/cinder/cinder/api/middleware/request_id.py:62}}
Aug 30 14:43:01.689569 dv-cinder-828806-5-iscsi devstack@c-api.service[119929]: INFO cinder.api.openstack.wsgi [None req-c0c1e9dc-1a24-4db6-951c-8ec044514439 tempest-VolumeTypesAccessTest-1910293480 tempest-VolumeTypesAccessTest-1910293480-project] GET http://10.222.0.30/volume/v3/86b78ba5cb474866a902bad41662a5ba/volumes/dbc0ddbc-16e6-47ae-a65e-75d8db6e85e8
Aug 30 14:43:01.693202 dv-cinder-828806-5-iscsi devstack@c-api.service[119929]: DEBUG cinder.api.openstack.wsgi [None req-c0c1e9dc-1a24-4db6-951c-8ec044514439 tempest-VolumeTypesAccessTest-1910293480 tempest-VolumeTypesAccessTest-1910293480-project] Empty body provided in request {{(pid=119929) get_body /opt/stack/cinder/cinder/api/openstack/wsgi.py:715}}
Aug 30 14:43:01.693805 dv-cinder-828806-5-iscsi devstack@c-api.service[119929]: DEBUG cinder.api.openstack.wsgi [None req-c0c1e9dc-1a24-4db6-951c-8ec044514439 tempest-VolumeTypesAccessTest-1910293480 tempest-VolumeTypesAccessTest-1910293480-project] Calling method 'show' {{(pid=119929) _process_stack /opt/stack/cinder/cinder/api/openstack/wsgi.py:868}}
Aug 30 14:43:01.699586 dv-cinder-828806-5-iscsi devstack@c-api.service[119929]: DEBUG dbcounter [-] [119929] Writing DB stats cinder:SELECT=72,cinder:INSERT=9,cinder:UPDATE=19 {{(pid=119929) stat_writer /usr/local/lib/python3.8/dist-packages/dbcounter.py:114}}
Aug 30 14:43:01.732054 dv-cinder-828806-5-iscsi devstack@c-api.service[119930]: INFO cinder.volume.api [None req-bad8230f-c15d-4954-8637-4cf11ac66db6 tempest-GroupsTest-1199126825 tempest-GroupsTest-1199126825-project] Get all volumes completed successfully.
Aug 30 14:43:01.743008 dv-cinder-828806-5-iscsi devstack@c-api.service[119930]: WARNING stevedore.named [None req-bad8230f-c15d-4954-8637-4cf11ac66db6 tempest-GroupsTest-1199126825 tempest-GroupsTest-1199126825-project] Could not load cinder.keymgr.conf_key_mgr.ConfKeyManager
Aug 30 14:43:01.743874 dv-cinder-828806-5-iscsi devstack@c-api.service[119930]: WARNING castellan.key_manager [None req-bad8230f-c15d-4954-8637-4cf11ac66db6 tempest-GroupsTest-1199126825 tempest-GroupsTest-1199126825-project] Deprecation Warning : cinder.keymgr.conf_key_mgr.ConfKeyManager is not a stevedore based driver, trying to load it as a class: stevedore.exception.NoMatches: No 'castellan.drivers' driver found, looking for 'cinder.keymgr.conf_key_mgr.ConfKeyManager'
Aug 30 14:43:01.744653 dv-cinder-828806-5-iscsi devstack@c-api.service[119929]: /usr/local/lib/python3.8/dist-packages/oslo_context/context.py:100: DeprecationWarning: Policy enforcement is depending on the value of is_admin. This key is deprecated. Please update your policy file to use the standard policy values.
Aug 30 14:43:01.744653 dv-cinder-828806-5-iscsi devstack@c-api.service[119929]: warnings.warn('Policy enforcement is depending on the value of '
Aug 30 14:43:01.762103 dv-cinder-828806-5-iscsi devstack@c-api.service[119930]: DEBUG oslo_db.sqlalchemy.engines [None req-bad8230f-c15d-4954-8637-4cf11ac66db6 tempest-GroupsTest-1199126825 tempest-GroupsTest-1199126825-project] MySQL server mode set to STRICT_TRANS_TABLES,STRICT_ALL_TABLES,NO_ZERO_IN_DATE,NO_ZERO_DATE,ERROR_FOR_DIVISION_BY_ZERO,TRADITIONAL,NO_ENGINE_SUBSTITUTION {{(pid=119930) _check_effective_sql_mode /usr/local/lib/python3.8/dist-packages/oslo_db/sqlalchemy/engines.py:314}}
Aug 30 14:43:01.770011 dv-cinder-828806-5-iscsi devstack@c-api.service[119929]: INFO cinder.volume.api [None req-c0c1e9dc-1a24-4db6-951c-8ec044514439 tempest-VolumeTypesAccessTest-1910293480 tempest-VolumeTypesAccessTest-1910293480-project] Volume info retrieved successfully.
Aug 30 14:43:01.772702 dv-cinder-828806-5-iscsi devstack@c-api.service[119930]: /usr/local/lib/python3.8/dist-packages/oslo_context/context.py:100: DeprecationWarning: Policy enforcement is depending on the value of is_admin. This key is deprecated. Please update your policy file to use the standard policy values.
Aug 30 14:43:01.772702 dv-cinder-828806-5-iscsi devstack@c-api.service[119930]: warnings.warn('Policy enforcement is depending on the value of '
Aug 30 14:43:01.783046 dv-cinder-828806-5-iscsi devstack@c-api.service[119930]: WARNING stevedore.named [None req-bad8230f-c15d-4954-8637-4cf11ac66db6 tempest-GroupsTest-1199126825 tempest-GroupsTest-1199126825-project] Could not load cinder.keymgr.conf_key_mgr.ConfKeyManager
Aug 30 14:43:01.783465 dv-cinder-828806-5-iscsi devstack@c-api.service[119930]: WARNING castellan.key_manager [None req-bad8230f-c15d-4954-8637-4cf11ac66db6 tempest-GroupsTest-1199126825 tempest-GroupsTest-1199126825-project] Deprecation Warning : cinder.keymgr.conf_key_mgr.ConfKeyManager is not a stevedore based driver, trying to load it as a class: stevedore.exception.NoMatches: No 'castellan.drivers' driver found, looking for 'cinder.keymgr.conf_key_mgr.ConfKeyManager'
Aug 30 14:43:01.791139 dv-cinder-828806-5-iscsi devstack@c-api.service[119929]: INFO cinder.api.openstack.wsgi [None req-c0c1e9dc-1a24-4db6-951c-8ec044514439 tempest-VolumeTypesAccessTest-1910293480 tempest-VolumeTypesAccessTest-1910293480-project] http://10.222.0.30/volume/v3/86b78ba5cb474866a902bad41662a5ba/volumes/dbc0ddbc-16e6-47ae-a65e-75d8db6e85e8 returned with HTTP 200
Aug 30 14:43:01.794035 dv-cinder-828806-5-iscsi devstack@c-api.service[119930]: DEBUG oslo_db.sqlalchemy.engines [None req-bad8230f-c15d-4954-8637-4cf11ac66db6 tempest-GroupsTest-1199126825 tempest-GroupsTest-1199126825-project] MySQL server mode set to STRICT_TRANS_TABLES,STRICT_ALL_TABLES,NO_ZERO_IN_DATE,NO_ZERO_DATE,ERROR_FOR_DIVISION_BY_ZERO,TRADITIONAL,NO_ENGINE_SUBSTITUTION {{(pid=119930) _check_effective_sql_mode /usr/local/lib/python3.8/dist-packages/oslo_db/sqlalchemy/engines.py:314}}
Aug 30 14:43:01.802295 dv-cinder-828806-5-iscsi devstack@c-api.service[119930]: /usr/local/lib/python3.8/dist-packages/oslo_context/context.py:100: DeprecationWarning: Policy enforcement is depending on the value of is_admin. This key is deprecated. Please update your policy file to use the standard policy values.
Aug 30 14:43:01.802295 dv-cinder-828806-5-iscsi devstack@c-api.service[119930]: warnings.warn('Policy enforcement is depending on the value of '
Aug 30 14:43:01.803697 dv-cinder-828806-5-iscsi devstack@c-api.service[119929]: [pid: 119929|app: 0|req: 117/240] 10.222.0.30 () {58 vars in 1325 bytes} [Tue Aug 30 14:43:01 2022] GET /volume/v3/86b78ba5cb474866a902bad41662a5ba/volumes/dbc0ddbc-16e6-47ae-a65e-75d8db6e85e8 => generated 953 bytes in 120 msecs (HTTP/1.1 200) 7 headers in 285 bytes (2 switches on core 0)
Aug 30 14:43:01.821025 dv-cinder-828806-5-iscsi devstack@c-api.service[119930]: INFO cinder.api.openstack.wsgi [None req-bad8230f-c15d-4954-8637-4cf11ac66db6 tempest-GroupsTest-1199126825 tempest-GroupsTest-1199126825-project] http://10.222.0.30/volume/v3/05aae87b4d6d4b30b43b263141a33007/volumes/detail returned with HTTP 200
Aug 30 14:43:01.822158 dv-cinder-828806-5-iscsi devstack@c-api.service[119930]: [pid: 119930|app: 0|req: 124/241] 10.222.0.30 () {60 vars in 1276 bytes} [Tue Aug 30 14:43:01 2022] GET /volume/v3/05aae87b4d6d4b30b43b263141a33007/volumes/detail => generated 1962 bytes in 185 msecs (HTTP/1.1 200) 7 headers in 287 bytes (2 switches on core 0)
Aug 30 14:43:01.840600 dv-cinder-828806-5-iscsi devstack@c-api.service[119929]: DEBUG cinder.api.middleware.request_id [None req-6f1a1c3d-0435-4ea9-9866-7e0b21d04ed9 None None] RequestId filter calling following filter/app {{(pid=119929) _context_setter /opt/stack/cinder/cinder/api/middleware/request_id.py:62}}
Aug 30 14:43:01.848277 dv-cinder-828806-5-iscsi devstack@c-api.service[119929]: INFO cinder.api.openstack.wsgi [None req-6f1a1c3d-0435-4ea9-9866-7e0b21d04ed9 tempest-GroupsTest-1199126825 tempest-GroupsTest-1199126825-project] POST http://10.222.0.30/volume/v3/05aae87b4d6d4b30b43b263141a33007/groups/a33a7815-da5d-4d0d-b582-4990bbd1c32c/action
Aug 30 14:43:01.849196 dv-cinder-828806-5-iscsi devstack@c-api.service[119929]: DEBUG cinder.api.openstack.wsgi [None req-6f1a1c3d-0435-4ea9-9866-7e0b21d04ed9 tempest-GroupsTest-1199126825 tempest-GroupsTest-1199126825-project] Action body: b'{"delete": {"delete-volumes": true}}' {{(pid=119929) get_method /opt/stack/cinder/cinder/api/openstack/wsgi.py:983}}
Aug 30 14:43:01.849535 dv-cinder-828806-5-iscsi devstack@c-api.service[119929]: DEBUG cinder.api.openstack.wsgi [None req-6f1a1c3d-0435-4ea9-9866-7e0b21d04ed9 tempest-GroupsTest-1199126825 tempest-GroupsTest-1199126825-project] Action: 'action', calling method: delete_group, body: {"delete": {"delete-volumes": true}} {{(pid=119929) _process_stack /opt/stack/cinder/cinder/api/openstack/wsgi.py:866}}
Aug 30 14:43:01.852185 dv-cinder-828806-5-iscsi devstack@c-api.service[119929]: DEBUG cinder.api.v3.groups [None req-6f1a1c3d-0435-4ea9-9866-7e0b21d04ed9 tempest-GroupsTest-1199126825 tempest-GroupsTest-1199126825-project] delete called for group a33a7815-da5d-4d0d-b582-4990bbd1c32c {{(pid=119929) _delete /opt/stack/cinder/cinder/api/v3/groups.py:117}}
Aug 30 14:43:01.852481 dv-cinder-828806-5-iscsi devstack@c-api.service[119929]: INFO cinder.api.v3.groups [None req-6f1a1c3d-0435-4ea9-9866-7e0b21d04ed9 tempest-GroupsTest-1199126825 tempest-GroupsTest-1199126825-project] Delete group with id: a33a7815-da5d-4d0d-b582-4990bbd1c32c
Aug 30 14:43:01.861199 dv-cinder-828806-5-iscsi devstack@c-api.service[119929]: /usr/local/lib/python3.8/dist-packages/oslo_context/context.py:100: DeprecationWarning: Policy enforcement is depending on the value of is_admin. This key is deprecated. Please update your policy file to use the standard policy values.
Aug 30 14:43:01.861199 dv-cinder-828806-5-iscsi devstack@c-api.service[119929]: warnings.warn('Policy enforcement is depending on the value of '
Aug 30 14:43:01.970601 dv-cinder-828806-5-iscsi devstack@c-api.service[119930]: DEBUG cinder.api.middleware.request_id [None req-8d7b228a-2720-4cff-91ca-531b9d0ea8ec None None] RequestId filter calling following filter/app {{(pid=119930) _context_setter /opt/stack/cinder/cinder/api/middleware/request_id.py:62}}
Aug 30 14:43:01.976753 dv-cinder-828806-5-iscsi devstack@c-api.service[119930]: INFO cinder.api.openstack.wsgi [None req-8d7b228a-2720-4cff-91ca-531b9d0ea8ec tempest-VolumesTransfersV355Test-1269701970 tempest-VolumesTransfersV355Test-1269701970-project] GET http://10.222.0.30/volume/v3/c4880227055646de88afca1aa55a2f90/volumes/f1848311-4f19-4cda-a51f-c398b6b34447
Aug 30 14:43:01.978432 dv-cinder-828806-5-iscsi devstack@c-api.service[119930]: DEBUG cinder.api.openstack.wsgi [None req-8d7b228a-2720-4cff-91ca-531b9d0ea8ec tempest-VolumesTransfersV355Test-1269701970 tempest-VolumesTransfersV355Test-1269701970-project] Empty body provided in request {{(pid=119930) get_body /opt/stack/cinder/cinder/api/openstack/wsgi.py:715}}
Aug 30 14:43:01.979175 dv-cinder-828806-5-iscsi devstack@c-api.service[119930]: DEBUG cinder.api.openstack.wsgi [None req-8d7b228a-2720-4cff-91ca-531b9d0ea8ec tempest-VolumesTransfersV355Test-1269701970 tempest-VolumesTransfersV355Test-1269701970-project] Calling method 'show' {{(pid=119930) _process_stack /opt/stack/cinder/cinder/api/openstack/wsgi.py:868}}
Aug 30 14:43:02.028045 dv-cinder-828806-5-iscsi devstack@c-api.service[119929]: INFO cinder.api.openstack.wsgi [None req-6f1a1c3d-0435-4ea9-9866-7e0b21d04ed9 tempest-GroupsTest-1199126825 tempest-GroupsTest-1199126825-project] http://10.222.0.30/volume/v3/05aae87b4d6d4b30b43b263141a33007/groups/a33a7815-da5d-4d0d-b582-4990bbd1c32c/action returned with HTTP 202
Aug 30 14:43:02.029062 dv-cinder-828806-5-iscsi devstack@c-api.service[119929]: [pid: 119929|app: 0|req: 118/242] 10.222.0.30 () {62 vars in 1405 bytes} [Tue Aug 30 14:43:01 2022] POST /volume/v3/05aae87b4d6d4b30b43b263141a33007/groups/a33a7815-da5d-4d0d-b582-4990bbd1c32c/action => generated 0 bytes in 190 msecs (HTTP/1.1 202) 6 headers in 234 bytes (1 switches on core 0)
Aug 30 14:43:02.029170 dv-cinder-828806-5-iscsi devstack@c-api.service[119930]: /usr/local/lib/python3.8/dist-packages/oslo_context/context.py:100: DeprecationWarning: Policy enforcement is depending on the value of is_admin. This key is deprecated. Please update your policy file to use the standard policy values.
Aug 30 14:43:02.029170 dv-cinder-828806-5-iscsi devstack@c-api.service[119930]: warnings.warn('Policy enforcement is depending on the value of '
Aug 30 14:43:02.036360 dv-cinder-828806-5-iscsi devstack@c-api.service[119929]: DEBUG cinder.api.middleware.request_id [None req-142c873c-d321-480f-95f2-eb6c1912f801 None None] RequestId filter calling following filter/app {{(pid=119929) _context_setter /opt/stack/cinder/cinder/api/middleware/request_id.py:62}}
