Aug 30 14:43:50.411120 dv-cinder-828805-5-smb devstack@c-api.service[120032]: [pid: 120032|app: 0|req: 12/18] 10.222.0.49 () {58 vars in 1325 bytes} [Tue Aug 30 14:43:50 2022] GET /volume/v3/41d41206e0c04b379175e6481ad4f90a/volumes/d9d1eaf0-14f0-4382-bc9f-439a71aef738 => generated 922 bytes in 147 msecs (HTTP/1.1 200) 7 headers in 285 bytes (1 switches on core 0)
Aug 30 14:43:50.413499 dv-cinder-828805-5-smb devstack@c-api.service[120032]: DEBUG cinder.api.middleware.request_id [None req-de19a92f-9e43-4a8b-8b85-1cd6c6599f39 None None] RequestId filter calling following filter/app {{(pid=120032) _context_setter /opt/stack/cinder/cinder/api/middleware/request_id.py:62}}
Aug 30 14:43:50.426334 dv-cinder-828805-5-smb devstack@c-api.service[120032]: INFO cinder.api.openstack.wsgi [None req-de19a92f-9e43-4a8b-8b85-1cd6c6599f39 tempest-GroupTypesTest-189903621 tempest-GroupTypesTest-189903621-project-admin] POST http://10.222.0.49/volume/v3/5f47f8b406d7477eadc7f85d58e5b88d/group_types
Aug 30 14:43:50.429298 dv-cinder-828805-5-smb devstack@c-api.service[120032]: DEBUG cinder.api.openstack.wsgi [None req-de19a92f-9e43-4a8b-8b85-1cd6c6599f39 tempest-GroupTypesTest-189903621 tempest-GroupTypesTest-189903621-project-admin] Action: 'create', calling method: version_select, body: {"group_type": {"name": "a_tempest-group-type-1925335226", "is_public": true}} {{(pid=120032) _process_stack /opt/stack/cinder/cinder/api/openstack/wsgi.py:866}}
Aug 30 14:43:50.484364 dv-cinder-828805-5-smb devstack@c-api.service[120032]: INFO cinder.api.openstack.wsgi [None req-de19a92f-9e43-4a8b-8b85-1cd6c6599f39 tempest-GroupTypesTest-189903621 tempest-GroupTypesTest-189903621-project-admin] http://10.222.0.49/volume/v3/5f47f8b406d7477eadc7f85d58e5b88d/group_types returned with HTTP 202
Aug 30 14:43:50.488133 dv-cinder-828805-5-smb devstack@c-api.service[120033]: DEBUG cinder.quota [None req-883784b5-9939-46a5-b2ba-6b721f687a10 tempest-GroupsV314Test-596897699 tempest-GroupsV314Test-596897699-project] Created reservations ['5c5a0232-f86a-4925-916a-94bf48f8014f'] {{(pid=120033) reserve /opt/stack/cinder/cinder/quota.py:755}}
Aug 30 14:43:50.493479 dv-cinder-828805-5-smb devstack@c-api.service[120032]: [pid: 120032|app: 0|req: 13/19] 10.222.0.49 () {62 vars in 1288 bytes} [Tue Aug 30 14:43:50 2022] POST /volume/v3/5f47f8b406d7477eadc7f85d58e5b88d/group_types => generated 164 bytes in 82 msecs (HTTP/1.1 202) 7 headers in 292 bytes (1 switches on core 0)
Aug 30 14:43:50.501341 dv-cinder-828805-5-smb devstack@c-api.service[120032]: DEBUG cinder.api.middleware.request_id [None req-2885399a-1f58-41c6-89ad-97eb9c09e168 None None] RequestId filter calling following filter/app {{(pid=120032) _context_setter /opt/stack/cinder/cinder/api/middleware/request_id.py:62}}
Aug 30 14:43:50.521729 dv-cinder-828805-5-smb devstack@c-api.service[120032]: INFO cinder.api.openstack.wsgi [None req-2885399a-1f58-41c6-89ad-97eb9c09e168 tempest-GroupTypesTest-189903621 tempest-GroupTypesTest-189903621-project-admin] POST http://10.222.0.49/volume/v3/5f47f8b406d7477eadc7f85d58e5b88d/group_types
Aug 30 14:43:50.524074 dv-cinder-828805-5-smb devstack@c-api.service[120032]: DEBUG cinder.api.openstack.wsgi [None req-2885399a-1f58-41c6-89ad-97eb9c09e168 tempest-GroupTypesTest-189903621 tempest-GroupTypesTest-189903621-project-admin] Action: 'create', calling method: version_select, body: {"group_type": {"name": "b_tempest-group-type-440914901", "is_public": false}} {{(pid=120032) _process_stack /opt/stack/cinder/cinder/api/openstack/wsgi.py:866}}
Aug 30 14:43:50.598844 dv-cinder-828805-5-smb devstack@c-api.service[120032]: INFO cinder.api.openstack.wsgi [None req-2885399a-1f58-41c6-89ad-97eb9c09e168 tempest-GroupTypesTest-189903621 tempest-GroupTypesTest-189903621-project-admin] http://10.222.0.49/volume/v3/5f47f8b406d7477eadc7f85d58e5b88d/group_types returned with HTTP 202
Aug 30 14:43:50.600053 dv-cinder-828805-5-smb devstack@c-api.service[120032]: [pid: 120032|app: 0|req: 14/20] 10.222.0.49 () {62 vars in 1288 bytes} [Tue Aug 30 14:43:50 2022] POST /volume/v3/5f47f8b406d7477eadc7f85d58e5b88d/group_types => generated 164 bytes in 100 msecs (HTTP/1.1 202) 7 headers in 292 bytes (1 switches on core 0)
Aug 30 14:43:50.601653 dv-cinder-828805-5-smb devstack@c-api.service[120032]: DEBUG cinder.api.middleware.request_id [req-a8bc8776-5bfe-4ca1-8e94-b99c65af6c04 req-11f8e725-7100-4214-be31-18d05561ff06 None None] RequestId filter calling following filter/app {{(pid=120032) _context_setter /opt/stack/cinder/cinder/api/middleware/request_id.py:62}}
Aug 30 14:43:50.704079 dv-cinder-828805-5-smb devstack@c-api.service[120032]: WARNING keystonemiddleware.auth_token [req-a8bc8776-5bfe-4ca1-8e94-b99c65af6c04 req-11f8e725-7100-4214-be31-18d05561ff06 None None] A valid token was submitted as a service token, but it was not a valid service token. This is incorrect but backwards compatible behaviour. This will be removed in future releases.
Aug 30 14:43:50.708557 dv-cinder-828805-5-smb devstack@c-api.service[120032]: INFO cinder.api.openstack.wsgi [req-a8bc8776-5bfe-4ca1-8e94-b99c65af6c04 req-11f8e725-7100-4214-be31-18d05561ff06 tempest-VolumesTestJSON-370139710 tempest-VolumesTestJSON-370139710-project] GET http://10.222.0.49/volume/v3/41d41206e0c04b379175e6481ad4f90a/volumes/d9d1eaf0-14f0-4382-bc9f-439a71aef738
Aug 30 14:43:50.709454 dv-cinder-828805-5-smb devstack@c-api.service[120032]: DEBUG cinder.api.openstack.wsgi [req-a8bc8776-5bfe-4ca1-8e94-b99c65af6c04 req-11f8e725-7100-4214-be31-18d05561ff06 tempest-VolumesTestJSON-370139710 tempest-VolumesTestJSON-370139710-project] Empty body provided in request {{(pid=120032) get_body /opt/stack/cinder/cinder/api/openstack/wsgi.py:715}}
Aug 30 14:43:50.710089 dv-cinder-828805-5-smb devstack@c-api.service[120032]: DEBUG cinder.api.openstack.wsgi [req-a8bc8776-5bfe-4ca1-8e94-b99c65af6c04 req-11f8e725-7100-4214-be31-18d05561ff06 tempest-VolumesTestJSON-370139710 tempest-VolumesTestJSON-370139710-project] Calling method 'show' {{(pid=120032) _process_stack /opt/stack/cinder/cinder/api/openstack/wsgi.py:868}}
Aug 30 14:43:50.731429 dv-cinder-828805-5-smb devstack@c-api.service[120032]: /usr/local/lib/python3.8/dist-packages/oslo_context/context.py:100: DeprecationWarning: Policy enforcement is depending on the value of is_admin. This key is deprecated. Please update your policy file to use the standard policy values.
Aug 30 14:43:50.731429 dv-cinder-828805-5-smb devstack@c-api.service[120032]: warnings.warn('Policy enforcement is depending on the value of '
Aug 30 14:43:50.741802 dv-cinder-828805-5-smb devstack@c-api.service[120032]: INFO cinder.volume.api [req-a8bc8776-5bfe-4ca1-8e94-b99c65af6c04 req-11f8e725-7100-4214-be31-18d05561ff06 tempest-VolumesTestJSON-370139710 tempest-VolumesTestJSON-370139710-project] Volume info retrieved successfully.
Aug 30 14:43:50.744690 dv-cinder-828805-5-smb devstack@c-api.service[120033]: INFO cinder.api.openstack.wsgi [None req-883784b5-9939-46a5-b2ba-6b721f687a10 tempest-GroupsV314Test-596897699 tempest-GroupsV314Test-596897699-project] http://10.222.0.49/volume/v3/464590c74fa44fd49477a80465f18a63/groups returned with HTTP 202
Aug 30 14:43:50.745829 dv-cinder-828805-5-smb devstack@c-api.service[120033]: [pid: 120033|app: 0|req: 7/21] 10.222.0.49 () {62 vars in 1274 bytes} [Tue Aug 30 14:43:49 2022] POST /volume/v3/464590c74fa44fd49477a80465f18a63/groups => generated 107 bytes in 829 msecs (HTTP/1.1 202) 7 headers in 292 bytes (1 switches on core 0)
Aug 30 14:43:50.747267 dv-cinder-828805-5-smb devstack@c-api.service[120033]: DEBUG cinder.api.middleware.request_id [None req-e9054ca8-fab8-4b40-86b4-6869e80db207 None None] RequestId filter calling following filter/app {{(pid=120033) _context_setter /opt/stack/cinder/cinder/api/middleware/request_id.py:62}}
Aug 30 14:43:50.752911 dv-cinder-828805-5-smb devstack@c-api.service[120033]: INFO cinder.api.openstack.wsgi [None req-e9054ca8-fab8-4b40-86b4-6869e80db207 tempest-GroupTypesTest-189903621 tempest-GroupTypesTest-189903621-project-admin] GET http://10.222.0.49/volume/v3/5f47f8b406d7477eadc7f85d58e5b88d/group_types?sort=name%3Aasc&is_public=None
Aug 30 14:43:50.753520 dv-cinder-828805-5-smb devstack@c-api.service[120033]: DEBUG cinder.api.openstack.wsgi [None req-e9054ca8-fab8-4b40-86b4-6869e80db207 tempest-GroupTypesTest-189903621 tempest-GroupTypesTest-189903621-project-admin] Empty body provided in request {{(pid=120033) get_body /opt/stack/cinder/cinder/api/openstack/wsgi.py:715}}
Aug 30 14:43:50.755195 dv-cinder-828805-5-smb devstack@c-api.service[120033]: DEBUG cinder.api.openstack.wsgi [None req-e9054ca8-fab8-4b40-86b4-6869e80db207 tempest-GroupTypesTest-189903621 tempest-GroupTypesTest-189903621-project-admin] Calling method 'version_select' {{(pid=120033) _process_stack /opt/stack/cinder/cinder/api/openstack/wsgi.py:868}}
Aug 30 14:43:50.780030 dv-cinder-828805-5-smb devstack@c-api.service[120032]: INFO cinder.api.openstack.wsgi [req-a8bc8776-5bfe-4ca1-8e94-b99c65af6c04 req-11f8e725-7100-4214-be31-18d05561ff06 tempest-VolumesTestJSON-370139710 tempest-VolumesTestJSON-370139710-project] http://10.222.0.49/volume/v3/41d41206e0c04b379175e6481ad4f90a/volumes/d9d1eaf0-14f0-4382-bc9f-439a71aef738 returned with HTTP 200
Aug 30 14:43:50.782154 dv-cinder-828805-5-smb devstack@c-api.service[120032]: [pid: 120032|app: 0|req: 15/22] 10.222.0.49 () {60 vars in 1578 bytes} [Tue Aug 30 14:43:50 2022] GET /volume/v3/41d41206e0c04b379175e6481ad4f90a/volumes/d9d1eaf0-14f0-4382-bc9f-439a71aef738 => generated 922 bytes in 181 msecs (HTTP/1.1 200) 7 headers in 285 bytes (1 switches on core 0)
Aug 30 14:43:50.784072 dv-cinder-828805-5-smb devstack@c-api.service[120032]: DEBUG cinder.api.middleware.request_id [req-ec06d1c9-a526-44d8-83c1-9c469d7e213d req-0ca8be90-52ff-45f6-860f-78dd8a1df552 None None] RequestId filter calling following filter/app {{(pid=120032) _context_setter /opt/stack/cinder/cinder/api/middleware/request_id.py:62}}
Aug 30 14:43:50.809101 dv-cinder-828805-5-smb devstack@c-api.service[120033]: /usr/local/lib/python3.8/dist-packages/oslo_context/context.py:100: DeprecationWarning: Policy enforcement is depending on the value of is_admin. This key is deprecated. Please update your policy file to use the standard policy values.
Aug 30 14:43:50.809101 dv-cinder-828805-5-smb devstack@c-api.service[120033]: warnings.warn('Policy enforcement is depending on the value of '
Aug 30 14:43:50.817432 dv-cinder-828805-5-smb devstack@c-api.service[120033]: INFO cinder.api.openstack.wsgi [None req-e9054ca8-fab8-4b40-86b4-6869e80db207 tempest-GroupTypesTest-189903621 tempest-GroupTypesTest-189903621-project-admin] http://10.222.0.49/volume/v3/5f47f8b406d7477eadc7f85d58e5b88d/group_types?sort=name%3Aasc&is_public=None returned with HTTP 200
Aug 30 14:43:50.823627 dv-cinder-828805-5-smb devstack@c-api.service[120033]: [pid: 120033|app: 0|req: 8/23] 10.222.0.49 () {60 vars in 1328 bytes} [Tue Aug 30 14:43:50 2022] GET /volume/v3/5f47f8b406d7477eadc7f85d58e5b88d/group_types?sort=name%3Aasc&is_public=None => generated 711 bytes in 77 msecs (HTTP/1.1 200) 7 headers in 286 bytes (1 switches on core 0)
Aug 30 14:43:50.827765 dv-cinder-828805-5-smb devstack@c-api.service[120033]: DEBUG cinder.api.middleware.request_id [None req-9a68b45a-7b56-4220-9460-fbaf12f763a3 None None] RequestId filter calling following filter/app {{(pid=120033) _context_setter /opt/stack/cinder/cinder/api/middleware/request_id.py:62}}
Aug 30 14:43:50.837252 dv-cinder-828805-5-smb devstack@c-api.service[120033]: INFO cinder.api.openstack.wsgi [None req-9a68b45a-7b56-4220-9460-fbaf12f763a3 tempest-GroupsV314Test-596897699 tempest-GroupsV314Test-596897699-project] GET http://10.222.0.49/volume/v3/464590c74fa44fd49477a80465f18a63/groups/279493f2-b3a7-47e4-85bf-6b5f4500ff43
Aug 30 14:43:50.841517 dv-cinder-828805-5-smb devstack@c-api.service[120033]: DEBUG cinder.api.openstack.wsgi [None req-9a68b45a-7b56-4220-9460-fbaf12f763a3 tempest-GroupsV314Test-596897699 tempest-GroupsV314Test-596897699-project] Empty body provided in request {{(pid=120033) get_body /opt/stack/cinder/cinder/api/openstack/wsgi.py:715}}
Aug 30 14:43:50.842870 dv-cinder-828805-5-smb devstack@c-api.service[120033]: DEBUG cinder.api.openstack.wsgi [None req-9a68b45a-7b56-4220-9460-fbaf12f763a3 tempest-GroupsV314Test-596897699 tempest-GroupsV314Test-596897699-project] Calling method 'version_select' {{(pid=120033) _process_stack /opt/stack/cinder/cinder/api/openstack/wsgi.py:868}}
Aug 30 14:43:50.844825 dv-cinder-828805-5-smb devstack@c-api.service[120033]: DEBUG cinder.api.v3.groups [None req-9a68b45a-7b56-4220-9460-fbaf12f763a3 tempest-GroupsV314Test-596897699 tempest-GroupsV314Test-596897699-project] show called for member 279493f2-b3a7-47e4-85bf-6b5f4500ff43 {{(pid=120033) show /opt/stack/cinder/cinder/api/v3/groups.py:58}}
Aug 30 14:43:50.859336 dv-cinder-828805-5-smb devstack@c-api.service[120033]: /usr/local/lib/python3.8/dist-packages/oslo_context/context.py:100: DeprecationWarning: Policy enforcement is depending on the value of is_admin. This key is deprecated. Please update your policy file to use the standard policy values.
Aug 30 14:43:50.859336 dv-cinder-828805-5-smb devstack@c-api.service[120033]: warnings.warn('Policy enforcement is depending on the value of '
Aug 30 14:43:50.896727 dv-cinder-828805-5-smb devstack@c-api.service[120032]: INFO cinder.api.openstack.wsgi [req-ec06d1c9-a526-44d8-83c1-9c469d7e213d req-0ca8be90-52ff-45f6-860f-78dd8a1df552 tempest-VolumesNegativeTest-385159036 tempest-VolumesNegativeTest-385159036-project] DELETE http://10.222.0.49/volume/v3/83a4b9108dfb44708ec870a416c8a25f/volumes/tempest-invalid-475293346
Aug 30 14:43:50.897143 dv-cinder-828805-5-smb devstack@c-api.service[120032]: DEBUG cinder.api.openstack.wsgi [req-ec06d1c9-a526-44d8-83c1-9c469d7e213d req-0ca8be90-52ff-45f6-860f-78dd8a1df552 tempest-VolumesNegativeTest-385159036 tempest-VolumesNegativeTest-385159036-project] Empty body provided in request {{(pid=120032) get_body /opt/stack/cinder/cinder/api/openstack/wsgi.py:715}}
Aug 30 14:43:50.897605 dv-cinder-828805-5-smb devstack@c-api.service[120032]: DEBUG cinder.api.openstack.wsgi [req-ec06d1c9-a526-44d8-83c1-9c469d7e213d req-0ca8be90-52ff-45f6-860f-78dd8a1df552 tempest-VolumesNegativeTest-385159036 tempest-VolumesNegativeTest-385159036-project] Calling method 'delete' {{(pid=120032) _process_stack /opt/stack/cinder/cinder/api/openstack/wsgi.py:868}}
Aug 30 14:43:50.898011 dv-cinder-828805-5-smb devstack@c-api.service[120032]: INFO cinder.api.v3.volumes [req-ec06d1c9-a526-44d8-83c1-9c469d7e213d req-0ca8be90-52ff-45f6-860f-78dd8a1df552 tempest-VolumesNegativeTest-385159036 tempest-VolumesNegativeTest-385159036-project] Delete volume with id: tempest-invalid-475293346
Aug 30 14:43:50.907056 dv-cinder-828805-5-smb devstack@c-api.service[120033]: INFO cinder.api.openstack.wsgi [None req-9a68b45a-7b56-4220-9460-fbaf12f763a3 tempest-GroupsV314Test-596897699 tempest-GroupsV314Test-596897699-project] http://10.222.0.49/volume/v3/464590c74fa44fd49477a80465f18a63/groups/279493f2-b3a7-47e4-85bf-6b5f4500ff43 returned with HTTP 200
Aug 30 14:43:50.908945 dv-cinder-828805-5-smb devstack@c-api.service[120033]: [pid: 120033|app: 0|req: 9/24] 10.222.0.49 () {60 vars in 1363 bytes} [Tue Aug 30 14:43:50 2022] GET /volume/v3/464590c74fa44fd49477a80465f18a63/groups/279493f2-b3a7-47e4-85bf-6b5f4500ff43 => generated 387 bytes in 84 msecs (HTTP/1.1 200) 7 headers in 286 bytes (1 switches on core 0)
Aug 30 14:43:50.911220 dv-cinder-828805-5-smb devstack@c-api.service[120033]: DEBUG cinder.api.middleware.request_id [None req-6bcd95a9-fbb2-4f03-8710-32f534fe6647 None None] RequestId filter calling following filter/app {{(pid=120033) _context_setter /opt/stack/cinder/cinder/api/middleware/request_id.py:62}}
Aug 30 14:43:50.915678 dv-cinder-828805-5-smb devstack@c-api.service[120033]: INFO cinder.api.openstack.wsgi [None req-6bcd95a9-fbb2-4f03-8710-32f534fe6647 tempest-VolumesTestJSON-370139710 tempest-VolumesTestJSON-370139710-project] POST http://10.222.0.49/volume/v3/41d41206e0c04b379175e6481ad4f90a/volumes
Aug 30 14:43:50.916805 dv-cinder-828805-5-smb devstack@c-api.service[120033]: DEBUG cinder.api.openstack.wsgi [None req-6bcd95a9-fbb2-4f03-8710-32f534fe6647 tempest-VolumesTestJSON-370139710 tempest-VolumesTestJSON-370139710-project] Action: 'create', calling method: create, body: {"volume": {"metadata": {"Type": "work"}, "size": 1, "display_name": "tempest-VolumesTestJSON-volume-1564551238"}} {{(pid=120033) _process_stack /opt/stack/cinder/cinder/api/openstack/wsgi.py:866}}
Aug 30 14:43:50.920295 dv-cinder-828805-5-smb devstack@c-api.service[120033]: DEBUG cinder.api.v3.volumes [None req-6bcd95a9-fbb2-4f03-8710-32f534fe6647 tempest-VolumesTestJSON-370139710 tempest-VolumesTestJSON-370139710-project] Create volume request body: {'volume': {'metadata': {'Type': 'work'}, 'size': 1, 'display_name': 'tempest-VolumesTestJSON-volume-1564551238'}} {{(pid=120033) create /opt/stack/cinder/cinder/api/v3/volumes.py:298}}
Aug 30 14:43:50.921468 dv-cinder-828805-5-smb devstack@c-api.service[120033]: INFO cinder.api.v3.volumes [None req-6bcd95a9-fbb2-4f03-8710-32f534fe6647 tempest-VolumesTestJSON-370139710 tempest-VolumesTestJSON-370139710-project] Create volume of 1 GB
Aug 30 14:43:50.922478 dv-cinder-828805-5-smb devstack@c-api.service[120033]: /usr/local/lib/python3.8/dist-packages/oslo_context/context.py:100: DeprecationWarning: Policy enforcement is depending on the value of is_admin. This key is deprecated. Please update your policy file to use the standard policy values.
Aug 30 14:43:50.922478 dv-cinder-828805-5-smb devstack@c-api.service[120033]: warnings.warn('Policy enforcement is depending on the value of '
Aug 30 14:43:50.935771 dv-cinder-828805-5-smb devstack@c-api.service[120032]: INFO cinder.api.openstack.wsgi [req-ec06d1c9-a526-44d8-83c1-9c469d7e213d req-0ca8be90-52ff-45f6-860f-78dd8a1df552 tempest-VolumesNegativeTest-385159036 tempest-VolumesNegativeTest-385159036-project] http://10.222.0.49/volume/v3/83a4b9108dfb44708ec870a416c8a25f/volumes/tempest-invalid-475293346 returned with HTTP 404
Aug 30 14:43:50.937910 dv-cinder-828805-5-smb devstack@c-api.service[120032]: [pid: 120032|app: 0|req: 16/25] 10.222.0.49 () {62 vars in 1567 bytes} [Tue Aug 30 14:43:50 2022] DELETE /volume/v3/83a4b9108dfb44708ec870a416c8a25f/volumes/tempest-invalid-475293346 => generated 98 bytes in 155 msecs (HTTP/1.1 404) 7 headers in 291 bytes (1 switches on core 0)
Aug 30 14:43:50.939836 dv-cinder-828805-5-smb devstack@c-api.service[120032]: DEBUG cinder.api.middleware.request_id [None req-7204174a-ce59-43e1-9045-11ed5d56983e None None] RequestId filter calling following filter/app {{(pid=120032) _context_setter /opt/stack/cinder/cinder/api/middleware/request_id.py:62}}
Aug 30 14:43:50.941065 dv-cinder-828805-5-smb devstack@c-api.service[120033]: DEBUG cinder.volume.api [None req-6bcd95a9-fbb2-4f03-8710-32f534fe6647 tempest-VolumesTestJSON-370139710 tempest-VolumesTestJSON-370139710-project] Availability zone cache updated, next update will occur around 2022-08-30 15:43:50.939154. {{(pid=120033) list_availability_zones /opt/stack/cinder/cinder/volume/api.py:153}}
Aug 30 14:43:50.941065 dv-cinder-828805-5-smb devstack@c-api.service[120033]: INFO cinder.volume.api [None req-6bcd95a9-fbb2-4f03-8710-32f534fe6647 tempest-VolumesTestJSON-370139710 tempest-VolumesTestJSON-370139710-project] Availability Zones retrieved successfully.
Aug 30 14:43:50.954278 dv-cinder-828805-5-smb devstack@c-api.service[120032]: INFO cinder.api.openstack.wsgi [None req-7204174a-ce59-43e1-9045-11ed5d56983e tempest-GroupTypesTest-189903621 tempest-GroupTypesTest-189903621-project-admin] GET http://10.222.0.49/volume/v3/5f47f8b406d7477eadc7f85d58e5b88d/group_types?sort=name%3Adesc&is_public=None
Aug 30 14:43:50.954278 dv-cinder-828805-5-smb devstack@c-api.service[120032]: DEBUG cinder.api.openstack.wsgi [None req-7204174a-ce59-43e1-9045-11ed5d56983e tempest-GroupTypesTest-189903621 tempest-GroupTypesTest-189903621-project-admin] Empty body provided in request {{(pid=120032) get_body /opt/stack/cinder/cinder/api/openstack/wsgi.py:715}}
Aug 30 14:43:50.992084 dv-cinder-828805-5-smb devstack@c-api.service[120032]: DEBUG cinder.api.openstack.wsgi [None req-7204174a-ce59-43e1-9045-11ed5d56983e tempest-GroupTypesTest-189903621 tempest-GroupTypesTest-189903621-project-admin] Calling method 'version_select' {{(pid=120032) _process_stack /opt/stack/cinder/cinder/api/openstack/wsgi.py:868}}
Aug 30 14:43:51.001315 dv-cinder-828805-5-smb devstack@c-api.service[120032]: INFO cinder.api.openstack.wsgi [None req-7204174a-ce59-43e1-9045-11ed5d56983e tempest-GroupTypesTest-189903621 tempest-GroupTypesTest-189903621-project-admin] http://10.222.0.49/volume/v3/5f47f8b406d7477eadc7f85d58e5b88d/group_types?sort=name%3Adesc&is_public=None returned with HTTP 200
Aug 30 14:43:51.008801 dv-cinder-828805-5-smb devstack@c-api.service[120032]: [pid: 120032|app: 0|req: 17/26] 10.222.0.49 () {60 vars in 1330 bytes} [Tue Aug 30 14:43:50 2022] GET /volume/v3/5f47f8b406d7477eadc7f85d58e5b88d/group_types?sort=name%3Adesc&is_public=None => generated 711 bytes in 70 msecs (HTTP/1.1 200) 7 headers in 286 bytes (1 switches on core 0)
Aug 30 14:43:51.017812 dv-cinder-828805-5-smb devstack@c-api.service[120032]: DEBUG cinder.api.middleware.request_id [None req-cb9fcd8a-4f17-4458-af38-10beecd64686 None None] RequestId filter calling following filter/app {{(pid=120032) _context_setter /opt/stack/cinder/cinder/api/middleware/request_id.py:62}}
Aug 30 14:43:51.025819 dv-cinder-828805-5-smb devstack@c-api.service[120032]: INFO cinder.api.openstack.wsgi [None req-cb9fcd8a-4f17-4458-af38-10beecd64686 tempest-GroupTypesTest-189903621 tempest-GroupTypesTest-189903621-project-admin] GET http://10.222.0.49/volume/v3/5f47f8b406d7477eadc7f85d58e5b88d/group_types?is_public=False
Aug 30 14:43:51.027151 dv-cinder-828805-5-smb devstack@c-api.service[120032]: DEBUG cinder.api.openstack.wsgi [None req-cb9fcd8a-4f17-4458-af38-10beecd64686 tempest-GroupTypesTest-189903621 tempest-GroupTypesTest-189903621-project-admin] Empty body provided in request {{(pid=120032) get_body /opt/stack/cinder/cinder/api/openstack/wsgi.py:715}}
Aug 30 14:43:51.027691 dv-cinder-828805-5-smb devstack@c-api.service[120032]: DEBUG cinder.api.openstack.wsgi [None req-cb9fcd8a-4f17-4458-af38-10beecd64686 tempest-GroupTypesTest-189903621 tempest-GroupTypesTest-189903621-project-admin] Calling method 'version_select' {{(pid=120032) _process_stack /opt/stack/cinder/cinder/api/openstack/wsgi.py:868}}
Aug 30 14:43:51.041321 dv-cinder-828805-5-smb devstack@c-api.service[120033]: DEBUG cinder.volume.api [None req-6bcd95a9-fbb2-4f03-8710-32f534fe6647 tempest-VolumesTestJSON-370139710 tempest-VolumesTestJSON-370139710-project] Flow 'volume_create_api' (c7f2c176-d32b-4615-98e5-c534ce398d09) transitioned into state 'RUNNING' from state 'PENDING' {{(pid=120033) _flow_receiver /usr/local/lib/python3.8/dist-packages/taskflow/listeners/logging.py:141}}
Aug 30 14:43:51.044609 dv-cinder-828805-5-smb devstack@c-api.service[120033]: DEBUG cinder.volume.api [None req-6bcd95a9-fbb2-4f03-8710-32f534fe6647 tempest-VolumesTestJSON-370139710 tempest-VolumesTestJSON-370139710-project] Task 'cinder.volume.flows.api.create_volume.ExtractVolumeRequestTask;volume:create' (5111ac40-77b3-4b8b-9898-2ff370458a01) transitioned into state 'RUNNING' from state 'PENDING' {{(pid=120033) _task_receiver /usr/local/lib/python3.8/dist-packages/taskflow/listeners/logging.py:190}}
Aug 30 14:43:51.047676 dv-cinder-828805-5-smb devstack@c-api.service[120033]: DEBUG cinder.volume.flows.api.create_volume [None req-6bcd95a9-fbb2-4f03-8710-32f534fe6647 tempest-VolumesTestJSON-370139710 tempest-VolumesTestJSON-370139710-project] Validating volume size '1' using validate_int {{(pid=120033) _extract_size /opt/stack/cinder/cinder/volume/flows/api/create_volume.py:228}}
Aug 30 14:43:51.050289 dv-cinder-828805-5-smb devstack@c-api.service[120032]: INFO cinder.api.openstack.wsgi [None req-cb9fcd8a-4f17-4458-af38-10beecd64686 tempest-GroupTypesTest-189903621 tempest-GroupTypesTest-189903621-project-admin] http://10.222.0.49/volume/v3/5f47f8b406d7477eadc7f85d58e5b88d/group_types?is_public=False returned with HTTP 200
Aug 30 14:43:51.051583 dv-cinder-828805-5-smb devstack@c-api.service[120032]: [pid: 120032|app: 0|req: 18/27] 10.222.0.49 () {60 vars in 1298 bytes} [Tue Aug 30 14:43:51 2022] GET /volume/v3/5f47f8b406d7477eadc7f85d58e5b88d/group_types?is_public=False => generated 167 bytes in 40 msecs (HTTP/1.1 200) 7 headers in 286 bytes (1 switches on core 0)
Aug 30 14:43:51.053154 dv-cinder-828805-5-smb devstack@c-api.service[120032]: DEBUG cinder.api.middleware.request_id [req-95183ac8-9cc4-4622-9871-350c4b09b79a req-9c8ae397-2211-4311-ae26-7b90d2d91815 None None] RequestId filter calling following filter/app {{(pid=120032) _context_setter /opt/stack/cinder/cinder/api/middleware/request_id.py:62}}
Aug 30 14:43:51.074001 dv-cinder-828805-5-smb devstack@c-api.service[120032]: INFO cinder.api.openstack.wsgi [req-95183ac8-9cc4-4622-9871-350c4b09b79a req-9c8ae397-2211-4311-ae26-7b90d2d91815 tempest-VolumesNegativeTest-385159036 tempest-VolumesNegativeTest-385159036-project] DELETE http://10.222.0.49/volume/v3/83a4b9108dfb44708ec870a416c8a25f/volumes/85fadd60-fe5f-453b-8874-ce822c9c3163
Aug 30 14:43:51.074608 dv-cinder-828805-5-smb devstack@c-api.service[120032]: DEBUG cinder.api.openstack.wsgi [req-95183ac8-9cc4-4622-9871-350c4b09b79a req-9c8ae397-2211-4311-ae26-7b90d2d91815 tempest-VolumesNegativeTest-385159036 tempest-VolumesNegativeTest-385159036-project] Empty body provided in request {{(pid=120032) get_body /opt/stack/cinder/cinder/api/openstack/wsgi.py:715}}
Aug 30 14:43:51.075179 dv-cinder-828805-5-smb devstack@c-api.service[120032]: DEBUG cinder.api.openstack.wsgi [req-95183ac8-9cc4-4622-9871-350c4b09b79a req-9c8ae397-2211-4311-ae26-7b90d2d91815 tempest-VolumesNegativeTest-385159036 tempest-VolumesNegativeTest-385159036-project] Calling method 'delete' {{(pid=120032) _process_stack /opt/stack/cinder/cinder/api/openstack/wsgi.py:868}}
Aug 30 14:43:51.075685 dv-cinder-828805-5-smb devstack@c-api.service[120032]: INFO cinder.api.v3.volumes [req-95183ac8-9cc4-4622-9871-350c4b09b79a req-9c8ae397-2211-4311-ae26-7b90d2d91815 tempest-VolumesNegativeTest-385159036 tempest-VolumesNegativeTest-385159036-project] Delete volume with id: 85fadd60-fe5f-453b-8874-ce822c9c3163
Aug 30 14:43:51.099526 dv-cinder-828805-5-smb devstack@c-api.service[120032]: INFO cinder.api.openstack.wsgi [req-95183ac8-9cc4-4622-9871-350c4b09b79a req-9c8ae397-2211-4311-ae26-7b90d2d91815 tempest-VolumesNegativeTest-385159036 tempest-VolumesNegativeTest-385159036-project] http://10.222.0.49/volume/v3/83a4b9108dfb44708ec870a416c8a25f/volumes/85fadd60-fe5f-453b-8874-ce822c9c3163 returned with HTTP 404
Aug 30 14:43:51.101111 dv-cinder-828805-5-smb devstack@c-api.service[120032]: [pid: 120032|app: 0|req: 19/28] 10.222.0.49 () {62 vars in 1600 bytes} [Tue Aug 30 14:43:51 2022] DELETE /volume/v3/83a4b9108dfb44708ec870a416c8a25f/volumes/85fadd60-fe5f-453b-8874-ce822c9c3163 => generated 109 bytes in 49 msecs (HTTP/1.1 404) 7 headers in 292 bytes (1 switches on core 0)
Aug 30 14:43:51.103313 dv-cinder-828805-5-smb devstack@c-api.service[120032]: DEBUG cinder.api.middleware.request_id [None req-75bcf827-e831-486a-94d2-07b1595c5184 None None] RequestId filter calling following filter/app {{(pid=120032) _context_setter /opt/stack/cinder/cinder/api/middleware/request_id.py:62}}
Aug 30 14:43:51.121009 dv-cinder-828805-5-smb devstack@c-api.service[120032]: INFO cinder.api.openstack.wsgi [None req-75bcf827-e831-486a-94d2-07b1595c5184 tempest-GroupTypesTest-189903621 tempest-GroupTypesTest-189903621-project-admin] GET http://10.222.0.49/volume/v3/5f47f8b406d7477eadc7f85d58e5b88d/group_types?is_public=True
Aug 30 14:43:51.121811 dv-cinder-828805-5-smb devstack@c-api.service[120032]: DEBUG cinder.api.openstack.wsgi [None req-75bcf827-e831-486a-94d2-07b1595c5184 tempest-GroupTypesTest-189903621 tempest-GroupTypesTest-189903621-project-admin] Empty body provided in request {{(pid=120032) get_body /opt/stack/cinder/cinder/api/openstack/wsgi.py:715}}
Aug 30 14:43:51.122469 dv-cinder-828805-5-smb devstack@c-api.service[120032]: DEBUG cinder.api.openstack.wsgi [None req-75bcf827-e831-486a-94d2-07b1595c5184 tempest-GroupTypesTest-189903621 tempest-GroupTypesTest-189903621-project-admin] Calling method 'version_select' {{(pid=120032) _process_stack /opt/stack/cinder/cinder/api/openstack/wsgi.py:868}}
Aug 30 14:43:51.137723 dv-cinder-828805-5-smb devstack@c-api.service[120032]: INFO cinder.api.openstack.wsgi [None req-75bcf827-e831-486a-94d2-07b1595c5184 tempest-GroupTypesTest-189903621 tempest-GroupTypesTest-189903621-project-admin] http://10.222.0.49/volume/v3/5f47f8b406d7477eadc7f85d58e5b88d/group_types?is_public=True returned with HTTP 200
Aug 30 14:43:51.141145 dv-cinder-828805-5-smb devstack@c-api.service[120032]: [pid: 120032|app: 0|req: 20/29] 10.222.0.49 () {60 vars in 1296 bytes} [Tue Aug 30 14:43:51 2022] GET /volume/v3/5f47f8b406d7477eadc7f85d58e5b88d/group_types?is_public=True => generated 561 bytes in 39 msecs (HTTP/1.1 200) 7 headers in 286 bytes (1 switches on core 0)
Aug 30 14:43:51.143152 dv-cinder-828805-5-smb devstack@c-api.service[120032]: DEBUG cinder.api.middleware.request_id [req-f4b9ae30-e573-46b7-9e0d-26b6144e7f31 req-b37bef55-200c-44bd-896d-b076c9dbea0e None None] RequestId filter calling following filter/app {{(pid=120032) _context_setter /opt/stack/cinder/cinder/api/middleware/request_id.py:62}}
Aug 30 14:43:51.163497 dv-cinder-828805-5-smb devstack@c-api.service[120032]: INFO cinder.api.openstack.wsgi [req-f4b9ae30-e573-46b7-9e0d-26b6144e7f31 req-b37bef55-200c-44bd-896d-b076c9dbea0e tempest-VolumesNegativeTest-385159036 tempest-VolumesNegativeTest-385159036-project] GET http://10.222.0.49/volume/v3/83a4b9108dfb44708ec870a416c8a25f/volumes/608b1ee4-a7a5-4016-8e7a-42b1ff25cfc0
Aug 30 14:43:51.167341 dv-cinder-828805-5-smb devstack@c-api.service[120032]: DEBUG cinder.api.openstack.wsgi [req-f4b9ae30-e573-46b7-9e0d-26b6144e7f31 req-b37bef55-200c-44bd-896d-b076c9dbea0e tempest-VolumesNegativeTest-385159036 tempest-VolumesNegativeTest-385159036-project] Empty body provided in request {{(pid=120032) get_body /opt/stack/cinder/cinder/api/openstack/wsgi.py:715}}
Aug 30 14:43:51.169592 dv-cinder-828805-5-smb devstack@c-api.service[120032]: DEBUG cinder.api.openstack.wsgi [req-f4b9ae30-e573-46b7-9e0d-26b6144e7f31 req-b37bef55-200c-44bd-896d-b076c9dbea0e tempest-VolumesNegativeTest-385159036 tempest-VolumesNegativeTest-385159036-project] Calling method 'show' {{(pid=120032) _process_stack /opt/stack/cinder/cinder/api/openstack/wsgi.py:868}}
Aug 30 14:43:51.216854 dv-cinder-828805-5-smb devstack@c-api.service[120033]: DEBUG cinder.volume.api [None req-6bcd95a9-fbb2-4f03-8710-32f534fe6647 tempest-VolumesTestJSON-370139710 tempest-VolumesTestJSON-370139710-project] Task 'cinder.volume.flows.api.create_volume.ExtractVolumeRequestTask;volume:create' (5111ac40-77b3-4b8b-9898-2ff370458a01) transitioned into state 'SUCCESS' from state 'RUNNING' with result '{'size': 1, 'snapshot_id': None, 'source_volid': None, 'volume_type': VolumeType(created_at=2022-08-30T14:33:48Z,deleted=False,deleted_at=None,description='Default Volume Type',extra_specs={},id=3774cd33-91a6-48b5-a55e-80cc24ed6534,is_public=True,name='__DEFAULT__',projects=[],qos_specs=,qos_specs_id=None,updated_at=2022-08-30T14:33:48Z), 'volume_type_id': '3774cd33-91a6-48b5-a55e-80cc24ed6534', 'encryption_key_id': None, 'qos_specs': None, 'consistencygroup_id': None, 'cgsnapshot_id': None, 'group_id': None, 'replication_status': 'disabled', 'refresh_az': False, 'backup_id': None, 'multiattach': False, 'availability_zones': ['nova']}' {{(pid=120033) _task_receiver /usr/local/lib/python3.8/dist-packages/taskflow/listeners/logging.py:178}}
Aug 30 14:43:51.220990 dv-cinder-828805-5-smb devstack@c-api.service[120033]: DEBUG cinder.volume.api [None req-6bcd95a9-fbb2-4f03-8710-32f534fe6647 tempest-VolumesTestJSON-370139710 tempest-VolumesTestJSON-370139710-project] Task 'cinder.volume.flows.api.create_volume.QuotaReserveTask;volume:create' (c5f7f33e-328f-4d93-95a3-41c545627cdf) transitioned into state 'RUNNING' from state 'PENDING' {{(pid=120033) _task_receiver /usr/local/lib/python3.8/dist-packages/taskflow/listeners/logging.py:190}}
Aug 30 14:43:51.346208 dv-cinder-828805-5-smb devstack@c-api.service[120033]: WARNING cinder.quota [None req-6bcd95a9-fbb2-4f03-8710-32f534fe6647 tempest-VolumesTestJSON-370139710 tempest-VolumesTestJSON-370139710-project] Deprecated: Default quota for resource: volumes___DEFAULT__ is set by the default quota flag: quota_volumes___DEFAULT__, it is now deprecated. Please use the default quota class for default quota.
Aug 30 14:43:51.347131 dv-cinder-828805-5-smb devstack@c-api.service[120033]: WARNING cinder.quota [None req-6bcd95a9-fbb2-4f03-8710-32f534fe6647 tempest-VolumesTestJSON-370139710 tempest-VolumesTestJSON-370139710-project] Deprecated: Default quota for resource: gigabytes___DEFAULT__ is set by the default quota flag: quota_gigabytes___DEFAULT__, it is now deprecated. Please use the default quota class for default quota.
Aug 30 14:43:51.386691 dv-cinder-828805-5-smb devstack@c-api.service[120033]: DEBUG dbcounter [-] [120033] Writing DB stats cinder:SELECT=85,cinder:INSERT=9,cinder:UPDATE=6 {{(pid=120033) stat_writer /usr/local/lib/python3.8/dist-packages/dbcounter.py:114}}
Aug 30 14:43:51.409120 dv-cinder-828805-5-smb devstack@c-api.service[120033]: DEBUG cinder.quota [None req-6bcd95a9-fbb2-4f03-8710-32f534fe6647 tempest-VolumesTestJSON-370139710 tempest-VolumesTestJSON-370139710-project] Created reservations ['eda1cafb-1e0d-4585-901c-7c5d0962cdb8', 'f976f811-64ae-4a58-8e6e-f4e598ce7868', 'adca5956-77b3-40b5-8c0e-b77c6fa0e754', 'fcb7f16a-973e-4bb6-9d34-3936e837752d'] {{(pid=120033) reserve /opt/stack/cinder/cinder/quota.py:755}}
Aug 30 14:43:51.417949 dv-cinder-828805-5-smb devstack@c-api.service[120033]: DEBUG cinder.volume.api [None req-6bcd95a9-fbb2-4f03-8710-32f534fe6647 tempest-VolumesTestJSON-370139710 tempest-VolumesTestJSON-370139710-project] Task 'cinder.volume.flows.api.create_volume.QuotaReserveTask;volume:create' (c5f7f33e-328f-4d93-95a3-41c545627cdf) transitioned into state 'SUCCESS' from state 'RUNNING' with result '{'reservations': ['eda1cafb-1e0d-4585-901c-7c5d0962cdb8', 'f976f811-64ae-4a58-8e6e-f4e598ce7868', 'adca5956-77b3-40b5-8c0e-b77c6fa0e754', 'fcb7f16a-973e-4bb6-9d34-3936e837752d']}' {{(pid=120033) _task_receiver /usr/local/lib/python3.8/dist-packages/taskflow/listeners/logging.py:178}}
Aug 30 14:43:51.420788 dv-cinder-828805-5-smb devstack@c-api.service[120032]: INFO cinder.api.openstack.wsgi [req-f4b9ae30-e573-46b7-9e0d-26b6144e7f31 req-b37bef55-200c-44bd-896d-b076c9dbea0e tempest-VolumesNegativeTest-385159036 tempest-VolumesNegativeTest-385159036-project] http://10.222.0.49/volume/v3/83a4b9108dfb44708ec870a416c8a25f/volumes/608b1ee4-a7a5-4016-8e7a-42b1ff25cfc0 returned with HTTP 404
Aug 30 14:43:51.423620 dv-cinder-828805-5-smb devstack@c-api.service[120033]: DEBUG cinder.volume.api [None req-6bcd95a9-fbb2-4f03-8710-32f534fe6647 tempest-VolumesTestJSON-370139710 tempest-VolumesTestJSON-370139710-project] Task 'cinder.volume.flows.api.create_volume.EntryCreateTask;volume:create' (c0267974-a494-44ef-84f4-3f2391aaf4b3) transitioned into state 'RUNNING' from state 'PENDING' {{(pid=120033) _task_receiver /usr/local/lib/python3.8/dist-packages/taskflow/listeners/logging.py:190}}
Aug 30 14:43:51.425707 dv-cinder-828805-5-smb devstack@c-api.service[120032]: [pid: 120032|app: 0|req: 21/30] 10.222.0.49 () {60 vars in 1578 bytes} [Tue Aug 30 14:43:51 2022] GET /volume/v3/83a4b9108dfb44708ec870a416c8a25f/volumes/608b1ee4-a7a5-4016-8e7a-42b1ff25cfc0 => generated 109 bytes in 284 msecs (HTTP/1.1 404) 7 headers in 292 bytes (1 switches on core 0)
Aug 30 14:43:51.432820 dv-cinder-828805-5-smb devstack@c-api.service[120032]: DEBUG cinder.api.middleware.request_id [None req-50642a10-5669-4b1b-b441-ae4f51301671 None None] RequestId filter calling following filter/app {{(pid=120032) _context_setter /opt/stack/cinder/cinder/api/middleware/request_id.py:62}}
Aug 30 14:43:51.447149 dv-cinder-828805-5-smb devstack@c-api.service[120032]: INFO cinder.api.openstack.wsgi [None req-50642a10-5669-4b1b-b441-ae4f51301671 tempest-GroupTypesTest-189903621 tempest-GroupTypesTest-189903621-project-admin] DELETE http://10.222.0.49/volume/v3/5f47f8b406d7477eadc7f85d58e5b88d/group_types/e25fe0e7-2cbb-4f59-8026-9fe3387a7de4
Aug 30 14:43:51.450280 dv-cinder-828805-5-smb devstack@c-api.service[120032]: DEBUG cinder.api.openstack.wsgi [None req-50642a10-5669-4b1b-b441-ae4f51301671 tempest-GroupTypesTest-189903621 tempest-GroupTypesTest-189903621-project-admin] Empty body provided in request {{(pid=120032) get_body /opt/stack/cinder/cinder/api/openstack/wsgi.py:715}}
Aug 30 14:43:51.451789 dv-cinder-828805-5-smb devstack@c-api.service[120032]: DEBUG cinder.api.openstack.wsgi [None req-50642a10-5669-4b1b-b441-ae4f51301671 tempest-GroupTypesTest-189903621 tempest-GroupTypesTest-189903621-project-admin] Calling method 'version_select' {{(pid=120032) _process_stack /opt/stack/cinder/cinder/api/openstack/wsgi.py:868}}
Aug 30 14:43:51.503199 dv-cinder-828805-5-smb devstack@c-api.service[120033]: DEBUG cinder.volume.api [None req-6bcd95a9-fbb2-4f03-8710-32f534fe6647 tempest-VolumesTestJSON-370139710 tempest-VolumesTestJSON-370139710-project] Task 'cinder.volume.flows.api.create_volume.EntryCreateTask;volume:create' (c0267974-a494-44ef-84f4-3f2391aaf4b3) transitioned into state 'SUCCESS' from state 'RUNNING' with result '{'volume_id': '2ee3bf00-6f6f-48ac-ad32-154fd60b0626', 'volume_properties': VolumeProperties(attach_status='detached',availability_zone='nova',cgsnapshot_id=None,consistencygroup_id=None,display_description=None,display_name='tempest-VolumesTestJSON-volume-1564551238',encryption_key_id=None,group_id=None,group_type_id=,metadata={Type='work'},multiattach=False,project_id='41d41206e0c04b379175e6481ad4f90a',qos_specs=None,replication_status=,reservations=['eda1cafb-1e0d-4585-901c-7c5d0962cdb8','f976f811-64ae-4a58-8e6e-f4e598ce7868','adca5956-77b3-40b5-8c0e-b77c6fa0e754','fcb7f16a-973e-4bb6-9d34-3936e837752d'],size=1,snapshot_id=None,source_replicaid=,source_volid=None,status='creating',user_id='e3fbb46762664c5d8ce9f4dfdbb5f4f8',volume_type_id=3774cd33-91a6-48b5-a55e-80cc24ed6534), 'volume': Volume(_name_id=None,admin_metadata=,attach_status='detached',availability_zone='nova',bootable=False,cluster=,cluster_name=None,consistencygroup=,consistencygroup_id=None,created_at=2022-08-30T14:43:51Z,deleted=False,deleted_at=None,display_description=None,display_name='tempest-VolumesTestJSON-volume-1564551238',ec2_id=None,encryption_key_id=None,glance_metadata=,group=,group_id=None,host=None,id=2ee3bf00-6f6f-48ac-ad32-154fd60b0626,launched_at=None,metadata={Type='work'},migration_status=None,multiattach=False,previous_status=None,project_id='41d41206e0c04b379175e6481ad4f90a',provider_auth=None,provider_geometry=None,provider_id=None,provider_location=None,replication_driver_data=None,replication_extended_status=None,replication_status=None,scheduled_at=None,service_uuid=None,shared_targets=True,size=1,snapshot_id=None,snapshots=,source_volid=None,status='creating',terminated_at=None,updated_at=None,use_quota=True,user_id='e3fbb46762664c5d8ce9f4dfdbb5f4f8',volume_attachment=VolumeAttachmentList,volume_type=VolumeType(3774cd33-91a6-48b5-a55e-80cc24ed6534),volume_type_id=3774cd33-91a6-48b5-a55e-80cc24ed6534)}' {{(pid=120033) _task_receiver /usr/local/lib/python3.8/dist-packages/taskflow/listeners/logging.py:178}}
Aug 30 14:43:51.507650 dv-cinder-828805-5-smb devstack@c-api.service[120033]: DEBUG cinder.volume.api [None req-6bcd95a9-fbb2-4f03-8710-32f534fe6647 tempest-VolumesTestJSON-370139710 tempest-VolumesTestJSON-370139710-project] Task 'cinder.volume.flows.api.create_volume.QuotaCommitTask;volume:create' (df9510e6-7c1d-47c1-abf4-0e2f84f867e5) transitioned into state 'RUNNING' from state 'PENDING' {{(pid=120033) _task_receiver /usr/local/lib/python3.8/dist-packages/taskflow/listeners/logging.py:190}}
Aug 30 14:43:51.513682 dv-cinder-828805-5-smb devstack@c-api.service[120032]: INFO cinder.api.openstack.wsgi [None req-50642a10-5669-4b1b-b441-ae4f51301671 tempest-GroupTypesTest-189903621 tempest-GroupTypesTest-189903621-project-admin] http://10.222.0.49/volume/v3/5f47f8b406d7477eadc7f85d58e5b88d/group_types/e25fe0e7-2cbb-4f59-8026-9fe3387a7de4 returned with HTTP 202
Aug 30 14:43:51.515202 dv-cinder-828805-5-smb devstack@c-api.service[120032]: [pid: 120032|app: 0|req: 22/31] 10.222.0.49 () {60 vars in 1381 bytes} [Tue Aug 30 14:43:51 2022] DELETE /volume/v3/5f47f8b406d7477eadc7f85d58e5b88d/group_types/e25fe0e7-2cbb-4f59-8026-9fe3387a7de4 => generated 0 bytes in 88 msecs (HTTP/1.1 202) 6 headers in 234 bytes (1 switches on core 0)
Aug 30 14:43:51.520540 dv-cinder-828805-5-smb devstack@c-api.service[120032]: DEBUG cinder.api.middleware.request_id [None req-49fe099b-cae5-4d02-bce9-ce8af00eae09 None None] RequestId filter calling following filter/app {{(pid=120032) _context_setter /opt/stack/cinder/cinder/api/middleware/request_id.py:62}}
Aug 30 14:43:51.530617 dv-cinder-828805-5-smb devstack@c-api.service[120032]: INFO cinder.api.openstack.wsgi [None req-49fe099b-cae5-4d02-bce9-ce8af00eae09 tempest-GroupTypesTest-189903621 tempest-GroupTypesTest-189903621-project-admin] DELETE http://10.222.0.49/volume/v3/5f47f8b406d7477eadc7f85d58e5b88d/group_types/14681dfa-8ffd-43ae-b6a5-a0671874019c
Aug 30 14:43:51.531455 dv-cinder-828805-5-smb devstack@c-api.service[120032]: DEBUG cinder.api.openstack.wsgi [None req-49fe099b-cae5-4d02-bce9-ce8af00eae09 tempest-GroupTypesTest-189903621 tempest-GroupTypesTest-189903621-project-admin] Empty body provided in request {{(pid=120032) get_body /opt/stack/cinder/cinder/api/openstack/wsgi.py:715}}
Aug 30 14:43:51.533086 dv-cinder-828805-5-smb devstack@c-api.service[120032]: DEBUG cinder.api.openstack.wsgi [None req-49fe099b-cae5-4d02-bce9-ce8af00eae09 tempest-GroupTypesTest-189903621 tempest-GroupTypesTest-189903621-project-admin] Calling method 'version_select' {{(pid=120032) _process_stack /opt/stack/cinder/cinder/api/openstack/wsgi.py:868}}
Aug 30 14:43:51.575595 dv-cinder-828805-5-smb devstack@c-api.service[120033]: DEBUG cinder.volume.api [None req-6bcd95a9-fbb2-4f03-8710-32f534fe6647 tempest-VolumesTestJSON-370139710 tempest-VolumesTestJSON-370139710-project] Task 'cinder.volume.flows.api.create_volume.QuotaCommitTask;volume:create' (df9510e6-7c1d-47c1-abf4-0e2f84f867e5) transitioned into state 'SUCCESS' from state 'RUNNING' with result '{'volume_properties': VolumeProperties(attach_status='detached',availability_zone='nova',cgsnapshot_id=None,consistencygroup_id=None,display_description=None,display_name='tempest-VolumesTestJSON-volume-1564551238',encryption_key_id=None,group_id=None,group_type_id=,metadata={Type='work'},multiattach=False,project_id='41d41206e0c04b379175e6481ad4f90a',qos_specs=None,replication_status=,reservations=['eda1cafb-1e0d-4585-901c-7c5d0962cdb8','f976f811-64ae-4a58-8e6e-f4e598ce7868','adca5956-77b3-40b5-8c0e-b77c6fa0e754','fcb7f16a-973e-4bb6-9d34-3936e837752d'],size=1,snapshot_id=None,source_replicaid=,source_volid=None,status='creating',user_id='e3fbb46762664c5d8ce9f4dfdbb5f4f8',volume_type_id=3774cd33-91a6-48b5-a55e-80cc24ed6534)}' {{(pid=120033) _task_receiver /usr/local/lib/python3.8/dist-packages/taskflow/listeners/logging.py:178}}
Aug 30 14:43:51.578370 dv-cinder-828805-5-smb devstack@c-api.service[120033]: DEBUG cinder.volume.api [None req-6bcd95a9-fbb2-4f03-8710-32f534fe6647 tempest-VolumesTestJSON-370139710 tempest-VolumesTestJSON-370139710-project] Task 'cinder.volume.flows.api.create_volume.VolumeCastTask;volume:create' (e4e3b570-80e9-4f9f-ac48-9eb71e155f85) transitioned into state 'RUNNING' from state 'PENDING' {{(pid=120033) _task_receiver /usr/local/lib/python3.8/dist-packages/taskflow/listeners/logging.py:190}}
Aug 30 14:43:51.601591 dv-cinder-828805-5-smb devstack@c-api.service[120032]: INFO cinder.api.openstack.wsgi [None req-49fe099b-cae5-4d02-bce9-ce8af00eae09 tempest-GroupTypesTest-189903621 tempest-GroupTypesTest-189903621-project-admin] http://10.222.0.49/volume/v3/5f47f8b406d7477eadc7f85d58e5b88d/group_types/14681dfa-8ffd-43ae-b6a5-a0671874019c returned with HTTP 202
Aug 30 14:43:51.603198 dv-cinder-828805-5-smb devstack@c-api.service[120032]: [pid: 120032|app: 0|req: 23/32] 10.222.0.49 () {60 vars in 1381 bytes} [Tue Aug 30 14:43:51 2022] DELETE /volume/v3/5f47f8b406d7477eadc7f85d58e5b88d/group_types/14681dfa-8ffd-43ae-b6a5-a0671874019c => generated 0 bytes in 84 msecs (HTTP/1.1 202) 6 headers in 234 bytes (1 switches on core 0)
Aug 30 14:43:51.636311 dv-cinder-828805-5-smb devstack@c-api.service[120033]: DEBUG cinder.volume.api [None req-6bcd95a9-fbb2-4f03-8710-32f534fe6647 tempest-VolumesTestJSON-370139710 tempest-VolumesTestJSON-370139710-project] Task 'cinder.volume.flows.api.create_volume.VolumeCastTask;volume:create' (e4e3b570-80e9-4f9f-ac48-9eb71e155f85) transitioned into state 'SUCCESS' from state 'RUNNING' with result 'None' {{(pid=120033) _task_receiver /usr/local/lib/python3.8/dist-packages/taskflow/listeners/logging.py:178}}
Aug 30 14:43:51.652042 dv-cinder-828805-5-smb devstack@c-api.service[120033]: DEBUG cinder.volume.api [None req-6bcd95a9-fbb2-4f03-8710-32f534fe6647 tempest-VolumesTestJSON-370139710 tempest-VolumesTestJSON-370139710-project] Flow 'volume_create_api' (c7f2c176-d32b-4615-98e5-c534ce398d09) transitioned into state 'SUCCESS' from state 'RUNNING' {{(pid=120033) _flow_receiver /usr/local/lib/python3.8/dist-packages/taskflow/listeners/logging.py:141}}
Aug 30 14:43:51.654939 dv-cinder-828805-5-smb devstack@c-api.service[120033]: INFO cinder.volume.api [None req-6bcd95a9-fbb2-4f03-8710-32f534fe6647 tempest-VolumesTestJSON-370139710 tempest-VolumesTestJSON-370139710-project] Create volume request issued successfully.
Aug 30 14:43:51.660330 dv-cinder-828805-5-smb devstack@c-api.service[120033]: INFO cinder.api.openstack.wsgi [None req-6bcd95a9-fbb2-4f03-8710-32f534fe6647 tempest-VolumesTestJSON-370139710 tempest-VolumesTestJSON-370139710-project] http://10.222.0.49/volume/v3/41d41206e0c04b379175e6481ad4f90a/volumes returned with HTTP 202
Aug 30 14:43:51.664352 dv-cinder-828805-5-smb devstack@c-api.service[120033]: [pid: 120033|app: 0|req: 10/33] 10.222.0.49 () {60 vars in 1236 bytes} [Tue Aug 30 14:43:50 2022] POST /volume/v3/41d41206e0c04b379175e6481ad4f90a/volumes => generated 829 bytes in 754 msecs (HTTP/1.1 202) 7 headers in 291 bytes (1 switches on core 0)
Aug 30 14:43:51.678827 dv-cinder-828805-5-smb devstack@c-api.service[120032]: DEBUG cinder.api.middleware.request_id [None req-fe6d80d4-863c-438b-ba3a-33bee10e824d None None] RequestId filter calling following filter/app {{(pid=120032) _context_setter /opt/stack/cinder/cinder/api/middleware/request_id.py:62}}
Aug 30 14:43:51.697685 dv-cinder-828805-5-smb devstack@c-api.service[120032]: INFO cinder.api.openstack.wsgi [None req-fe6d80d4-863c-438b-ba3a-33bee10e824d tempest-VolumesTestJSON-370139710 tempest-VolumesTestJSON-370139710-project] GET http://10.222.0.49/volume/v3/41d41206e0c04b379175e6481ad4f90a/volumes/2ee3bf00-6f6f-48ac-ad32-154fd60b0626
Aug 30 14:43:51.699901 dv-cinder-828805-5-smb devstack@c-api.service[120032]: DEBUG cinder.api.openstack.wsgi [None req-fe6d80d4-863c-438b-ba3a-33bee10e824d tempest-VolumesTestJSON-370139710 tempest-VolumesTestJSON-370139710-project] Empty body provided in request {{(pid=120032) get_body /opt/stack/cinder/cinder/api/openstack/wsgi.py:715}}
Aug 30 14:43:51.700870 dv-cinder-828805-5-smb devstack@c-api.service[120032]: DEBUG cinder.api.openstack.wsgi [None req-fe6d80d4-863c-438b-ba3a-33bee10e824d tempest-VolumesTestJSON-370139710 tempest-VolumesTestJSON-370139710-project] Calling method 'show' {{(pid=120032) _process_stack /opt/stack/cinder/cinder/api/openstack/wsgi.py:868}}
Aug 30 14:43:51.750520 dv-cinder-828805-5-smb devstack@c-api.service[120032]: /usr/local/lib/python3.8/dist-packages/oslo_context/context.py:100: DeprecationWarning: Policy enforcement is depending on the value of is_admin. This key is deprecated. Please update your policy file to use the standard policy values.
Aug 30 14:43:51.750520 dv-cinder-828805-5-smb devstack@c-api.service[120032]: warnings.warn('Policy enforcement is depending on the value of '
Aug 30 14:43:51.788759 dv-cinder-828805-5-smb devstack@c-api.service[120032]: INFO cinder.volume.api [None req-fe6d80d4-863c-438b-ba3a-33bee10e824d tempest-VolumesTestJSON-370139710 tempest-VolumesTestJSON-370139710-project] Volume info retrieved successfully.
Aug 30 14:43:51.832268 dv-cinder-828805-5-smb devstack@c-api.service[120032]: INFO cinder.api.openstack.wsgi [None req-fe6d80d4-863c-438b-ba3a-33bee10e824d tempest-VolumesTestJSON-370139710 tempest-VolumesTestJSON-370139710-project] http://10.222.0.49/volume/v3/41d41206e0c04b379175e6481ad4f90a/volumes/2ee3bf00-6f6f-48ac-ad32-154fd60b0626 returned with HTTP 200
Aug 30 14:43:51.838016 dv-cinder-828805-5-smb devstack@c-api.service[120032]: [pid: 120032|app: 0|req: 24/34] 10.222.0.49 () {58 vars in 1325 bytes} [Tue Aug 30 14:43:51 2022] GET /volume/v3/41d41206e0c04b379175e6481ad4f90a/volumes/2ee3bf00-6f6f-48ac-ad32-154fd60b0626 => generated 897 bytes in 162 msecs (HTTP/1.1 200) 7 headers in 285 bytes (1 switches on core 0)
Aug 30 14:43:51.920381 dv-cinder-828805-5-smb devstack@c-api.service[120033]: DEBUG cinder.api.middleware.request_id [None req-264d7af5-4c3f-47e1-a08a-fe21ad3bace5 None None] RequestId filter calling following filter/app {{(pid=120033) _context_setter /opt/stack/cinder/cinder/api/middleware/request_id.py:62}}
