May 10 20:17:11.839452 dv-cinder-828805-2-iscsi neutron-server[104125]: INFO neutron.wsgi [None req-3bf3d20e-ab13-4c33-ba94-7c55aac053d7 admin admin] 10.222.0.65 "GET /v2.0/security-groups?tenant_id=a405a056737f47d5947246746e031a72&name=default HTTP/1.1" status: 200 len: 2996 time: 0.3332400
May 10 20:17:11.840419 dv-cinder-828805-2-iscsi neutron-server[104125]: DEBUG neutron.api.rpc.handlers.resources_rpc [None req-3bf3d20e-ab13-4c33-ba94-7c55aac053d7 admin admin] Pushing event updated for resources: {'SecurityGroup': ['ID=857bba31-53c1-4e16-9707-ab337e8d7e92,revision_number=1']} {{(pid=104125) push /opt/stack/neutron/neutron/api/rpc/handlers/resources_rpc.py:237}}
May 10 20:17:11.842040 dv-cinder-828805-2-iscsi neutron-server[104124]: DEBUG neutron.wsgi [-] (104124) accepted ('10.222.0.65', 51054) {{(pid=104124) server /usr/local/lib/python3.8/dist-packages/eventlet/wsgi.py:1004}}
May 10 20:17:11.879686 dv-cinder-828805-2-iscsi neutron-server[104126]: DEBUG neutron_lib.callbacks.manager [None req-08dfa307-6dbe-48e3-9281-e8577d674884 None None] Publish callbacks ['neutron.plugins.ml2.plugin.SecurityGroupServerNotifierRpcMixin._notify_sg_on_port_change-1390983', 'neutron.plugins.ml2.ovo_rpc._ObjectChangeHandler.handle_event-88067', 'neutron.api.rpc.agentnotifiers.dhcp_rpc_agent_api.DhcpAgentNotifyAPI._native_event_send_dhcp_notification-7908682', 'neutron.db.l3_db.L3RpcNotifierMixin._notify_gateway_port_ip_changed-8756478330022', 'neutron.db.l3_dvrscheduler_db._notify_l3_agent_port_update-8756477787266', 'neutron.db.l3_hascheduler_db._notify_l3_agent_ha_port_update-8756477787284'] for port (c4a5ca84-aa0d-4ea4-bd3f-21c0643c8972), after_update {{(pid=104126) _notify_loop /usr/local/lib/python3.8/dist-packages/neutron_lib/callbacks/manager.py:176}}
May 10 20:17:11.908163 dv-cinder-828805-2-iscsi neutron-server[104124]: DEBUG neutron_lib.callbacks.manager [None req-e4a46665-86bd-4b74-a2c9-82ad601da7a7 admin admin] Publish callbacks [] for security_group (857bba31-53c1-4e16-9707-ab337e8d7e92), before_delete {{(pid=104124) _notify_loop /usr/local/lib/python3.8/dist-packages/neutron_lib/callbacks/manager.py:176}}
May 10 20:17:11.930358 dv-cinder-828805-2-iscsi neutron-server[104126]: DEBUG neutron.api.rpc.handlers.resources_rpc [None req-08dfa307-6dbe-48e3-9281-e8577d674884 None None] Pushing event updated for resources: {'Port': ['ID=c4a5ca84-aa0d-4ea4-bd3f-21c0643c8972,revision_number=4']} {{(pid=104126) push /opt/stack/neutron/neutron/api/rpc/handlers/resources_rpc.py:237}}
May 10 20:17:11.938249 dv-cinder-828805-2-iscsi neutron-server[104124]: DEBUG neutron_lib.callbacks.manager [None req-e4a46665-86bd-4b74-a2c9-82ad601da7a7 admin admin] Publish callbacks [] for security_group (857bba31-53c1-4e16-9707-ab337e8d7e92), precommit_delete {{(pid=104124) _notify_loop /usr/local/lib/python3.8/dist-packages/neutron_lib/callbacks/manager.py:176}}
May 10 20:17:11.953324 dv-cinder-828805-2-iscsi neutron-server[104125]: DEBUG neutron.pecan_wsgi.hooks.policy_enforcement [req-280764c9-2841-4419-93f5-ad43ea79fbbe req-4178eb85-15e8-4761-ae88-63b581d980a4 tempest-DeleteServersTestJSON-937635709 tempest-DeleteServersTestJSON-937635709-project] Attributes excluded by policy engine: ['standard_attr_id', 'binding:profile', 'binding:host_id', 'binding:vif_type', 'binding:vif_details'] {{(pid=104125) _exclude_attributes_by_policy /opt/stack/neutron/neutron/pecan_wsgi/hooks/policy_enforcement.py:259}}
May 10 20:17:11.954881 dv-cinder-828805-2-iscsi neutron-server[104125]: INFO neutron.wsgi [req-280764c9-2841-4419-93f5-ad43ea79fbbe req-4178eb85-15e8-4761-ae88-63b581d980a4 tempest-DeleteServersTestJSON-937635709 tempest-DeleteServersTestJSON-937635709-project] 10.222.0.65 "GET /v2.0/ports?device_id=7684e951-de3a-48e4-9e3b-394c46f029f7 HTTP/1.1" status: 200 len: 945 time: 0.0522041
May 10 20:17:12.002366 dv-cinder-828805-2-iscsi neutron-server[104125]: INFO neutron.wsgi [req-280764c9-2841-4419-93f5-ad43ea79fbbe req-cdea3b8d-066b-4068-b0aa-781b10fa9e89 tempest-DeleteServersTestJSON-937635709 tempest-DeleteServersTestJSON-937635709-project] 10.222.0.65 "GET /v2.0/security-groups?id=d72da341-d0eb-4b5a-ba41-78c14bfa4f7e&fields=id&fields=name HTTP/1.1" status: 200 len: 286 time: 0.0413861
May 10 20:17:12.034305 dv-cinder-828805-2-iscsi neutron-server[104124]: DEBUG neutron_lib.callbacks.manager [None req-e4a46665-86bd-4b74-a2c9-82ad601da7a7 admin admin] Publish callbacks ['neutron.plugins.ml2.ovo_rpc._ObjectChangeHandler.handle_event-7867711'] for security_group (857bba31-53c1-4e16-9707-ab337e8d7e92), after_delete {{(pid=104124) _notify_loop /usr/local/lib/python3.8/dist-packages/neutron_lib/callbacks/manager.py:176}}
May 10 20:17:12.038530 dv-cinder-828805-2-iscsi neutron-server[104124]: DEBUG neutron_lib.callbacks.manager [None req-e4a46665-86bd-4b74-a2c9-82ad601da7a7 admin admin] Publish callbacks [] for security_group (None), before_response {{(pid=104124) _notify_loop /usr/local/lib/python3.8/dist-packages/neutron_lib/callbacks/manager.py:176}}
May 10 20:17:12.042597 dv-cinder-828805-2-iscsi neutron-server[104124]: INFO neutron.wsgi [None req-e4a46665-86bd-4b74-a2c9-82ad601da7a7 admin admin] 10.222.0.65 "DELETE /v2.0/security-groups/857bba31-53c1-4e16-9707-ab337e8d7e92 HTTP/1.1" status: 204 len: 168 time: 0.1966496
May 10 20:17:12.053057 dv-cinder-828805-2-iscsi neutron-server[104124]: DEBUG neutron.api.rpc.handlers.resources_rpc [None req-e4a46665-86bd-4b74-a2c9-82ad601da7a7 admin admin] Pushing event deleted for resources: {'SecurityGroup': ['ID=857bba31-53c1-4e16-9707-ab337e8d7e92,revision_number=None']} {{(pid=104124) push /opt/stack/neutron/neutron/api/rpc/handlers/resources_rpc.py:237}}
May 10 20:17:12.088741 dv-cinder-828805-2-iscsi neutron-server[104124]: INFO neutron.wsgi [req-5e30fb5d-ed5d-47ec-b045-6a1edd9f2dbb req-045f97ef-cd49-43a6-bf93-8882e9ee28ab tempest-AttachVolumeShelveTestJSON-769646234 tempest-AttachVolumeShelveTestJSON-769646234-project] 10.222.0.65 "GET /v2.0/ports?device_id=5ab6f0a6-aa14-407a-b43d-7b7d2855499d HTTP/1.1" status: 200 len: 210 time: 0.0320849
May 10 20:17:12.181135 dv-cinder-828805-2-iscsi neutron-server[104125]: INFO neutron.wsgi [req-f7d71b46-1435-4289-831b-aa90c1d09d36 req-d9c6fd1d-9c0a-4db8-a023-4987c470a20d tempest-AttachVolumeTestJSON-1966860934 tempest-AttachVolumeTestJSON-1966860934-project] 10.222.0.65 "GET /v2.0/ports?device_id=25f6cc79-11c0-4244-ac21-ac182db7d7cc HTTP/1.1" status: 200 len: 210 time: 0.0316112
May 10 20:17:12.670213 dv-cinder-828805-2-iscsi neutron-server[104124]: DEBUG neutron.pecan_wsgi.hooks.policy_enforcement [req-7e17cd2f-f681-4df2-883f-b8647cdec3ca req-a8cba9b9-f0d9-402c-bb34-73570c29262b tempest-ServerRescueNegativeTestJSON-1004630497 tempest-ServerRescueNegativeTestJSON-1004630497-project] Attributes excluded by policy engine: ['standard_attr_id', 'binding:profile', 'binding:host_id', 'binding:vif_type', 'binding:vif_details'] {{(pid=104124) _exclude_attributes_by_policy /opt/stack/neutron/neutron/pecan_wsgi/hooks/policy_enforcement.py:259}}
May 10 20:17:12.671788 dv-cinder-828805-2-iscsi neutron-server[104124]: INFO neutron.wsgi [req-7e17cd2f-f681-4df2-883f-b8647cdec3ca req-a8cba9b9-f0d9-402c-bb34-73570c29262b tempest-ServerRescueNegativeTestJSON-1004630497 tempest-ServerRescueNegativeTestJSON-1004630497-project] 10.222.0.65 "GET /v2.0/ports?device_id=6760c43d-64a5-4cbf-b559-07d871e81f18 HTTP/1.1" status: 200 len: 943 time: 0.0523779
May 10 20:17:12.721729 dv-cinder-828805-2-iscsi neutron-server[104124]: INFO neutron.wsgi [req-7e17cd2f-f681-4df2-883f-b8647cdec3ca req-b0f7f58a-1645-4329-af23-dcf545157887 tempest-ServerRescueNegativeTestJSON-1004630497 tempest-ServerRescueNegativeTestJSON-1004630497-project] 10.222.0.65 "GET /v2.0/security-groups?id=617f0b90-d5e7-4bee-b376-159cde6d1ca1&fields=id&fields=name HTTP/1.1" status: 200 len: 286 time: 0.0421369
May 10 20:17:12.763525 dv-cinder-828805-2-iscsi neutron-server[104124]: DEBUG neutron.wsgi [-] (104124) accepted ('10.222.0.65', 51078) {{(pid=104124) server /usr/local/lib/python3.8/dist-packages/eventlet/wsgi.py:1004}}
May 10 20:17:12.776863 dv-cinder-828805-2-iscsi neutron-server[104124]: DEBUG neutron_lib.callbacks.manager [None req-d37a4223-fee5-4e8d-b28e-78cfbc20da9d admin admin] Publish callbacks [] for security_group (None), before_create {{(pid=104124) _notify_loop /usr/local/lib/python3.8/dist-packages/neutron_lib/callbacks/manager.py:176}}
May 10 20:17:12.852313 dv-cinder-828805-2-iscsi neutron-server[104124]: DEBUG neutron_lib.callbacks.manager [None req-d37a4223-fee5-4e8d-b28e-78cfbc20da9d admin admin] Publish callbacks [] for security_group (14f6159f-6bfa-4a69-8ff0-c469a3cb3d8d), precommit_create {{(pid=104124) _notify_loop /usr/local/lib/python3.8/dist-packages/neutron_lib/callbacks/manager.py:176}}
May 10 20:17:12.919307 dv-cinder-828805-2-iscsi neutron-server[104124]: DEBUG neutron_lib.callbacks.manager [None req-d37a4223-fee5-4e8d-b28e-78cfbc20da9d admin admin] Publish callbacks ['neutron.plugins.ml2.ovo_rpc._ObjectChangeHandler.handle_event-7867711'] for security_group (14f6159f-6bfa-4a69-8ff0-c469a3cb3d8d), after_create {{(pid=104124) _notify_loop /usr/local/lib/python3.8/dist-packages/neutron_lib/callbacks/manager.py:176}}
May 10 20:17:12.958155 dv-cinder-828805-2-iscsi neutron-server[104124]: INFO neutron.wsgi [None req-d37a4223-fee5-4e8d-b28e-78cfbc20da9d admin admin] 10.222.0.65 "GET /v2.0/security-groups?tenant_id=afc4d736d59c4dadb0ef177942429bc0&name=default HTTP/1.1" status: 200 len: 2996 time: 0.1934683
May 10 20:17:12.960034 dv-cinder-828805-2-iscsi neutron-server[104124]: DEBUG neutron.api.rpc.handlers.resources_rpc [None req-d37a4223-fee5-4e8d-b28e-78cfbc20da9d admin admin] Pushing event updated for resources: {'SecurityGroup': ['ID=14f6159f-6bfa-4a69-8ff0-c469a3cb3d8d,revision_number=1']} {{(pid=104124) push /opt/stack/neutron/neutron/api/rpc/handlers/resources_rpc.py:237}}
May 10 20:17:12.966286 dv-cinder-828805-2-iscsi neutron-server[104125]: DEBUG neutron.wsgi [-] (104125) accepted ('10.222.0.65', 51084) {{(pid=104125) server /usr/local/lib/python3.8/dist-packages/eventlet/wsgi.py:1004}}
May 10 20:17:13.016598 dv-cinder-828805-2-iscsi neutron-server[104125]: DEBUG neutron_lib.callbacks.manager [None req-05d8c901-c0a1-4190-9f7b-99f50c5f9233 admin admin] Publish callbacks [] for security_group (14f6159f-6bfa-4a69-8ff0-c469a3cb3d8d), before_delete {{(pid=104125) _notify_loop /usr/local/lib/python3.8/dist-packages/neutron_lib/callbacks/manager.py:176}}
May 10 20:17:13.038460 dv-cinder-828805-2-iscsi neutron-server[104125]: DEBUG neutron_lib.callbacks.manager [None req-05d8c901-c0a1-4190-9f7b-99f50c5f9233 admin admin] Publish callbacks [] for security_group (14f6159f-6bfa-4a69-8ff0-c469a3cb3d8d), precommit_delete {{(pid=104125) _notify_loop /usr/local/lib/python3.8/dist-packages/neutron_lib/callbacks/manager.py:176}}
May 10 20:17:13.121071 dv-cinder-828805-2-iscsi neutron-server[104125]: DEBUG neutron.pecan_wsgi.hooks.policy_enforcement [req-625a635f-958e-4622-b136-39eb7891026e req-c19df9bf-bc8b-4752-ad82-5d237b8aeabc tempest-DeleteServersTestJSON-937635709 tempest-DeleteServersTestJSON-937635709-project] Attributes excluded by policy engine: ['standard_attr_id', 'binding:profile', 'binding:host_id', 'binding:vif_type', 'binding:vif_details'] {{(pid=104125) _exclude_attributes_by_policy /opt/stack/neutron/neutron/pecan_wsgi/hooks/policy_enforcement.py:259}}
May 10 20:17:13.122587 dv-cinder-828805-2-iscsi neutron-server[104125]: INFO neutron.wsgi [req-625a635f-958e-4622-b136-39eb7891026e req-c19df9bf-bc8b-4752-ad82-5d237b8aeabc tempest-DeleteServersTestJSON-937635709 tempest-DeleteServersTestJSON-937635709-project] 10.222.0.65 "GET /v2.0/ports?device_id=7684e951-de3a-48e4-9e3b-394c46f029f7 HTTP/1.1" status: 200 len: 945 time: 0.0486920
May 10 20:17:13.170755 dv-cinder-828805-2-iscsi neutron-server[104125]: INFO neutron.wsgi [req-625a635f-958e-4622-b136-39eb7891026e req-bbf55483-28cb-4e92-9942-e896ade7a0a0 tempest-DeleteServersTestJSON-937635709 tempest-DeleteServersTestJSON-937635709-project] 10.222.0.65 "GET /v2.0/security-groups?id=d72da341-d0eb-4b5a-ba41-78c14bfa4f7e&fields=id&fields=name HTTP/1.1" status: 200 len: 286 time: 0.0420301
May 10 20:17:13.171986 dv-cinder-828805-2-iscsi neutron-server[104125]: DEBUG neutron_lib.callbacks.manager [None req-05d8c901-c0a1-4190-9f7b-99f50c5f9233 admin admin] Publish callbacks ['neutron.plugins.ml2.ovo_rpc._ObjectChangeHandler.handle_event-7867711'] for security_group (14f6159f-6bfa-4a69-8ff0-c469a3cb3d8d), after_delete {{(pid=104125) _notify_loop /usr/local/lib/python3.8/dist-packages/neutron_lib/callbacks/manager.py:176}}
May 10 20:17:13.174477 dv-cinder-828805-2-iscsi neutron-server[104125]: DEBUG neutron_lib.callbacks.manager [None req-05d8c901-c0a1-4190-9f7b-99f50c5f9233 admin admin] Publish callbacks [] for security_group (None), before_response {{(pid=104125) _notify_loop /usr/local/lib/python3.8/dist-packages/neutron_lib/callbacks/manager.py:176}}
May 10 20:17:13.178241 dv-cinder-828805-2-iscsi neutron-server[104125]: INFO neutron.wsgi [None req-05d8c901-c0a1-4190-9f7b-99f50c5f9233 admin admin] 10.222.0.65 "DELETE /v2.0/security-groups/14f6159f-6bfa-4a69-8ff0-c469a3cb3d8d HTTP/1.1" status: 204 len: 168 time: 0.2084894
May 10 20:17:13.183849 dv-cinder-828805-2-iscsi neutron-server[104125]: DEBUG neutron.api.rpc.handlers.resources_rpc [None req-05d8c901-c0a1-4190-9f7b-99f50c5f9233 admin admin] Pushing event deleted for resources: {'SecurityGroup': ['ID=14f6159f-6bfa-4a69-8ff0-c469a3cb3d8d,revision_number=None']} {{(pid=104125) push /opt/stack/neutron/neutron/api/rpc/handlers/resources_rpc.py:237}}
May 10 20:17:13.197410 dv-cinder-828805-2-iscsi neutron-server[104124]: INFO neutron.wsgi [req-bed585a1-f708-463c-97aa-50c890de7459 req-86021074-afcd-4fab-95cc-913a8e328ec5 tempest-AttachVolumeShelveTestJSON-769646234 tempest-AttachVolumeShelveTestJSON-769646234-project] 10.222.0.65 "GET /v2.0/ports?device_id=5ab6f0a6-aa14-407a-b43d-7b7d2855499d HTTP/1.1" status: 200 len: 210 time: 0.0359492
May 10 20:17:13.279740 dv-cinder-828805-2-iscsi neutron-server[104125]: INFO neutron.wsgi [req-ec967632-3df0-4d24-8153-1fd31145eefc req-99dcd26f-a835-4714-b41a-10a7df03d3c4 tempest-AttachVolumeTestJSON-1966860934 tempest-AttachVolumeTestJSON-1966860934-project] 10.222.0.65 "GET /v2.0/ports?device_id=25f6cc79-11c0-4244-ac21-ac182db7d7cc HTTP/1.1" status: 200 len: 210 time: 0.0276208
May 10 20:17:13.853991 dv-cinder-828805-2-iscsi neutron-server[104124]: DEBUG neutron.pecan_wsgi.hooks.policy_enforcement [req-6f386917-90b9-4a19-8a4a-e6ec4f7a546b req-e44f71d0-a8e9-40b1-a4a1-9f286d85848d tempest-ServerRescueNegativeTestJSON-1004630497 tempest-ServerRescueNegativeTestJSON-1004630497-project] Attributes excluded by policy engine: ['standard_attr_id', 'binding:profile', 'binding:host_id', 'binding:vif_type', 'binding:vif_details'] {{(pid=104124) _exclude_attributes_by_policy /opt/stack/neutron/neutron/pecan_wsgi/hooks/policy_enforcement.py:259}}
May 10 20:17:13.855518 dv-cinder-828805-2-iscsi neutron-server[104124]: INFO neutron.wsgi [req-6f386917-90b9-4a19-8a4a-e6ec4f7a546b req-e44f71d0-a8e9-40b1-a4a1-9f286d85848d tempest-ServerRescueNegativeTestJSON-1004630497 tempest-ServerRescueNegativeTestJSON-1004630497-project] 10.222.0.65 "GET /v2.0/ports?device_id=6760c43d-64a5-4cbf-b559-07d871e81f18 HTTP/1.1" status: 200 len: 943 time: 0.0467560
May 10 20:17:13.915596 dv-cinder-828805-2-iscsi neutron-server[104124]: INFO neutron.wsgi [req-6f386917-90b9-4a19-8a4a-e6ec4f7a546b req-3f2c82bd-5a46-467f-b8c9-9e9c85add5ba tempest-ServerRescueNegativeTestJSON-1004630497 tempest-ServerRescueNegativeTestJSON-1004630497-project] 10.222.0.65 "GET /v2.0/security-groups?id=617f0b90-d5e7-4bee-b376-159cde6d1ca1&fields=id&fields=name HTTP/1.1" status: 200 len: 286 time: 0.0449994
May 10 20:17:14.304549 dv-cinder-828805-2-iscsi neutron-server[104125]: DEBUG neutron.pecan_wsgi.hooks.policy_enforcement [req-1bcb473b-8129-4b09-a7e8-423a840f3a37 req-99e95d05-15e4-4020-af0b-a41e16b5361b tempest-DeleteServersTestJSON-937635709 tempest-DeleteServersTestJSON-937635709-project] Attributes excluded by policy engine: ['standard_attr_id', 'binding:profile', 'binding:host_id', 'binding:vif_type', 'binding:vif_details'] {{(pid=104125) _exclude_attributes_by_policy /opt/stack/neutron/neutron/pecan_wsgi/hooks/policy_enforcement.py:259}}
May 10 20:17:14.307284 dv-cinder-828805-2-iscsi neutron-server[104125]: INFO neutron.wsgi [req-1bcb473b-8129-4b09-a7e8-423a840f3a37 req-99e95d05-15e4-4020-af0b-a41e16b5361b tempest-DeleteServersTestJSON-937635709 tempest-DeleteServersTestJSON-937635709-project] 10.222.0.65 "GET /v2.0/ports?device_id=7684e951-de3a-48e4-9e3b-394c46f029f7 HTTP/1.1" status: 200 len: 945 time: 0.0542779
May 10 20:17:14.370304 dv-cinder-828805-2-iscsi neutron-server[104126]: DEBUG neutron.plugins.ml2.db [None req-08dfa307-6dbe-48e3-9281-e8577d674884 None None] get_ports_and_sgs() called for port_ids ['316af1cb-1f2b-4763-9832-bb4b72edb56d'] {{(pid=104126) get_ports_and_sgs /opt/stack/neutron/neutron/plugins/ml2/db.py:156}}
May 10 20:17:14.413925 dv-cinder-828805-2-iscsi neutron-server[104125]: INFO neutron.wsgi [req-1bcb473b-8129-4b09-a7e8-423a840f3a37 req-96ebd62f-eab6-44ea-9b89-f7cab8e6073b tempest-DeleteServersTestJSON-937635709 tempest-DeleteServersTestJSON-937635709-project] 10.222.0.65 "GET /v2.0/security-groups?id=d72da341-d0eb-4b5a-ba41-78c14bfa4f7e&fields=id&fields=name HTTP/1.1" status: 200 len: 286 time: 0.1007667
May 10 20:17:14.427515 dv-cinder-828805-2-iscsi neutron-server[104124]: INFO neutron.wsgi [req-e24ac3ef-10dc-46ad-9d86-2da29a025d0d req-841dd79f-08e6-4bef-855d-92e682a8b1a7 tempest-AttachVolumeShelveTestJSON-769646234 tempest-AttachVolumeShelveTestJSON-769646234-project] 10.222.0.65 "GET /v2.0/ports?device_id=5ab6f0a6-aa14-407a-b43d-7b7d2855499d HTTP/1.1" status: 200 len: 210 time: 0.0814002
May 10 20:17:14.501529 dv-cinder-828805-2-iscsi neutron-server[104126]: DEBUG neutron.plugins.ml2.db [None req-08dfa307-6dbe-48e3-9281-e8577d674884 None None] get_ports_and_sgs() called for port_ids ['c4a5ca84-aa0d-4ea4-bd3f-21c0643c8972'] {{(pid=104126) get_ports_and_sgs /opt/stack/neutron/neutron/plugins/ml2/db.py:156}}
May 10 20:17:14.521473 dv-cinder-828805-2-iscsi neutron-server[104125]: INFO neutron.wsgi [req-6b01d2b9-980b-4f9a-ab95-2fdcff956b81 req-41f0329d-ae34-4ac6-ba36-b992c41a078f tempest-AttachVolumeTestJSON-1966860934 tempest-AttachVolumeTestJSON-1966860934-project] 10.222.0.65 "GET /v2.0/ports?device_id=25f6cc79-11c0-4244-ac21-ac182db7d7cc HTTP/1.1" status: 200 len: 210 time: 0.0422628
May 10 20:17:14.527268 dv-cinder-828805-2-iscsi neutron-server[104124]: DEBUG neutron.pecan_wsgi.hooks.policy_enforcement [req-0e9584f9-1329-42ce-abf0-451c64e5736c req-e1fe4d32-3a05-4bc7-a9db-1b18bc5d8785 service neutron] Attributes excluded by policy engine: ['standard_attr_id', 'vlan_transparent'] {{(pid=104124) _exclude_attributes_by_policy /opt/stack/neutron/neutron/pecan_wsgi/hooks/policy_enforcement.py:259}}
May 10 20:17:14.528977 dv-cinder-828805-2-iscsi neutron-server[104124]: INFO neutron.wsgi [req-0e9584f9-1329-42ce-abf0-451c64e5736c req-e1fe4d32-3a05-4bc7-a9db-1b18bc5d8785 service neutron] 10.222.0.83 "GET /v2.0/networks?shared=True HTTP/1.1" status: 200 len: 870 time: 0.3265736
May 10 20:17:14.531095 dv-cinder-828805-2-iscsi neutron-server[104124]: INFO neutron.wsgi [req-a04d7f4f-b7d4-43dd-be7a-b6ef3420abf8 req-a2b912f7-d2a5-4b16-be54-c3654046d433 service neutron] 10.222.0.83 "GET /v2.0/networks/96c29c32-3228-4be3-bd31-e1b4551cb0b8?fields=provider%3Aphysical_network&fields=provider%3Anetwork_type HTTP/1.1" status: 200 len: 281 time: 0.2210391
May 10 20:17:14.784389 dv-cinder-828805-2-iscsi neutron-server[104124]: DEBUG neutron.pecan_wsgi.hooks.policy_enforcement [req-07ab9319-b756-4588-be84-02b4f0845eee req-134cfa52-dfc1-4d89-91d8-dd67550baae8 service neutron] Attributes excluded by policy engine: ['standard_attr_id'] {{(pid=104124) _exclude_attributes_by_policy /opt/stack/neutron/neutron/pecan_wsgi/hooks/policy_enforcement.py:259}}
May 10 20:17:14.786597 dv-cinder-828805-2-iscsi neutron-server[104124]: INFO neutron.wsgi [req-07ab9319-b756-4588-be84-02b4f0845eee req-134cfa52-dfc1-4d89-91d8-dd67550baae8 service neutron] 10.222.0.83 "GET /v2.0/ports?tenant_id=9d38de3da9e3489ebbbebd4f8aeb0d49&device_id=6760c43d-64a5-4cbf-b559-07d871e81f18 HTTP/1.1" status: 200 len: 1127 time: 0.0788758
May 10 20:17:14.843034 dv-cinder-828805-2-iscsi neutron-server[104124]: INFO neutron.wsgi [req-07ab9319-b756-4588-be84-02b4f0845eee req-43186aa3-9ec8-4549-bbf1-0621320efaab service neutron] 10.222.0.83 "GET /v2.0/floatingips?fixed_ip_address=172.20.0.7&port_id=d09063b0-3b3a-44ec-8588-f6884472f3ad HTTP/1.1" status: 200 len: 217 time: 0.0480330
May 10 20:17:14.851339 dv-cinder-828805-2-iscsi neutron-server[104124]: DEBUG neutron.pecan_wsgi.hooks.policy_enforcement [req-f06ae8c1-a81f-40e2-8f9c-d6213e693334 req-461ff9f4-dbd3-46bb-bbaf-be82c639d672 tempest-AttachVolumeShelveTestJSON-769646234 tempest-AttachVolumeShelveTestJSON-769646234-project] Attributes excluded by policy engine: ['standard_attr_id', 'vlan_transparent', 'provider:network_type', 'provider:physical_network', 'provider:segmentation_id'] {{(pid=104124) _exclude_attributes_by_policy /opt/stack/neutron/neutron/pecan_wsgi/hooks/policy_enforcement.py:259}}
May 10 20:17:14.853347 dv-cinder-828805-2-iscsi neutron-server[104124]: INFO neutron.wsgi [req-f06ae8c1-a81f-40e2-8f9c-d6213e693334 req-461ff9f4-dbd3-46bb-bbaf-be82c639d672 tempest-AttachVolumeShelveTestJSON-769646234 tempest-AttachVolumeShelveTestJSON-769646234-project] 10.222.0.83 "GET /v2.0/networks?id=e95ad3ef-7b5f-4775-9b13-3ca347d35ec6 HTTP/1.1" status: 200 len: 817 time: 0.2525151
May 10 20:17:14.949016 dv-cinder-828805-2-iscsi neutron-server[104124]: DEBUG neutron.pecan_wsgi.hooks.policy_enforcement [req-07ab9319-b756-4588-be84-02b4f0845eee req-d1f5d82f-c91e-4193-9ae0-8234fb8d3485 service neutron] Attributes excluded by policy engine: ['standard_attr_id', 'shared', 'segment_id'] {{(pid=104124) _exclude_attributes_by_policy /opt/stack/neutron/neutron/pecan_wsgi/hooks/policy_enforcement.py:259}}
May 10 20:17:14.951583 dv-cinder-828805-2-iscsi neutron-server[104124]: INFO neutron.wsgi [req-07ab9319-b756-4588-be84-02b4f0845eee req-d1f5d82f-c91e-4193-9ae0-8234fb8d3485 service neutron] 10.222.0.83 "GET /v2.0/subnets?id=a9f7d6f7-3834-4bdb-828b-a675d4357d52 HTTP/1.1" status: 200 len: 857 time: 0.0972836
May 10 20:17:14.968104 dv-cinder-828805-2-iscsi neutron-server[104124]: INFO neutron.wsgi [req-f06ae8c1-a81f-40e2-8f9c-d6213e693334 req-58fe4bba-3e1d-4d41-80c8-3bd771e72aea tempest-AttachVolumeShelveTestJSON-769646234 tempest-AttachVolumeShelveTestJSON-769646234-project] 10.222.0.83 "GET /v2.0/security-groups?fields=id&fields=name&tenant_id=d5cecfb8eb5e4b8ea121c2ef8a9c28a2 HTTP/1.1" status: 200 len: 380 time: 0.1057477
May 10 20:17:14.988666 dv-cinder-828805-2-iscsi neutron-server[104124]: DEBUG neutron.api.v2.base [req-f06ae8c1-a81f-40e2-8f9c-d6213e693334 req-1a3dc4a0-5759-4cbd-9876-80f886303a87 tempest-AttachVolumeShelveTestJSON-769646234 tempest-AttachVolumeShelveTestJSON-769646234-project] Request body: {'port': {'device_id': '5ab6f0a6-aa14-407a-b43d-7b7d2855499d', 'network_id': 'e95ad3ef-7b5f-4775-9b13-3ca347d35ec6', 'admin_state_up': True, 'tenant_id': 'd5cecfb8eb5e4b8ea121c2ef8a9c28a2', 'security_groups': ['6c54b270-0528-46e2-80cd-cc027a692664']}} {{(pid=104124) prepare_request_body /opt/stack/neutron/neutron/api/v2/base.py:730}}
May 10 20:17:15.061626 dv-cinder-828805-2-iscsi neutron-server[104125]: DEBUG neutron.pecan_wsgi.hooks.policy_enforcement [req-11a7f6e1-280f-4570-a0d3-3736fbcb57da req-cbff6a92-47ed-41ab-85c3-2e70438b38b2 tempest-AttachVolumeTestJSON-1966860934 tempest-AttachVolumeTestJSON-1966860934-project] Attributes excluded by policy engine: ['standard_attr_id', 'vlan_transparent', 'provider:network_type', 'provider:physical_network', 'provider:segmentation_id'] {{(pid=104125) _exclude_attributes_by_policy /opt/stack/neutron/neutron/pecan_wsgi/hooks/policy_enforcement.py:259}}
May 10 20:17:15.063427 dv-cinder-828805-2-iscsi neutron-server[104125]: INFO neutron.wsgi [req-11a7f6e1-280f-4570-a0d3-3736fbcb57da req-cbff6a92-47ed-41ab-85c3-2e70438b38b2 tempest-AttachVolumeTestJSON-1966860934 tempest-AttachVolumeTestJSON-1966860934-project] 10.222.0.83 "GET /v2.0/networks?id=2b00b815-407a-4d47-9742-67b948c39d25 HTTP/1.1" status: 200 len: 810 time: 0.1436498
May 10 20:17:15.153739 dv-cinder-828805-2-iscsi neutron-server[104124]: DEBUG neutron.pecan_wsgi.hooks.policy_enforcement [req-07ab9319-b756-4588-be84-02b4f0845eee req-46620ac5-3bff-4536-8611-a8aaf58ae8fc service neutron] Attributes excluded by policy engine: ['standard_attr_id'] {{(pid=104124) _exclude_attributes_by_policy /opt/stack/neutron/neutron/pecan_wsgi/hooks/policy_enforcement.py:259}}
May 10 20:17:15.155407 dv-cinder-828805-2-iscsi neutron-server[104124]: INFO neutron.wsgi [req-07ab9319-b756-4588-be84-02b4f0845eee req-46620ac5-3bff-4536-8611-a8aaf58ae8fc service neutron] 10.222.0.83 "GET /v2.0/ports?network_id=3b1220fb-9a6d-4fc5-8525-c6ec85061eb5&device_owner=network%3Adhcp HTTP/1.1" status: 200 len: 1212 time: 0.1860774
May 10 20:17:15.191844 dv-cinder-828805-2-iscsi neutron-server[104125]: INFO neutron.wsgi [req-11a7f6e1-280f-4570-a0d3-3736fbcb57da req-f4acac23-66c6-49b1-b724-ca32dcceef5a tempest-AttachVolumeTestJSON-1966860934 tempest-AttachVolumeTestJSON-1966860934-project] 10.222.0.83 "GET /v2.0/security-groups?fields=id&fields=name&tenant_id=821dc2c3061041a3ab6ee939c306a7ea HTTP/1.1" status: 200 len: 380 time: 0.1192417
May 10 20:17:15.199941 dv-cinder-828805-2-iscsi neutron-server[104124]: DEBUG neutron.pecan_wsgi.hooks.policy_enforcement [req-b466bcf8-8f19-4cc7-92a0-e114b837b8de req-4dc9f3dc-dcca-4e83-9053-a86bcc5f47bd tempest-ServerRescueNegativeTestJSON-1004630497 tempest-ServerRescueNegativeTestJSON-1004630497-project] Attributes excluded by policy engine: ['standard_attr_id', 'binding:profile', 'binding:host_id', 'binding:vif_type', 'binding:vif_details'] {{(pid=104124) _exclude_attributes_by_policy /opt/stack/neutron/neutron/pecan_wsgi/hooks/policy_enforcement.py:259}}
May 10 20:17:15.201610 dv-cinder-828805-2-iscsi neutron-server[104124]: INFO neutron.wsgi [req-b466bcf8-8f19-4cc7-92a0-e114b837b8de req-4dc9f3dc-dcca-4e83-9053-a86bcc5f47bd tempest-ServerRescueNegativeTestJSON-1004630497 tempest-ServerRescueNegativeTestJSON-1004630497-project] 10.222.0.65 "GET /v2.0/ports?device_id=6760c43d-64a5-4cbf-b559-07d871e81f18 HTTP/1.1" status: 200 len: 943 time: 0.1248524
May 10 20:17:15.208481 dv-cinder-828805-2-iscsi neutron-server[104125]: DEBUG neutron.api.v2.base [req-11a7f6e1-280f-4570-a0d3-3736fbcb57da req-1b5b6882-d4b5-4e2f-a606-85cf4d1ccb26 tempest-AttachVolumeTestJSON-1966860934 tempest-AttachVolumeTestJSON-1966860934-project] Request body: {'port': {'device_id': '25f6cc79-11c0-4244-ac21-ac182db7d7cc', 'network_id': '2b00b815-407a-4d47-9742-67b948c39d25', 'admin_state_up': True, 'tenant_id': '821dc2c3061041a3ab6ee939c306a7ea', 'security_groups': ['b080e234-5e8f-4a05-947d-dedec3b2bef5']}} {{(pid=104125) prepare_request_body /opt/stack/neutron/neutron/api/v2/base.py:730}}
May 10 20:17:15.354428 dv-cinder-828805-2-iscsi neutron-server[104124]: INFO neutron.wsgi [req-b466bcf8-8f19-4cc7-92a0-e114b837b8de req-984b08ec-f15e-4d65-aae6-99e91fc8adcd tempest-ServerRescueNegativeTestJSON-1004630497 tempest-ServerRescueNegativeTestJSON-1004630497-project] 10.222.0.65 "GET /v2.0/security-groups?id=617f0b90-d5e7-4bee-b376-159cde6d1ca1&fields=id&fields=name HTTP/1.1" status: 200 len: 286 time: 0.1019375
May 10 20:17:15.413306 dv-cinder-828805-2-iscsi neutron-server[104124]: INFO neutron.wsgi [req-07ab9319-b756-4588-be84-02b4f0845eee req-b88831ef-8fba-4dbe-a1f7-b085e3bc1a20 service neutron] 10.222.0.83 "GET /v2.0/networks/3b1220fb-9a6d-4fc5-8525-c6ec85061eb5?fields=segments HTTP/1.1" status: 200 len: 212 time: 0.2460573
May 10 20:17:15.487953 dv-cinder-828805-2-iscsi neutron-server[104124]: DEBUG neutron.pecan_wsgi.hooks.quota_enforcement [req-f06ae8c1-a81f-40e2-8f9c-d6213e693334 req-1a3dc4a0-5759-4cbd-9876-80f886303a87 tempest-AttachVolumeShelveTestJSON-769646234 tempest-AttachVolumeShelveTestJSON-769646234-project] Made reservation on behalf of d5cecfb8eb5e4b8ea121c2ef8a9c28a2 for: {'port': 1} {{(pid=104124) before /opt/stack/neutron/neutron/pecan_wsgi/hooks/quota_enforcement.py:53}}
May 10 20:17:15.499292 dv-cinder-828805-2-iscsi neutron-server[104124]: DEBUG neutron_lib.callbacks.manager [req-f06ae8c1-a81f-40e2-8f9c-d6213e693334 req-1a3dc4a0-5759-4cbd-9876-80f886303a87 tempest-AttachVolumeShelveTestJSON-769646234 tempest-AttachVolumeShelveTestJSON-769646234-project] Publish callbacks ['neutron.plugins.ml2.plugin.SecurityGroupDbMixin._ensure_default_security_group_handler-1390891'] for port (None), before_create {{(pid=104124) _notify_loop /usr/local/lib/python3.8/dist-packages/neutron_lib/callbacks/manager.py:176}}
May 10 20:17:15.549786 dv-cinder-828805-2-iscsi neutron-server[104125]: DEBUG neutron.pecan_wsgi.hooks.quota_enforcement [req-11a7f6e1-280f-4570-a0d3-3736fbcb57da req-1b5b6882-d4b5-4e2f-a606-85cf4d1ccb26 tempest-AttachVolumeTestJSON-1966860934 tempest-AttachVolumeTestJSON-1966860934-project] Made reservation on behalf of 821dc2c3061041a3ab6ee939c306a7ea for: {'port': 1} {{(pid=104125) before /opt/stack/neutron/neutron/pecan_wsgi/hooks/quota_enforcement.py:53}}
May 10 20:17:15.553733 dv-cinder-828805-2-iscsi neutron-server[104125]: DEBUG neutron_lib.callbacks.manager [req-11a7f6e1-280f-4570-a0d3-3736fbcb57da req-1b5b6882-d4b5-4e2f-a606-85cf4d1ccb26 tempest-AttachVolumeTestJSON-1966860934 tempest-AttachVolumeTestJSON-1966860934-project] Publish callbacks ['neutron.plugins.ml2.plugin.SecurityGroupDbMixin._ensure_default_security_group_handler-1390891'] for port (None), before_create {{(pid=104125) _notify_loop /usr/local/lib/python3.8/dist-packages/neutron_lib/callbacks/manager.py:176}}
May 10 20:17:15.588539 dv-cinder-828805-2-iscsi neutron-server[104125]: DEBUG neutron.pecan_wsgi.hooks.policy_enforcement [req-754c2748-0fe9-4b9d-8e5e-4ef4cd399514 req-69c810dc-0d72-4225-853b-9b56a3dae4c0 tempest-DeleteServersTestJSON-937635709 tempest-DeleteServersTestJSON-937635709-project] Attributes excluded by policy engine: ['standard_attr_id', 'binding:profile', 'binding:host_id', 'binding:vif_type', 'binding:vif_details'] {{(pid=104125) _exclude_attributes_by_policy /opt/stack/neutron/neutron/pecan_wsgi/hooks/policy_enforcement.py:259}}
May 10 20:17:15.595015 dv-cinder-828805-2-iscsi neutron-server[104125]: INFO neutron.wsgi [req-754c2748-0fe9-4b9d-8e5e-4ef4cd399514 req-69c810dc-0d72-4225-853b-9b56a3dae4c0 tempest-DeleteServersTestJSON-937635709 tempest-DeleteServersTestJSON-937635709-project] 10.222.0.65 "GET /v2.0/ports?device_id=7684e951-de3a-48e4-9e3b-394c46f029f7 HTTP/1.1" status: 200 len: 945 time: 0.0937035
May 10 20:17:15.638217 dv-cinder-828805-2-iscsi neutron-server[104124]: INFO neutron.wsgi [req-3c398a36-b60d-44f5-aa42-e2153974e869 req-757957b2-9adf-42dc-a156-4785b0f79fce tempest-AttachVolumeShelveTestJSON-769646234 tempest-AttachVolumeShelveTestJSON-769646234-project] 10.222.0.65 "GET /v2.0/ports?device_id=5ab6f0a6-aa14-407a-b43d-7b7d2855499d HTTP/1.1" status: 200 len: 210 time: 0.0817811
May 10 20:17:15.672432 dv-cinder-828805-2-iscsi neutron-server[104124]: INFO neutron.wsgi [req-07ab9319-b756-4588-be84-02b4f0845eee req-e1f1d563-cbf5-43bc-8964-9ed5229a5957 service neutron] 10.222.0.83 "GET /v2.0/networks/3b1220fb-9a6d-4fc5-8525-c6ec85061eb5?fields=provider%3Aphysical_network&fields=provider%3Anetwork_type HTTP/1.1" status: 200 len: 281 time: 0.2474563
May 10 20:17:15.741995 dv-cinder-828805-2-iscsi neutron-server[104125]: INFO neutron.wsgi [req-754c2748-0fe9-4b9d-8e5e-4ef4cd399514 req-49d379af-af6b-434f-84c1-593f4d1f6a15 tempest-DeleteServersTestJSON-937635709 tempest-DeleteServersTestJSON-937635709-project] 10.222.0.65 "GET /v2.0/security-groups?id=d72da341-d0eb-4b5a-ba41-78c14bfa4f7e&fields=id&fields=name HTTP/1.1" status: 200 len: 286 time: 0.1418252
May 10 20:17:15.783015 dv-cinder-828805-2-iscsi neutron-server[104124]: INFO neutron.wsgi [req-e1f92aa1-ebb0-473e-bd72-d0ed9659c07d req-9fa15457-bb6a-4edc-b56b-adcb7d071c76 tempest-AttachVolumeTestJSON-1966860934 tempest-AttachVolumeTestJSON-1966860934-project] 10.222.0.65 "GET /v2.0/ports?device_id=25f6cc79-11c0-4244-ac21-ac182db7d7cc HTTP/1.1" status: 200 len: 210 time: 0.0478201
May 10 20:17:15.795926 dv-cinder-828805-2-iscsi neutron-server[104124]: DEBUG neutron.db.db_base_plugin_common [req-f06ae8c1-a81f-40e2-8f9c-d6213e693334 req-1a3dc4a0-5759-4cbd-9876-80f886303a87 tempest-AttachVolumeShelveTestJSON-769646234 tempest-AttachVolumeShelveTestJSON-769646234-project] Allocated IP 172.20.0.11 (e95ad3ef-7b5f-4775-9b13-3ca347d35ec6/60a713fc-3628-49db-a510-f75848231cfa/7f5adb73-ce2a-4cda-9cc2-cdfbc23e98f2) {{(pid=104124) _store_ip_allocation /opt/stack/neutron/neutron/db/db_base_plugin_common.py:131}}
May 10 20:17:15.808414 dv-cinder-828805-2-iscsi neutron-server[104125]: DEBUG neutron.db.db_base_plugin_common [req-11a7f6e1-280f-4570-a0d3-3736fbcb57da req-1b5b6882-d4b5-4e2f-a606-85cf4d1ccb26 tempest-AttachVolumeTestJSON-1966860934 tempest-AttachVolumeTestJSON-1966860934-project] Allocated IP 172.20.0.5 (2b00b815-407a-4d47-9742-67b948c39d25/78ce874d-9077-4778-aeb7-86f2c6f9fd78/f3ad9929-2cb4-4711-9a32-8294a05717b6) {{(pid=104125) _store_ip_allocation /opt/stack/neutron/neutron/db/db_base_plugin_common.py:131}}
May 10 20:17:15.951353 dv-cinder-828805-2-iscsi neutron-server[104124]: DEBUG neutron_lib.callbacks.manager [req-f06ae8c1-a81f-40e2-8f9c-d6213e693334 req-1a3dc4a0-5759-4cbd-9876-80f886303a87 tempest-AttachVolumeShelveTestJSON-769646234 tempest-AttachVolumeShelveTestJSON-769646234-project] Publish callbacks [] for port (7f5adb73-ce2a-4cda-9cc2-cdfbc23e98f2), precommit_create {{(pid=104124) _notify_loop /usr/local/lib/python3.8/dist-packages/neutron_lib/callbacks/manager.py:176}}
May 10 20:17:15.967837 dv-cinder-828805-2-iscsi neutron-server[104126]: DEBUG neutron.plugins.ml2.rpc [None req-08dfa307-6dbe-48e3-9281-e8577d674884 None None] Device 316af1cb-1f2b-4763-9832-bb4b72edb56d up at agent hyperv_hv-cinder-82880 {{(pid=104126) update_device_up /opt/stack/neutron/neutron/plugins/ml2/rpc.py:296}}
May 10 20:17:15.970020 dv-cinder-828805-2-iscsi neutron-server[104125]: DEBUG neutron_lib.callbacks.manager [req-11a7f6e1-280f-4570-a0d3-3736fbcb57da req-1b5b6882-d4b5-4e2f-a606-85cf4d1ccb26 tempest-AttachVolumeTestJSON-1966860934 tempest-AttachVolumeTestJSON-1966860934-project] Publish callbacks [] for port (f3ad9929-2cb4-4711-9a32-8294a05717b6), precommit_create {{(pid=104125) _notify_loop /usr/local/lib/python3.8/dist-packages/neutron_lib/callbacks/manager.py:176}}
May 10 20:17:16.026748 dv-cinder-828805-2-iscsi neutron-server[104126]: DEBUG neutron.db.provisioning_blocks [None req-08dfa307-6dbe-48e3-9281-e8577d674884 None None] Provisioning for port 316af1cb-1f2b-4763-9832-bb4b72edb56d completed by entity L2. {{(pid=104126) provisioning_complete /opt/stack/neutron/neutron/db/provisioning_blocks.py:137}}
May 10 20:17:16.063501 dv-cinder-828805-2-iscsi neutron-server[104125]: DEBUG neutron_lib.callbacks.manager [req-11a7f6e1-280f-4570-a0d3-3736fbcb57da req-1b5b6882-d4b5-4e2f-a606-85cf4d1ccb26 tempest-AttachVolumeTestJSON-1966860934 tempest-AttachVolumeTestJSON-1966860934-project] Publish callbacks ['neutron.plugins.ml2.plugin.SecurityGroupServerNotifierRpcMixin._notify_sg_on_port_change-1390983', 'neutron.plugins.ml2.ovo_rpc._ObjectChangeHandler.handle_event-88067', 'neutron.api.rpc.agentnotifiers.dhcp_rpc_agent_api.DhcpAgentNotifyAPI._native_event_send_dhcp_notification-7908682', 'neutron.db.l3_dvrscheduler_db._notify_l3_agent_new_port-8756477787248'] for port (f3ad9929-2cb4-4711-9a32-8294a05717b6), after_create {{(pid=104125) _notify_loop /usr/local/lib/python3.8/dist-packages/neutron_lib/callbacks/manager.py:176}}
May 10 20:17:16.063807 dv-cinder-828805-2-iscsi neutron-server[104124]: DEBUG neutron_lib.callbacks.manager [req-f06ae8c1-a81f-40e2-8f9c-d6213e693334 req-1a3dc4a0-5759-4cbd-9876-80f886303a87 tempest-AttachVolumeShelveTestJSON-769646234 tempest-AttachVolumeShelveTestJSON-769646234-project] Publish callbacks ['neutron.plugins.ml2.plugin.SecurityGroupServerNotifierRpcMixin._notify_sg_on_port_change-1390983', 'neutron.plugins.ml2.ovo_rpc._ObjectChangeHandler.handle_event-88067', 'neutron.api.rpc.agentnotifiers.dhcp_rpc_agent_api.DhcpAgentNotifyAPI._native_event_send_dhcp_notification-7908682', 'neutron.db.l3_dvrscheduler_db._notify_l3_agent_new_port-8756477787248', 'neutron.services.segments.plugin.NovaSegmentNotifier._notify_port_created_or_deleted-4935424'] for port (7f5adb73-ce2a-4cda-9cc2-cdfbc23e98f2), after_create {{(pid=104124) _notify_loop /usr/local/lib/python3.8/dist-packages/neutron_lib/callbacks/manager.py:176}}
May 10 20:17:16.110463 dv-cinder-828805-2-iscsi neutron-server[104126]: DEBUG neutron.db.provisioning_blocks [None req-08dfa307-6dbe-48e3-9281-e8577d674884 None None] Provisioning complete for port 316af1cb-1f2b-4763-9832-bb4b72edb56d triggered by entity L2. {{(pid=104126) provisioning_complete /opt/stack/neutron/neutron/db/provisioning_blocks.py:145}}
May 10 20:17:16.111437 dv-cinder-828805-2-iscsi neutron-server[104126]: DEBUG neutron_lib.callbacks.manager [None req-08dfa307-6dbe-48e3-9281-e8577d674884 None None] Publish callbacks ['neutron.plugins.ml2.plugin.Ml2Plugin._port_provisioned-1426408'] for port (316af1cb-1f2b-4763-9832-bb4b72edb56d), provisioning_complete {{(pid=104126) _notify_loop /usr/local/lib/python3.8/dist-packages/neutron_lib/callbacks/manager.py:176}}
May 10 20:17:16.118311 dv-cinder-828805-2-iscsi neutron-server[104125]: DEBUG neutron.scheduler.dhcp_agent_scheduler [req-11a7f6e1-280f-4570-a0d3-3736fbcb57da req-1b5b6882-d4b5-4e2f-a606-85cf4d1ccb26 tempest-AttachVolumeTestJSON-1966860934 tempest-AttachVolumeTestJSON-1966860934-project] Network 2b00b815-407a-4d47-9742-67b948c39d25 is already hosted by enough agents. {{(pid=104125) _get_dhcp_agents_hosting_network /opt/stack/neutron/neutron/scheduler/dhcp_agent_scheduler.py:275}}
May 10 20:17:16.119243 dv-cinder-828805-2-iscsi neutron-server[104125]: DEBUG neutron.scheduler.base_scheduler [req-11a7f6e1-280f-4570-a0d3-3736fbcb57da req-1b5b6882-d4b5-4e2f-a606-85cf4d1ccb26 tempest-AttachVolumeTestJSON-1966860934 tempest-AttachVolumeTestJSON-1966860934-project] Resources bound (agent type, host, resource id): {{(pid=104125) schedule /opt/stack/neutron/neutron/scheduler/base_scheduler.py:57}}
May 10 20:17:16.123294 dv-cinder-828805-2-iscsi neutron-server[104125]: DEBUG neutron.db.l3_dvrscheduler_db [req-11a7f6e1-280f-4570-a0d3-3736fbcb57da req-1b5b6882-d4b5-4e2f-a606-85cf4d1ccb26 tempest-AttachVolumeTestJSON-1966860934 tempest-AttachVolumeTestJSON-1966860934-project] Received port after_create {{(pid=104125) _notify_l3_agent_new_port /opt/stack/neutron/neutron/db/l3_dvrscheduler_db.py:536}}
May 10 20:17:16.128910 dv-cinder-828805-2-iscsi neutron-server[104125]: DEBUG neutron.pecan_wsgi.hooks.policy_enforcement [req-11a7f6e1-280f-4570-a0d3-3736fbcb57da req-1b5b6882-d4b5-4e2f-a606-85cf4d1ccb26 tempest-AttachVolumeTestJSON-1966860934 tempest-AttachVolumeTestJSON-1966860934-project] Attributes excluded by policy engine: ['standard_attr_id', 'binding:profile', 'binding:host_id', 'binding:vif_type', 'binding:vif_details', 'network'] {{(pid=104125) _exclude_attributes_by_policy /opt/stack/neutron/neutron/pecan_wsgi/hooks/policy_enforcement.py:259}}
May 10 20:17:16.129447 dv-cinder-828805-2-iscsi neutron-server[104125]: DEBUG neutron_lib.callbacks.manager [req-11a7f6e1-280f-4570-a0d3-3736fbcb57da req-1b5b6882-d4b5-4e2f-a606-85cf4d1ccb26 tempest-AttachVolumeTestJSON-1966860934 tempest-AttachVolumeTestJSON-1966860934-project] Publish callbacks ['neutron.notifiers.nova.Notifier._send_nova_notification-38606', 'neutron.api.rpc.agentnotifiers.dhcp_rpc_agent_api.DhcpAgentNotifyAPI._send_dhcp_notification-7908668'] for port (None), before_response {{(pid=104125) _notify_loop /usr/local/lib/python3.8/dist-packages/neutron_lib/callbacks/manager.py:176}}
May 10 20:17:16.148729 dv-cinder-828805-2-iscsi neutron-server[104125]: DEBUG neutron.api.rpc.handlers.resources_rpc [None req-1b5b6882-d4b5-4e2f-a606-85cf4d1ccb26 tempest-AttachVolumeTestJSON-1966860934 tempest-AttachVolumeTestJSON-1966860934-project] Pushing event updated for resources: {'Port': ['ID=f3ad9929-2cb4-4711-9a32-8294a05717b6,revision_number=1']} {{(pid=104125) push /opt/stack/neutron/neutron/api/rpc/handlers/resources_rpc.py:237}}
May 10 20:17:16.149843 dv-cinder-828805-2-iscsi neutron-server[104124]: DEBUG neutron.scheduler.dhcp_agent_scheduler [req-f06ae8c1-a81f-40e2-8f9c-d6213e693334 req-1a3dc4a0-5759-4cbd-9876-80f886303a87 tempest-AttachVolumeShelveTestJSON-769646234 tempest-AttachVolumeShelveTestJSON-769646234-project] Network e95ad3ef-7b5f-4775-9b13-3ca347d35ec6 is already hosted by enough agents. {{(pid=104124) _get_dhcp_agents_hosting_network /opt/stack/neutron/neutron/scheduler/dhcp_agent_scheduler.py:275}}
May 10 20:17:16.157012 dv-cinder-828805-2-iscsi neutron-server[104124]: DEBUG neutron.scheduler.base_scheduler [req-f06ae8c1-a81f-40e2-8f9c-d6213e693334 req-1a3dc4a0-5759-4cbd-9876-80f886303a87 tempest-AttachVolumeShelveTestJSON-769646234 tempest-AttachVolumeShelveTestJSON-769646234-project] Resources bound (agent type, host, resource id): {{(pid=104124) schedule /opt/stack/neutron/neutron/scheduler/base_scheduler.py:57}}
May 10 20:17:16.161442 dv-cinder-828805-2-iscsi neutron-server[104124]: DEBUG neutron.db.l3_dvrscheduler_db [req-f06ae8c1-a81f-40e2-8f9c-d6213e693334 req-1a3dc4a0-5759-4cbd-9876-80f886303a87 tempest-AttachVolumeShelveTestJSON-769646234 tempest-AttachVolumeShelveTestJSON-769646234-project] Received port after_create {{(pid=104124) _notify_l3_agent_new_port /opt/stack/neutron/neutron/db/l3_dvrscheduler_db.py:536}}
May 10 20:17:16.198817 dv-cinder-828805-2-iscsi neutron-server[104124]: DEBUG neutron.api.rpc.handlers.resources_rpc [None req-1a3dc4a0-5759-4cbd-9876-80f886303a87 tempest-AttachVolumeShelveTestJSON-769646234 tempest-AttachVolumeShelveTestJSON-769646234-project] Pushing event updated for resources: {'Port': ['ID=7f5adb73-ce2a-4cda-9cc2-cdfbc23e98f2,revision_number=1']} {{(pid=104124) push /opt/stack/neutron/neutron/api/rpc/handlers/resources_rpc.py:237}}
May 10 20:17:16.237983 dv-cinder-828805-2-iscsi neutron-server[104124]: DEBUG neutron.pecan_wsgi.hooks.policy_enforcement [req-f06ae8c1-a81f-40e2-8f9c-d6213e693334 req-1a3dc4a0-5759-4cbd-9876-80f886303a87 tempest-AttachVolumeShelveTestJSON-769646234 tempest-AttachVolumeShelveTestJSON-769646234-project] Attributes excluded by policy engine: ['standard_attr_id', 'binding:profile', 'binding:host_id', 'binding:vif_type', 'binding:vif_details', 'network'] {{(pid=104124) _exclude_attributes_by_policy /opt/stack/neutron/neutron/pecan_wsgi/hooks/policy_enforcement.py:259}}
May 10 20:17:16.238655 dv-cinder-828805-2-iscsi neutron-server[104124]: DEBUG neutron_lib.callbacks.manager [req-f06ae8c1-a81f-40e2-8f9c-d6213e693334 req-1a3dc4a0-5759-4cbd-9876-80f886303a87 tempest-AttachVolumeShelveTestJSON-769646234 tempest-AttachVolumeShelveTestJSON-769646234-project] Publish callbacks ['neutron.notifiers.nova.Notifier._send_nova_notification-38606', 'neutron.api.rpc.agentnotifiers.dhcp_rpc_agent_api.DhcpAgentNotifyAPI._send_dhcp_notification-7908668'] for port (None), before_response {{(pid=104124) _notify_loop /usr/local/lib/python3.8/dist-packages/neutron_lib/callbacks/manager.py:176}}
May 10 20:17:16.249051 dv-cinder-828805-2-iscsi neutron-server[104125]: INFO neutron.wsgi [req-11a7f6e1-280f-4570-a0d3-3736fbcb57da req-1b5b6882-d4b5-4e2f-a606-85cf4d1ccb26 tempest-AttachVolumeTestJSON-1966860934 tempest-AttachVolumeTestJSON-1966860934-project] 10.222.0.83 "POST /v2.0/ports HTTP/1.1" status: 201 len: 933 time: 1.0514710
May 10 20:17:16.269823 dv-cinder-828805-2-iscsi neutron-server[104126]: DEBUG neutron.plugins.ml2.plugin [None req-08dfa307-6dbe-48e3-9281-e8577d674884 None None] Current status of the port 316af1cb-1f2b-4763-9832-bb4b72edb56d is: BUILD; New status is: ACTIVE {{(pid=104126) _update_individual_port_db_status /opt/stack/neutron/neutron/plugins/ml2/plugin.py:2296}}
May 10 20:17:16.270555 dv-cinder-828805-2-iscsi neutron-server[104126]: DEBUG neutron_lib.callbacks.manager [None req-08dfa307-6dbe-48e3-9281-e8577d674884 None None] Publish callbacks ['neutron.plugins.ml2.plugin.SecurityGroupDbMixin._ensure_default_security_group_handler-1390891'] for port (316af1cb-1f2b-4763-9832-bb4b72edb56d), before_update {{(pid=104126) _notify_loop /usr/local/lib/python3.8/dist-packages/neutron_lib/callbacks/manager.py:176}}
May 10 20:17:16.295775 dv-cinder-828805-2-iscsi neutron-server[104126]: DEBUG neutron.notifiers.nova [-] Sending events: [{'server_uuid': '7684e951-de3a-48e4-9e3b-394c46f029f7', 'name': 'network-vif-plugged', 'status': 'completed', 'tag': '316af1cb-1f2b-4763-9832-bb4b72edb56d'}] {{(pid=104126) send_events /opt/stack/neutron/neutron/notifiers/nova.py:271}}
May 10 20:17:16.357295 dv-cinder-828805-2-iscsi neutron-server[104124]: INFO neutron.wsgi [req-f06ae8c1-a81f-40e2-8f9c-d6213e693334 req-1a3dc4a0-5759-4cbd-9876-80f886303a87 tempest-AttachVolumeShelveTestJSON-769646234 tempest-AttachVolumeShelveTestJSON-769646234-project] 10.222.0.83 "POST /v2.0/ports HTTP/1.1" status: 201 len: 934 time: 1.3742473
May 10 20:17:16.378382 dv-cinder-828805-2-iscsi neutron-server[104126]: DEBUG neutron.plugins.ml2.db [None req-08dfa307-6dbe-48e3-9281-e8577d674884 None None] For port 316af1cb-1f2b-4763-9832-bb4b72edb56d, host hv-cinder-82880, got binding levels [PortBindingLevel(driver='hyperv',host='hv-cinder-82880',level=0,port_id=316af1cb-1f2b-4763-9832-bb4b72edb56d,segment=NetworkSegment(2f1ce617-8937-4183-808c-d1171f6ee863),segment_id=2f1ce617-8937-4183-808c-d1171f6ee863)] {{(pid=104126) get_binding_level_objs /opt/stack/neutron/neutron/plugins/ml2/db.py:74}}
May 10 20:17:16.474162 dv-cinder-828805-2-iscsi neutron-server[104126]: DEBUG neutron.db.provisioning_blocks [None req-afa75a74-f062-4f55-8fb1-f45364c4f9f8 None None] Provisioning complete for port 7f5adb73-ce2a-4cda-9cc2-cdfbc23e98f2 triggered by entity DHCP. {{(pid=104126) provisioning_complete /opt/stack/neutron/neutron/db/provisioning_blocks.py:145}}
May 10 20:17:16.474627 dv-cinder-828805-2-iscsi neutron-server[104126]: DEBUG neutron_lib.callbacks.manager [None req-afa75a74-f062-4f55-8fb1-f45364c4f9f8 None None] Publish callbacks ['neutron.plugins.ml2.plugin.Ml2Plugin._port_provisioned-1426408'] for port (7f5adb73-ce2a-4cda-9cc2-cdfbc23e98f2), provisioning_complete {{(pid=104126) _notify_loop /usr/local/lib/python3.8/dist-packages/neutron_lib/callbacks/manager.py:176}}
May 10 20:17:16.482202 dv-cinder-828805-2-iscsi neutron-server[104125]: DEBUG neutron.pecan_wsgi.hooks.policy_enforcement [req-4505d243-defb-4bbb-a18c-741063bbf48d req-13ae790c-c5a3-4d15-95e6-1be089f75c1a tempest-ServerRescueNegativeTestJSON-1004630497 tempest-ServerRescueNegativeTestJSON-1004630497-project] Attributes excluded by policy engine: ['standard_attr_id', 'binding:profile', 'binding:host_id', 'binding:vif_type', 'binding:vif_details'] {{(pid=104125) _exclude_attributes_by_policy /opt/stack/neutron/neutron/pecan_wsgi/hooks/policy_enforcement.py:259}}
May 10 20:17:16.483718 dv-cinder-828805-2-iscsi neutron-server[104125]: INFO neutron.wsgi [req-4505d243-defb-4bbb-a18c-741063bbf48d req-13ae790c-c5a3-4d15-95e6-1be089f75c1a tempest-ServerRescueNegativeTestJSON-1004630497 tempest-ServerRescueNegativeTestJSON-1004630497-project] 10.222.0.65 "GET /v2.0/ports?device_id=6760c43d-64a5-4cbf-b559-07d871e81f18 HTTP/1.1" status: 200 len: 943 time: 0.0473769
May 10 20:17:16.501087 dv-cinder-828805-2-iscsi neutron-server[104126]: DEBUG novaclient.v2.client [-] REQ: curl -g -i --cacert "/opt/stack/data/ca-bundle.pem" -X POST http://10.222.0.65/compute/v2.1/os-server-external-events -H "Accept: application/json" -H "Content-Type: application/json" -H "User-Agent: python-novaclient" -H "X-Auth-Token: {SHA256}975fa0c3c18ff5c1de65ae5fa65b159133e9d8a93b8a143039abe82e3ebac220" -H "X-OpenStack-Nova-API-Version: 2.1" -H "X-OpenStack-Request-ID: req-aa4e0ddc-e2cd-40e1-84b5-83e99f2c1890" -d '{"events": [{"server_uuid": "7684e951-de3a-48e4-9e3b-394c46f029f7", "name": "network-vif-plugged", "status": "completed", "tag": "316af1cb-1f2b-4763-9832-bb4b72edb56d"}]}' {{(pid=104126) _http_log_request /usr/local/lib/python3.8/dist-packages/keystoneauth1/session.py:519}}
May 10 20:17:16.508869 dv-cinder-828805-2-iscsi neutron-server[104126]: DEBUG neutron_lib.callbacks.manager [None req-08dfa307-6dbe-48e3-9281-e8577d674884 None None] Publish callbacks ['neutron.plugins.ml2.plugin.SecurityGroupServerNotifierRpcMixin._notify_sg_on_port_change-1390983', 'neutron.plugins.ml2.ovo_rpc._ObjectChangeHandler.handle_event-88067', 'neutron.api.rpc.agentnotifiers.dhcp_rpc_agent_api.DhcpAgentNotifyAPI._native_event_send_dhcp_notification-7908682', 'neutron.db.l3_db.L3RpcNotifierMixin._notify_gateway_port_ip_changed-8756478330022', 'neutron.db.l3_dvrscheduler_db._notify_l3_agent_port_update-8756477787266', 'neutron.db.l3_hascheduler_db._notify_l3_agent_ha_port_update-8756477787284'] for port (316af1cb-1f2b-4763-9832-bb4b72edb56d), after_update {{(pid=104126) _notify_loop /usr/local/lib/python3.8/dist-packages/neutron_lib/callbacks/manager.py:176}}
May 10 20:17:16.510380 dv-cinder-828805-2-iscsi neutron-server[104126]: DEBUG neutron.plugins.ml2.rpc [None req-08dfa307-6dbe-48e3-9281-e8577d674884 None None] Device c4a5ca84-aa0d-4ea4-bd3f-21c0643c8972 up at agent hyperv_hv-cinder-82880 {{(pid=104126) update_device_up /opt/stack/neutron/neutron/plugins/ml2/rpc.py:296}}
