Sep 09 14:58:59.432054 dv-cinder-828696-11-smb devstack@c-api.service[113337]: INFO cinder.volume.api [None req-fd8abe0c-a92b-4e02-9a7e-fc0bfa90df25 tempest-VolumesTransfersV357Test-1216151728 tempest-VolumesTransfersV357Test-1216151728-project] Transfer volume completed successfully.
Sep 09 14:58:59.494536 dv-cinder-828696-11-smb devstack@c-api.service[113337]: DEBUG dbcounter [-] [113337] Writing DB stats cinder:SELECT=62,cinder:INSERT=24,cinder:UPDATE=14 {{(pid=113337) stat_writer /usr/local/lib/python3.8/dist-packages/dbcounter.py:114}}
Sep 09 14:58:59.573244 dv-cinder-828696-11-smb devstack@c-api.service[113337]: INFO cinder.transfer.api [None req-fd8abe0c-a92b-4e02-9a7e-fc0bfa90df25 tempest-VolumesTransfersV357Test-1216151728 tempest-VolumesTransfersV357Test-1216151728-project] Volume 43c0cc7e-6fc8-4b5b-8f4d-4ba52ec7bbf6 has been transferred.
Sep 09 14:58:59.590691 dv-cinder-828696-11-smb devstack@c-api.service[113337]: INFO cinder.api.openstack.wsgi [None req-fd8abe0c-a92b-4e02-9a7e-fc0bfa90df25 tempest-VolumesTransfersV357Test-1216151728 tempest-VolumesTransfersV357Test-1216151728-project] http://10.222.0.52/volume/v3/207620ec08ad4cbb8040a672a6a4c2d3/volume-transfers/c7788032-c2f2-4070-a31f-300436316600/accept returned with HTTP 202
Sep 09 14:58:59.591839 dv-cinder-828696-11-smb devstack@c-api.service[113337]: [pid: 113337|app: 0|req: 177/363] 10.222.0.52 () {62 vars in 1435 bytes} [Fri Sep 9 14:58:58 2022] POST /volume/v3/207620ec08ad4cbb8040a672a6a4c2d3/volume-transfers/c7788032-c2f2-4070-a31f-300436316600/accept => generated 431 bytes in 942 msecs (HTTP/1.1 202) 7 headers in 292 bytes (1 switches on core 0)
Sep 09 14:58:59.601487 dv-cinder-828696-11-smb devstack@c-api.service[113336]: DEBUG cinder.api.middleware.request_id [None req-3c172543-3768-48cc-b12e-03fd51866bcc None None] RequestId filter calling following filter/app {{(pid=113336) _context_setter /opt/stack/cinder/cinder/api/middleware/request_id.py:62}}
Sep 09 14:58:59.605516 dv-cinder-828696-11-smb devstack@c-api.service[113336]: INFO cinder.api.openstack.wsgi [None req-3c172543-3768-48cc-b12e-03fd51866bcc tempest-VolumesTransfersV357Test-1216151728 tempest-VolumesTransfersV357Test-1216151728-project] GET http://10.222.0.52/volume/v3/207620ec08ad4cbb8040a672a6a4c2d3/volumes/43c0cc7e-6fc8-4b5b-8f4d-4ba52ec7bbf6
Sep 09 14:58:59.606275 dv-cinder-828696-11-smb devstack@c-api.service[113336]: DEBUG cinder.api.openstack.wsgi [None req-3c172543-3768-48cc-b12e-03fd51866bcc tempest-VolumesTransfersV357Test-1216151728 tempest-VolumesTransfersV357Test-1216151728-project] Empty body provided in request {{(pid=113336) get_body /opt/stack/cinder/cinder/api/openstack/wsgi.py:715}}
Sep 09 14:58:59.606926 dv-cinder-828696-11-smb devstack@c-api.service[113336]: DEBUG cinder.api.openstack.wsgi [None req-3c172543-3768-48cc-b12e-03fd51866bcc tempest-VolumesTransfersV357Test-1216151728 tempest-VolumesTransfersV357Test-1216151728-project] Calling method 'show' {{(pid=113336) _process_stack /opt/stack/cinder/cinder/api/openstack/wsgi.py:868}}
Sep 09 14:58:59.623348 dv-cinder-828696-11-smb devstack@c-api.service[113336]: /usr/local/lib/python3.8/dist-packages/oslo_context/context.py:100: DeprecationWarning: Policy enforcement is depending on the value of is_admin. This key is deprecated. Please update your policy file to use the standard policy values.
Sep 09 14:58:59.623348 dv-cinder-828696-11-smb devstack@c-api.service[113336]: warnings.warn('Policy enforcement is depending on the value of '
Sep 09 14:58:59.631160 dv-cinder-828696-11-smb devstack@c-api.service[113336]: INFO cinder.volume.api [None req-3c172543-3768-48cc-b12e-03fd51866bcc tempest-VolumesTransfersV357Test-1216151728 tempest-VolumesTransfersV357Test-1216151728-project] Volume info retrieved successfully.
Sep 09 14:58:59.642543 dv-cinder-828696-11-smb devstack@c-api.service[113336]: INFO cinder.api.openstack.wsgi [None req-3c172543-3768-48cc-b12e-03fd51866bcc tempest-VolumesTransfersV357Test-1216151728 tempest-VolumesTransfersV357Test-1216151728-project] http://10.222.0.52/volume/v3/207620ec08ad4cbb8040a672a6a4c2d3/volumes/43c0cc7e-6fc8-4b5b-8f4d-4ba52ec7bbf6 returned with HTTP 200
Sep 09 14:58:59.643252 dv-cinder-828696-11-smb devstack@c-api.service[113336]: [pid: 113336|app: 0|req: 187/364] 10.222.0.52 () {60 vars in 1366 bytes} [Fri Sep 9 14:58:59 2022] GET /volume/v3/207620ec08ad4cbb8040a672a6a4c2d3/volumes/43c0cc7e-6fc8-4b5b-8f4d-4ba52ec7bbf6 => generated 1015 bytes in 43 msecs (HTTP/1.1 200) 7 headers in 287 bytes (1 switches on core 0)
Sep 09 14:58:59.661233 dv-cinder-828696-11-smb devstack@c-api.service[113337]: DEBUG cinder.api.middleware.request_id [None req-d6b2aade-c9ac-49f6-86ef-1c7747e9d09c None None] RequestId filter calling following filter/app {{(pid=113337) _context_setter /opt/stack/cinder/cinder/api/middleware/request_id.py:62}}
Sep 09 14:58:59.664939 dv-cinder-828696-11-smb devstack@c-api.service[113337]: INFO cinder.api.openstack.wsgi [None req-d6b2aade-c9ac-49f6-86ef-1c7747e9d09c tempest-VolumesTransfersV357Test-1216151728 tempest-VolumesTransfersV357Test-1216151728-project] GET http://10.222.0.52/volume/v3/207620ec08ad4cbb8040a672a6a4c2d3/volumes/43c0cc7e-6fc8-4b5b-8f4d-4ba52ec7bbf6
Sep 09 14:58:59.665436 dv-cinder-828696-11-smb devstack@c-api.service[113337]: DEBUG cinder.api.openstack.wsgi [None req-d6b2aade-c9ac-49f6-86ef-1c7747e9d09c tempest-VolumesTransfersV357Test-1216151728 tempest-VolumesTransfersV357Test-1216151728-project] Empty body provided in request {{(pid=113337) get_body /opt/stack/cinder/cinder/api/openstack/wsgi.py:715}}
Sep 09 14:58:59.666130 dv-cinder-828696-11-smb devstack@c-api.service[113337]: DEBUG cinder.api.openstack.wsgi [None req-d6b2aade-c9ac-49f6-86ef-1c7747e9d09c tempest-VolumesTransfersV357Test-1216151728 tempest-VolumesTransfersV357Test-1216151728-project] Calling method 'show' {{(pid=113337) _process_stack /opt/stack/cinder/cinder/api/openstack/wsgi.py:868}}
Sep 09 14:58:59.691227 dv-cinder-828696-11-smb devstack@c-api.service[113337]: /usr/local/lib/python3.8/dist-packages/oslo_context/context.py:100: DeprecationWarning: Policy enforcement is depending on the value of is_admin. This key is deprecated. Please update your policy file to use the standard policy values.
Sep 09 14:58:59.691227 dv-cinder-828696-11-smb devstack@c-api.service[113337]: warnings.warn('Policy enforcement is depending on the value of '
Sep 09 14:58:59.706047 dv-cinder-828696-11-smb devstack@c-api.service[113337]: INFO cinder.volume.api [None req-d6b2aade-c9ac-49f6-86ef-1c7747e9d09c tempest-VolumesTransfersV357Test-1216151728 tempest-VolumesTransfersV357Test-1216151728-project] Volume info retrieved successfully.
Sep 09 14:58:59.716208 dv-cinder-828696-11-smb devstack@c-api.service[113337]: INFO cinder.api.openstack.wsgi [None req-d6b2aade-c9ac-49f6-86ef-1c7747e9d09c tempest-VolumesTransfersV357Test-1216151728 tempest-VolumesTransfersV357Test-1216151728-project] http://10.222.0.52/volume/v3/207620ec08ad4cbb8040a672a6a4c2d3/volumes/43c0cc7e-6fc8-4b5b-8f4d-4ba52ec7bbf6 returned with HTTP 200
Sep 09 14:58:59.717035 dv-cinder-828696-11-smb devstack@c-api.service[113337]: [pid: 113337|app: 0|req: 178/365] 10.222.0.52 () {60 vars in 1366 bytes} [Fri Sep 9 14:58:59 2022] GET /volume/v3/207620ec08ad4cbb8040a672a6a4c2d3/volumes/43c0cc7e-6fc8-4b5b-8f4d-4ba52ec7bbf6 => generated 1015 bytes in 57 msecs (HTTP/1.1 200) 7 headers in 287 bytes (1 switches on core 0)
Sep 09 14:58:59.734687 dv-cinder-828696-11-smb devstack@c-api.service[113336]: DEBUG cinder.api.middleware.request_id [None req-e4e88080-830d-4d2e-b1e8-d2b18a5dcb87 None None] RequestId filter calling following filter/app {{(pid=113336) _context_setter /opt/stack/cinder/cinder/api/middleware/request_id.py:62}}
Sep 09 14:58:59.740490 dv-cinder-828696-11-smb devstack@c-api.service[113336]: INFO cinder.api.openstack.wsgi [None req-e4e88080-830d-4d2e-b1e8-d2b18a5dcb87 tempest-VolumesTransfersV357Test-1514933425 tempest-VolumesTransfersV357Test-1514933425-project] DELETE http://10.222.0.52/volume/v3/3706d1fca86b440fa660d52fd482a52d/volume-transfers/c7788032-c2f2-4070-a31f-300436316600
Sep 09 14:58:59.741023 dv-cinder-828696-11-smb devstack@c-api.service[113336]: DEBUG cinder.api.openstack.wsgi [None req-e4e88080-830d-4d2e-b1e8-d2b18a5dcb87 tempest-VolumesTransfersV357Test-1514933425 tempest-VolumesTransfersV357Test-1514933425-project] Empty body provided in request {{(pid=113336) get_body /opt/stack/cinder/cinder/api/openstack/wsgi.py:715}}
Sep 09 14:58:59.741435 dv-cinder-828696-11-smb devstack@c-api.service[113336]: DEBUG cinder.api.openstack.wsgi [None req-e4e88080-830d-4d2e-b1e8-d2b18a5dcb87 tempest-VolumesTransfersV357Test-1514933425 tempest-VolumesTransfersV357Test-1514933425-project] Calling method 'delete' {{(pid=113336) _process_stack /opt/stack/cinder/cinder/api/openstack/wsgi.py:868}}
Sep 09 14:58:59.741746 dv-cinder-828696-11-smb devstack@c-api.service[113336]: INFO cinder.api.contrib.volume_transfer [None req-e4e88080-830d-4d2e-b1e8-d2b18a5dcb87 tempest-VolumesTransfersV357Test-1514933425 tempest-VolumesTransfersV357Test-1514933425-project] Delete transfer with id: c7788032-c2f2-4070-a31f-300436316600
Sep 09 14:58:59.749054 dv-cinder-828696-11-smb devstack@c-api.service[113336]: INFO cinder.api.openstack.wsgi [None req-e4e88080-830d-4d2e-b1e8-d2b18a5dcb87 tempest-VolumesTransfersV357Test-1514933425 tempest-VolumesTransfersV357Test-1514933425-project] http://10.222.0.52/volume/v3/3706d1fca86b440fa660d52fd482a52d/volume-transfers/c7788032-c2f2-4070-a31f-300436316600 returned with HTTP 404
Sep 09 14:58:59.750194 dv-cinder-828696-11-smb devstack@c-api.service[113336]: [pid: 113336|app: 0|req: 188/366] 10.222.0.52 () {60 vars in 1396 bytes} [Fri Sep 9 14:58:59 2022] DELETE /volume/v3/3706d1fca86b440fa660d52fd482a52d/volume-transfers/c7788032-c2f2-4070-a31f-300436316600 => generated 111 bytes in 17 msecs (HTTP/1.1 404) 7 headers in 293 bytes (1 switches on core 0)
Sep 09 14:58:59.756252 dv-cinder-828696-11-smb devstack@c-api.service[113337]: DEBUG cinder.api.middleware.request_id [None req-52118c39-9e76-4aaa-a270-86dadb693ab9 None None] RequestId filter calling following filter/app {{(pid=113337) _context_setter /opt/stack/cinder/cinder/api/middleware/request_id.py:62}}
Sep 09 14:58:59.928597 dv-cinder-828696-11-smb devstack@c-api.service[113337]: INFO cinder.api.openstack.wsgi [None req-52118c39-9e76-4aaa-a270-86dadb693ab9 tempest-VolumesTransfersV357Test-1019068247 tempest-VolumesTransfersV357Test-1019068247-project-admin] DELETE http://10.222.0.52/volume/v3/234971fd4a3f40f58ae87f46469b3301/volumes/43c0cc7e-6fc8-4b5b-8f4d-4ba52ec7bbf6
Sep 09 14:58:59.929150 dv-cinder-828696-11-smb devstack@c-api.service[113337]: DEBUG cinder.api.openstack.wsgi [None req-52118c39-9e76-4aaa-a270-86dadb693ab9 tempest-VolumesTransfersV357Test-1019068247 tempest-VolumesTransfersV357Test-1019068247-project-admin] Empty body provided in request {{(pid=113337) get_body /opt/stack/cinder/cinder/api/openstack/wsgi.py:715}}
Sep 09 14:58:59.929547 dv-cinder-828696-11-smb devstack@c-api.service[113337]: DEBUG cinder.api.openstack.wsgi [None req-52118c39-9e76-4aaa-a270-86dadb693ab9 tempest-VolumesTransfersV357Test-1019068247 tempest-VolumesTransfersV357Test-1019068247-project-admin] Calling method 'delete' {{(pid=113337) _process_stack /opt/stack/cinder/cinder/api/openstack/wsgi.py:868}}
Sep 09 14:58:59.929972 dv-cinder-828696-11-smb devstack@c-api.service[113337]: INFO cinder.api.v3.volumes [None req-52118c39-9e76-4aaa-a270-86dadb693ab9 tempest-VolumesTransfersV357Test-1019068247 tempest-VolumesTransfersV357Test-1019068247-project-admin] Delete volume with id: 43c0cc7e-6fc8-4b5b-8f4d-4ba52ec7bbf6
Sep 09 14:58:59.947052 dv-cinder-828696-11-smb devstack@c-api.service[113337]: /usr/local/lib/python3.8/dist-packages/oslo_context/context.py:100: DeprecationWarning: Policy enforcement is depending on the value of is_admin. This key is deprecated. Please update your policy file to use the standard policy values.
Sep 09 14:58:59.947052 dv-cinder-828696-11-smb devstack@c-api.service[113337]: warnings.warn('Policy enforcement is depending on the value of '
Sep 09 14:58:59.948047 dv-cinder-828696-11-smb devstack@c-api.service[113337]: INFO cinder.volume.api [None req-52118c39-9e76-4aaa-a270-86dadb693ab9 tempest-VolumesTransfersV357Test-1019068247 tempest-VolumesTransfersV357Test-1019068247-project-admin] Volume info retrieved successfully.
Sep 09 14:58:59.985458 dv-cinder-828696-11-smb devstack@c-api.service[113337]: INFO cinder.volume.api [None req-52118c39-9e76-4aaa-a270-86dadb693ab9 tempest-VolumesTransfersV357Test-1019068247 tempest-VolumesTransfersV357Test-1019068247-project-admin] Delete volume request issued successfully.
Sep 09 14:58:59.985802 dv-cinder-828696-11-smb devstack@c-api.service[113337]: INFO cinder.api.openstack.wsgi [None req-52118c39-9e76-4aaa-a270-86dadb693ab9 tempest-VolumesTransfersV357Test-1019068247 tempest-VolumesTransfersV357Test-1019068247-project-admin] http://10.222.0.52/volume/v3/234971fd4a3f40f58ae87f46469b3301/volumes/43c0cc7e-6fc8-4b5b-8f4d-4ba52ec7bbf6 returned with HTTP 202
Sep 09 14:58:59.986836 dv-cinder-828696-11-smb devstack@c-api.service[113337]: [pid: 113337|app: 0|req: 179/367] 10.222.0.52 () {60 vars in 1369 bytes} [Fri Sep 9 14:58:59 2022] DELETE /volume/v3/234971fd4a3f40f58ae87f46469b3301/volumes/43c0cc7e-6fc8-4b5b-8f4d-4ba52ec7bbf6 => generated 0 bytes in 233 msecs (HTTP/1.1 202) 6 headers in 234 bytes (2 switches on core 0)
Sep 09 14:58:59.992209 dv-cinder-828696-11-smb devstack@c-api.service[113336]: DEBUG cinder.api.middleware.request_id [None req-10d49bbe-dc23-4efa-9d26-a0000bfbf91b None None] RequestId filter calling following filter/app {{(pid=113336) _context_setter /opt/stack/cinder/cinder/api/middleware/request_id.py:62}}
Sep 09 14:58:59.996306 dv-cinder-828696-11-smb devstack@c-api.service[113336]: INFO cinder.api.openstack.wsgi [None req-10d49bbe-dc23-4efa-9d26-a0000bfbf91b tempest-VolumesTransfersV357Test-1019068247 tempest-VolumesTransfersV357Test-1019068247-project-admin] GET http://10.222.0.52/volume/v3/234971fd4a3f40f58ae87f46469b3301/volumes/43c0cc7e-6fc8-4b5b-8f4d-4ba52ec7bbf6
Sep 09 14:58:59.997022 dv-cinder-828696-11-smb devstack@c-api.service[113336]: DEBUG cinder.api.openstack.wsgi [None req-10d49bbe-dc23-4efa-9d26-a0000bfbf91b tempest-VolumesTransfersV357Test-1019068247 tempest-VolumesTransfersV357Test-1019068247-project-admin] Empty body provided in request {{(pid=113336) get_body /opt/stack/cinder/cinder/api/openstack/wsgi.py:715}}
Sep 09 14:58:59.997559 dv-cinder-828696-11-smb devstack@c-api.service[113336]: DEBUG cinder.api.openstack.wsgi [None req-10d49bbe-dc23-4efa-9d26-a0000bfbf91b tempest-VolumesTransfersV357Test-1019068247 tempest-VolumesTransfersV357Test-1019068247-project-admin] Calling method 'show' {{(pid=113336) _process_stack /opt/stack/cinder/cinder/api/openstack/wsgi.py:868}}
Sep 09 14:59:00.014654 dv-cinder-828696-11-smb devstack@c-api.service[113336]: /usr/local/lib/python3.8/dist-packages/oslo_context/context.py:100: DeprecationWarning: Policy enforcement is depending on the value of is_admin. This key is deprecated. Please update your policy file to use the standard policy values.
Sep 09 14:59:00.014654 dv-cinder-828696-11-smb devstack@c-api.service[113336]: warnings.warn('Policy enforcement is depending on the value of '
Sep 09 14:59:00.023986 dv-cinder-828696-11-smb devstack@c-api.service[113336]: INFO cinder.volume.api [None req-10d49bbe-dc23-4efa-9d26-a0000bfbf91b tempest-VolumesTransfersV357Test-1019068247 tempest-VolumesTransfersV357Test-1019068247-project-admin] Volume info retrieved successfully.
Sep 09 14:59:00.035059 dv-cinder-828696-11-smb devstack@c-api.service[113336]: INFO cinder.api.openstack.wsgi [None req-10d49bbe-dc23-4efa-9d26-a0000bfbf91b tempest-VolumesTransfersV357Test-1019068247 tempest-VolumesTransfersV357Test-1019068247-project-admin] http://10.222.0.52/volume/v3/234971fd4a3f40f58ae87f46469b3301/volumes/43c0cc7e-6fc8-4b5b-8f4d-4ba52ec7bbf6 returned with HTTP 200
Sep 09 14:59:00.036488 dv-cinder-828696-11-smb devstack@c-api.service[113336]: [pid: 113336|app: 0|req: 189/368] 10.222.0.52 () {60 vars in 1366 bytes} [Fri Sep 9 14:58:59 2022] GET /volume/v3/234971fd4a3f40f58ae87f46469b3301/volumes/43c0cc7e-6fc8-4b5b-8f4d-4ba52ec7bbf6 => generated 1201 bytes in 46 msecs (HTTP/1.1 200) 7 headers in 287 bytes (1 switches on core 0)
Sep 09 14:59:00.317305 dv-cinder-828696-11-smb devstack@c-api.service[113337]: DEBUG cinder.api.middleware.request_id [None req-ea782762-dc09-4e60-9e6c-7fa59a3e35ff None None] RequestId filter calling following filter/app {{(pid=113337) _context_setter /opt/stack/cinder/cinder/api/middleware/request_id.py:62}}
Sep 09 14:59:00.320909 dv-cinder-828696-11-smb devstack@c-api.service[113337]: INFO cinder.api.openstack.wsgi [None req-ea782762-dc09-4e60-9e6c-7fa59a3e35ff tempest-VolumesImageMetadata-1458956148 tempest-VolumesImageMetadata-1458956148-project] GET http://10.222.0.52/volume/v3/3ecfd1006b564227b568f61bd98005b3/volumes/788be909-6b64-4255-9348-39973be8e18a
Sep 09 14:59:00.321360 dv-cinder-828696-11-smb devstack@c-api.service[113337]: DEBUG cinder.api.openstack.wsgi [None req-ea782762-dc09-4e60-9e6c-7fa59a3e35ff tempest-VolumesImageMetadata-1458956148 tempest-VolumesImageMetadata-1458956148-project] Empty body provided in request {{(pid=113337) get_body /opt/stack/cinder/cinder/api/openstack/wsgi.py:715}}
Sep 09 14:59:00.322216 dv-cinder-828696-11-smb devstack@c-api.service[113337]: DEBUG cinder.api.openstack.wsgi [None req-ea782762-dc09-4e60-9e6c-7fa59a3e35ff tempest-VolumesImageMetadata-1458956148 tempest-VolumesImageMetadata-1458956148-project] Calling method 'show' {{(pid=113337) _process_stack /opt/stack/cinder/cinder/api/openstack/wsgi.py:868}}
Sep 09 14:59:00.356647 dv-cinder-828696-11-smb devstack@c-api.service[113337]: /usr/local/lib/python3.8/dist-packages/oslo_context/context.py:100: DeprecationWarning: Policy enforcement is depending on the value of is_admin. This key is deprecated. Please update your policy file to use the standard policy values.
Sep 09 14:59:00.356647 dv-cinder-828696-11-smb devstack@c-api.service[113337]: warnings.warn('Policy enforcement is depending on the value of '
Sep 09 14:59:00.365674 dv-cinder-828696-11-smb devstack@c-api.service[113337]: INFO cinder.volume.api [None req-ea782762-dc09-4e60-9e6c-7fa59a3e35ff tempest-VolumesImageMetadata-1458956148 tempest-VolumesImageMetadata-1458956148-project] Volume info retrieved successfully.
Sep 09 14:59:00.382222 dv-cinder-828696-11-smb devstack@c-api.service[113337]: INFO cinder.api.openstack.wsgi [None req-ea782762-dc09-4e60-9e6c-7fa59a3e35ff tempest-VolumesImageMetadata-1458956148 tempest-VolumesImageMetadata-1458956148-project] http://10.222.0.52/volume/v3/3ecfd1006b564227b568f61bd98005b3/volumes/788be909-6b64-4255-9348-39973be8e18a returned with HTTP 200
Sep 09 14:59:00.382966 dv-cinder-828696-11-smb devstack@c-api.service[113337]: [pid: 113337|app: 0|req: 180/369] 10.222.0.52 () {58 vars in 1325 bytes} [Fri Sep 9 14:59:00 2022] GET /volume/v3/3ecfd1006b564227b568f61bd98005b3/volumes/788be909-6b64-4255-9348-39973be8e18a => generated 1362 bytes in 67 msecs (HTTP/1.1 200) 7 headers in 286 bytes (1 switches on core 0)
Sep 09 14:59:01.055375 dv-cinder-828696-11-smb devstack@c-api.service[113336]: DEBUG cinder.api.middleware.request_id [None req-c4770f88-fcf8-412e-a309-e045b0a157a7 None None] RequestId filter calling following filter/app {{(pid=113336) _context_setter /opt/stack/cinder/cinder/api/middleware/request_id.py:62}}
Sep 09 14:59:01.059991 dv-cinder-828696-11-smb devstack@c-api.service[113336]: INFO cinder.api.openstack.wsgi [None req-c4770f88-fcf8-412e-a309-e045b0a157a7 tempest-VolumesTransfersV357Test-1019068247 tempest-VolumesTransfersV357Test-1019068247-project-admin] GET http://10.222.0.52/volume/v3/234971fd4a3f40f58ae87f46469b3301/volumes/43c0cc7e-6fc8-4b5b-8f4d-4ba52ec7bbf6
Sep 09 14:59:01.060559 dv-cinder-828696-11-smb devstack@c-api.service[113336]: DEBUG cinder.api.openstack.wsgi [None req-c4770f88-fcf8-412e-a309-e045b0a157a7 tempest-VolumesTransfersV357Test-1019068247 tempest-VolumesTransfersV357Test-1019068247-project-admin] Empty body provided in request {{(pid=113336) get_body /opt/stack/cinder/cinder/api/openstack/wsgi.py:715}}
Sep 09 14:59:01.061074 dv-cinder-828696-11-smb devstack@c-api.service[113336]: DEBUG cinder.api.openstack.wsgi [None req-c4770f88-fcf8-412e-a309-e045b0a157a7 tempest-VolumesTransfersV357Test-1019068247 tempest-VolumesTransfersV357Test-1019068247-project-admin] Calling method 'show' {{(pid=113336) _process_stack /opt/stack/cinder/cinder/api/openstack/wsgi.py:868}}
Sep 09 14:59:01.073502 dv-cinder-828696-11-smb devstack@c-api.service[113336]: INFO cinder.api.openstack.wsgi [None req-c4770f88-fcf8-412e-a309-e045b0a157a7 tempest-VolumesTransfersV357Test-1019068247 tempest-VolumesTransfersV357Test-1019068247-project-admin] http://10.222.0.52/volume/v3/234971fd4a3f40f58ae87f46469b3301/volumes/43c0cc7e-6fc8-4b5b-8f4d-4ba52ec7bbf6 returned with HTTP 404
Sep 09 14:59:01.075080 dv-cinder-828696-11-smb devstack@c-api.service[113336]: [pid: 113336|app: 0|req: 190/370] 10.222.0.52 () {60 vars in 1366 bytes} [Fri Sep 9 14:59:01 2022] GET /volume/v3/234971fd4a3f40f58ae87f46469b3301/volumes/43c0cc7e-6fc8-4b5b-8f4d-4ba52ec7bbf6 => generated 109 bytes in 21 msecs (HTTP/1.1 404) 7 headers in 293 bytes (1 switches on core 0)
Sep 09 14:59:01.082519 dv-cinder-828696-11-smb devstack@c-api.service[113337]: DEBUG cinder.api.middleware.request_id [None req-0663947f-0e48-4b54-86d0-08855ac1c98c None None] RequestId filter calling following filter/app {{(pid=113337) _context_setter /opt/stack/cinder/cinder/api/middleware/request_id.py:62}}
Sep 09 14:59:01.087037 dv-cinder-828696-11-smb devstack@c-api.service[113337]: INFO cinder.api.openstack.wsgi [None req-0663947f-0e48-4b54-86d0-08855ac1c98c tempest-VolumesTransfersV357Test-1514933425 tempest-VolumesTransfersV357Test-1514933425-project] POST http://10.222.0.52/volume/v3/3706d1fca86b440fa660d52fd482a52d/volumes
Sep 09 14:59:01.087852 dv-cinder-828696-11-smb devstack@c-api.service[113337]: DEBUG cinder.api.openstack.wsgi [None req-0663947f-0e48-4b54-86d0-08855ac1c98c tempest-VolumesTransfersV357Test-1514933425 tempest-VolumesTransfersV357Test-1514933425-project] Action: 'create', calling method: create, body: {"volume": {"size": 1, "name": "tempest-VolumesTransfersV357Test-Volume-2113586491"}} {{(pid=113337) _process_stack /opt/stack/cinder/cinder/api/openstack/wsgi.py:866}}
Sep 09 14:59:01.090296 dv-cinder-828696-11-smb devstack@c-api.service[113337]: DEBUG cinder.api.v3.volumes [None req-0663947f-0e48-4b54-86d0-08855ac1c98c tempest-VolumesTransfersV357Test-1514933425 tempest-VolumesTransfersV357Test-1514933425-project] Create volume request body: {'volume': {'size': 1, 'name': 'tempest-VolumesTransfersV357Test-Volume-2113586491'}} {{(pid=113337) create /opt/stack/cinder/cinder/api/v3/volumes.py:298}}
Sep 09 14:59:01.090802 dv-cinder-828696-11-smb devstack@c-api.service[113337]: INFO cinder.api.v3.volumes [None req-0663947f-0e48-4b54-86d0-08855ac1c98c tempest-VolumesTransfersV357Test-1514933425 tempest-VolumesTransfersV357Test-1514933425-project] Create volume of 1 GB
Sep 09 14:59:01.099047 dv-cinder-828696-11-smb devstack@c-api.service[113337]: INFO cinder.volume.api [None req-0663947f-0e48-4b54-86d0-08855ac1c98c tempest-VolumesTransfersV357Test-1514933425 tempest-VolumesTransfersV357Test-1514933425-project] Availability Zones retrieved successfully.
Sep 09 14:59:01.121363 dv-cinder-828696-11-smb devstack@c-api.service[113337]: DEBUG cinder.volume.api [None req-0663947f-0e48-4b54-86d0-08855ac1c98c tempest-VolumesTransfersV357Test-1514933425 tempest-VolumesTransfersV357Test-1514933425-project] Flow 'volume_create_api' (e59fa555-3436-460b-921e-60a8b207e676) transitioned into state 'RUNNING' from state 'PENDING' {{(pid=113337) _flow_receiver /usr/local/lib/python3.8/dist-packages/taskflow/listeners/logging.py:141}}
Sep 09 14:59:01.123502 dv-cinder-828696-11-smb devstack@c-api.service[113337]: DEBUG cinder.volume.api [None req-0663947f-0e48-4b54-86d0-08855ac1c98c tempest-VolumesTransfersV357Test-1514933425 tempest-VolumesTransfersV357Test-1514933425-project] Task 'cinder.volume.flows.api.create_volume.ExtractVolumeRequestTask;volume:create' (72ffea3b-9b2e-4820-8ccb-5a7541a32732) transitioned into state 'RUNNING' from state 'PENDING' {{(pid=113337) _task_receiver /usr/local/lib/python3.8/dist-packages/taskflow/listeners/logging.py:190}}
Sep 09 14:59:01.125985 dv-cinder-828696-11-smb devstack@c-api.service[113337]: DEBUG cinder.volume.flows.api.create_volume [None req-0663947f-0e48-4b54-86d0-08855ac1c98c tempest-VolumesTransfersV357Test-1514933425 tempest-VolumesTransfersV357Test-1514933425-project] Validating volume size '1' using validate_int {{(pid=113337) _extract_size /opt/stack/cinder/cinder/volume/flows/api/create_volume.py:228}}
Sep 09 14:59:01.136680 dv-cinder-828696-11-smb devstack@c-api.service[113336]: DEBUG cinder.api.middleware.request_id [None req-0b1bf336-3bb8-491c-bdc2-84f00e4c063f None None] RequestId filter calling following filter/app {{(pid=113336) _context_setter /opt/stack/cinder/cinder/api/middleware/request_id.py:62}}
Sep 09 14:59:01.172463 dv-cinder-828696-11-smb devstack@c-api.service[113337]: DEBUG cinder.volume.api [None req-0663947f-0e48-4b54-86d0-08855ac1c98c tempest-VolumesTransfersV357Test-1514933425 tempest-VolumesTransfersV357Test-1514933425-project] Task 'cinder.volume.flows.api.create_volume.ExtractVolumeRequestTask;volume:create' (72ffea3b-9b2e-4820-8ccb-5a7541a32732) transitioned into state 'SUCCESS' from state 'RUNNING' with result '{'size': 1, 'snapshot_id': None, 'source_volid': None, 'volume_type': VolumeType(created_at=2022-09-09T14:47:53Z,deleted=False,deleted_at=None,description='Default Volume Type',extra_specs={},id=6452334a-a37a-4b2a-a769-45e6db91c6d1,is_public=True,name='__DEFAULT__',projects=[],qos_specs=,qos_specs_id=None,updated_at=2022-09-09T14:47:53Z), 'volume_type_id': '6452334a-a37a-4b2a-a769-45e6db91c6d1', 'encryption_key_id': None, 'qos_specs': None, 'consistencygroup_id': None, 'cgsnapshot_id': None, 'group_id': None, 'replication_status': 'disabled', 'refresh_az': False, 'backup_id': None, 'multiattach': False, 'availability_zones': ['nova']}' {{(pid=113337) _task_receiver /usr/local/lib/python3.8/dist-packages/taskflow/listeners/logging.py:178}}
Sep 09 14:59:01.174566 dv-cinder-828696-11-smb devstack@c-api.service[113337]: DEBUG cinder.volume.api [None req-0663947f-0e48-4b54-86d0-08855ac1c98c tempest-VolumesTransfersV357Test-1514933425 tempest-VolumesTransfersV357Test-1514933425-project] Task 'cinder.volume.flows.api.create_volume.QuotaReserveTask;volume:create' (825c2ce2-6236-468b-bfeb-2607a79004eb) transitioned into state 'RUNNING' from state 'PENDING' {{(pid=113337) _task_receiver /usr/local/lib/python3.8/dist-packages/taskflow/listeners/logging.py:190}}
Sep 09 14:59:01.231837 dv-cinder-828696-11-smb devstack@c-api.service[113337]: DEBUG cinder.quota [None req-0663947f-0e48-4b54-86d0-08855ac1c98c tempest-VolumesTransfersV357Test-1514933425 tempest-VolumesTransfersV357Test-1514933425-project] Created reservations ['78bbdae2-8a14-4a81-9da9-f782c8f3545d', 'f52be2fc-2f26-4d5f-89a8-7ace63d7bd42', 'b2aebca4-e763-494f-aae2-8cb9099ed6de', '90e99951-1ba4-4e35-bd8e-8156ac68abac'] {{(pid=113337) reserve /opt/stack/cinder/cinder/quota.py:755}}
Sep 09 14:59:01.234564 dv-cinder-828696-11-smb devstack@c-api.service[113337]: DEBUG cinder.volume.api [None req-0663947f-0e48-4b54-86d0-08855ac1c98c tempest-VolumesTransfersV357Test-1514933425 tempest-VolumesTransfersV357Test-1514933425-project] Task 'cinder.volume.flows.api.create_volume.QuotaReserveTask;volume:create' (825c2ce2-6236-468b-bfeb-2607a79004eb) transitioned into state 'SUCCESS' from state 'RUNNING' with result '{'reservations': ['78bbdae2-8a14-4a81-9da9-f782c8f3545d', 'f52be2fc-2f26-4d5f-89a8-7ace63d7bd42', 'b2aebca4-e763-494f-aae2-8cb9099ed6de', '90e99951-1ba4-4e35-bd8e-8156ac68abac']}' {{(pid=113337) _task_receiver /usr/local/lib/python3.8/dist-packages/taskflow/listeners/logging.py:178}}
Sep 09 14:59:01.236707 dv-cinder-828696-11-smb devstack@c-api.service[113337]: DEBUG cinder.volume.api [None req-0663947f-0e48-4b54-86d0-08855ac1c98c tempest-VolumesTransfersV357Test-1514933425 tempest-VolumesTransfersV357Test-1514933425-project] Task 'cinder.volume.flows.api.create_volume.EntryCreateTask;volume:create' (7f510e8d-eee0-4c0c-affd-bc708ad96ab6) transitioned into state 'RUNNING' from state 'PENDING' {{(pid=113337) _task_receiver /usr/local/lib/python3.8/dist-packages/taskflow/listeners/logging.py:190}}
Sep 09 14:59:01.243174 dv-cinder-828696-11-smb devstack@c-api.service[113336]: INFO cinder.api.openstack.wsgi [None req-0b1bf336-3bb8-491c-bdc2-84f00e4c063f tempest-VolumesActionsTest-786624330 tempest-VolumesActionsTest-786624330-project] POST http://10.222.0.52/volume/v3/669f07ca5ed648f6a92d5d66d5ae29f9/volumes
Sep 09 14:59:01.243881 dv-cinder-828696-11-smb devstack@c-api.service[113336]: DEBUG cinder.api.openstack.wsgi [None req-0b1bf336-3bb8-491c-bdc2-84f00e4c063f tempest-VolumesActionsTest-786624330 tempest-VolumesActionsTest-786624330-project] Action: 'create', calling method: create, body: {"volume": {"size": 1, "name": "tempest-VolumesActionsTest-Volume-1975363572"}} {{(pid=113336) _process_stack /opt/stack/cinder/cinder/api/openstack/wsgi.py:866}}
Sep 09 14:59:01.246127 dv-cinder-828696-11-smb devstack@c-api.service[113336]: DEBUG cinder.api.v3.volumes [None req-0b1bf336-3bb8-491c-bdc2-84f00e4c063f tempest-VolumesActionsTest-786624330 tempest-VolumesActionsTest-786624330-project] Create volume request body: {'volume': {'size': 1, 'name': 'tempest-VolumesActionsTest-Volume-1975363572'}} {{(pid=113336) create /opt/stack/cinder/cinder/api/v3/volumes.py:298}}
Sep 09 14:59:01.246702 dv-cinder-828696-11-smb devstack@c-api.service[113336]: INFO cinder.api.v3.volumes [None req-0b1bf336-3bb8-491c-bdc2-84f00e4c063f tempest-VolumesActionsTest-786624330 tempest-VolumesActionsTest-786624330-project] Create volume of 1 GB
Sep 09 14:59:01.254618 dv-cinder-828696-11-smb devstack@c-api.service[113336]: INFO cinder.volume.api [None req-0b1bf336-3bb8-491c-bdc2-84f00e4c063f tempest-VolumesActionsTest-786624330 tempest-VolumesActionsTest-786624330-project] Availability Zones retrieved successfully.
Sep 09 14:59:01.265370 dv-cinder-828696-11-smb devstack@c-api.service[113337]: DEBUG cinder.volume.api [None req-0663947f-0e48-4b54-86d0-08855ac1c98c tempest-VolumesTransfersV357Test-1514933425 tempest-VolumesTransfersV357Test-1514933425-project] Task 'cinder.volume.flows.api.create_volume.EntryCreateTask;volume:create' (7f510e8d-eee0-4c0c-affd-bc708ad96ab6) transitioned into state 'SUCCESS' from state 'RUNNING' with result '{'volume_id': 'aef21ba8-e068-4241-8838-9175e11c03b3', 'volume_properties': VolumeProperties(attach_status='detached',availability_zone='nova',cgsnapshot_id=None,consistencygroup_id=None,display_description=None,display_name='tempest-VolumesTransfersV357Test-Volume-2113586491',encryption_key_id=None,group_id=None,group_type_id=,metadata={},multiattach=False,project_id='3706d1fca86b440fa660d52fd482a52d',qos_specs=None,replication_status=,reservations=['78bbdae2-8a14-4a81-9da9-f782c8f3545d','f52be2fc-2f26-4d5f-89a8-7ace63d7bd42','b2aebca4-e763-494f-aae2-8cb9099ed6de','90e99951-1ba4-4e35-bd8e-8156ac68abac'],size=1,snapshot_id=None,source_replicaid=,source_volid=None,status='creating',user_id='8e6e1d6e37954d61bbb3aa0282fcc38f',volume_type_id=6452334a-a37a-4b2a-a769-45e6db91c6d1), 'volume': Volume(_name_id=None,admin_metadata=,attach_status='detached',availability_zone='nova',bootable=False,cluster=,cluster_name=None,consistencygroup=,consistencygroup_id=None,created_at=2022-09-09T14:59:01Z,deleted=False,deleted_at=None,display_description=None,display_name='tempest-VolumesTransfersV357Test-Volume-2113586491',ec2_id=None,encryption_key_id=None,glance_metadata=,group=,group_id=None,host=None,id=aef21ba8-e068-4241-8838-9175e11c03b3,launched_at=None,metadata={},migration_status=None,multiattach=False,previous_status=None,project_id='3706d1fca86b440fa660d52fd482a52d',provider_auth=None,provider_geometry=None,provider_id=None,provider_location=None,replication_driver_data=None,replication_extended_status=None,replication_status=None,scheduled_at=None,service_uuid=None,shared_targets=True,size=1,snapshot_id=None,snapshots=,source_volid=None,status='creating',terminated_at=None,updated_at=None,use_quota=True,user_id='8e6e1d6e37954d61bbb3aa0282fcc38f',volume_attachment=VolumeAttachmentList,volume_type=VolumeType(6452334a-a37a-4b2a-a769-45e6db91c6d1),volume_type_id=6452334a-a37a-4b2a-a769-45e6db91c6d1)}' {{(pid=113337) _task_receiver /usr/local/lib/python3.8/dist-packages/taskflow/listeners/logging.py:178}}
Sep 09 14:59:01.267602 dv-cinder-828696-11-smb devstack@c-api.service[113337]: DEBUG cinder.volume.api [None req-0663947f-0e48-4b54-86d0-08855ac1c98c tempest-VolumesTransfersV357Test-1514933425 tempest-VolumesTransfersV357Test-1514933425-project] Task 'cinder.volume.flows.api.create_volume.QuotaCommitTask;volume:create' (da58b1ea-6c5a-42e7-a629-c5dfd1f56bba) transitioned into state 'RUNNING' from state 'PENDING' {{(pid=113337) _task_receiver /usr/local/lib/python3.8/dist-packages/taskflow/listeners/logging.py:190}}
Sep 09 14:59:01.270787 dv-cinder-828696-11-smb devstack@c-api.service[113336]: DEBUG cinder.volume.api [None req-0b1bf336-3bb8-491c-bdc2-84f00e4c063f tempest-VolumesActionsTest-786624330 tempest-VolumesActionsTest-786624330-project] Flow 'volume_create_api' (9894683b-72bc-4059-bcf5-1f170fa8216e) transitioned into state 'RUNNING' from state 'PENDING' {{(pid=113336) _flow_receiver /usr/local/lib/python3.8/dist-packages/taskflow/listeners/logging.py:141}}
Sep 09 14:59:01.273618 dv-cinder-828696-11-smb devstack@c-api.service[113336]: DEBUG cinder.volume.api [None req-0b1bf336-3bb8-491c-bdc2-84f00e4c063f tempest-VolumesActionsTest-786624330 tempest-VolumesActionsTest-786624330-project] Task 'cinder.volume.flows.api.create_volume.ExtractVolumeRequestTask;volume:create' (d8759935-3b34-42cf-b05a-241149ce41ef) transitioned into state 'RUNNING' from state 'PENDING' {{(pid=113336) _task_receiver /usr/local/lib/python3.8/dist-packages/taskflow/listeners/logging.py:190}}
Sep 09 14:59:01.276160 dv-cinder-828696-11-smb devstack@c-api.service[113336]: DEBUG cinder.volume.flows.api.create_volume [None req-0b1bf336-3bb8-491c-bdc2-84f00e4c063f tempest-VolumesActionsTest-786624330 tempest-VolumesActionsTest-786624330-project] Validating volume size '1' using validate_int {{(pid=113336) _extract_size /opt/stack/cinder/cinder/volume/flows/api/create_volume.py:228}}
Sep 09 14:59:01.289548 dv-cinder-828696-11-smb devstack@c-api.service[113337]: DEBUG dbcounter [-] [113337] Writing DB stats cinder:UPDATE=25,cinder:SELECT=69,cinder:INSERT=6 {{(pid=113337) stat_writer /usr/local/lib/python3.8/dist-packages/dbcounter.py:114}}
Sep 09 14:59:01.301233 dv-cinder-828696-11-smb devstack@c-api.service[113337]: DEBUG cinder.volume.api [None req-0663947f-0e48-4b54-86d0-08855ac1c98c tempest-VolumesTransfersV357Test-1514933425 tempest-VolumesTransfersV357Test-1514933425-project] Task 'cinder.volume.flows.api.create_volume.QuotaCommitTask;volume:create' (da58b1ea-6c5a-42e7-a629-c5dfd1f56bba) transitioned into state 'SUCCESS' from state 'RUNNING' with result '{'volume_properties': VolumeProperties(attach_status='detached',availability_zone='nova',cgsnapshot_id=None,consistencygroup_id=None,display_description=None,display_name='tempest-VolumesTransfersV357Test-Volume-2113586491',encryption_key_id=None,group_id=None,group_type_id=,metadata={},multiattach=False,project_id='3706d1fca86b440fa660d52fd482a52d',qos_specs=None,replication_status=,reservations=['78bbdae2-8a14-4a81-9da9-f782c8f3545d','f52be2fc-2f26-4d5f-89a8-7ace63d7bd42','b2aebca4-e763-494f-aae2-8cb9099ed6de','90e99951-1ba4-4e35-bd8e-8156ac68abac'],size=1,snapshot_id=None,source_replicaid=,source_volid=None,status='creating',user_id='8e6e1d6e37954d61bbb3aa0282fcc38f',volume_type_id=6452334a-a37a-4b2a-a769-45e6db91c6d1)}' {{(pid=113337) _task_receiver /usr/local/lib/python3.8/dist-packages/taskflow/listeners/logging.py:178}}
Sep 09 14:59:01.303401 dv-cinder-828696-11-smb devstack@c-api.service[113337]: DEBUG cinder.volume.api [None req-0663947f-0e48-4b54-86d0-08855ac1c98c tempest-VolumesTransfersV357Test-1514933425 tempest-VolumesTransfersV357Test-1514933425-project] Task 'cinder.volume.flows.api.create_volume.VolumeCastTask;volume:create' (068c70e7-adc3-4f08-8459-a0ac52fc862d) transitioned into state 'RUNNING' from state 'PENDING' {{(pid=113337) _task_receiver /usr/local/lib/python3.8/dist-packages/taskflow/listeners/logging.py:190}}
Sep 09 14:59:01.314994 dv-cinder-828696-11-smb devstack@c-api.service[113336]: DEBUG cinder.volume.api [None req-0b1bf336-3bb8-491c-bdc2-84f00e4c063f tempest-VolumesActionsTest-786624330 tempest-VolumesActionsTest-786624330-project] Task 'cinder.volume.flows.api.create_volume.ExtractVolumeRequestTask;volume:create' (d8759935-3b34-42cf-b05a-241149ce41ef) transitioned into state 'SUCCESS' from state 'RUNNING' with result '{'size': 1, 'snapshot_id': None, 'source_volid': None, 'volume_type': VolumeType(created_at=2022-09-09T14:47:53Z,deleted=False,deleted_at=None,description='Default Volume Type',extra_specs={},id=6452334a-a37a-4b2a-a769-45e6db91c6d1,is_public=True,name='__DEFAULT__',projects=[],qos_specs=,qos_specs_id=None,updated_at=2022-09-09T14:47:53Z), 'volume_type_id': '6452334a-a37a-4b2a-a769-45e6db91c6d1', 'encryption_key_id': None, 'qos_specs': None, 'consistencygroup_id': None, 'cgsnapshot_id': None, 'group_id': None, 'replication_status': 'disabled', 'refresh_az': False, 'backup_id': None, 'multiattach': False, 'availability_zones': ['nova']}' {{(pid=113336) _task_receiver /usr/local/lib/python3.8/dist-packages/taskflow/listeners/logging.py:178}}
Sep 09 14:59:01.318396 dv-cinder-828696-11-smb devstack@c-api.service[113336]: DEBUG cinder.volume.api [None req-0b1bf336-3bb8-491c-bdc2-84f00e4c063f tempest-VolumesActionsTest-786624330 tempest-VolumesActionsTest-786624330-project] Task 'cinder.volume.flows.api.create_volume.QuotaReserveTask;volume:create' (69c3ef63-c1ad-4f74-b244-0b74583524c0) transitioned into state 'RUNNING' from state 'PENDING' {{(pid=113336) _task_receiver /usr/local/lib/python3.8/dist-packages/taskflow/listeners/logging.py:190}}
Sep 09 14:59:01.321633 dv-cinder-828696-11-smb devstack@c-api.service[113337]: DEBUG cinder.volume.api [None req-0663947f-0e48-4b54-86d0-08855ac1c98c tempest-VolumesTransfersV357Test-1514933425 tempest-VolumesTransfersV357Test-1514933425-project] Task 'cinder.volume.flows.api.create_volume.VolumeCastTask;volume:create' (068c70e7-adc3-4f08-8459-a0ac52fc862d) transitioned into state 'SUCCESS' from state 'RUNNING' with result 'None' {{(pid=113337) _task_receiver /usr/local/lib/python3.8/dist-packages/taskflow/listeners/logging.py:178}}
Sep 09 14:59:01.324729 dv-cinder-828696-11-smb devstack@c-api.service[113337]: DEBUG cinder.volume.api [None req-0663947f-0e48-4b54-86d0-08855ac1c98c tempest-VolumesTransfersV357Test-1514933425 tempest-VolumesTransfersV357Test-1514933425-project] Flow 'volume_create_api' (e59fa555-3436-460b-921e-60a8b207e676) transitioned into state 'SUCCESS' from state 'RUNNING' {{(pid=113337) _flow_receiver /usr/local/lib/python3.8/dist-packages/taskflow/listeners/logging.py:141}}
Sep 09 14:59:01.326351 dv-cinder-828696-11-smb devstack@c-api.service[113337]: INFO cinder.volume.api [None req-0663947f-0e48-4b54-86d0-08855ac1c98c tempest-VolumesTransfersV357Test-1514933425 tempest-VolumesTransfersV357Test-1514933425-project] Create volume request issued successfully.
Sep 09 14:59:01.328035 dv-cinder-828696-11-smb devstack@c-api.service[113337]: INFO cinder.api.openstack.wsgi [None req-0663947f-0e48-4b54-86d0-08855ac1c98c tempest-VolumesTransfersV357Test-1514933425 tempest-VolumesTransfersV357Test-1514933425-project] http://10.222.0.52/volume/v3/3706d1fca86b440fa660d52fd482a52d/volumes returned with HTTP 202
Sep 09 14:59:01.329950 dv-cinder-828696-11-smb devstack@c-api.service[113337]: [pid: 113337|app: 0|req: 181/371] 10.222.0.52 () {62 vars in 1276 bytes} [Fri Sep 9 14:59:01 2022] POST /volume/v3/3706d1fca86b440fa660d52fd482a52d/volumes => generated 888 bytes in 248 msecs (HTTP/1.1 202) 7 headers in 292 bytes (1 switches on core 0)
Sep 09 14:59:01.346617 dv-cinder-828696-11-smb devstack@c-api.service[113337]: DEBUG cinder.api.middleware.request_id [None req-a8fa7daa-0664-40d1-aabe-8aa5b390c421 None None] RequestId filter calling following filter/app {{(pid=113337) _context_setter /opt/stack/cinder/cinder/api/middleware/request_id.py:62}}
Sep 09 14:59:01.350768 dv-cinder-828696-11-smb devstack@c-api.service[113337]: INFO cinder.api.openstack.wsgi [None req-a8fa7daa-0664-40d1-aabe-8aa5b390c421 tempest-VolumesTransfersV357Test-1514933425 tempest-VolumesTransfersV357Test-1514933425-project] GET http://10.222.0.52/volume/v3/3706d1fca86b440fa660d52fd482a52d/volumes/aef21ba8-e068-4241-8838-9175e11c03b3
Sep 09 14:59:01.351316 dv-cinder-828696-11-smb devstack@c-api.service[113337]: DEBUG cinder.api.openstack.wsgi [None req-a8fa7daa-0664-40d1-aabe-8aa5b390c421 tempest-VolumesTransfersV357Test-1514933425 tempest-VolumesTransfersV357Test-1514933425-project] Empty body provided in request {{(pid=113337) get_body /opt/stack/cinder/cinder/api/openstack/wsgi.py:715}}
Sep 09 14:59:01.351772 dv-cinder-828696-11-smb devstack@c-api.service[113337]: DEBUG cinder.api.openstack.wsgi [None req-a8fa7daa-0664-40d1-aabe-8aa5b390c421 tempest-VolumesTransfersV357Test-1514933425 tempest-VolumesTransfersV357Test-1514933425-project] Calling method 'show' {{(pid=113337) _process_stack /opt/stack/cinder/cinder/api/openstack/wsgi.py:868}}
Sep 09 14:59:01.366304 dv-cinder-828696-11-smb devstack@c-api.service[113337]: /usr/local/lib/python3.8/dist-packages/oslo_context/context.py:100: DeprecationWarning: Policy enforcement is depending on the value of is_admin. This key is deprecated. Please update your policy file to use the standard policy values.
Sep 09 14:59:01.366304 dv-cinder-828696-11-smb devstack@c-api.service[113337]: warnings.warn('Policy enforcement is depending on the value of '
Sep 09 14:59:01.373925 dv-cinder-828696-11-smb devstack@c-api.service[113337]: INFO cinder.volume.api [None req-a8fa7daa-0664-40d1-aabe-8aa5b390c421 tempest-VolumesTransfersV357Test-1514933425 tempest-VolumesTransfersV357Test-1514933425-project] Volume info retrieved successfully.
Sep 09 14:59:01.376725 dv-cinder-828696-11-smb devstack@c-api.service[113336]: DEBUG dbcounter [-] [113336] Writing DB stats cinder:SELECT=99,cinder:INSERT=1 {{(pid=113336) stat_writer /usr/local/lib/python3.8/dist-packages/dbcounter.py:114}}
Sep 09 14:59:01.385242 dv-cinder-828696-11-smb devstack@c-api.service[113337]: INFO cinder.api.openstack.wsgi [None req-a8fa7daa-0664-40d1-aabe-8aa5b390c421 tempest-VolumesTransfersV357Test-1514933425 tempest-VolumesTransfersV357Test-1514933425-project] http://10.222.0.52/volume/v3/3706d1fca86b440fa660d52fd482a52d/volumes/aef21ba8-e068-4241-8838-9175e11c03b3 returned with HTTP 200
Sep 09 14:59:01.390246 dv-cinder-828696-11-smb devstack@c-api.service[113337]: [pid: 113337|app: 0|req: 182/372] 10.222.0.52 () {60 vars in 1366 bytes} [Fri Sep 9 14:59:01 2022] GET /volume/v3/3706d1fca86b440fa660d52fd482a52d/volumes/aef21ba8-e068-4241-8838-9175e11c03b3 => generated 956 bytes in 45 msecs (HTTP/1.1 200) 7 headers in 286 bytes (1 switches on core 0)
Sep 09 14:59:01.403051 dv-cinder-828696-11-smb devstack@c-api.service[113337]: DEBUG cinder.api.middleware.request_id [None req-a80b1f5e-7de6-4b39-a984-75745289c236 None None] RequestId filter calling following filter/app {{(pid=113337) _context_setter /opt/stack/cinder/cinder/api/middleware/request_id.py:62}}
Sep 09 14:59:01.408048 dv-cinder-828696-11-smb devstack@c-api.service[113337]: INFO cinder.api.openstack.wsgi [None req-a80b1f5e-7de6-4b39-a984-75745289c236 tempest-VolumesImageMetadata-1458956148 tempest-VolumesImageMetadata-1458956148-project] GET http://10.222.0.52/volume/v3/3ecfd1006b564227b568f61bd98005b3/volumes/788be909-6b64-4255-9348-39973be8e18a
Sep 09 14:59:01.408952 dv-cinder-828696-11-smb devstack@c-api.service[113337]: DEBUG cinder.api.openstack.wsgi [None req-a80b1f5e-7de6-4b39-a984-75745289c236 tempest-VolumesImageMetadata-1458956148 tempest-VolumesImageMetadata-1458956148-project] Empty body provided in request {{(pid=113337) get_body /opt/stack/cinder/cinder/api/openstack/wsgi.py:715}}
Sep 09 14:59:01.408952 dv-cinder-828696-11-smb devstack@c-api.service[113337]: DEBUG cinder.api.openstack.wsgi [None req-a80b1f5e-7de6-4b39-a984-75745289c236 tempest-VolumesImageMetadata-1458956148 tempest-VolumesImageMetadata-1458956148-project] Calling method 'show' {{(pid=113337) _process_stack /opt/stack/cinder/cinder/api/openstack/wsgi.py:868}}
Sep 09 14:59:01.423692 dv-cinder-828696-11-smb devstack@c-api.service[113337]: /usr/local/lib/python3.8/dist-packages/oslo_context/context.py:100: DeprecationWarning: Policy enforcement is depending on the value of is_admin. This key is deprecated. Please update your policy file to use the standard policy values.
Sep 09 14:59:01.423692 dv-cinder-828696-11-smb devstack@c-api.service[113337]: warnings.warn('Policy enforcement is depending on the value of '
Sep 09 14:59:01.432456 dv-cinder-828696-11-smb devstack@c-api.service[113337]: INFO cinder.volume.api [None req-a80b1f5e-7de6-4b39-a984-75745289c236 tempest-VolumesImageMetadata-1458956148 tempest-VolumesImageMetadata-1458956148-project] Volume info retrieved successfully.
Sep 09 14:59:01.440788 dv-cinder-828696-11-smb devstack@c-api.service[113336]: DEBUG cinder.quota [None req-0b1bf336-3bb8-491c-bdc2-84f00e4c063f tempest-VolumesActionsTest-786624330 tempest-VolumesActionsTest-786624330-project] Created reservations ['ab87e0af-47ca-43cd-b128-026626666190', 'd3e59df7-ce86-49ba-844e-fc7dcd92aed7', '361a74c3-2ac0-45e0-8b59-1572e4fe752b', '0bd70a33-28d0-4ebc-9939-ffe29401ecc1'] {{(pid=113336) reserve /opt/stack/cinder/cinder/quota.py:755}}
Sep 09 14:59:01.443242 dv-cinder-828696-11-smb devstack@c-api.service[113336]: DEBUG cinder.volume.api [None req-0b1bf336-3bb8-491c-bdc2-84f00e4c063f tempest-VolumesActionsTest-786624330 tempest-VolumesActionsTest-786624330-project] Task 'cinder.volume.flows.api.create_volume.QuotaReserveTask;volume:create' (69c3ef63-c1ad-4f74-b244-0b74583524c0) transitioned into state 'SUCCESS' from state 'RUNNING' with result '{'reservations': ['ab87e0af-47ca-43cd-b128-026626666190', 'd3e59df7-ce86-49ba-844e-fc7dcd92aed7', '361a74c3-2ac0-45e0-8b59-1572e4fe752b', '0bd70a33-28d0-4ebc-9939-ffe29401ecc1']}' {{(pid=113336) _task_receiver /usr/local/lib/python3.8/dist-packages/taskflow/listeners/logging.py:178}}
Sep 09 14:59:01.445349 dv-cinder-828696-11-smb devstack@c-api.service[113336]: DEBUG cinder.volume.api [None req-0b1bf336-3bb8-491c-bdc2-84f00e4c063f tempest-VolumesActionsTest-786624330 tempest-VolumesActionsTest-786624330-project] Task 'cinder.volume.flows.api.create_volume.EntryCreateTask;volume:create' (62c06787-1d20-4f3a-95ae-3eb57372e8b2) transitioned into state 'RUNNING' from state 'PENDING' {{(pid=113336) _task_receiver /usr/local/lib/python3.8/dist-packages/taskflow/listeners/logging.py:190}}
Sep 09 14:59:01.447175 dv-cinder-828696-11-smb devstack@c-api.service[113337]: INFO cinder.api.openstack.wsgi [None req-a80b1f5e-7de6-4b39-a984-75745289c236 tempest-VolumesImageMetadata-1458956148 tempest-VolumesImageMetadata-1458956148-project] http://10.222.0.52/volume/v3/3ecfd1006b564227b568f61bd98005b3/volumes/788be909-6b64-4255-9348-39973be8e18a returned with HTTP 200
Sep 09 14:59:01.454132 dv-cinder-828696-11-smb devstack@c-api.service[113337]: [pid: 113337|app: 0|req: 183/373] 10.222.0.52 () {58 vars in 1325 bytes} [Fri Sep 9 14:59:01 2022] GET /volume/v3/3ecfd1006b564227b568f61bd98005b3/volumes/788be909-6b64-4255-9348-39973be8e18a => generated 1360 bytes in 46 msecs (HTTP/1.1 200) 7 headers in 286 bytes (2 switches on core 0)
Sep 09 14:59:01.466449 dv-cinder-828696-11-smb devstack@c-api.service[113337]: DEBUG cinder.api.middleware.request_id [None req-544d4350-9878-4a94-8f0c-fec193b6d872 None None] RequestId filter calling following filter/app {{(pid=113337) _context_setter /opt/stack/cinder/cinder/api/middleware/request_id.py:62}}
