Mar 02 11:39:16.590928 dv-cinder-828459-2-smb devstack@c-api.service[112199]: DEBUG cinder.api.openstack.wsgi [None req-37762f31-ecc4-4e31-89ed-cc4a23b9cd58 tempest-VolumeSnapshotQuotasNegativeTestJSON-1397829105 tempest-VolumeSnapshotQuotasNegativeTestJSON-1397829105-project] Calling method 'show' {{(pid=112199) _process_stack /opt/stack/cinder/cinder/api/openstack/wsgi.py:868}}
Mar 02 11:39:16.621663 dv-cinder-828459-2-smb devstack@c-api.service[112199]: /usr/local/lib/python3.8/dist-packages/oslo_context/context.py:105: DeprecationWarning: Policy enforcement is depending on the value of is_admin. This key is deprecated. Please update your policy file to use the standard policy values.
Mar 02 11:39:16.621663 dv-cinder-828459-2-smb devstack@c-api.service[112199]: warnings.warn('Policy enforcement is depending on the value of '
Mar 02 11:39:16.657385 dv-cinder-828459-2-smb devstack@c-api.service[112199]: INFO cinder.volume.api [None req-37762f31-ecc4-4e31-89ed-cc4a23b9cd58 tempest-VolumeSnapshotQuotasNegativeTestJSON-1397829105 tempest-VolumeSnapshotQuotasNegativeTestJSON-1397829105-project] Volume info retrieved successfully.
Mar 02 11:39:16.667281 dv-cinder-828459-2-smb devstack@c-api.service[112198]: INFO cinder.api.openstack.wsgi [None req-5d5912b4-3ce0-4b4a-a310-39741a14394f tempest-GroupSnapshotsTest-1153016961 tempest-GroupSnapshotsTest-1153016961-project-admin] http://10.222.0.23/volume/v3/04abd9e6477d444c81605b4c838e54bc/group_types/ce62be0a-7938-460c-947c-ac320afe566e returned with HTTP 202
Mar 02 11:39:16.670732 dv-cinder-828459-2-smb devstack@c-api.service[112198]: [pid: 112198|app: 0|req: 170/347] 10.222.0.23 () {60 vars in 1380 bytes} [Wed Mar 2 11:39:16 2022] DELETE /volume/v3/04abd9e6477d444c81605b4c838e54bc/group_types/ce62be0a-7938-460c-947c-ac320afe566e => generated 0 bytes in 151 msecs (HTTP/1.1 202) 6 headers in 234 bytes (1 switches on core 0)
Mar 02 11:39:16.683191 dv-cinder-828459-2-smb devstack@c-api.service[112198]: DEBUG cinder.api.middleware.request_id [None req-f379d5b4-f378-481b-b76c-86d0597224bb None None] RequestId filter calling following filter/app {{(pid=112198) _context_setter /opt/stack/cinder/cinder/api/middleware/request_id.py:62}}
Mar 02 11:39:16.689878 dv-cinder-828459-2-smb devstack@c-api.service[112199]: INFO cinder.api.openstack.wsgi [None req-37762f31-ecc4-4e31-89ed-cc4a23b9cd58 tempest-VolumeSnapshotQuotasNegativeTestJSON-1397829105 tempest-VolumeSnapshotQuotasNegativeTestJSON-1397829105-project] http://10.222.0.23/volume/v3/3e2e883979ba45979bf3abeacbec9d95/volumes/73cceaf8-6e49-4192-b7de-d1b0141bd8b5 returned with HTTP 200
Mar 02 11:39:16.691543 dv-cinder-828459-2-smb devstack@c-api.service[112199]: [pid: 112199|app: 0|req: 178/348] 10.222.0.23 () {58 vars in 1324 bytes} [Wed Mar 2 11:39:16 2022] GET /volume/v3/3e2e883979ba45979bf3abeacbec9d95/volumes/73cceaf8-6e49-4192-b7de-d1b0141bd8b5 => generated 904 bytes in 108 msecs (HTTP/1.1 200) 7 headers in 285 bytes (1 switches on core 0)
Mar 02 11:39:16.719184 dv-cinder-828459-2-smb devstack@c-api.service[112198]: INFO cinder.api.openstack.wsgi [None req-f379d5b4-f378-481b-b76c-86d0597224bb tempest-GroupSnapshotsTest-1153016961 tempest-GroupSnapshotsTest-1153016961-project-admin] POST http://10.222.0.23/volume/v3/04abd9e6477d444c81605b4c838e54bc/types
Mar 02 11:39:16.722138 dv-cinder-828459-2-smb devstack@c-api.service[112198]: DEBUG cinder.api.openstack.wsgi [None req-f379d5b4-f378-481b-b76c-86d0597224bb tempest-GroupSnapshotsTest-1153016961 tempest-GroupSnapshotsTest-1153016961-project-admin] Action: 'create', calling method: _create, body: {"volume_type": {"name": "tempest-GroupSnapshotsTest-volume-type-1088397567"}} {{(pid=112198) _process_stack /opt/stack/cinder/cinder/api/openstack/wsgi.py:866}}
Mar 02 11:39:16.867579 dv-cinder-828459-2-smb devstack@c-api.service[112198]: INFO cinder.api.openstack.wsgi [None req-f379d5b4-f378-481b-b76c-86d0597224bb tempest-GroupSnapshotsTest-1153016961 tempest-GroupSnapshotsTest-1153016961-project-admin] http://10.222.0.23/volume/v3/04abd9e6477d444c81605b4c838e54bc/types returned with HTTP 200
Mar 02 11:39:16.878363 dv-cinder-828459-2-smb devstack@c-api.service[112198]: [pid: 112198|app: 0|req: 171/349] 10.222.0.23 () {60 vars in 1228 bytes} [Wed Mar 2 11:39:16 2022] POST /volume/v3/04abd9e6477d444c81605b4c838e54bc/types => generated 224 bytes in 198 msecs (HTTP/1.1 200) 7 headers in 285 bytes (1 switches on core 0)
Mar 02 11:39:16.880756 dv-cinder-828459-2-smb devstack@c-api.service[112199]: DEBUG cinder.api.middleware.request_id [None req-fb10f305-df3a-4501-9e75-c668050a58d2 None None] RequestId filter calling following filter/app {{(pid=112199) _context_setter /opt/stack/cinder/cinder/api/middleware/request_id.py:62}}
Mar 02 11:39:16.885605 dv-cinder-828459-2-smb devstack@c-api.service[112199]: INFO cinder.api.openstack.wsgi [None req-fb10f305-df3a-4501-9e75-c668050a58d2 tempest-GroupSnapshotsTest-1153016961 tempest-GroupSnapshotsTest-1153016961-project-admin] POST http://10.222.0.23/volume/v3/04abd9e6477d444c81605b4c838e54bc/group_types
Mar 02 11:39:16.887380 dv-cinder-828459-2-smb devstack@c-api.service[112199]: DEBUG cinder.api.openstack.wsgi [None req-fb10f305-df3a-4501-9e75-c668050a58d2 tempest-GroupSnapshotsTest-1153016961 tempest-GroupSnapshotsTest-1153016961-project-admin] Action: 'create', calling method: version_select, body: {"group_type": {"name": "tempest-GroupSnapshotsTest-group-type-1626701320"}} {{(pid=112199) _process_stack /opt/stack/cinder/cinder/api/openstack/wsgi.py:866}}
Mar 02 11:39:17.004729 dv-cinder-828459-2-smb devstack@c-api.service[112199]: INFO cinder.api.openstack.wsgi [None req-fb10f305-df3a-4501-9e75-c668050a58d2 tempest-GroupSnapshotsTest-1153016961 tempest-GroupSnapshotsTest-1153016961-project-admin] http://10.222.0.23/volume/v3/04abd9e6477d444c81605b4c838e54bc/group_types returned with HTTP 202
Mar 02 11:39:17.005547 dv-cinder-828459-2-smb devstack@c-api.service[112199]: [pid: 112199|app: 0|req: 179/350] 10.222.0.23 () {62 vars in 1287 bytes} [Wed Mar 2 11:39:16 2022] POST /volume/v3/04abd9e6477d444c81605b4c838e54bc/group_types => generated 181 bytes in 126 msecs (HTTP/1.1 202) 7 headers in 292 bytes (1 switches on core 0)
Mar 02 11:39:17.017188 dv-cinder-828459-2-smb devstack@c-api.service[112198]: DEBUG cinder.api.middleware.request_id [None req-a9e1aabc-f8d8-4bd8-b285-218380a74754 None None] RequestId filter calling following filter/app {{(pid=112198) _context_setter /opt/stack/cinder/cinder/api/middleware/request_id.py:62}}
Mar 02 11:39:17.024732 dv-cinder-828459-2-smb devstack@c-api.service[112198]: INFO cinder.api.openstack.wsgi [None req-a9e1aabc-f8d8-4bd8-b285-218380a74754 tempest-GroupSnapshotsTest-557382403 tempest-GroupSnapshotsTest-557382403-project] POST http://10.222.0.23/volume/v3/10bee2686ac74b25a4af84eeb8502168/groups
Mar 02 11:39:17.026276 dv-cinder-828459-2-smb devstack@c-api.service[112198]: DEBUG cinder.api.openstack.wsgi [None req-a9e1aabc-f8d8-4bd8-b285-218380a74754 tempest-GroupSnapshotsTest-557382403 tempest-GroupSnapshotsTest-557382403-project] Action: 'create', calling method: version_select, body: {"group": {"group_type": "41500bc5-60fb-4ef9-b0dd-37aaa661aec9", "volume_types": ["74fac9e5-599f-4567-98c8-87f09083f40e"], "name": "tempest-GroupSnapshotsTest-Group-1191319229"}} {{(pid=112198) _process_stack /opt/stack/cinder/cinder/api/openstack/wsgi.py:866}}
Mar 02 11:39:17.027896 dv-cinder-828459-2-smb devstack@c-api.service[112198]: DEBUG cinder.api.v3.groups [None req-a9e1aabc-f8d8-4bd8-b285-218380a74754 tempest-GroupSnapshotsTest-557382403 tempest-GroupSnapshotsTest-557382403-project] Creating new group {'group': {'group_type': '41500bc5-60fb-4ef9-b0dd-37aaa661aec9', 'volume_types': ['74fac9e5-599f-4567-98c8-87f09083f40e'], 'name': 'tempest-GroupSnapshotsTest-Group-1191319229'}} {{(pid=112198) create /opt/stack/cinder/cinder/api/v3/groups.py:190}}
Mar 02 11:39:17.038801 dv-cinder-828459-2-smb devstack@c-api.service[112198]: INFO cinder.api.v3.groups [None req-a9e1aabc-f8d8-4bd8-b285-218380a74754 tempest-GroupSnapshotsTest-557382403 tempest-GroupSnapshotsTest-557382403-project] Creating group tempest-GroupSnapshotsTest-Group-1191319229.
Mar 02 11:39:17.060845 dv-cinder-828459-2-smb devstack@c-api.service[112198]: INFO cinder.volume.api [None req-a9e1aabc-f8d8-4bd8-b285-218380a74754 tempest-GroupSnapshotsTest-557382403 tempest-GroupSnapshotsTest-557382403-project] Availability Zones retrieved successfully.
Mar 02 11:39:17.160927 dv-cinder-828459-2-smb devstack@c-api.service[112198]: DEBUG cinder.quota [None req-a9e1aabc-f8d8-4bd8-b285-218380a74754 tempest-GroupSnapshotsTest-557382403 tempest-GroupSnapshotsTest-557382403-project] Created reservations ['466e3cd3-38f0-48ff-8ed9-c507e37d1ace'] {{(pid=112198) reserve /opt/stack/cinder/cinder/quota.py:755}}
Mar 02 11:39:17.442937 dv-cinder-828459-2-smb devstack@c-api.service[112198]: INFO cinder.api.openstack.wsgi [None req-a9e1aabc-f8d8-4bd8-b285-218380a74754 tempest-GroupSnapshotsTest-557382403 tempest-GroupSnapshotsTest-557382403-project] http://10.222.0.23/volume/v3/10bee2686ac74b25a4af84eeb8502168/groups returned with HTTP 202
Mar 02 11:39:17.443781 dv-cinder-828459-2-smb devstack@c-api.service[112198]: [pid: 112198|app: 0|req: 172/351] 10.222.0.23 () {62 vars in 1273 bytes} [Wed Mar 2 11:39:17 2022] POST /volume/v3/10bee2686ac74b25a4af84eeb8502168/groups => generated 112 bytes in 429 msecs (HTTP/1.1 202) 7 headers in 292 bytes (1 switches on core 0)
Mar 02 11:39:17.450447 dv-cinder-828459-2-smb devstack@c-api.service[112199]: DEBUG cinder.api.middleware.request_id [None req-6d83a43e-51f6-47dc-a6a5-1c7ba1f16e85 None None] RequestId filter calling following filter/app {{(pid=112199) _context_setter /opt/stack/cinder/cinder/api/middleware/request_id.py:62}}
Mar 02 11:39:17.462791 dv-cinder-828459-2-smb devstack@c-api.service[112199]: INFO cinder.api.openstack.wsgi [None req-6d83a43e-51f6-47dc-a6a5-1c7ba1f16e85 tempest-GroupSnapshotsTest-557382403 tempest-GroupSnapshotsTest-557382403-project] GET http://10.222.0.23/volume/v3/10bee2686ac74b25a4af84eeb8502168/groups/13e84840-240a-454b-85b3-5de21b2da35c
Mar 02 11:39:17.463300 dv-cinder-828459-2-smb devstack@c-api.service[112199]: DEBUG cinder.api.openstack.wsgi [None req-6d83a43e-51f6-47dc-a6a5-1c7ba1f16e85 tempest-GroupSnapshotsTest-557382403 tempest-GroupSnapshotsTest-557382403-project] Empty body provided in request {{(pid=112199) get_body /opt/stack/cinder/cinder/api/openstack/wsgi.py:715}}
Mar 02 11:39:17.463747 dv-cinder-828459-2-smb devstack@c-api.service[112199]: DEBUG cinder.api.openstack.wsgi [None req-6d83a43e-51f6-47dc-a6a5-1c7ba1f16e85 tempest-GroupSnapshotsTest-557382403 tempest-GroupSnapshotsTest-557382403-project] Calling method 'version_select' {{(pid=112199) _process_stack /opt/stack/cinder/cinder/api/openstack/wsgi.py:868}}
Mar 02 11:39:17.466208 dv-cinder-828459-2-smb devstack@c-api.service[112199]: DEBUG cinder.api.v3.groups [None req-6d83a43e-51f6-47dc-a6a5-1c7ba1f16e85 tempest-GroupSnapshotsTest-557382403 tempest-GroupSnapshotsTest-557382403-project] show called for member 13e84840-240a-454b-85b3-5de21b2da35c {{(pid=112199) show /opt/stack/cinder/cinder/api/v3/groups.py:58}}
Mar 02 11:39:17.475044 dv-cinder-828459-2-smb devstack@c-api.service[112199]: /usr/local/lib/python3.8/dist-packages/oslo_context/context.py:105: DeprecationWarning: Policy enforcement is depending on the value of is_admin. This key is deprecated. Please update your policy file to use the standard policy values.
Mar 02 11:39:17.475044 dv-cinder-828459-2-smb devstack@c-api.service[112199]: warnings.warn('Policy enforcement is depending on the value of '
Mar 02 11:39:17.491480 dv-cinder-828459-2-smb devstack@c-api.service[112199]: INFO cinder.api.openstack.wsgi [None req-6d83a43e-51f6-47dc-a6a5-1c7ba1f16e85 tempest-GroupSnapshotsTest-557382403 tempest-GroupSnapshotsTest-557382403-project] http://10.222.0.23/volume/v3/10bee2686ac74b25a4af84eeb8502168/groups/13e84840-240a-454b-85b3-5de21b2da35c returned with HTTP 200
Mar 02 11:39:17.492254 dv-cinder-828459-2-smb devstack@c-api.service[112199]: [pid: 112199|app: 0|req: 180/352] 10.222.0.23 () {60 vars in 1362 bytes} [Wed Mar 2 11:39:17 2022] GET /volume/v3/10bee2686ac74b25a4af84eeb8502168/groups/13e84840-240a-454b-85b3-5de21b2da35c => generated 392 bytes in 43 msecs (HTTP/1.1 200) 7 headers in 286 bytes (1 switches on core 0)
Mar 02 11:39:17.716239 dv-cinder-828459-2-smb devstack@c-api.service[112198]: DEBUG cinder.api.middleware.request_id [None req-f2593153-4671-4439-b971-33232790c3c3 None None] RequestId filter calling following filter/app {{(pid=112198) _context_setter /opt/stack/cinder/cinder/api/middleware/request_id.py:62}}
Mar 02 11:39:17.726669 dv-cinder-828459-2-smb devstack@c-api.service[112199]: DEBUG cinder.api.middleware.request_id [req-2e45a43d-b596-4293-9839-28e454dae5d6 req-28fec316-3520-44d8-9b35-92464fe1201d None None] RequestId filter calling following filter/app {{(pid=112199) _context_setter /opt/stack/cinder/cinder/api/middleware/request_id.py:62}}
Mar 02 11:39:17.732470 dv-cinder-828459-2-smb devstack@c-api.service[112199]: INFO cinder.api.openstack.wsgi [req-2e45a43d-b596-4293-9839-28e454dae5d6 req-28fec316-3520-44d8-9b35-92464fe1201d tempest-DeleteServersTestJSON-88527796 tempest-DeleteServersTestJSON-88527796-project] DELETE http://10.222.0.23/volume/v3/8a9dcb452f8a491ca0482a599af5c9a1/attachments/f759170f-3712-46dd-ad46-580ecd0ca0e9
Mar 02 11:39:17.732965 dv-cinder-828459-2-smb devstack@c-api.service[112199]: DEBUG cinder.api.openstack.wsgi [req-2e45a43d-b596-4293-9839-28e454dae5d6 req-28fec316-3520-44d8-9b35-92464fe1201d tempest-DeleteServersTestJSON-88527796 tempest-DeleteServersTestJSON-88527796-project] Empty body provided in request {{(pid=112199) get_body /opt/stack/cinder/cinder/api/openstack/wsgi.py:715}}
Mar 02 11:39:17.733195 dv-cinder-828459-2-smb devstack@c-api.service[112198]: INFO cinder.api.openstack.wsgi [None req-f2593153-4671-4439-b971-33232790c3c3 tempest-VolumeSnapshotQuotasNegativeTestJSON-1397829105 tempest-VolumeSnapshotQuotasNegativeTestJSON-1397829105-project] GET http://10.222.0.23/volume/v3/3e2e883979ba45979bf3abeacbec9d95/volumes/73cceaf8-6e49-4192-b7de-d1b0141bd8b5
Mar 02 11:39:17.733410 dv-cinder-828459-2-smb devstack@c-api.service[112199]: DEBUG cinder.api.openstack.wsgi [req-2e45a43d-b596-4293-9839-28e454dae5d6 req-28fec316-3520-44d8-9b35-92464fe1201d tempest-DeleteServersTestJSON-88527796 tempest-DeleteServersTestJSON-88527796-project] Calling method 'version_select' {{(pid=112199) _process_stack /opt/stack/cinder/cinder/api/openstack/wsgi.py:868}}
Mar 02 11:39:17.734880 dv-cinder-828459-2-smb devstack@c-api.service[112198]: DEBUG cinder.api.openstack.wsgi [None req-f2593153-4671-4439-b971-33232790c3c3 tempest-VolumeSnapshotQuotasNegativeTestJSON-1397829105 tempest-VolumeSnapshotQuotasNegativeTestJSON-1397829105-project] Empty body provided in request {{(pid=112198) get_body /opt/stack/cinder/cinder/api/openstack/wsgi.py:715}}
Mar 02 11:39:17.735764 dv-cinder-828459-2-smb devstack@c-api.service[112198]: DEBUG cinder.api.openstack.wsgi [None req-f2593153-4671-4439-b971-33232790c3c3 tempest-VolumeSnapshotQuotasNegativeTestJSON-1397829105 tempest-VolumeSnapshotQuotasNegativeTestJSON-1397829105-project] Calling method 'show' {{(pid=112198) _process_stack /opt/stack/cinder/cinder/api/openstack/wsgi.py:868}}
Mar 02 11:39:17.767716 dv-cinder-828459-2-smb devstack@c-api.service[112199]: /usr/local/lib/python3.8/dist-packages/oslo_context/context.py:105: DeprecationWarning: Policy enforcement is depending on the value of is_admin. This key is deprecated. Please update your policy file to use the standard policy values.
Mar 02 11:39:17.767716 dv-cinder-828459-2-smb devstack@c-api.service[112199]: warnings.warn('Policy enforcement is depending on the value of '
Mar 02 11:39:17.783392 dv-cinder-828459-2-smb devstack@c-api.service[112198]: /usr/local/lib/python3.8/dist-packages/oslo_context/context.py:105: DeprecationWarning: Policy enforcement is depending on the value of is_admin. This key is deprecated. Please update your policy file to use the standard policy values.
Mar 02 11:39:17.783392 dv-cinder-828459-2-smb devstack@c-api.service[112198]: warnings.warn('Policy enforcement is depending on the value of '
Mar 02 11:39:17.799905 dv-cinder-828459-2-smb devstack@c-api.service[112198]: INFO cinder.volume.api [None req-f2593153-4671-4439-b971-33232790c3c3 tempest-VolumeSnapshotQuotasNegativeTestJSON-1397829105 tempest-VolumeSnapshotQuotasNegativeTestJSON-1397829105-project] Volume info retrieved successfully.
Mar 02 11:39:17.822337 dv-cinder-828459-2-smb devstack@c-api.service[112198]: INFO cinder.api.openstack.wsgi [None req-f2593153-4671-4439-b971-33232790c3c3 tempest-VolumeSnapshotQuotasNegativeTestJSON-1397829105 tempest-VolumeSnapshotQuotasNegativeTestJSON-1397829105-project] http://10.222.0.23/volume/v3/3e2e883979ba45979bf3abeacbec9d95/volumes/73cceaf8-6e49-4192-b7de-d1b0141bd8b5 returned with HTTP 200
Mar 02 11:39:17.824761 dv-cinder-828459-2-smb devstack@c-api.service[112198]: [pid: 112198|app: 0|req: 173/353] 10.222.0.23 () {58 vars in 1324 bytes} [Wed Mar 2 11:39:17 2022] GET /volume/v3/3e2e883979ba45979bf3abeacbec9d95/volumes/73cceaf8-6e49-4192-b7de-d1b0141bd8b5 => generated 928 bytes in 111 msecs (HTTP/1.1 200) 7 headers in 285 bytes (1 switches on core 0)
Mar 02 11:39:18.115036 dv-cinder-828459-2-smb devstack@c-api.service[112199]: INFO cinder.api.openstack.wsgi [req-2e45a43d-b596-4293-9839-28e454dae5d6 req-28fec316-3520-44d8-9b35-92464fe1201d tempest-DeleteServersTestJSON-88527796 tempest-DeleteServersTestJSON-88527796-project] http://10.222.0.23/volume/v3/8a9dcb452f8a491ca0482a599af5c9a1/attachments/f759170f-3712-46dd-ad46-580ecd0ca0e9 returned with HTTP 200
Mar 02 11:39:18.116028 dv-cinder-828459-2-smb devstack@c-api.service[112199]: [pid: 112199|app: 0|req: 181/354] 10.222.0.20 () {62 vars in 1446 bytes} [Wed Mar 2 11:39:17 2022] DELETE /volume/v3/8a9dcb452f8a491ca0482a599af5c9a1/attachments/f759170f-3712-46dd-ad46-580ecd0ca0e9 => generated 19 bytes in 391 msecs (HTTP/1.1 200) 7 headers in 285 bytes (2 switches on core 0)
Mar 02 11:39:18.501510 dv-cinder-828459-2-smb devstack@c-api.service[112198]: DEBUG cinder.api.middleware.request_id [None req-172f6185-28f9-4f2a-b971-0a5a31d81d3e None None] RequestId filter calling following filter/app {{(pid=112198) _context_setter /opt/stack/cinder/cinder/api/middleware/request_id.py:62}}
Mar 02 11:39:18.512354 dv-cinder-828459-2-smb devstack@c-api.service[112198]: INFO cinder.api.openstack.wsgi [None req-172f6185-28f9-4f2a-b971-0a5a31d81d3e tempest-GroupSnapshotsTest-557382403 tempest-GroupSnapshotsTest-557382403-project] GET http://10.222.0.23/volume/v3/10bee2686ac74b25a4af84eeb8502168/groups/13e84840-240a-454b-85b3-5de21b2da35c
Mar 02 11:39:18.513231 dv-cinder-828459-2-smb devstack@c-api.service[112198]: DEBUG cinder.api.openstack.wsgi [None req-172f6185-28f9-4f2a-b971-0a5a31d81d3e tempest-GroupSnapshotsTest-557382403 tempest-GroupSnapshotsTest-557382403-project] Empty body provided in request {{(pid=112198) get_body /opt/stack/cinder/cinder/api/openstack/wsgi.py:715}}
Mar 02 11:39:18.516070 dv-cinder-828459-2-smb devstack@c-api.service[112198]: DEBUG cinder.api.openstack.wsgi [None req-172f6185-28f9-4f2a-b971-0a5a31d81d3e tempest-GroupSnapshotsTest-557382403 tempest-GroupSnapshotsTest-557382403-project] Calling method 'version_select' {{(pid=112198) _process_stack /opt/stack/cinder/cinder/api/openstack/wsgi.py:868}}
Mar 02 11:39:18.516650 dv-cinder-828459-2-smb devstack@c-api.service[112198]: DEBUG cinder.api.v3.groups [None req-172f6185-28f9-4f2a-b971-0a5a31d81d3e tempest-GroupSnapshotsTest-557382403 tempest-GroupSnapshotsTest-557382403-project] show called for member 13e84840-240a-454b-85b3-5de21b2da35c {{(pid=112198) show /opt/stack/cinder/cinder/api/v3/groups.py:58}}
Mar 02 11:39:18.528536 dv-cinder-828459-2-smb devstack@c-api.service[112198]: /usr/local/lib/python3.8/dist-packages/oslo_context/context.py:105: DeprecationWarning: Policy enforcement is depending on the value of is_admin. This key is deprecated. Please update your policy file to use the standard policy values.
Mar 02 11:39:18.528536 dv-cinder-828459-2-smb devstack@c-api.service[112198]: warnings.warn('Policy enforcement is depending on the value of '
Mar 02 11:39:18.558032 dv-cinder-828459-2-smb devstack@c-api.service[112198]: INFO cinder.api.openstack.wsgi [None req-172f6185-28f9-4f2a-b971-0a5a31d81d3e tempest-GroupSnapshotsTest-557382403 tempest-GroupSnapshotsTest-557382403-project] http://10.222.0.23/volume/v3/10bee2686ac74b25a4af84eeb8502168/groups/13e84840-240a-454b-85b3-5de21b2da35c returned with HTTP 200
Mar 02 11:39:18.559213 dv-cinder-828459-2-smb devstack@c-api.service[112198]: [pid: 112198|app: 0|req: 174/355] 10.222.0.23 () {60 vars in 1362 bytes} [Wed Mar 2 11:39:18 2022] GET /volume/v3/10bee2686ac74b25a4af84eeb8502168/groups/13e84840-240a-454b-85b3-5de21b2da35c => generated 393 bytes in 59 msecs (HTTP/1.1 200) 7 headers in 286 bytes (1 switches on core 0)
Mar 02 11:39:18.567015 dv-cinder-828459-2-smb devstack@c-api.service[112199]: DEBUG cinder.api.middleware.request_id [None req-a8ad22eb-4749-442f-ba04-5356a6ab7d17 None None] RequestId filter calling following filter/app {{(pid=112199) _context_setter /opt/stack/cinder/cinder/api/middleware/request_id.py:62}}
Mar 02 11:39:18.570782 dv-cinder-828459-2-smb devstack@c-api.service[112199]: INFO cinder.api.openstack.wsgi [None req-a8ad22eb-4749-442f-ba04-5356a6ab7d17 tempest-GroupSnapshotsTest-557382403 tempest-GroupSnapshotsTest-557382403-project] POST http://10.222.0.23/volume/v3/10bee2686ac74b25a4af84eeb8502168/volumes
Mar 02 11:39:18.571895 dv-cinder-828459-2-smb devstack@c-api.service[112199]: DEBUG cinder.api.openstack.wsgi [None req-a8ad22eb-4749-442f-ba04-5356a6ab7d17 tempest-GroupSnapshotsTest-557382403 tempest-GroupSnapshotsTest-557382403-project] Action: 'create', calling method: create, body: {"volume": {"volume_type": "74fac9e5-599f-4567-98c8-87f09083f40e", "group_id": "13e84840-240a-454b-85b3-5de21b2da35c", "size": 1, "name": "tempest-GroupSnapshotsTest-Volume-1863306073"}} {{(pid=112199) _process_stack /opt/stack/cinder/cinder/api/openstack/wsgi.py:866}}
Mar 02 11:39:18.573493 dv-cinder-828459-2-smb devstack@c-api.service[112199]: DEBUG cinder.api.v3.volumes [None req-a8ad22eb-4749-442f-ba04-5356a6ab7d17 tempest-GroupSnapshotsTest-557382403 tempest-GroupSnapshotsTest-557382403-project] Create volume request body: {'volume': {'volume_type': '74fac9e5-599f-4567-98c8-87f09083f40e', 'group_id': '13e84840-240a-454b-85b3-5de21b2da35c', 'size': 1, 'name': 'tempest-GroupSnapshotsTest-Volume-1863306073'}} {{(pid=112199) create /opt/stack/cinder/cinder/api/v3/volumes.py:298}}
Mar 02 11:39:18.586858 dv-cinder-828459-2-smb devstack@c-api.service[112199]: /usr/local/lib/python3.8/dist-packages/oslo_context/context.py:105: DeprecationWarning: Policy enforcement is depending on the value of is_admin. This key is deprecated. Please update your policy file to use the standard policy values.
Mar 02 11:39:18.586858 dv-cinder-828459-2-smb devstack@c-api.service[112199]: warnings.warn('Policy enforcement is depending on the value of '
Mar 02 11:39:18.587911 dv-cinder-828459-2-smb devstack@c-api.service[112199]: INFO cinder.api.v3.volumes [None req-a8ad22eb-4749-442f-ba04-5356a6ab7d17 tempest-GroupSnapshotsTest-557382403 tempest-GroupSnapshotsTest-557382403-project] Create volume of 1 GB
Mar 02 11:39:18.599406 dv-cinder-828459-2-smb devstack@c-api.service[112199]: INFO cinder.volume.api [None req-a8ad22eb-4749-442f-ba04-5356a6ab7d17 tempest-GroupSnapshotsTest-557382403 tempest-GroupSnapshotsTest-557382403-project] Availability Zones retrieved successfully.
Mar 02 11:39:18.614990 dv-cinder-828459-2-smb devstack@c-api.service[112199]: DEBUG cinder.volume.api [None req-a8ad22eb-4749-442f-ba04-5356a6ab7d17 tempest-GroupSnapshotsTest-557382403 tempest-GroupSnapshotsTest-557382403-project] Flow 'volume_create_api' (4b520a39-16dd-464b-b7bf-86506e6d9d44) transitioned into state 'RUNNING' from state 'PENDING' {{(pid=112199) _flow_receiver /usr/local/lib/python3.8/dist-packages/taskflow/listeners/logging.py:141}}
Mar 02 11:39:18.617489 dv-cinder-828459-2-smb devstack@c-api.service[112199]: DEBUG cinder.volume.api [None req-a8ad22eb-4749-442f-ba04-5356a6ab7d17 tempest-GroupSnapshotsTest-557382403 tempest-GroupSnapshotsTest-557382403-project] Task 'cinder.volume.flows.api.create_volume.ExtractVolumeRequestTask;volume:create' (fcd8a5b9-cdd5-487b-8753-81aa79e509a4) transitioned into state 'RUNNING' from state 'PENDING' {{(pid=112199) _task_receiver /usr/local/lib/python3.8/dist-packages/taskflow/listeners/logging.py:190}}
Mar 02 11:39:18.619400 dv-cinder-828459-2-smb devstack@c-api.service[112199]: /usr/local/lib/python3.8/dist-packages/oslo_context/context.py:105: DeprecationWarning: Policy enforcement is depending on the value of is_admin. This key is deprecated. Please update your policy file to use the standard policy values.
Mar 02 11:39:18.619400 dv-cinder-828459-2-smb devstack@c-api.service[112199]: warnings.warn('Policy enforcement is depending on the value of '
Mar 02 11:39:18.620026 dv-cinder-828459-2-smb devstack@c-api.service[112199]: DEBUG cinder.volume.flows.api.create_volume [None req-a8ad22eb-4749-442f-ba04-5356a6ab7d17 tempest-GroupSnapshotsTest-557382403 tempest-GroupSnapshotsTest-557382403-project] Validating volume size '1' using validate_int {{(pid=112199) _extract_size /opt/stack/cinder/cinder/volume/flows/api/create_volume.py:225}}
Mar 02 11:39:18.644390 dv-cinder-828459-2-smb devstack@c-api.service[112199]: DEBUG cinder.volume.api [None req-a8ad22eb-4749-442f-ba04-5356a6ab7d17 tempest-GroupSnapshotsTest-557382403 tempest-GroupSnapshotsTest-557382403-project] Task 'cinder.volume.flows.api.create_volume.ExtractVolumeRequestTask;volume:create' (fcd8a5b9-cdd5-487b-8753-81aa79e509a4) transitioned into state 'SUCCESS' from state 'RUNNING' with result '{'size': 1, 'snapshot_id': None, 'source_volid': None, 'volume_type': VolumeType(created_at=2022-03-02T11:39:17Z,deleted=False,deleted_at=None,description=None,extra_specs={},id=74fac9e5-599f-4567-98c8-87f09083f40e,is_public=True,name='tempest-GroupSnapshotsTest-volume-type-1088397567',projects=[],qos_specs=,qos_specs_id=None,updated_at=None), 'volume_type_id': '74fac9e5-599f-4567-98c8-87f09083f40e', 'encryption_key_id': None, 'qos_specs': None, 'consistencygroup_id': None, 'cgsnapshot_id': None, 'group_id': '13e84840-240a-454b-85b3-5de21b2da35c', 'replication_status': 'disabled', 'refresh_az': False, 'backup_id': None, 'multiattach': False, 'availability_zones': ['nova']}' {{(pid=112199) _task_receiver /usr/local/lib/python3.8/dist-packages/taskflow/listeners/logging.py:178}}
Mar 02 11:39:18.653848 dv-cinder-828459-2-smb devstack@c-api.service[112199]: DEBUG cinder.volume.api [None req-a8ad22eb-4749-442f-ba04-5356a6ab7d17 tempest-GroupSnapshotsTest-557382403 tempest-GroupSnapshotsTest-557382403-project] Task 'cinder.volume.flows.api.create_volume.QuotaReserveTask;volume:create' (ed7666b0-6439-459d-a6de-45817f5fd48a) transitioned into state 'RUNNING' from state 'PENDING' {{(pid=112199) _task_receiver /usr/local/lib/python3.8/dist-packages/taskflow/listeners/logging.py:190}}
Mar 02 11:39:18.686883 dv-cinder-828459-2-smb devstack@c-api.service[112199]: WARNING cinder.quota [None req-a8ad22eb-4749-442f-ba04-5356a6ab7d17 tempest-GroupSnapshotsTest-557382403 tempest-GroupSnapshotsTest-557382403-project] Deprecated: Default quota for resource: volumes_tempest-GroupSnapshotsTest-volume-type-1088397567 is set by the default quota flag: quota_volumes_tempest-GroupSnapshotsTest-volume-type-1088397567, it is now deprecated. Please use the default quota class for default quota.
Mar 02 11:39:18.688897 dv-cinder-828459-2-smb devstack@c-api.service[112199]: WARNING cinder.quota [None req-a8ad22eb-4749-442f-ba04-5356a6ab7d17 tempest-GroupSnapshotsTest-557382403 tempest-GroupSnapshotsTest-557382403-project] Deprecated: Default quota for resource: gigabytes_tempest-GroupSnapshotsTest-volume-type-1088397567 is set by the default quota flag: quota_gigabytes_tempest-GroupSnapshotsTest-volume-type-1088397567, it is now deprecated. Please use the default quota class for default quota.
Mar 02 11:39:18.839131 dv-cinder-828459-2-smb devstack@c-api.service[112198]: DEBUG cinder.api.middleware.request_id [None req-f76047f1-609e-44ff-91ee-82fc93f3c116 None None] RequestId filter calling following filter/app {{(pid=112198) _context_setter /opt/stack/cinder/cinder/api/middleware/request_id.py:62}}
Mar 02 11:39:18.846091 dv-cinder-828459-2-smb devstack@c-api.service[112198]: INFO cinder.api.openstack.wsgi [None req-f76047f1-609e-44ff-91ee-82fc93f3c116 tempest-VolumeSnapshotQuotasNegativeTestJSON-1397829105 tempest-VolumeSnapshotQuotasNegativeTestJSON-1397829105-project] GET http://10.222.0.23/volume/v3/3e2e883979ba45979bf3abeacbec9d95/volumes/73cceaf8-6e49-4192-b7de-d1b0141bd8b5
Mar 02 11:39:18.847082 dv-cinder-828459-2-smb devstack@c-api.service[112198]: DEBUG cinder.api.openstack.wsgi [None req-f76047f1-609e-44ff-91ee-82fc93f3c116 tempest-VolumeSnapshotQuotasNegativeTestJSON-1397829105 tempest-VolumeSnapshotQuotasNegativeTestJSON-1397829105-project] Empty body provided in request {{(pid=112198) get_body /opt/stack/cinder/cinder/api/openstack/wsgi.py:715}}
Mar 02 11:39:18.848379 dv-cinder-828459-2-smb devstack@c-api.service[112198]: DEBUG cinder.api.openstack.wsgi [None req-f76047f1-609e-44ff-91ee-82fc93f3c116 tempest-VolumeSnapshotQuotasNegativeTestJSON-1397829105 tempest-VolumeSnapshotQuotasNegativeTestJSON-1397829105-project] Calling method 'show' {{(pid=112198) _process_stack /opt/stack/cinder/cinder/api/openstack/wsgi.py:868}}
Mar 02 11:39:18.858069 dv-cinder-828459-2-smb devstack@c-api.service[112199]: DEBUG cinder.quota [None req-a8ad22eb-4749-442f-ba04-5356a6ab7d17 tempest-GroupSnapshotsTest-557382403 tempest-GroupSnapshotsTest-557382403-project] Created reservations ['78e07ac6-cf1a-4c54-84a6-f912e5d20073', '5a89bb29-e319-44ee-b5b9-672aa644c272', '55a0566c-f8f5-4df1-a52b-71e5e7f02358', '6c8595af-dc86-4387-9d5c-65239f8e0d20'] {{(pid=112199) reserve /opt/stack/cinder/cinder/quota.py:755}}
Mar 02 11:39:18.861416 dv-cinder-828459-2-smb devstack@c-api.service[112199]: DEBUG cinder.volume.api [None req-a8ad22eb-4749-442f-ba04-5356a6ab7d17 tempest-GroupSnapshotsTest-557382403 tempest-GroupSnapshotsTest-557382403-project] Task 'cinder.volume.flows.api.create_volume.QuotaReserveTask;volume:create' (ed7666b0-6439-459d-a6de-45817f5fd48a) transitioned into state 'SUCCESS' from state 'RUNNING' with result '{'reservations': ['78e07ac6-cf1a-4c54-84a6-f912e5d20073', '5a89bb29-e319-44ee-b5b9-672aa644c272', '55a0566c-f8f5-4df1-a52b-71e5e7f02358', '6c8595af-dc86-4387-9d5c-65239f8e0d20']}' {{(pid=112199) _task_receiver /usr/local/lib/python3.8/dist-packages/taskflow/listeners/logging.py:178}}
Mar 02 11:39:18.865340 dv-cinder-828459-2-smb devstack@c-api.service[112199]: DEBUG cinder.volume.api [None req-a8ad22eb-4749-442f-ba04-5356a6ab7d17 tempest-GroupSnapshotsTest-557382403 tempest-GroupSnapshotsTest-557382403-project] Task 'cinder.volume.flows.api.create_volume.EntryCreateTask;volume:create' (38151915-7d28-48f2-851e-3effb1df97ce) transitioned into state 'RUNNING' from state 'PENDING' {{(pid=112199) _task_receiver /usr/local/lib/python3.8/dist-packages/taskflow/listeners/logging.py:190}}
Mar 02 11:39:18.884023 dv-cinder-828459-2-smb devstack@c-api.service[112198]: /usr/local/lib/python3.8/dist-packages/oslo_context/context.py:105: DeprecationWarning: Policy enforcement is depending on the value of is_admin. This key is deprecated. Please update your policy file to use the standard policy values.
Mar 02 11:39:18.884023 dv-cinder-828459-2-smb devstack@c-api.service[112198]: warnings.warn('Policy enforcement is depending on the value of '
Mar 02 11:39:18.892381 dv-cinder-828459-2-smb devstack@c-api.service[112198]: INFO cinder.volume.api [None req-f76047f1-609e-44ff-91ee-82fc93f3c116 tempest-VolumeSnapshotQuotasNegativeTestJSON-1397829105 tempest-VolumeSnapshotQuotasNegativeTestJSON-1397829105-project] Volume info retrieved successfully.
Mar 02 11:39:18.903367 dv-cinder-828459-2-smb devstack@c-api.service[112198]: INFO cinder.api.openstack.wsgi [None req-f76047f1-609e-44ff-91ee-82fc93f3c116 tempest-VolumeSnapshotQuotasNegativeTestJSON-1397829105 tempest-VolumeSnapshotQuotasNegativeTestJSON-1397829105-project] http://10.222.0.23/volume/v3/3e2e883979ba45979bf3abeacbec9d95/volumes/73cceaf8-6e49-4192-b7de-d1b0141bd8b5 returned with HTTP 200
Mar 02 11:39:18.904953 dv-cinder-828459-2-smb devstack@c-api.service[112198]: [pid: 112198|app: 0|req: 175/356] 10.222.0.23 () {58 vars in 1324 bytes} [Wed Mar 2 11:39:18 2022] GET /volume/v3/3e2e883979ba45979bf3abeacbec9d95/volumes/73cceaf8-6e49-4192-b7de-d1b0141bd8b5 => generated 929 bytes in 67 msecs (HTTP/1.1 200) 7 headers in 285 bytes (1 switches on core 0)
Mar 02 11:39:18.920204 dv-cinder-828459-2-smb devstack@c-api.service[112198]: DEBUG cinder.api.middleware.request_id [None req-7a646be7-87ae-41a2-85dd-34eb715f5a11 None None] RequestId filter calling following filter/app {{(pid=112198) _context_setter /opt/stack/cinder/cinder/api/middleware/request_id.py:62}}
Mar 02 11:39:18.925368 dv-cinder-828459-2-smb devstack@c-api.service[112198]: INFO cinder.api.openstack.wsgi [None req-7a646be7-87ae-41a2-85dd-34eb715f5a11 tempest-VolumeSnapshotQuotasNegativeTestJSON-1397829105 tempest-VolumeSnapshotQuotasNegativeTestJSON-1397829105-project] POST http://10.222.0.23/volume/v3/3e2e883979ba45979bf3abeacbec9d95/snapshots
Mar 02 11:39:18.926147 dv-cinder-828459-2-smb devstack@c-api.service[112198]: DEBUG cinder.api.openstack.wsgi [None req-7a646be7-87ae-41a2-85dd-34eb715f5a11 tempest-VolumeSnapshotQuotasNegativeTestJSON-1397829105 tempest-VolumeSnapshotQuotasNegativeTestJSON-1397829105-project] Action: 'create', calling method: create, body: {"snapshot": {"volume_id": "73cceaf8-6e49-4192-b7de-d1b0141bd8b5", "name": "tempest-VolumeSnapshotQuotasNegativeTestJSON-Snapshot-1680651384"}} {{(pid=112198) _process_stack /opt/stack/cinder/cinder/api/openstack/wsgi.py:866}}
Mar 02 11:39:18.946631 dv-cinder-828459-2-smb devstack@c-api.service[112198]: /usr/local/lib/python3.8/dist-packages/oslo_context/context.py:105: DeprecationWarning: Policy enforcement is depending on the value of is_admin. This key is deprecated. Please update your policy file to use the standard policy values.
Mar 02 11:39:18.946631 dv-cinder-828459-2-smb devstack@c-api.service[112198]: warnings.warn('Policy enforcement is depending on the value of '
Mar 02 11:39:18.952186 dv-cinder-828459-2-smb devstack@c-api.service[112198]: INFO cinder.volume.api [None req-7a646be7-87ae-41a2-85dd-34eb715f5a11 tempest-VolumeSnapshotQuotasNegativeTestJSON-1397829105 tempest-VolumeSnapshotQuotasNegativeTestJSON-1397829105-project] Volume info retrieved successfully.
Mar 02 11:39:18.956046 dv-cinder-828459-2-smb devstack@c-api.service[112198]: INFO cinder.api.v3.snapshots [None req-7a646be7-87ae-41a2-85dd-34eb715f5a11 tempest-VolumeSnapshotQuotasNegativeTestJSON-1397829105 tempest-VolumeSnapshotQuotasNegativeTestJSON-1397829105-project] Create snapshot from volume 73cceaf8-6e49-4192-b7de-d1b0141bd8b5
Mar 02 11:39:18.966565 dv-cinder-828459-2-smb devstack@c-api.service[112199]: DEBUG cinder.volume.api [None req-a8ad22eb-4749-442f-ba04-5356a6ab7d17 tempest-GroupSnapshotsTest-557382403 tempest-GroupSnapshotsTest-557382403-project] Task 'cinder.volume.flows.api.create_volume.EntryCreateTask;volume:create' (38151915-7d28-48f2-851e-3effb1df97ce) transitioned into state 'SUCCESS' from state 'RUNNING' with result '{'volume_id': '315a60c7-2357-4f5c-9477-d93eaf018c09', 'volume_properties': VolumeProperties(attach_status='detached',availability_zone='nova',cgsnapshot_id=None,consistencygroup_id=None,display_description=None,display_name='tempest-GroupSnapshotsTest-Volume-1863306073',encryption_key_id=None,group_id=13e84840-240a-454b-85b3-5de21b2da35c,group_type_id=,metadata={},multiattach=False,project_id='10bee2686ac74b25a4af84eeb8502168',qos_specs=None,replication_status=,reservations=['78e07ac6-cf1a-4c54-84a6-f912e5d20073','5a89bb29-e319-44ee-b5b9-672aa644c272','55a0566c-f8f5-4df1-a52b-71e5e7f02358','6c8595af-dc86-4387-9d5c-65239f8e0d20'],size=1,snapshot_id=None,source_replicaid=,source_volid=None,status='creating',user_id='ddcc878269064371b23e2f5fb775974d',volume_type_id=74fac9e5-599f-4567-98c8-87f09083f40e), 'volume': Volume(_name_id=None,admin_metadata=,attach_status='detached',availability_zone='nova',bootable=False,cluster=,cluster_name=None,consistencygroup=,consistencygroup_id=None,created_at=2022-03-02T11:39:18Z,deleted=False,deleted_at=None,display_description=None,display_name='tempest-GroupSnapshotsTest-Volume-1863306073',ec2_id=None,encryption_key_id=None,glance_metadata=,group=,group_id=13e84840-240a-454b-85b3-5de21b2da35c,host=None,id=315a60c7-2357-4f5c-9477-d93eaf018c09,launched_at=None,metadata={},migration_status=None,multiattach=False,previous_status=None,project_id='10bee2686ac74b25a4af84eeb8502168',provider_auth=None,provider_geometry=None,provider_id=None,provider_location=None,replication_driver_data=None,replication_extended_status=None,replication_status=None,scheduled_at=None,service_uuid=None,shared_targets=True,size=1,snapshot_id=None,snapshots=,source_volid=None,status='creating',terminated_at=None,updated_at=None,use_quota=True,user_id='ddcc878269064371b23e2f5fb775974d',volume_attachment=VolumeAttachmentList,volume_type=VolumeType(74fac9e5-599f-4567-98c8-87f09083f40e),volume_type_id=74fac9e5-599f-4567-98c8-87f09083f40e)}' {{(pid=112199) _task_receiver /usr/local/lib/python3.8/dist-packages/taskflow/listeners/logging.py:178}}
Mar 02 11:39:18.971196 dv-cinder-828459-2-smb devstack@c-api.service[112199]: DEBUG cinder.volume.api [None req-a8ad22eb-4749-442f-ba04-5356a6ab7d17 tempest-GroupSnapshotsTest-557382403 tempest-GroupSnapshotsTest-557382403-project] Task 'cinder.volume.flows.api.create_volume.QuotaCommitTask;volume:create' (e6b52f9c-0d68-461e-9b05-b37286a6a4d6) transitioned into state 'RUNNING' from state 'PENDING' {{(pid=112199) _task_receiver /usr/local/lib/python3.8/dist-packages/taskflow/listeners/logging.py:190}}
Mar 02 11:39:19.111121 dv-cinder-828459-2-smb devstack@c-api.service[112199]: DEBUG cinder.volume.api [None req-a8ad22eb-4749-442f-ba04-5356a6ab7d17 tempest-GroupSnapshotsTest-557382403 tempest-GroupSnapshotsTest-557382403-project] Task 'cinder.volume.flows.api.create_volume.QuotaCommitTask;volume:create' (e6b52f9c-0d68-461e-9b05-b37286a6a4d6) transitioned into state 'SUCCESS' from state 'RUNNING' with result '{'volume_properties': VolumeProperties(attach_status='detached',availability_zone='nova',cgsnapshot_id=None,consistencygroup_id=None,display_description=None,display_name='tempest-GroupSnapshotsTest-Volume-1863306073',encryption_key_id=None,group_id=13e84840-240a-454b-85b3-5de21b2da35c,group_type_id=,metadata={},multiattach=False,project_id='10bee2686ac74b25a4af84eeb8502168',qos_specs=None,replication_status=,reservations=['78e07ac6-cf1a-4c54-84a6-f912e5d20073','5a89bb29-e319-44ee-b5b9-672aa644c272','55a0566c-f8f5-4df1-a52b-71e5e7f02358','6c8595af-dc86-4387-9d5c-65239f8e0d20'],size=1,snapshot_id=None,source_replicaid=,source_volid=None,status='creating',user_id='ddcc878269064371b23e2f5fb775974d',volume_type_id=74fac9e5-599f-4567-98c8-87f09083f40e)}' {{(pid=112199) _task_receiver /usr/local/lib/python3.8/dist-packages/taskflow/listeners/logging.py:178}}
Mar 02 11:39:19.113558 dv-cinder-828459-2-smb devstack@c-api.service[112199]: DEBUG cinder.volume.api [None req-a8ad22eb-4749-442f-ba04-5356a6ab7d17 tempest-GroupSnapshotsTest-557382403 tempest-GroupSnapshotsTest-557382403-project] Task 'cinder.volume.flows.api.create_volume.VolumeCastTask;volume:create' (ede2922c-364c-4454-955e-6ce9aacee3f5) transitioned into state 'RUNNING' from state 'PENDING' {{(pid=112199) _task_receiver /usr/local/lib/python3.8/dist-packages/taskflow/listeners/logging.py:190}}
Mar 02 11:39:19.281059 dv-cinder-828459-2-smb devstack@c-api.service[112199]: DEBUG cinder.volume.api [None req-a8ad22eb-4749-442f-ba04-5356a6ab7d17 tempest-GroupSnapshotsTest-557382403 tempest-GroupSnapshotsTest-557382403-project] Task 'cinder.volume.flows.api.create_volume.VolumeCastTask;volume:create' (ede2922c-364c-4454-955e-6ce9aacee3f5) transitioned into state 'SUCCESS' from state 'RUNNING' with result 'None' {{(pid=112199) _task_receiver /usr/local/lib/python3.8/dist-packages/taskflow/listeners/logging.py:178}}
Mar 02 11:39:19.287086 dv-cinder-828459-2-smb devstack@c-api.service[112199]: DEBUG cinder.volume.api [None req-a8ad22eb-4749-442f-ba04-5356a6ab7d17 tempest-GroupSnapshotsTest-557382403 tempest-GroupSnapshotsTest-557382403-project] Flow 'volume_create_api' (4b520a39-16dd-464b-b7bf-86506e6d9d44) transitioned into state 'SUCCESS' from state 'RUNNING' {{(pid=112199) _flow_receiver /usr/local/lib/python3.8/dist-packages/taskflow/listeners/logging.py:141}}
Mar 02 11:39:19.288222 dv-cinder-828459-2-smb devstack@c-api.service[112199]: INFO cinder.volume.api [None req-a8ad22eb-4749-442f-ba04-5356a6ab7d17 tempest-GroupSnapshotsTest-557382403 tempest-GroupSnapshotsTest-557382403-project] Create volume request issued successfully.
Mar 02 11:39:19.290599 dv-cinder-828459-2-smb devstack@c-api.service[112199]: WARNING stevedore.named [None req-a8ad22eb-4749-442f-ba04-5356a6ab7d17 tempest-GroupSnapshotsTest-557382403 tempest-GroupSnapshotsTest-557382403-project] Could not load cinder.keymgr.conf_key_mgr.ConfKeyManager
Mar 02 11:39:19.291210 dv-cinder-828459-2-smb devstack@c-api.service[112199]: WARNING castellan.key_manager [None req-a8ad22eb-4749-442f-ba04-5356a6ab7d17 tempest-GroupSnapshotsTest-557382403 tempest-GroupSnapshotsTest-557382403-project] Deprecation Warning : cinder.keymgr.conf_key_mgr.ConfKeyManager is not a stevedore based driver, trying to load it as a class: stevedore.exception.NoMatches: No 'castellan.drivers' driver found, looking for 'cinder.keymgr.conf_key_mgr.ConfKeyManager'
Mar 02 11:39:19.294019 dv-cinder-828459-2-smb devstack@c-api.service[112198]: DEBUG cinder.quota [None req-7a646be7-87ae-41a2-85dd-34eb715f5a11 tempest-VolumeSnapshotQuotasNegativeTestJSON-1397829105 tempest-VolumeSnapshotQuotasNegativeTestJSON-1397829105-project] Created reservations ['493105ca-882f-40b4-92d3-870dff7cd5b7', 'c90fb49a-6cc8-495f-affe-02940114f755', 'b4cd0719-d931-4e9e-8fa6-09dd408406c2', '1acd46fb-7065-4471-92d5-0f8594efd8fd'] {{(pid=112198) reserve /opt/stack/cinder/cinder/quota.py:755}}
Mar 02 11:39:19.302813 dv-cinder-828459-2-smb devstack@c-api.service[112199]: DEBUG oslo_db.sqlalchemy.engines [None req-a8ad22eb-4749-442f-ba04-5356a6ab7d17 tempest-GroupSnapshotsTest-557382403 tempest-GroupSnapshotsTest-557382403-project] MySQL server mode set to STRICT_TRANS_TABLES,STRICT_ALL_TABLES,NO_ZERO_IN_DATE,NO_ZERO_DATE,ERROR_FOR_DIVISION_BY_ZERO,TRADITIONAL,NO_ENGINE_SUBSTITUTION {{(pid=112199) _check_effective_sql_mode /usr/local/lib/python3.8/dist-packages/oslo_db/sqlalchemy/engines.py:314}}
Mar 02 11:39:19.311452 dv-cinder-828459-2-smb devstack@c-api.service[112199]: /usr/local/lib/python3.8/dist-packages/oslo_context/context.py:105: DeprecationWarning: Policy enforcement is depending on the value of is_admin. This key is deprecated. Please update your policy file to use the standard policy values.
Mar 02 11:39:19.311452 dv-cinder-828459-2-smb devstack@c-api.service[112199]: warnings.warn('Policy enforcement is depending on the value of '
Mar 02 11:39:19.322714 dv-cinder-828459-2-smb devstack@c-api.service[112199]: INFO cinder.api.openstack.wsgi [None req-a8ad22eb-4749-442f-ba04-5356a6ab7d17 tempest-GroupSnapshotsTest-557382403 tempest-GroupSnapshotsTest-557382403-project] http://10.222.0.23/volume/v3/10bee2686ac74b25a4af84eeb8502168/volumes returned with HTTP 202
Mar 02 11:39:19.324078 dv-cinder-828459-2-smb devstack@c-api.service[112199]: [pid: 112199|app: 0|req: 182/357] 10.222.0.23 () {62 vars in 1276 bytes} [Wed Mar 2 11:39:18 2022] POST /volume/v3/10bee2686ac74b25a4af84eeb8502168/volumes => generated 908 bytes in 758 msecs (HTTP/1.1 202) 7 headers in 292 bytes (2 switches on core 0)
Mar 02 11:39:19.326446 dv-cinder-828459-2-smb devstack@c-api.service[112199]: DEBUG cinder.api.middleware.request_id [None req-4b0c3a0c-15d9-435a-8fa6-d233837b2457 None None] RequestId filter calling following filter/app {{(pid=112199) _context_setter /opt/stack/cinder/cinder/api/middleware/request_id.py:62}}
Mar 02 11:39:19.627322 dv-cinder-828459-2-smb devstack@c-api.service[112198]: INFO cinder.volume.api [None req-7a646be7-87ae-41a2-85dd-34eb715f5a11 tempest-VolumeSnapshotQuotasNegativeTestJSON-1397829105 tempest-VolumeSnapshotQuotasNegativeTestJSON-1397829105-project] Snapshot create request issued successfully.
Mar 02 11:39:19.629733 dv-cinder-828459-2-smb devstack@c-api.service[112199]: INFO cinder.api.openstack.wsgi [None req-4b0c3a0c-15d9-435a-8fa6-d233837b2457 tempest-VolumeRetypeWithoutMigrationTest-246438740 tempest-VolumeRetypeWithoutMigrationTest-246438740-project-admin] POST http://10.222.0.23/volume/v3/781221d277134e51954689b7a7053f36/types
Mar 02 11:39:19.632077 dv-cinder-828459-2-smb devstack@c-api.service[112198]: INFO cinder.api.openstack.wsgi [None req-7a646be7-87ae-41a2-85dd-34eb715f5a11 tempest-VolumeSnapshotQuotasNegativeTestJSON-1397829105 tempest-VolumeSnapshotQuotasNegativeTestJSON-1397829105-project] http://10.222.0.23/volume/v3/3e2e883979ba45979bf3abeacbec9d95/snapshots returned with HTTP 202
Mar 02 11:39:19.635597 dv-cinder-828459-2-smb devstack@c-api.service[112199]: DEBUG cinder.api.openstack.wsgi [None req-4b0c3a0c-15d9-435a-8fa6-d233837b2457 tempest-VolumeRetypeWithoutMigrationTest-246438740 tempest-VolumeRetypeWithoutMigrationTest-246438740-project-admin] Action: 'create', calling method: _create, body: {"volume_type": {"name": "volume-type-1"}} {{(pid=112199) _process_stack /opt/stack/cinder/cinder/api/openstack/wsgi.py:866}}
Mar 02 11:39:19.642739 dv-cinder-828459-2-smb devstack@c-api.service[112198]: [pid: 112198|app: 0|req: 176/358] 10.222.0.23 () {60 vars in 1241 bytes} [Wed Mar 2 11:39:18 2022] POST /volume/v3/3e2e883979ba45979bf3abeacbec9d95/snapshots => generated 323 bytes in 724 msecs (HTTP/1.1 202) 7 headers in 291 bytes (2 switches on core 0)
Mar 02 11:39:19.647324 dv-cinder-828459-2-smb devstack@c-api.service[112198]: DEBUG cinder.api.middleware.request_id [None req-877ffa4d-2eef-4f91-ad50-a377f8ba59f2 None None] RequestId filter calling following filter/app {{(pid=112198) _context_setter /opt/stack/cinder/cinder/api/middleware/request_id.py:62}}
Mar 02 11:39:19.655044 dv-cinder-828459-2-smb devstack@c-api.service[112198]: INFO cinder.api.openstack.wsgi [None req-877ffa4d-2eef-4f91-ad50-a377f8ba59f2 tempest-GroupSnapshotsTest-557382403 tempest-GroupSnapshotsTest-557382403-project] GET http://10.222.0.23/volume/v3/10bee2686ac74b25a4af84eeb8502168/volumes/315a60c7-2357-4f5c-9477-d93eaf018c09
Mar 02 11:39:19.656688 dv-cinder-828459-2-smb devstack@c-api.service[112198]: DEBUG cinder.api.openstack.wsgi [None req-877ffa4d-2eef-4f91-ad50-a377f8ba59f2 tempest-GroupSnapshotsTest-557382403 tempest-GroupSnapshotsTest-557382403-project] Empty body provided in request {{(pid=112198) get_body /opt/stack/cinder/cinder/api/openstack/wsgi.py:715}}
Mar 02 11:39:19.663207 dv-cinder-828459-2-smb devstack@c-api.service[112198]: DEBUG cinder.api.openstack.wsgi [None req-877ffa4d-2eef-4f91-ad50-a377f8ba59f2 tempest-GroupSnapshotsTest-557382403 tempest-GroupSnapshotsTest-557382403-project] Calling method 'show' {{(pid=112198) _process_stack /opt/stack/cinder/cinder/api/openstack/wsgi.py:868}}
Mar 02 11:39:19.712541 dv-cinder-828459-2-smb devstack@c-api.service[112198]: /usr/local/lib/python3.8/dist-packages/oslo_context/context.py:105: DeprecationWarning: Policy enforcement is depending on the value of is_admin. This key is deprecated. Please update your policy file to use the standard policy values.
Mar 02 11:39:19.712541 dv-cinder-828459-2-smb devstack@c-api.service[112198]: warnings.warn('Policy enforcement is depending on the value of '
Mar 02 11:39:19.740166 dv-cinder-828459-2-smb devstack@c-api.service[112198]: INFO cinder.volume.api [None req-877ffa4d-2eef-4f91-ad50-a377f8ba59f2 tempest-GroupSnapshotsTest-557382403 tempest-GroupSnapshotsTest-557382403-project] Volume info retrieved successfully.
Mar 02 11:39:19.742878 dv-cinder-828459-2-smb devstack@c-api.service[112198]: WARNING stevedore.named [None req-877ffa4d-2eef-4f91-ad50-a377f8ba59f2 tempest-GroupSnapshotsTest-557382403 tempest-GroupSnapshotsTest-557382403-project] Could not load cinder.keymgr.conf_key_mgr.ConfKeyManager
Mar 02 11:39:19.743513 dv-cinder-828459-2-smb devstack@c-api.service[112198]: WARNING castellan.key_manager [None req-877ffa4d-2eef-4f91-ad50-a377f8ba59f2 tempest-GroupSnapshotsTest-557382403 tempest-GroupSnapshotsTest-557382403-project] Deprecation Warning : cinder.keymgr.conf_key_mgr.ConfKeyManager is not a stevedore based driver, trying to load it as a class: stevedore.exception.NoMatches: No 'castellan.drivers' driver found, looking for 'cinder.keymgr.conf_key_mgr.ConfKeyManager'
Mar 02 11:39:19.763042 dv-cinder-828459-2-smb devstack@c-api.service[112198]: DEBUG oslo_db.sqlalchemy.engines [None req-877ffa4d-2eef-4f91-ad50-a377f8ba59f2 tempest-GroupSnapshotsTest-557382403 tempest-GroupSnapshotsTest-557382403-project] MySQL server mode set to STRICT_TRANS_TABLES,STRICT_ALL_TABLES,NO_ZERO_IN_DATE,NO_ZERO_DATE,ERROR_FOR_DIVISION_BY_ZERO,TRADITIONAL,NO_ENGINE_SUBSTITUTION {{(pid=112198) _check_effective_sql_mode /usr/local/lib/python3.8/dist-packages/oslo_db/sqlalchemy/engines.py:314}}
