Mar 02 11:31:02.896443 dv-cinder-828459-2-iscsi devstack@n-api.service[109437]: DEBUG nova.api.openstack.wsgi_app [-] oslo_limit.endpoint_override = None {{(pid=109437) log_opt_values /usr/local/lib/python3.8/dist-packages/oslo_config/cfg.py:2609}}
Mar 02 11:31:02.896763 dv-cinder-828459-2-iscsi devstack@n-api.service[109437]: DEBUG nova.api.openstack.wsgi_app [-] oslo_limit.insecure = False {{(pid=109437) log_opt_values /usr/local/lib/python3.8/dist-packages/oslo_config/cfg.py:2609}}
Mar 02 11:31:02.897082 dv-cinder-828459-2-iscsi devstack@n-api.service[109437]: DEBUG nova.api.openstack.wsgi_app [-] oslo_limit.keyfile = None {{(pid=109437) log_opt_values /usr/local/lib/python3.8/dist-packages/oslo_config/cfg.py:2609}}
Mar 02 11:31:02.897393 dv-cinder-828459-2-iscsi devstack@n-api.service[109437]: DEBUG nova.api.openstack.wsgi_app [-] oslo_limit.max_version = None {{(pid=109437) log_opt_values /usr/local/lib/python3.8/dist-packages/oslo_config/cfg.py:2609}}
Mar 02 11:31:02.897707 dv-cinder-828459-2-iscsi devstack@n-api.service[109437]: DEBUG nova.api.openstack.wsgi_app [-] oslo_limit.min_version = None {{(pid=109437) log_opt_values /usr/local/lib/python3.8/dist-packages/oslo_config/cfg.py:2609}}
Mar 02 11:31:02.898263 dv-cinder-828459-2-iscsi devstack@n-api.service[109437]: DEBUG nova.api.openstack.wsgi_app [-] oslo_limit.region_name = None {{(pid=109437) log_opt_values /usr/local/lib/python3.8/dist-packages/oslo_config/cfg.py:2609}}
Mar 02 11:31:02.898356 dv-cinder-828459-2-iscsi devstack@n-api.service[109437]: DEBUG nova.api.openstack.wsgi_app [-] oslo_limit.service_name = None {{(pid=109437) log_opt_values /usr/local/lib/python3.8/dist-packages/oslo_config/cfg.py:2609}}
Mar 02 11:31:02.898676 dv-cinder-828459-2-iscsi devstack@n-api.service[109437]: DEBUG nova.api.openstack.wsgi_app [-] oslo_limit.service_type = None {{(pid=109437) log_opt_values /usr/local/lib/python3.8/dist-packages/oslo_config/cfg.py:2609}}
Mar 02 11:31:02.898994 dv-cinder-828459-2-iscsi devstack@n-api.service[109437]: DEBUG nova.api.openstack.wsgi_app [-] oslo_limit.split_loggers = False {{(pid=109437) log_opt_values /usr/local/lib/python3.8/dist-packages/oslo_config/cfg.py:2609}}
Mar 02 11:31:02.899334 dv-cinder-828459-2-iscsi devstack@n-api.service[109437]: DEBUG nova.api.openstack.wsgi_app [-] oslo_limit.status_code_retries = None {{(pid=109437) log_opt_values /usr/local/lib/python3.8/dist-packages/oslo_config/cfg.py:2609}}
Mar 02 11:31:02.899651 dv-cinder-828459-2-iscsi devstack@n-api.service[109437]: DEBUG nova.api.openstack.wsgi_app [-] oslo_limit.status_code_retry_delay = None {{(pid=109437) log_opt_values /usr/local/lib/python3.8/dist-packages/oslo_config/cfg.py:2609}}
Mar 02 11:31:02.899967 dv-cinder-828459-2-iscsi devstack@n-api.service[109437]: DEBUG nova.api.openstack.wsgi_app [-] oslo_limit.timeout = None {{(pid=109437) log_opt_values /usr/local/lib/python3.8/dist-packages/oslo_config/cfg.py:2609}}
Mar 02 11:31:02.900283 dv-cinder-828459-2-iscsi devstack@n-api.service[109437]: DEBUG nova.api.openstack.wsgi_app [-] oslo_limit.valid_interfaces = None {{(pid=109437) log_opt_values /usr/local/lib/python3.8/dist-packages/oslo_config/cfg.py:2609}}
Mar 02 11:31:02.900596 dv-cinder-828459-2-iscsi devstack@n-api.service[109437]: DEBUG nova.api.openstack.wsgi_app [-] oslo_limit.version = None {{(pid=109437) log_opt_values /usr/local/lib/python3.8/dist-packages/oslo_config/cfg.py:2609}}
Mar 02 11:31:02.900943 dv-cinder-828459-2-iscsi devstack@n-api.service[109437]: DEBUG nova.api.openstack.wsgi_app [-] oslo_middleware.http_basic_auth_user_file = /etc/htpasswd {{(pid=109437) log_opt_values /usr/local/lib/python3.8/dist-packages/oslo_config/cfg.py:2609}}
Mar 02 11:31:02.901286 dv-cinder-828459-2-iscsi devstack@n-api.service[109437]: DEBUG nova.api.openstack.wsgi_app [-] profiler.connection_string = messaging:// {{(pid=109437) log_opt_values /usr/local/lib/python3.8/dist-packages/oslo_config/cfg.py:2609}}
Mar 02 11:31:02.901620 dv-cinder-828459-2-iscsi devstack@n-api.service[109437]: DEBUG nova.api.openstack.wsgi_app [-] profiler.enabled = False {{(pid=109437) log_opt_values /usr/local/lib/python3.8/dist-packages/oslo_config/cfg.py:2609}}
Mar 02 11:31:02.901950 dv-cinder-828459-2-iscsi devstack@n-api.service[109437]: DEBUG nova.api.openstack.wsgi_app [-] profiler.es_doc_type = notification {{(pid=109437) log_opt_values /usr/local/lib/python3.8/dist-packages/oslo_config/cfg.py:2609}}
Mar 02 11:31:02.902282 dv-cinder-828459-2-iscsi devstack@n-api.service[109437]: DEBUG nova.api.openstack.wsgi_app [-] profiler.es_scroll_size = 10000 {{(pid=109437) log_opt_values /usr/local/lib/python3.8/dist-packages/oslo_config/cfg.py:2609}}
Mar 02 11:31:02.902611 dv-cinder-828459-2-iscsi devstack@n-api.service[109437]: DEBUG nova.api.openstack.wsgi_app [-] profiler.es_scroll_time = 2m {{(pid=109437) log_opt_values /usr/local/lib/python3.8/dist-packages/oslo_config/cfg.py:2609}}
Mar 02 11:31:02.902930 dv-cinder-828459-2-iscsi devstack@n-api.service[109437]: DEBUG nova.api.openstack.wsgi_app [-] profiler.filter_error_trace = False {{(pid=109437) log_opt_values /usr/local/lib/python3.8/dist-packages/oslo_config/cfg.py:2609}}
Mar 02 11:31:02.903296 dv-cinder-828459-2-iscsi devstack@n-api.service[109437]: DEBUG nova.api.openstack.wsgi_app [-] profiler.hmac_keys = SECRET_KEY {{(pid=109437) log_opt_values /usr/local/lib/python3.8/dist-packages/oslo_config/cfg.py:2609}}
Mar 02 11:31:02.903628 dv-cinder-828459-2-iscsi devstack@n-api.service[109437]: DEBUG nova.api.openstack.wsgi_app [-] profiler.sentinel_service_name = mymaster {{(pid=109437) log_opt_values /usr/local/lib/python3.8/dist-packages/oslo_config/cfg.py:2609}}
Mar 02 11:31:02.903959 dv-cinder-828459-2-iscsi devstack@n-api.service[109437]: DEBUG nova.api.openstack.wsgi_app [-] profiler.socket_timeout = 0.1 {{(pid=109437) log_opt_values /usr/local/lib/python3.8/dist-packages/oslo_config/cfg.py:2609}}
Mar 02 11:31:02.904275 dv-cinder-828459-2-iscsi devstack@n-api.service[109437]: DEBUG nova.api.openstack.wsgi_app [-] profiler.trace_sqlalchemy = False {{(pid=109437) log_opt_values /usr/local/lib/python3.8/dist-packages/oslo_config/cfg.py:2609}}
Mar 02 11:31:02.904620 dv-cinder-828459-2-iscsi devstack@n-api.service[109437]: DEBUG nova.api.openstack.wsgi_app [-] oslo_messaging_rabbit.amqp_auto_delete = False {{(pid=109437) log_opt_values /usr/local/lib/python3.8/dist-packages/oslo_config/cfg.py:2609}}
Mar 02 11:31:02.904942 dv-cinder-828459-2-iscsi devstack@n-api.service[109437]: DEBUG nova.api.openstack.wsgi_app [-] oslo_messaging_rabbit.amqp_durable_queues = False {{(pid=109437) log_opt_values /usr/local/lib/python3.8/dist-packages/oslo_config/cfg.py:2609}}
Mar 02 11:31:02.905268 dv-cinder-828459-2-iscsi devstack@n-api.service[109437]: DEBUG nova.api.openstack.wsgi_app [-] oslo_messaging_rabbit.conn_pool_min_size = 2 {{(pid=109437) log_opt_values /usr/local/lib/python3.8/dist-packages/oslo_config/cfg.py:2609}}
Mar 02 11:31:02.905592 dv-cinder-828459-2-iscsi devstack@n-api.service[109437]: DEBUG nova.api.openstack.wsgi_app [-] oslo_messaging_rabbit.conn_pool_ttl = 1200 {{(pid=109437) log_opt_values /usr/local/lib/python3.8/dist-packages/oslo_config/cfg.py:2609}}
Mar 02 11:31:02.905914 dv-cinder-828459-2-iscsi devstack@n-api.service[109437]: DEBUG nova.api.openstack.wsgi_app [-] oslo_messaging_rabbit.direct_mandatory_flag = True {{(pid=109437) log_opt_values /usr/local/lib/python3.8/dist-packages/oslo_config/cfg.py:2609}}
Mar 02 11:31:02.906242 dv-cinder-828459-2-iscsi devstack@n-api.service[109437]: DEBUG nova.api.openstack.wsgi_app [-] oslo_messaging_rabbit.enable_cancel_on_failover = False {{(pid=109437) log_opt_values /usr/local/lib/python3.8/dist-packages/oslo_config/cfg.py:2609}}
Mar 02 11:31:02.906562 dv-cinder-828459-2-iscsi devstack@n-api.service[109437]: DEBUG nova.api.openstack.wsgi_app [-] oslo_messaging_rabbit.heartbeat_in_pthread = True {{(pid=109437) log_opt_values /usr/local/lib/python3.8/dist-packages/oslo_config/cfg.py:2609}}
Mar 02 11:31:02.906901 dv-cinder-828459-2-iscsi devstack@n-api.service[109437]: DEBUG nova.api.openstack.wsgi_app [-] oslo_messaging_rabbit.heartbeat_rate = 3 {{(pid=109437) log_opt_values /usr/local/lib/python3.8/dist-packages/oslo_config/cfg.py:2609}}
Mar 02 11:31:02.907271 dv-cinder-828459-2-iscsi devstack@n-api.service[109437]: DEBUG nova.api.openstack.wsgi_app [-] oslo_messaging_rabbit.heartbeat_timeout_threshold = 600 {{(pid=109437) log_opt_values /usr/local/lib/python3.8/dist-packages/oslo_config/cfg.py:2609}}
Mar 02 11:31:02.907590 dv-cinder-828459-2-iscsi devstack@n-api.service[109437]: DEBUG nova.api.openstack.wsgi_app [-] oslo_messaging_rabbit.kombu_compression = None {{(pid=109437) log_opt_values /usr/local/lib/python3.8/dist-packages/oslo_config/cfg.py:2609}}
Mar 02 11:31:02.907928 dv-cinder-828459-2-iscsi devstack@n-api.service[109437]: DEBUG nova.api.openstack.wsgi_app [-] oslo_messaging_rabbit.kombu_failover_strategy = round-robin {{(pid=109437) log_opt_values /usr/local/lib/python3.8/dist-packages/oslo_config/cfg.py:2609}}
Mar 02 11:31:02.908263 dv-cinder-828459-2-iscsi devstack@n-api.service[109437]: DEBUG nova.api.openstack.wsgi_app [-] oslo_messaging_rabbit.kombu_missing_consumer_retry_timeout = 60 {{(pid=109437) log_opt_values /usr/local/lib/python3.8/dist-packages/oslo_config/cfg.py:2609}}
Mar 02 11:31:02.908597 dv-cinder-828459-2-iscsi devstack@n-api.service[109437]: DEBUG nova.api.openstack.wsgi_app [-] oslo_messaging_rabbit.kombu_reconnect_delay = 1.0 {{(pid=109437) log_opt_values /usr/local/lib/python3.8/dist-packages/oslo_config/cfg.py:2609}}
Mar 02 11:31:02.908923 dv-cinder-828459-2-iscsi devstack@n-api.service[109437]: DEBUG nova.api.openstack.wsgi_app [-] oslo_messaging_rabbit.rabbit_ha_queues = False {{(pid=109437) log_opt_values /usr/local/lib/python3.8/dist-packages/oslo_config/cfg.py:2609}}
Mar 02 11:31:02.909248 dv-cinder-828459-2-iscsi devstack@n-api.service[109437]: DEBUG nova.api.openstack.wsgi_app [-] oslo_messaging_rabbit.rabbit_interval_max = 30 {{(pid=109437) log_opt_values /usr/local/lib/python3.8/dist-packages/oslo_config/cfg.py:2609}}
Mar 02 11:31:02.909588 dv-cinder-828459-2-iscsi devstack@n-api.service[109437]: DEBUG nova.api.openstack.wsgi_app [-] oslo_messaging_rabbit.rabbit_login_method = AMQPLAIN {{(pid=109437) log_opt_values /usr/local/lib/python3.8/dist-packages/oslo_config/cfg.py:2609}}
Mar 02 11:31:02.909916 dv-cinder-828459-2-iscsi devstack@n-api.service[109437]: DEBUG nova.api.openstack.wsgi_app [-] oslo_messaging_rabbit.rabbit_qos_prefetch_count = 0 {{(pid=109437) log_opt_values /usr/local/lib/python3.8/dist-packages/oslo_config/cfg.py:2609}}
Mar 02 11:31:02.910239 dv-cinder-828459-2-iscsi devstack@n-api.service[109437]: DEBUG nova.api.openstack.wsgi_app [-] oslo_messaging_rabbit.rabbit_quorum_queue = False {{(pid=109437) log_opt_values /usr/local/lib/python3.8/dist-packages/oslo_config/cfg.py:2609}}
Mar 02 11:31:02.910578 dv-cinder-828459-2-iscsi devstack@n-api.service[109437]: DEBUG nova.api.openstack.wsgi_app [-] oslo_messaging_rabbit.rabbit_retry_backoff = 2 {{(pid=109437) log_opt_values /usr/local/lib/python3.8/dist-packages/oslo_config/cfg.py:2609}}
Mar 02 11:31:02.910900 dv-cinder-828459-2-iscsi devstack@n-api.service[109437]: DEBUG nova.api.openstack.wsgi_app [-] oslo_messaging_rabbit.rabbit_retry_interval = 1 {{(pid=109437) log_opt_values /usr/local/lib/python3.8/dist-packages/oslo_config/cfg.py:2609}}
Mar 02 11:31:02.911246 dv-cinder-828459-2-iscsi devstack@n-api.service[109437]: DEBUG nova.api.openstack.wsgi_app [-] oslo_messaging_rabbit.rabbit_transient_queues_ttl = 1800 {{(pid=109437) log_opt_values /usr/local/lib/python3.8/dist-packages/oslo_config/cfg.py:2609}}
Mar 02 11:31:02.911587 dv-cinder-828459-2-iscsi devstack@n-api.service[109437]: DEBUG nova.api.openstack.wsgi_app [-] oslo_messaging_rabbit.rpc_conn_pool_size = 30 {{(pid=109437) log_opt_values /usr/local/lib/python3.8/dist-packages/oslo_config/cfg.py:2609}}
Mar 02 11:31:02.911915 dv-cinder-828459-2-iscsi devstack@n-api.service[109437]: DEBUG nova.api.openstack.wsgi_app [-] oslo_messaging_rabbit.ssl = False {{(pid=109437) log_opt_values /usr/local/lib/python3.8/dist-packages/oslo_config/cfg.py:2609}}
Mar 02 11:31:02.912258 dv-cinder-828459-2-iscsi devstack@n-api.service[109437]: DEBUG nova.api.openstack.wsgi_app [-] oslo_messaging_rabbit.ssl_ca_file = {{(pid=109437) log_opt_values /usr/local/lib/python3.8/dist-packages/oslo_config/cfg.py:2609}}
Mar 02 11:31:02.912590 dv-cinder-828459-2-iscsi devstack@n-api.service[109437]: DEBUG nova.api.openstack.wsgi_app [-] oslo_messaging_rabbit.ssl_cert_file = {{(pid=109437) log_opt_values /usr/local/lib/python3.8/dist-packages/oslo_config/cfg.py:2609}}
Mar 02 11:31:02.912930 dv-cinder-828459-2-iscsi devstack@n-api.service[109437]: DEBUG nova.api.openstack.wsgi_app [-] oslo_messaging_rabbit.ssl_key_file = {{(pid=109437) log_opt_values /usr/local/lib/python3.8/dist-packages/oslo_config/cfg.py:2609}}
Mar 02 11:31:02.913264 dv-cinder-828459-2-iscsi devstack@n-api.service[109437]: DEBUG nova.api.openstack.wsgi_app [-] oslo_messaging_rabbit.ssl_version = {{(pid=109437) log_opt_values /usr/local/lib/python3.8/dist-packages/oslo_config/cfg.py:2609}}
Mar 02 11:31:02.914195 dv-cinder-828459-2-iscsi devstack@n-api.service[109437]: DEBUG nova.api.openstack.wsgi_app [-] oslo_messaging_notifications.driver = ['messagingv2'] {{(pid=109437) log_opt_values /usr/local/lib/python3.8/dist-packages/oslo_config/cfg.py:2609}}
Mar 02 11:31:02.914520 dv-cinder-828459-2-iscsi devstack@n-api.service[109437]: DEBUG nova.api.openstack.wsgi_app [-] oslo_messaging_notifications.retry = -1 {{(pid=109437) log_opt_values /usr/local/lib/python3.8/dist-packages/oslo_config/cfg.py:2609}}
Mar 02 11:31:02.914973 dv-cinder-828459-2-iscsi devstack@n-api.service[109437]: DEBUG nova.api.openstack.wsgi_app [-] oslo_messaging_notifications.topics = ['notifications'] {{(pid=109437) log_opt_values /usr/local/lib/python3.8/dist-packages/oslo_config/cfg.py:2609}}
Mar 02 11:31:02.915247 dv-cinder-828459-2-iscsi devstack@n-api.service[109437]: DEBUG nova.api.openstack.wsgi_app [-] oslo_messaging_notifications.transport_url = **** {{(pid=109437) log_opt_values /usr/local/lib/python3.8/dist-packages/oslo_config/cfg.py:2609}}
Mar 02 11:31:02.915576 dv-cinder-828459-2-iscsi devstack@n-api.service[109437]: DEBUG nova.api.openstack.wsgi_app [-] oslo_reports.file_event_handler = None {{(pid=109437) log_opt_values /usr/local/lib/python3.8/dist-packages/oslo_config/cfg.py:2609}}
Mar 02 11:31:02.915905 dv-cinder-828459-2-iscsi devstack@n-api.service[109437]: DEBUG nova.api.openstack.wsgi_app [-] oslo_reports.file_event_handler_interval = 1 {{(pid=109437) log_opt_values /usr/local/lib/python3.8/dist-packages/oslo_config/cfg.py:2609}}
Mar 02 11:31:02.916224 dv-cinder-828459-2-iscsi devstack@n-api.service[109437]: DEBUG nova.api.openstack.wsgi_app [-] oslo_reports.log_dir = None {{(pid=109437) log_opt_values /usr/local/lib/python3.8/dist-packages/oslo_config/cfg.py:2609}}
Mar 02 11:31:02.916478 dv-cinder-828459-2-iscsi devstack@n-api.service[109437]: DEBUG nova.api.openstack.wsgi_app [-] ******************************************************************************** {{(pid=109437) log_opt_values /usr/local/lib/python3.8/dist-packages/oslo_config/cfg.py:2613}}
Mar 02 11:31:02.919909 dv-cinder-828459-2-iscsi devstack@n-api.service[109438]: DEBUG nova.context [None req-a2b961e8-01dc-4b6e-aef0-fe2dbad630a6 None None] Found 2 cells: 00000000-0000-0000-0000-000000000000(cell0),9bf02f1a-1b78-4374-bf08-787f1c8d9a1a(cell1) {{(pid=109438) load_cells /opt/stack/nova/nova/context.py:464}}
Mar 02 11:31:02.924132 dv-cinder-828459-2-iscsi devstack@n-api.service[109438]: DEBUG oslo_concurrency.lockutils [None req-a2b961e8-01dc-4b6e-aef0-fe2dbad630a6 None None] Lock "00000000-0000-0000-0000-000000000000" acquired by "nova.context.set_target_cell..get_or_set_cached_cell_and_set_connections" :: waited 0.000s {{(pid=109438) inner /usr/local/lib/python3.8/dist-packages/oslo_concurrency/lockutils.py:386}}
Mar 02 11:31:02.925729 dv-cinder-828459-2-iscsi devstack@n-api.service[109438]: DEBUG oslo_concurrency.lockutils [None req-a2b961e8-01dc-4b6e-aef0-fe2dbad630a6 None None] Lock "00000000-0000-0000-0000-000000000000" "released" by "nova.context.set_target_cell..get_or_set_cached_cell_and_set_connections" :: held 0.002s {{(pid=109438) inner /usr/local/lib/python3.8/dist-packages/oslo_concurrency/lockutils.py:400}}
Mar 02 11:31:02.926554 dv-cinder-828459-2-iscsi devstack@n-api.service[109438]: DEBUG oslo_concurrency.lockutils [None req-a2b961e8-01dc-4b6e-aef0-fe2dbad630a6 None None] Lock "9bf02f1a-1b78-4374-bf08-787f1c8d9a1a" acquired by "nova.context.set_target_cell..get_or_set_cached_cell_and_set_connections" :: waited 0.000s {{(pid=109438) inner /usr/local/lib/python3.8/dist-packages/oslo_concurrency/lockutils.py:386}}
Mar 02 11:31:02.928546 dv-cinder-828459-2-iscsi devstack@n-api.service[109438]: DEBUG oslo_concurrency.lockutils [None req-a2b961e8-01dc-4b6e-aef0-fe2dbad630a6 None None] Lock "9bf02f1a-1b78-4374-bf08-787f1c8d9a1a" "released" by "nova.context.set_target_cell..get_or_set_cached_cell_and_set_connections" :: held 0.002s {{(pid=109438) inner /usr/local/lib/python3.8/dist-packages/oslo_concurrency/lockutils.py:400}}
Mar 02 11:31:02.941868 dv-cinder-828459-2-iscsi devstack@n-api.service[109438]: DEBUG oslo_db.sqlalchemy.engines [None req-a2b961e8-01dc-4b6e-aef0-fe2dbad630a6 None None] MySQL server mode set to STRICT_TRANS_TABLES,STRICT_ALL_TABLES,NO_ZERO_IN_DATE,NO_ZERO_DATE,ERROR_FOR_DIVISION_BY_ZERO,TRADITIONAL,NO_ENGINE_SUBSTITUTION {{(pid=109438) _check_effective_sql_mode /usr/local/lib/python3.8/dist-packages/oslo_db/sqlalchemy/engines.py:314}}
Mar 02 11:31:02.942918 dv-cinder-828459-2-iscsi devstack@n-api.service[109437]: DEBUG oslo_db.sqlalchemy.engines [None req-153ac076-2c9d-471b-a77c-079b6a7ad1ed None None] MySQL server mode set to STRICT_TRANS_TABLES,STRICT_ALL_TABLES,NO_ZERO_IN_DATE,NO_ZERO_DATE,ERROR_FOR_DIVISION_BY_ZERO,TRADITIONAL,NO_ENGINE_SUBSTITUTION {{(pid=109437) _check_effective_sql_mode /usr/local/lib/python3.8/dist-packages/oslo_db/sqlalchemy/engines.py:314}}
Mar 02 11:31:02.943314 dv-cinder-828459-2-iscsi devstack@n-api.service[109438]: DEBUG oslo_db.sqlalchemy.engines [None req-a2b961e8-01dc-4b6e-aef0-fe2dbad630a6 None None] MySQL server mode set to STRICT_TRANS_TABLES,STRICT_ALL_TABLES,NO_ZERO_IN_DATE,NO_ZERO_DATE,ERROR_FOR_DIVISION_BY_ZERO,TRADITIONAL,NO_ENGINE_SUBSTITUTION {{(pid=109438) _check_effective_sql_mode /usr/local/lib/python3.8/dist-packages/oslo_db/sqlalchemy/engines.py:314}}
Mar 02 11:31:03.010691 dv-cinder-828459-2-iscsi devstack@n-api.service[109437]: DEBUG nova.context [None req-153ac076-2c9d-471b-a77c-079b6a7ad1ed None None] Found 2 cells: 00000000-0000-0000-0000-000000000000(cell0),9bf02f1a-1b78-4374-bf08-787f1c8d9a1a(cell1) {{(pid=109437) load_cells /opt/stack/nova/nova/context.py:464}}
Mar 02 11:31:03.015011 dv-cinder-828459-2-iscsi devstack@n-api.service[109437]: DEBUG oslo_concurrency.lockutils [None req-153ac076-2c9d-471b-a77c-079b6a7ad1ed None None] Lock "00000000-0000-0000-0000-000000000000" acquired by "nova.context.set_target_cell..get_or_set_cached_cell_and_set_connections" :: waited 0.000s {{(pid=109437) inner /usr/local/lib/python3.8/dist-packages/oslo_concurrency/lockutils.py:386}}
Mar 02 11:31:03.016643 dv-cinder-828459-2-iscsi devstack@n-api.service[109437]: DEBUG oslo_concurrency.lockutils [None req-153ac076-2c9d-471b-a77c-079b6a7ad1ed None None] Lock "00000000-0000-0000-0000-000000000000" "released" by "nova.context.set_target_cell..get_or_set_cached_cell_and_set_connections" :: held 0.002s {{(pid=109437) inner /usr/local/lib/python3.8/dist-packages/oslo_concurrency/lockutils.py:400}}
Mar 02 11:31:03.017482 dv-cinder-828459-2-iscsi devstack@n-api.service[109437]: DEBUG oslo_concurrency.lockutils [None req-153ac076-2c9d-471b-a77c-079b6a7ad1ed None None] Lock "9bf02f1a-1b78-4374-bf08-787f1c8d9a1a" acquired by "nova.context.set_target_cell..get_or_set_cached_cell_and_set_connections" :: waited 0.000s {{(pid=109437) inner /usr/local/lib/python3.8/dist-packages/oslo_concurrency/lockutils.py:386}}
Mar 02 11:31:03.019477 dv-cinder-828459-2-iscsi devstack@n-api.service[109437]: DEBUG oslo_concurrency.lockutils [None req-153ac076-2c9d-471b-a77c-079b6a7ad1ed None None] Lock "9bf02f1a-1b78-4374-bf08-787f1c8d9a1a" "released" by "nova.context.set_target_cell..get_or_set_cached_cell_and_set_connections" :: held 0.002s {{(pid=109437) inner /usr/local/lib/python3.8/dist-packages/oslo_concurrency/lockutils.py:400}}
Mar 02 11:31:03.037597 dv-cinder-828459-2-iscsi devstack@n-api.service[109437]: DEBUG oslo_db.sqlalchemy.engines [None req-153ac076-2c9d-471b-a77c-079b6a7ad1ed None None] MySQL server mode set to STRICT_TRANS_TABLES,STRICT_ALL_TABLES,NO_ZERO_IN_DATE,NO_ZERO_DATE,ERROR_FOR_DIVISION_BY_ZERO,TRADITIONAL,NO_ENGINE_SUBSTITUTION {{(pid=109437) _check_effective_sql_mode /usr/local/lib/python3.8/dist-packages/oslo_db/sqlalchemy/engines.py:314}}
Mar 02 11:31:03.041196 dv-cinder-828459-2-iscsi devstack@n-api.service[109437]: DEBUG oslo_db.sqlalchemy.engines [None req-153ac076-2c9d-471b-a77c-079b6a7ad1ed None None] MySQL server mode set to STRICT_TRANS_TABLES,STRICT_ALL_TABLES,NO_ZERO_IN_DATE,NO_ZERO_DATE,ERROR_FOR_DIVISION_BY_ZERO,TRADITIONAL,NO_ENGINE_SUBSTITUTION {{(pid=109437) _check_effective_sql_mode /usr/local/lib/python3.8/dist-packages/oslo_db/sqlalchemy/engines.py:314}}
Mar 02 11:31:03.110156 dv-cinder-828459-2-iscsi devstack@n-api.service[109438]: DEBUG oslo_db.sqlalchemy.engines [None req-a2b961e8-01dc-4b6e-aef0-fe2dbad630a6 None None] MySQL server mode set to STRICT_TRANS_TABLES,STRICT_ALL_TABLES,NO_ZERO_IN_DATE,NO_ZERO_DATE,ERROR_FOR_DIVISION_BY_ZERO,TRADITIONAL,NO_ENGINE_SUBSTITUTION {{(pid=109438) _check_effective_sql_mode /usr/local/lib/python3.8/dist-packages/oslo_db/sqlalchemy/engines.py:314}}
Mar 02 11:31:03.210477 dv-cinder-828459-2-iscsi devstack@n-api.service[109437]: DEBUG oslo_db.sqlalchemy.engines [None req-153ac076-2c9d-471b-a77c-079b6a7ad1ed None None] MySQL server mode set to STRICT_TRANS_TABLES,STRICT_ALL_TABLES,NO_ZERO_IN_DATE,NO_ZERO_DATE,ERROR_FOR_DIVISION_BY_ZERO,TRADITIONAL,NO_ENGINE_SUBSTITUTION {{(pid=109437) _check_effective_sql_mode /usr/local/lib/python3.8/dist-packages/oslo_db/sqlalchemy/engines.py:314}}
Mar 02 11:31:03.558371 dv-cinder-828459-2-iscsi devstack@n-api.service[109438]: WARNING keystonemiddleware.auth_token [None req-a2b961e8-01dc-4b6e-aef0-fe2dbad630a6 None None] AuthToken middleware is set with keystone_authtoken.service_token_roles_required set to False. This is backwards compatible but deprecated behaviour. Please set this to True.
Mar 02 11:31:03.565281 dv-cinder-828459-2-iscsi devstack@n-api.service[109438]: WARNING keystonemiddleware.auth_token [None req-a2b961e8-01dc-4b6e-aef0-fe2dbad630a6 None None] Configuring www_authenticate_uri to point to the public identity endpoint is required; clients may not be able to authenticate against an admin endpoint
Mar 02 11:31:03.596794 dv-cinder-828459-2-iscsi devstack@n-api.service[109437]: WARNING keystonemiddleware.auth_token [None req-153ac076-2c9d-471b-a77c-079b6a7ad1ed None None] AuthToken middleware is set with keystone_authtoken.service_token_roles_required set to False. This is backwards compatible but deprecated behaviour. Please set this to True.
Mar 02 11:31:03.604580 dv-cinder-828459-2-iscsi devstack@n-api.service[109437]: WARNING keystonemiddleware.auth_token [None req-153ac076-2c9d-471b-a77c-079b6a7ad1ed None None] Configuring www_authenticate_uri to point to the public identity endpoint is required; clients may not be able to authenticate against an admin endpoint
Mar 02 11:31:03.914205 dv-cinder-828459-2-iscsi devstack@n-api.service[109438]: WARNING keystonemiddleware.auth_token [None req-a2b961e8-01dc-4b6e-aef0-fe2dbad630a6 None None] AuthToken middleware is set with keystone_authtoken.service_token_roles_required set to False. This is backwards compatible but deprecated behaviour. Please set this to True.
Mar 02 11:31:03.919573 dv-cinder-828459-2-iscsi devstack@n-api.service[109438]: WARNING keystonemiddleware.auth_token [None req-a2b961e8-01dc-4b6e-aef0-fe2dbad630a6 None None] Configuring www_authenticate_uri to point to the public identity endpoint is required; clients may not be able to authenticate against an admin endpoint
Mar 02 11:31:03.925113 dv-cinder-828459-2-iscsi devstack@n-api.service[109438]: WSGI app 0 (mountpoint='') ready in 5 seconds on interpreter 0x55e1812029c0 pid: 109438 (default app)
Mar 02 11:31:03.927343 dv-cinder-828459-2-iscsi devstack@n-api.service[109438]: DEBUG nova.api.openstack.wsgi [None req-a2b961e8-01dc-4b6e-aef0-fe2dbad630a6 None None] Calling method '>' {{(pid=109438) _process_stack /opt/stack/nova/nova/api/openstack/wsgi.py:513}}
Mar 02 11:31:03.928525 dv-cinder-828459-2-iscsi devstack@n-api.service[109438]: INFO nova.api.openstack.requestlog [None req-a2b961e8-01dc-4b6e-aef0-fe2dbad630a6 None None] 10.222.0.60 "GET /compute/v2.1/" status: 200 len: 388 microversion: 2.1 time: 0.001883
Mar 02 11:31:03.928953 dv-cinder-828459-2-iscsi devstack@n-api.service[109438]: [pid: 109438|app: 0|req: 1/1] 10.222.0.60 () {50 vars in 788 bytes} [Wed Mar 2 11:31:03 2022] GET /compute/v2.1/ => generated 388 bytes in 3 msecs (HTTP/1.1 200) 9 headers in 357 bytes (1 switches on core 0)
Mar 02 11:31:03.951296 dv-cinder-828459-2-iscsi devstack@n-api.service[109437]: WARNING keystonemiddleware.auth_token [None req-153ac076-2c9d-471b-a77c-079b6a7ad1ed None None] AuthToken middleware is set with keystone_authtoken.service_token_roles_required set to False. This is backwards compatible but deprecated behaviour. Please set this to True.
Mar 02 11:31:03.956680 dv-cinder-828459-2-iscsi devstack@n-api.service[109437]: WARNING keystonemiddleware.auth_token [None req-153ac076-2c9d-471b-a77c-079b6a7ad1ed None None] Configuring www_authenticate_uri to point to the public identity endpoint is required; clients may not be able to authenticate against an admin endpoint
Mar 02 11:31:03.962008 dv-cinder-828459-2-iscsi devstack@n-api.service[109437]: WSGI app 0 (mountpoint='') ready in 5 seconds on interpreter 0x55e1812029c0 pid: 109437 (default app)
Mar 02 11:32:33.558539 dv-cinder-828459-2-iscsi devstack@n-api.service[109438]: DEBUG nova.api.openstack.wsgi [None req-a2b961e8-01dc-4b6e-aef0-fe2dbad630a6 None None] Calling method '>' {{(pid=109438) _process_stack /opt/stack/nova/nova/api/openstack/wsgi.py:513}}
Mar 02 11:32:33.560263 dv-cinder-828459-2-iscsi devstack@n-api.service[109438]: INFO nova.api.openstack.requestlog [None req-a2b961e8-01dc-4b6e-aef0-fe2dbad630a6 None None] 10.222.0.60 "GET /compute/v2.1" status: 200 len: 388 microversion: 2.1 time: 0.002397
Mar 02 11:32:33.561187 dv-cinder-828459-2-iscsi devstack@n-api.service[109438]: [pid: 109438|app: 0|req: 2/2] 10.222.0.60 () {54 vars in 930 bytes} [Wed Mar 2 11:32:33 2022] GET /compute/v2.1 => generated 388 bytes in 4 msecs (HTTP/1.1 200) 9 headers in 357 bytes (1 switches on core 0)
Mar 02 11:32:34.045476 dv-cinder-828459-2-iscsi devstack@n-api.service[109437]: DEBUG nova.api.openstack.wsgi [None req-fd90d20a-17bb-4630-9d97-0fd4af10df76 admin admin] Calling method '>' {{(pid=109437) _process_stack /opt/stack/nova/nova/api/openstack/wsgi.py:513}}
Mar 02 11:32:34.077281 dv-cinder-828459-2-iscsi devstack@n-api.service[109437]: INFO nova.api.openstack.requestlog [None req-fd90d20a-17bb-4630-9d97-0fd4af10df76 admin admin] 10.222.0.60 "GET /compute/v2.1/flavors/detail?is_public=True" status: 200 len: 15 microversion: 2.61 time: 0.504316
Mar 02 11:32:34.078088 dv-cinder-828459-2-iscsi devstack@n-api.service[109437]: [pid: 109437|app: 0|req: 1/3] 10.222.0.60 () {60 vars in 1291 bytes} [Wed Mar 2 11:32:33 2022] GET /compute/v2.1/flavors/detail?is_public=True => generated 15 bytes in 507 msecs (HTTP/1.1 200) 9 headers in 358 bytes (1 switches on core 0)
Mar 02 11:32:36.529038 dv-cinder-828459-2-iscsi devstack@n-api.service[109438]: DEBUG nova.api.openstack.wsgi [None req-a2b961e8-01dc-4b6e-aef0-fe2dbad630a6 None None] Calling method '>' {{(pid=109438) _process_stack /opt/stack/nova/nova/api/openstack/wsgi.py:513}}
Mar 02 11:32:36.530042 dv-cinder-828459-2-iscsi devstack@n-api.service[109438]: INFO nova.api.openstack.requestlog [None req-a2b961e8-01dc-4b6e-aef0-fe2dbad630a6 None None] 10.222.0.60 "GET /compute/v2.1" status: 200 len: 388 microversion: 2.1 time: 0.001430
Mar 02 11:32:36.531494 dv-cinder-828459-2-iscsi devstack@n-api.service[109438]: [pid: 109438|app: 0|req: 3/4] 10.222.0.60 () {54 vars in 930 bytes} [Wed Mar 2 11:32:36 2022] GET /compute/v2.1 => generated 388 bytes in 3 msecs (HTTP/1.1 200) 9 headers in 357 bytes (1 switches on core 0)
Mar 02 11:32:36.590463 dv-cinder-828459-2-iscsi devstack@n-api.service[109437]: DEBUG nova.api.openstack.wsgi [None req-96782be1-54e5-44d4-bd36-a2315d55f5b0 admin admin] Action: 'create', calling method: >, body: {"flavor": {"rxtx_factor": 1.0, "vcpus": 1, "name": "cirros256", "os-flavor-access:is_public": true, "disk": 1, "OS-FLV-EXT-DATA:ephemeral": 0, "ram": 256, "swap": 0, "id": "c1"}} {{(pid=109437) _process_stack /opt/stack/nova/nova/api/openstack/wsgi.py:511}}
Mar 02 11:32:36.609262 dv-cinder-828459-2-iscsi devstack@n-api.service[109437]: /usr/local/lib/python3.8/dist-packages/oslo_policy/policy.py:1119: UserWarning: Policy "os_compute_api:os-flavor-manage:create": "rule:context_is_admin" failed scope check. The token used to make the request was project scoped but the policy requires ['system'] scope. This behavior may change in the future where using the intended scope is required
Mar 02 11:32:36.609262 dv-cinder-828459-2-iscsi devstack@n-api.service[109437]: warnings.warn(msg)
Mar 02 11:32:36.710836 dv-cinder-828459-2-iscsi devstack@n-api.service[109437]: INFO nova.api.openstack.requestlog [None req-96782be1-54e5-44d4-bd36-a2315d55f5b0 admin admin] 10.222.0.60 "POST /compute/v2.1/flavors" status: 200 len: 407 microversion: 2.61 time: 0.172238
Mar 02 11:32:36.710836 dv-cinder-828459-2-iscsi devstack@n-api.service[109437]: [pid: 109437|app: 0|req: 2/5] 10.222.0.60 () {64 vars in 1282 bytes} [Wed Mar 2 11:32:36 2022] POST /compute/v2.1/flavors => generated 407 bytes in 174 msecs (HTTP/1.1 200) 9 headers in 359 bytes (1 switches on core 0)
Mar 02 11:32:36.937856 dv-cinder-828459-2-iscsi devstack@n-api.service[109438]: DEBUG nova.api.openstack.wsgi [None req-bdb68025-dc7d-47b8-93ce-601b34fecd48 admin admin] Action: 'create', calling method: >, body: {"extra_specs": {"hw_rng:allowed": "True"}} {{(pid=109438) _process_stack /opt/stack/nova/nova/api/openstack/wsgi.py:511}}
Mar 02 11:32:36.941131 dv-cinder-828459-2-iscsi devstack@n-api.service[109438]: /usr/local/lib/python3.8/dist-packages/oslo_policy/policy.py:1119: UserWarning: Policy "os_compute_api:os-flavor-extra-specs:create": "rule:context_is_admin" failed scope check. The token used to make the request was project scoped but the policy requires ['system'] scope. This behavior may change in the future where using the intended scope is required
Mar 02 11:32:36.941131 dv-cinder-828459-2-iscsi devstack@n-api.service[109438]: warnings.warn(msg)
Mar 02 11:32:37.069953 dv-cinder-828459-2-iscsi devstack@n-api.service[109438]: INFO nova.api.openstack.requestlog [None req-bdb68025-dc7d-47b8-93ce-601b34fecd48 admin admin] 10.222.0.60 "POST /compute/v2.1/flavors/c1/os-extra_specs" status: 200 len: 43 microversion: 2.61 time: 0.351377
Mar 02 11:32:37.082940 dv-cinder-828459-2-iscsi devstack@n-api.service[109438]: [pid: 109438|app: 0|req: 4/6] 10.222.0.60 () {64 vars in 1335 bytes} [Wed Mar 2 11:32:36 2022] POST /compute/v2.1/flavors/c1/os-extra_specs => generated 43 bytes in 353 msecs (HTTP/1.1 200) 9 headers in 358 bytes (1 switches on core 0)
Mar 02 11:32:39.521502 dv-cinder-828459-2-iscsi devstack@n-api.service[109437]: DEBUG nova.api.openstack.wsgi [None req-96782be1-54e5-44d4-bd36-a2315d55f5b0 admin admin] Calling method '>' {{(pid=109437) _process_stack /opt/stack/nova/nova/api/openstack/wsgi.py:513}}
Mar 02 11:32:39.522524 dv-cinder-828459-2-iscsi devstack@n-api.service[109437]: INFO nova.api.openstack.requestlog [None req-96782be1-54e5-44d4-bd36-a2315d55f5b0 admin admin] 10.222.0.60 "GET /compute/v2.1" status: 200 len: 388 microversion: 2.1 time: 0.001468
Mar 02 11:32:39.523471 dv-cinder-828459-2-iscsi devstack@n-api.service[109437]: [pid: 109437|app: 0|req: 3/7] 10.222.0.60 () {54 vars in 930 bytes} [Wed Mar 2 11:32:39 2022] GET /compute/v2.1 => generated 388 bytes in 2 msecs (HTTP/1.1 200) 9 headers in 357 bytes (1 switches on core 0)
Mar 02 11:32:39.653474 dv-cinder-828459-2-iscsi devstack@n-api.service[109438]: DEBUG nova.api.openstack.wsgi [None req-c4d74cb8-7013-45f8-ae67-e1eb2c305d35 admin admin] Action: 'create', calling method: >, body: {"flavor": {"rxtx_factor": 1.0, "OS-FLV-EXT-DATA:ephemeral": 0, "vcpus": 1, "os-flavor-access:is_public": true, "name": "ds512M", "ram": 512, "id": "d1", "disk": 5, "swap": 0}} {{(pid=109438) _process_stack /opt/stack/nova/nova/api/openstack/wsgi.py:511}}
Mar 02 11:32:39.674140 dv-cinder-828459-2-iscsi devstack@n-api.service[109438]: /usr/local/lib/python3.8/dist-packages/oslo_policy/policy.py:1119: UserWarning: Policy "os_compute_api:os-flavor-manage:create": "rule:context_is_admin" failed scope check. The token used to make the request was project scoped but the policy requires ['system'] scope. This behavior may change in the future where using the intended scope is required
Mar 02 11:32:39.674140 dv-cinder-828459-2-iscsi devstack@n-api.service[109438]: warnings.warn(msg)
Mar 02 11:32:39.769198 dv-cinder-828459-2-iscsi devstack@n-api.service[109438]: INFO nova.api.openstack.requestlog [None req-c4d74cb8-7013-45f8-ae67-e1eb2c305d35 admin admin] 10.222.0.60 "POST /compute/v2.1/flavors" status: 200 len: 404 microversion: 2.61 time: 0.239210
Mar 02 11:32:39.770248 dv-cinder-828459-2-iscsi devstack@n-api.service[109438]: [pid: 109438|app: 0|req: 5/8] 10.222.0.60 () {64 vars in 1282 bytes} [Wed Mar 2 11:32:39 2022] POST /compute/v2.1/flavors => generated 404 bytes in 241 msecs (HTTP/1.1 200) 9 headers in 359 bytes (1 switches on core 0)
Mar 02 11:32:39.782317 dv-cinder-828459-2-iscsi devstack@n-api.service[109437]: DEBUG nova.api.openstack.wsgi [None req-f9c414df-7034-4d65-b40a-d3da6bf15cc6 admin admin] Action: 'create', calling method: >, body: {"extra_specs": {"hw_rng:allowed": "True"}} {{(pid=109437) _process_stack /opt/stack/nova/nova/api/openstack/wsgi.py:511}}
Mar 02 11:32:39.784762 dv-cinder-828459-2-iscsi devstack@n-api.service[109437]: /usr/local/lib/python3.8/dist-packages/oslo_policy/policy.py:1119: UserWarning: Policy "os_compute_api:os-flavor-extra-specs:create": "rule:context_is_admin" failed scope check. The token used to make the request was project scoped but the policy requires ['system'] scope. This behavior may change in the future where using the intended scope is required
Mar 02 11:32:39.784762 dv-cinder-828459-2-iscsi devstack@n-api.service[109437]: warnings.warn(msg)
Mar 02 11:32:39.874950 dv-cinder-828459-2-iscsi devstack@n-api.service[109437]: INFO nova.api.openstack.requestlog [None req-f9c414df-7034-4d65-b40a-d3da6bf15cc6 admin admin] 10.222.0.60 "POST /compute/v2.1/flavors/d1/os-extra_specs" status: 200 len: 43 microversion: 2.61 time: 0.096758
Mar 02 11:32:39.875848 dv-cinder-828459-2-iscsi devstack@n-api.service[109437]: [pid: 109437|app: 0|req: 4/9] 10.222.0.60 () {64 vars in 1335 bytes} [Wed Mar 2 11:32:39 2022] POST /compute/v2.1/flavors/d1/os-extra_specs => generated 43 bytes in 98 msecs (HTTP/1.1 200) 9 headers in 358 bytes (2 switches on core 0)
Mar 02 11:32:42.277252 dv-cinder-828459-2-iscsi devstack@n-api.service[109438]: DEBUG nova.api.openstack.wsgi [None req-c4d74cb8-7013-45f8-ae67-e1eb2c305d35 admin admin] Calling method '>' {{(pid=109438) _process_stack /opt/stack/nova/nova/api/openstack/wsgi.py:513}}
Mar 02 11:32:42.278265 dv-cinder-828459-2-iscsi devstack@n-api.service[109438]: INFO nova.api.openstack.requestlog [None req-c4d74cb8-7013-45f8-ae67-e1eb2c305d35 admin admin] 10.222.0.60 "GET /compute/v2.1" status: 200 len: 388 microversion: 2.1 time: 0.001479
Mar 02 11:32:42.278680 dv-cinder-828459-2-iscsi devstack@n-api.service[109438]: [pid: 109438|app: 0|req: 6/10] 10.222.0.60 () {54 vars in 930 bytes} [Wed Mar 2 11:32:42 2022] GET /compute/v2.1 => generated 388 bytes in 2 msecs (HTTP/1.1 200) 9 headers in 357 bytes (1 switches on core 0)
Mar 02 11:32:42.355297 dv-cinder-828459-2-iscsi devstack@n-api.service[109437]: DEBUG nova.api.openstack.wsgi [None req-719e8f5a-d938-405c-a600-a50be74b5f4f admin admin] Action: 'create', calling method: >, body: {"flavor": {"rxtx_factor": 1.0, "swap": 0, "vcpus": 1, "disk": 10, "os-flavor-access:is_public": true, "ram": 1024, "OS-FLV-EXT-DATA:ephemeral": 0, "name": "ds1G", "id": "d2"}} {{(pid=109437) _process_stack /opt/stack/nova/nova/api/openstack/wsgi.py:511}}
Mar 02 11:32:42.449969 dv-cinder-828459-2-iscsi devstack@n-api.service[109437]: INFO nova.api.openstack.requestlog [None req-719e8f5a-d938-405c-a600-a50be74b5f4f admin admin] 10.222.0.60 "POST /compute/v2.1/flavors" status: 200 len: 404 microversion: 2.61 time: 0.164489
Mar 02 11:32:42.450799 dv-cinder-828459-2-iscsi devstack@n-api.service[109437]: [pid: 109437|app: 0|req: 5/11] 10.222.0.60 () {64 vars in 1282 bytes} [Wed Mar 2 11:32:42 2022] POST /compute/v2.1/flavors => generated 404 bytes in 167 msecs (HTTP/1.1 200) 9 headers in 359 bytes (1 switches on core 0)
Mar 02 11:32:42.463109 dv-cinder-828459-2-iscsi devstack@n-api.service[109438]: DEBUG nova.api.openstack.wsgi [None req-ee5dc6a8-dd63-4066-9657-95ebda8e3873 admin admin] Action: 'create', calling method: >, body: {"extra_specs": {"hw_rng:allowed": "True"}} {{(pid=109438) _process_stack /opt/stack/nova/nova/api/openstack/wsgi.py:511}}
Mar 02 11:32:42.520571 dv-cinder-828459-2-iscsi devstack@n-api.service[109438]: INFO nova.api.openstack.requestlog [None req-ee5dc6a8-dd63-4066-9657-95ebda8e3873 admin admin] 10.222.0.60 "POST /compute/v2.1/flavors/d2/os-extra_specs" status: 200 len: 43 microversion: 2.61 time: 0.060991
Mar 02 11:32:42.521852 dv-cinder-828459-2-iscsi devstack@n-api.service[109438]: [pid: 109438|app: 0|req: 7/12] 10.222.0.60 () {64 vars in 1335 bytes} [Wed Mar 2 11:32:42 2022] POST /compute/v2.1/flavors/d2/os-extra_specs => generated 43 bytes in 63 msecs (HTTP/1.1 200) 9 headers in 358 bytes (1 switches on core 0)
Mar 02 11:32:44.996849 dv-cinder-828459-2-iscsi devstack@n-api.service[109437]: DEBUG nova.api.openstack.wsgi [None req-719e8f5a-d938-405c-a600-a50be74b5f4f admin admin] Calling method '>' {{(pid=109437) _process_stack /opt/stack/nova/nova/api/openstack/wsgi.py:513}}
Mar 02 11:32:44.997872 dv-cinder-828459-2-iscsi devstack@n-api.service[109437]: INFO nova.api.openstack.requestlog [None req-719e8f5a-d938-405c-a600-a50be74b5f4f admin admin] 10.222.0.60 "GET /compute/v2.1" status: 200 len: 388 microversion: 2.1 time: 0.001471
Mar 02 11:32:44.998278 dv-cinder-828459-2-iscsi devstack@n-api.service[109437]: [pid: 109437|app: 0|req: 6/13] 10.222.0.60 () {54 vars in 930 bytes} [Wed Mar 2 11:32:44 2022] GET /compute/v2.1 => generated 388 bytes in 2 msecs (HTTP/1.1 200) 9 headers in 357 bytes (1 switches on core 0)
Mar 02 11:32:45.061562 dv-cinder-828459-2-iscsi devstack@n-api.service[109438]: DEBUG nova.api.openstack.wsgi [None req-a9ce3e70-ae99-43a7-9881-07299a4e4853 admin admin] Action: 'create', calling method: >, body: {"flavor": {"name": "ds2G", "OS-FLV-EXT-DATA:ephemeral": 0, "disk": 10, "swap": 0, "id": "d3", "ram": 2048, "vcpus": 2, "os-flavor-access:is_public": true, "rxtx_factor": 1.0}} {{(pid=109438) _process_stack /opt/stack/nova/nova/api/openstack/wsgi.py:511}}
Mar 02 11:32:45.128350 dv-cinder-828459-2-iscsi devstack@n-api.service[109438]: INFO nova.api.openstack.requestlog [None req-a9ce3e70-ae99-43a7-9881-07299a4e4853 admin admin] 10.222.0.60 "POST /compute/v2.1/flavors" status: 200 len: 404 microversion: 2.61 time: 0.123050
Mar 02 11:32:45.128887 dv-cinder-828459-2-iscsi devstack@n-api.service[109438]: [pid: 109438|app: 0|req: 8/14] 10.222.0.60 () {64 vars in 1282 bytes} [Wed Mar 2 11:32:45 2022] POST /compute/v2.1/flavors => generated 404 bytes in 124 msecs (HTTP/1.1 200) 9 headers in 359 bytes (1 switches on core 0)
Mar 02 11:32:45.140918 dv-cinder-828459-2-iscsi devstack@n-api.service[109437]: DEBUG nova.api.openstack.wsgi [None req-3792a100-c1ca-4ab0-a1ba-2e2ac52f691a admin admin] Action: 'create', calling method: >, body: {"extra_specs": {"hw_rng:allowed": "True"}} {{(pid=109437) _process_stack /opt/stack/nova/nova/api/openstack/wsgi.py:511}}
Mar 02 11:32:45.206237 dv-cinder-828459-2-iscsi devstack@n-api.service[109437]: INFO nova.api.openstack.requestlog [None req-3792a100-c1ca-4ab0-a1ba-2e2ac52f691a admin admin] 10.222.0.60 "POST /compute/v2.1/flavors/d3/os-extra_specs" status: 200 len: 43 microversion: 2.61 time: 0.068568
Mar 02 11:32:45.206839 dv-cinder-828459-2-iscsi devstack@n-api.service[109437]: [pid: 109437|app: 0|req: 7/15] 10.222.0.60 () {64 vars in 1335 bytes} [Wed Mar 2 11:32:45 2022] POST /compute/v2.1/flavors/d3/os-extra_specs => generated 43 bytes in 70 msecs (HTTP/1.1 200) 9 headers in 358 bytes (2 switches on core 0)
Mar 02 11:32:47.681129 dv-cinder-828459-2-iscsi devstack@n-api.service[109438]: DEBUG nova.api.openstack.wsgi [None req-a9ce3e70-ae99-43a7-9881-07299a4e4853 admin admin] Calling method '>' {{(pid=109438) _process_stack /opt/stack/nova/nova/api/openstack/wsgi.py:513}}
Mar 02 11:32:47.682144 dv-cinder-828459-2-iscsi devstack@n-api.service[109438]: INFO nova.api.openstack.requestlog [None req-a9ce3e70-ae99-43a7-9881-07299a4e4853 admin admin] 10.222.0.60 "GET /compute/v2.1" status: 200 len: 388 microversion: 2.1 time: 0.001452
Mar 02 11:32:47.682542 dv-cinder-828459-2-iscsi devstack@n-api.service[109438]: [pid: 109438|app: 0|req: 9/16] 10.222.0.60 () {54 vars in 930 bytes} [Wed Mar 2 11:32:47 2022] GET /compute/v2.1 => generated 388 bytes in 2 msecs (HTTP/1.1 200) 9 headers in 357 bytes (1 switches on core 0)
Mar 02 11:32:47.743543 dv-cinder-828459-2-iscsi devstack@n-api.service[109437]: DEBUG nova.api.openstack.wsgi [None req-5681f2b7-58b6-4444-926d-2d259045be6d admin admin] Action: 'create', calling method: >, body: {"flavor": {"swap": 0, "name": "ds4G", "rxtx_factor": 1.0, "ram": 4096, "OS-FLV-EXT-DATA:ephemeral": 0, "os-flavor-access:is_public": true, "disk": 20, "vcpus": 4, "id": "d4"}} {{(pid=109437) _process_stack /opt/stack/nova/nova/api/openstack/wsgi.py:511}}
Mar 02 11:32:47.802540 dv-cinder-828459-2-iscsi devstack@n-api.service[109437]: INFO nova.api.openstack.requestlog [None req-5681f2b7-58b6-4444-926d-2d259045be6d admin admin] 10.222.0.60 "POST /compute/v2.1/flavors" status: 200 len: 404 microversion: 2.61 time: 0.114045
Mar 02 11:32:47.803111 dv-cinder-828459-2-iscsi devstack@n-api.service[109437]: [pid: 109437|app: 0|req: 8/17] 10.222.0.60 () {64 vars in 1282 bytes} [Wed Mar 2 11:32:47 2022] POST /compute/v2.1/flavors => generated 404 bytes in 115 msecs (HTTP/1.1 200) 9 headers in 359 bytes (1 switches on core 0)
Mar 02 11:32:47.816606 dv-cinder-828459-2-iscsi devstack@n-api.service[109438]: DEBUG nova.api.openstack.wsgi [None req-f25eafa9-102e-4f67-a08a-21eef78e5b76 admin admin] Action: 'create', calling method: >, body: {"extra_specs": {"hw_rng:allowed": "True"}} {{(pid=109438) _process_stack /opt/stack/nova/nova/api/openstack/wsgi.py:511}}
Mar 02 11:32:47.880893 dv-cinder-828459-2-iscsi devstack@n-api.service[109438]: INFO nova.api.openstack.requestlog [None req-f25eafa9-102e-4f67-a08a-21eef78e5b76 admin admin] 10.222.0.60 "POST /compute/v2.1/flavors/d4/os-extra_specs" status: 200 len: 43 microversion: 2.61 time: 0.069346
Mar 02 11:32:47.881650 dv-cinder-828459-2-iscsi devstack@n-api.service[109438]: [pid: 109438|app: 0|req: 10/18] 10.222.0.60 () {64 vars in 1335 bytes} [Wed Mar 2 11:32:47 2022] POST /compute/v2.1/flavors/d4/os-extra_specs => generated 43 bytes in 71 msecs (HTTP/1.1 200) 9 headers in 358 bytes (1 switches on core 0)
Mar 02 11:32:50.308808 dv-cinder-828459-2-iscsi devstack@n-api.service[109437]: DEBUG nova.api.openstack.wsgi [None req-5681f2b7-58b6-4444-926d-2d259045be6d admin admin] Calling method '>' {{(pid=109437) _process_stack /opt/stack/nova/nova/api/openstack/wsgi.py:513}}
Mar 02 11:32:50.309840 dv-cinder-828459-2-iscsi devstack@n-api.service[109437]: INFO nova.api.openstack.requestlog [None req-5681f2b7-58b6-4444-926d-2d259045be6d admin admin] 10.222.0.60 "GET /compute/v2.1" status: 200 len: 388 microversion: 2.1 time: 0.001453
Mar 02 11:32:50.310243 dv-cinder-828459-2-iscsi devstack@n-api.service[109437]: [pid: 109437|app: 0|req: 9/19] 10.222.0.60 () {54 vars in 930 bytes} [Wed Mar 2 11:32:50 2022] GET /compute/v2.1 => generated 388 bytes in 2 msecs (HTTP/1.1 200) 9 headers in 357 bytes (1 switches on core 0)
Mar 02 11:32:50.378363 dv-cinder-828459-2-iscsi devstack@n-api.service[109438]: DEBUG nova.api.openstack.wsgi [None req-83c1916b-1450-4ff0-8d9e-4f5b38d5d022 admin admin] Calling method '>' {{(pid=109438) _process_stack /opt/stack/nova/nova/api/openstack/wsgi.py:513}}
Mar 02 11:32:50.402121 dv-cinder-828459-2-iscsi devstack@n-api.service[109438]: INFO nova.api.openstack.requestlog [None req-83c1916b-1450-4ff0-8d9e-4f5b38d5d022 admin admin] 10.222.0.60 "GET /compute/v2.1/flavors/detail?is_public=True" status: 200 len: 2106 microversion: 2.61 time: 0.084510
Mar 02 11:32:50.402870 dv-cinder-828459-2-iscsi devstack@n-api.service[109438]: [pid: 109438|app: 0|req: 11/20] 10.222.0.60 () {60 vars in 1291 bytes} [Wed Mar 2 11:32:50 2022] GET /compute/v2.1/flavors/detail?is_public=True => generated 2106 bytes in 86 msecs (HTTP/1.1 200) 9 headers in 360 bytes (1 switches on core 0)
Mar 02 11:32:52.850067 dv-cinder-828459-2-iscsi devstack@n-api.service[109437]: DEBUG nova.api.openstack.wsgi [None req-5681f2b7-58b6-4444-926d-2d259045be6d admin admin] Calling method '>' {{(pid=109437) _process_stack /opt/stack/nova/nova/api/openstack/wsgi.py:513}}
Mar 02 11:32:52.852155 dv-cinder-828459-2-iscsi devstack@n-api.service[109437]: INFO nova.api.openstack.requestlog [None req-5681f2b7-58b6-4444-926d-2d259045be6d admin admin] 10.222.0.60 "GET /compute/v2.1" status: 200 len: 388 microversion: 2.1 time: 0.002632
Mar 02 11:32:52.852829 dv-cinder-828459-2-iscsi devstack@n-api.service[109437]: [pid: 109437|app: 0|req: 10/21] 10.222.0.60 () {54 vars in 930 bytes} [Wed Mar 2 11:32:52 2022] GET /compute/v2.1 => generated 388 bytes in 4 msecs (HTTP/1.1 200) 9 headers in 357 bytes (1 switches on core 0)
Mar 02 11:32:52.917789 dv-cinder-828459-2-iscsi devstack@n-api.service[109438]: DEBUG nova.api.openstack.wsgi [None req-e3ba2bba-785a-44d3-9499-242d3de0c2f4 admin admin] Action: 'create', calling method: >, body: {"flavor": {"rxtx_factor": 1.0, "disk": 1, "swap": 0, "name": "m1.tiny", "ram": 512, "vcpus": 1, "os-flavor-access:is_public": true, "OS-FLV-EXT-DATA:ephemeral": 0, "id": "1"}} {{(pid=109438) _process_stack /opt/stack/nova/nova/api/openstack/wsgi.py:511}}
Mar 02 11:32:53.037201 dv-cinder-828459-2-iscsi devstack@n-api.service[109438]: INFO nova.api.openstack.requestlog [None req-e3ba2bba-785a-44d3-9499-242d3de0c2f4 admin admin] 10.222.0.60 "POST /compute/v2.1/flavors" status: 200 len: 402 microversion: 2.61 time: 0.178074
Mar 02 11:32:53.037677 dv-cinder-828459-2-iscsi devstack@n-api.service[109438]: [pid: 109438|app: 0|req: 12/22] 10.222.0.60 () {64 vars in 1282 bytes} [Wed Mar 2 11:32:52 2022] POST /compute/v2.1/flavors => generated 402 bytes in 179 msecs (HTTP/1.1 200) 9 headers in 359 bytes (1 switches on core 0)
Mar 02 11:32:53.051657 dv-cinder-828459-2-iscsi devstack@n-api.service[109437]: DEBUG nova.api.openstack.wsgi [None req-3d7d6fbc-c909-4490-9502-0190c412964f admin admin] Action: 'create', calling method: >, body: {"extra_specs": {"hw_rng:allowed": "True"}} {{(pid=109437) _process_stack /opt/stack/nova/nova/api/openstack/wsgi.py:511}}
Mar 02 11:32:53.150423 dv-cinder-828459-2-iscsi devstack@n-api.service[109437]: INFO nova.api.openstack.requestlog [None req-3d7d6fbc-c909-4490-9502-0190c412964f admin admin] 10.222.0.60 "POST /compute/v2.1/flavors/1/os-extra_specs" status: 200 len: 43 microversion: 2.61 time: 0.103794
Mar 02 11:32:53.151091 dv-cinder-828459-2-iscsi devstack@n-api.service[109437]: [pid: 109437|app: 0|req: 11/23] 10.222.0.60 () {64 vars in 1332 bytes} [Wed Mar 2 11:32:53 2022] POST /compute/v2.1/flavors/1/os-extra_specs => generated 43 bytes in 106 msecs (HTTP/1.1 200) 9 headers in 358 bytes (1 switches on core 0)
Mar 02 11:32:55.757564 dv-cinder-828459-2-iscsi devstack@n-api.service[109438]: DEBUG nova.api.openstack.wsgi [None req-e3ba2bba-785a-44d3-9499-242d3de0c2f4 admin admin] Calling method '>' {{(pid=109438) _process_stack /opt/stack/nova/nova/api/openstack/wsgi.py:513}}
Mar 02 11:32:55.758715 dv-cinder-828459-2-iscsi devstack@n-api.service[109438]: INFO nova.api.openstack.requestlog [None req-e3ba2bba-785a-44d3-9499-242d3de0c2f4 admin admin] 10.222.0.60 "GET /compute/v2.1" status: 200 len: 388 microversion: 2.1 time: 0.001611
Mar 02 11:32:55.759139 dv-cinder-828459-2-iscsi devstack@n-api.service[109438]: [pid: 109438|app: 0|req: 13/24] 10.222.0.60 () {54 vars in 930 bytes} [Wed Mar 2 11:32:55 2022] GET /compute/v2.1 => generated 388 bytes in 3 msecs (HTTP/1.1 200) 9 headers in 357 bytes (1 switches on core 0)
Mar 02 11:32:55.825535 dv-cinder-828459-2-iscsi devstack@n-api.service[109437]: DEBUG nova.api.openstack.wsgi [None req-99672416-f9be-4009-95b4-c9b18454c784 admin admin] Action: 'create', calling method: >, body: {"flavor": {"vcpus": 1, "ram": 2048, "id": "2", "rxtx_factor": 1.0, "os-flavor-access:is_public": true, "disk": 20, "name": "m1.small", "OS-FLV-EXT-DATA:ephemeral": 0, "swap": 0}} {{(pid=109437) _process_stack /opt/stack/nova/nova/api/openstack/wsgi.py:511}}
