Feb 07 20:36:18.350510 dv-cinder-828150-2-smb devstack@c-api.service[109687]: DEBUG cinder.api.v3.volumes [None req-d73ded3e-14a0-4a6e-881a-2d8aaa0bf4d8 tempest-GroupsV314Test-1188276990 tempest-GroupsV314Test-1188276990-project] Create volume request body: {'volume': {'volume_type': '9e79ff26-8b4a-4395-a0b3-7cf91976966a', 'group_id': 'd34a3f74-b079-40f8-8502-7dd8ebdb3801', 'size': 1, 'name': 'tempest-GroupsV314Test-Volume-2002519376'}} {{(pid=109687) create /opt/stack/cinder/cinder/api/v3/volumes.py:298}}
Feb 07 20:36:18.377293 dv-cinder-828150-2-smb devstack@c-api.service[109687]: /usr/local/lib/python3.8/dist-packages/oslo_context/context.py:105: DeprecationWarning: Policy enforcement is depending on the value of is_admin. This key is deprecated. Please update your policy file to use the standard policy values.
Feb 07 20:36:18.377293 dv-cinder-828150-2-smb devstack@c-api.service[109687]: warnings.warn('Policy enforcement is depending on the value of '
Feb 07 20:36:18.379502 dv-cinder-828150-2-smb devstack@c-api.service[109687]: INFO cinder.api.v3.volumes [None req-d73ded3e-14a0-4a6e-881a-2d8aaa0bf4d8 tempest-GroupsV314Test-1188276990 tempest-GroupsV314Test-1188276990-project] Create volume of 1 GB
Feb 07 20:36:18.397943 dv-cinder-828150-2-smb devstack@c-api.service[109688]: /usr/local/lib/python3.8/dist-packages/oslo_context/context.py:105: DeprecationWarning: Policy enforcement is depending on the value of is_admin. This key is deprecated. Please update your policy file to use the standard policy values.
Feb 07 20:36:18.397943 dv-cinder-828150-2-smb devstack@c-api.service[109688]: warnings.warn('Policy enforcement is depending on the value of '
Feb 07 20:36:18.406885 dv-cinder-828150-2-smb devstack@c-api.service[109687]: INFO cinder.volume.api [None req-d73ded3e-14a0-4a6e-881a-2d8aaa0bf4d8 tempest-GroupsV314Test-1188276990 tempest-GroupsV314Test-1188276990-project] Availability Zones retrieved successfully.
Feb 07 20:36:18.448992 dv-cinder-828150-2-smb devstack@c-api.service[109687]: DEBUG cinder.volume.api [None req-d73ded3e-14a0-4a6e-881a-2d8aaa0bf4d8 tempest-GroupsV314Test-1188276990 tempest-GroupsV314Test-1188276990-project] Flow 'volume_create_api' (72027193-bd61-4e0c-935a-bd5bb299317c) transitioned into state 'RUNNING' from state 'PENDING' {{(pid=109687) _flow_receiver /usr/local/lib/python3.8/dist-packages/taskflow/listeners/logging.py:141}}
Feb 07 20:36:18.451031 dv-cinder-828150-2-smb devstack@c-api.service[109688]: INFO cinder.volume.api [None req-c5aa2170-13a8-4843-8abf-ff39a5e33d83 tempest-GroupSnapshotsTest-1179513428 tempest-GroupSnapshotsTest-1179513428-project] Volume info retrieved successfully.
Feb 07 20:36:18.453987 dv-cinder-828150-2-smb devstack@c-api.service[109687]: DEBUG cinder.volume.api [None req-d73ded3e-14a0-4a6e-881a-2d8aaa0bf4d8 tempest-GroupsV314Test-1188276990 tempest-GroupsV314Test-1188276990-project] Task 'cinder.volume.flows.api.create_volume.ExtractVolumeRequestTask;volume:create' (e81419ba-1bb2-456b-9000-0427cb5bbc50) transitioned into state 'RUNNING' from state 'PENDING' {{(pid=109687) _task_receiver /usr/local/lib/python3.8/dist-packages/taskflow/listeners/logging.py:190}}
Feb 07 20:36:18.456627 dv-cinder-828150-2-smb devstack@c-api.service[109688]: WARNING stevedore.named [None req-c5aa2170-13a8-4843-8abf-ff39a5e33d83 tempest-GroupSnapshotsTest-1179513428 tempest-GroupSnapshotsTest-1179513428-project] Could not load cinder.keymgr.conf_key_mgr.ConfKeyManager
Feb 07 20:36:18.457051 dv-cinder-828150-2-smb devstack@c-api.service[109688]: WARNING castellan.key_manager [None req-c5aa2170-13a8-4843-8abf-ff39a5e33d83 tempest-GroupSnapshotsTest-1179513428 tempest-GroupSnapshotsTest-1179513428-project] Deprecation Warning : cinder.keymgr.conf_key_mgr.ConfKeyManager is not a stevedore based driver, trying to load it as a class: stevedore.exception.NoMatches: No 'castellan.drivers' driver found, looking for 'cinder.keymgr.conf_key_mgr.ConfKeyManager'
Feb 07 20:36:18.458205 dv-cinder-828150-2-smb devstack@c-api.service[109687]: /usr/local/lib/python3.8/dist-packages/oslo_context/context.py:105: DeprecationWarning: Policy enforcement is depending on the value of is_admin. This key is deprecated. Please update your policy file to use the standard policy values.
Feb 07 20:36:18.458205 dv-cinder-828150-2-smb devstack@c-api.service[109687]: warnings.warn('Policy enforcement is depending on the value of '
Feb 07 20:36:18.462695 dv-cinder-828150-2-smb devstack@c-api.service[109687]: DEBUG cinder.volume.flows.api.create_volume [None req-d73ded3e-14a0-4a6e-881a-2d8aaa0bf4d8 tempest-GroupsV314Test-1188276990 tempest-GroupsV314Test-1188276990-project] Validating volume size '1' using validate_int {{(pid=109687) _extract_size /opt/stack/cinder/cinder/volume/flows/api/create_volume.py:225}}
Feb 07 20:36:18.471080 dv-cinder-828150-2-smb devstack@c-api.service[109688]: DEBUG oslo_db.sqlalchemy.engines [None req-c5aa2170-13a8-4843-8abf-ff39a5e33d83 tempest-GroupSnapshotsTest-1179513428 tempest-GroupSnapshotsTest-1179513428-project] MySQL server mode set to STRICT_TRANS_TABLES,STRICT_ALL_TABLES,NO_ZERO_IN_DATE,NO_ZERO_DATE,ERROR_FOR_DIVISION_BY_ZERO,TRADITIONAL,NO_ENGINE_SUBSTITUTION {{(pid=109688) _check_effective_sql_mode /usr/local/lib/python3.8/dist-packages/oslo_db/sqlalchemy/engines.py:314}}
Feb 07 20:36:18.484130 dv-cinder-828150-2-smb devstack@c-api.service[109688]: /usr/local/lib/python3.8/dist-packages/oslo_context/context.py:105: DeprecationWarning: Policy enforcement is depending on the value of is_admin. This key is deprecated. Please update your policy file to use the standard policy values.
Feb 07 20:36:18.484130 dv-cinder-828150-2-smb devstack@c-api.service[109688]: warnings.warn('Policy enforcement is depending on the value of '
Feb 07 20:36:18.507054 dv-cinder-828150-2-smb devstack@c-api.service[109687]: DEBUG cinder.volume.api [None req-d73ded3e-14a0-4a6e-881a-2d8aaa0bf4d8 tempest-GroupsV314Test-1188276990 tempest-GroupsV314Test-1188276990-project] Task 'cinder.volume.flows.api.create_volume.ExtractVolumeRequestTask;volume:create' (e81419ba-1bb2-456b-9000-0427cb5bbc50) transitioned into state 'SUCCESS' from state 'RUNNING' with result '{'size': 1, 'snapshot_id': None, 'source_volid': None, 'volume_type': VolumeType(created_at=2022-02-07T20:36:16Z,deleted=False,deleted_at=None,description=None,extra_specs={},id=9e79ff26-8b4a-4395-a0b3-7cf91976966a,is_public=True,name='tempest-GroupsV314Test-volume-type-247824653',projects=[],qos_specs=,qos_specs_id=None,updated_at=None), 'volume_type_id': '9e79ff26-8b4a-4395-a0b3-7cf91976966a', 'encryption_key_id': None, 'qos_specs': None, 'consistencygroup_id': None, 'cgsnapshot_id': None, 'group_id': 'd34a3f74-b079-40f8-8502-7dd8ebdb3801', 'replication_status': 'disabled', 'refresh_az': False, 'backup_id': None, 'multiattach': False, 'availability_zones': ['nova']}' {{(pid=109687) _task_receiver /usr/local/lib/python3.8/dist-packages/taskflow/listeners/logging.py:178}}
Feb 07 20:36:18.510006 dv-cinder-828150-2-smb devstack@c-api.service[109687]: DEBUG cinder.volume.api [None req-d73ded3e-14a0-4a6e-881a-2d8aaa0bf4d8 tempest-GroupsV314Test-1188276990 tempest-GroupsV314Test-1188276990-project] Task 'cinder.volume.flows.api.create_volume.QuotaReserveTask;volume:create' (3475cfd3-b3ef-4ad9-b943-94ebc023e75f) transitioned into state 'RUNNING' from state 'PENDING' {{(pid=109687) _task_receiver /usr/local/lib/python3.8/dist-packages/taskflow/listeners/logging.py:190}}
Feb 07 20:36:18.515630 dv-cinder-828150-2-smb devstack@c-api.service[109688]: INFO cinder.api.openstack.wsgi [None req-c5aa2170-13a8-4843-8abf-ff39a5e33d83 tempest-GroupSnapshotsTest-1179513428 tempest-GroupSnapshotsTest-1179513428-project] http://10.222.0.46/volume/v3/3b34ce9867674717ac7b9d641c152671/volumes/1d393552-5678-4c3f-afc7-959af9ccc935 returned with HTTP 200
Feb 07 20:36:18.516400 dv-cinder-828150-2-smb devstack@c-api.service[109688]: [pid: 109688|app: 0|req: 42/85] 10.222.0.46 () {60 vars in 1365 bytes} [Mon Feb 7 20:36:18 2022] GET /volume/v3/3b34ce9867674717ac7b9d641c152671/volumes/1d393552-5678-4c3f-afc7-959af9ccc935 => generated 992 bytes in 177 msecs (HTTP/1.1 200) 7 headers in 286 bytes (1 switches on core 0)
Feb 07 20:36:18.598642 dv-cinder-828150-2-smb devstack@c-api.service[109687]: WARNING cinder.quota [None req-d73ded3e-14a0-4a6e-881a-2d8aaa0bf4d8 tempest-GroupsV314Test-1188276990 tempest-GroupsV314Test-1188276990-project] Deprecated: Default quota for resource: volumes_tempest-GroupsV314Test-volume-type-247824653 is set by the default quota flag: quota_volumes_tempest-GroupsV314Test-volume-type-247824653, it is now deprecated. Please use the default quota class for default quota.
Feb 07 20:36:18.602370 dv-cinder-828150-2-smb devstack@c-api.service[109687]: WARNING cinder.quota [None req-d73ded3e-14a0-4a6e-881a-2d8aaa0bf4d8 tempest-GroupsV314Test-1188276990 tempest-GroupsV314Test-1188276990-project] Deprecated: Default quota for resource: gigabytes_tempest-GroupsV314Test-volume-type-247824653 is set by the default quota flag: quota_gigabytes_tempest-GroupsV314Test-volume-type-247824653, it is now deprecated. Please use the default quota class for default quota.
Feb 07 20:36:18.707960 dv-cinder-828150-2-smb devstack@c-api.service[109687]: DEBUG cinder.quota [None req-d73ded3e-14a0-4a6e-881a-2d8aaa0bf4d8 tempest-GroupsV314Test-1188276990 tempest-GroupsV314Test-1188276990-project] Created reservations ['96106dbf-66c0-4cb8-a663-745370ceb82d', 'fc037b47-26e1-4d7a-87a8-fbeee6e03158', 'b0fb5d6d-ebaa-4dfa-885e-7908ea946eb1', 'e9b32abe-a78b-4f71-a1f7-a1de79ef4ccd'] {{(pid=109687) reserve /opt/stack/cinder/cinder/quota.py:755}}
Feb 07 20:36:18.715111 dv-cinder-828150-2-smb devstack@c-api.service[109687]: DEBUG cinder.volume.api [None req-d73ded3e-14a0-4a6e-881a-2d8aaa0bf4d8 tempest-GroupsV314Test-1188276990 tempest-GroupsV314Test-1188276990-project] Task 'cinder.volume.flows.api.create_volume.QuotaReserveTask;volume:create' (3475cfd3-b3ef-4ad9-b943-94ebc023e75f) transitioned into state 'SUCCESS' from state 'RUNNING' with result '{'reservations': ['96106dbf-66c0-4cb8-a663-745370ceb82d', 'fc037b47-26e1-4d7a-87a8-fbeee6e03158', 'b0fb5d6d-ebaa-4dfa-885e-7908ea946eb1', 'e9b32abe-a78b-4f71-a1f7-a1de79ef4ccd']}' {{(pid=109687) _task_receiver /usr/local/lib/python3.8/dist-packages/taskflow/listeners/logging.py:178}}
Feb 07 20:36:18.719287 dv-cinder-828150-2-smb devstack@c-api.service[109687]: DEBUG cinder.volume.api [None req-d73ded3e-14a0-4a6e-881a-2d8aaa0bf4d8 tempest-GroupsV314Test-1188276990 tempest-GroupsV314Test-1188276990-project] Task 'cinder.volume.flows.api.create_volume.EntryCreateTask;volume:create' (6135907e-b466-4e2d-bfce-5147bfb41265) transitioned into state 'RUNNING' from state 'PENDING' {{(pid=109687) _task_receiver /usr/local/lib/python3.8/dist-packages/taskflow/listeners/logging.py:190}}
Feb 07 20:36:18.774425 dv-cinder-828150-2-smb devstack@c-api.service[109687]: DEBUG cinder.volume.api [None req-d73ded3e-14a0-4a6e-881a-2d8aaa0bf4d8 tempest-GroupsV314Test-1188276990 tempest-GroupsV314Test-1188276990-project] Task 'cinder.volume.flows.api.create_volume.EntryCreateTask;volume:create' (6135907e-b466-4e2d-bfce-5147bfb41265) transitioned into state 'SUCCESS' from state 'RUNNING' with result '{'volume_id': 'aa5129d5-4a0b-4cca-9350-2b3a84a7c6b3', 'volume_properties': VolumeProperties(attach_status='detached',availability_zone='nova',cgsnapshot_id=None,consistencygroup_id=None,display_description=None,display_name='tempest-GroupsV314Test-Volume-2002519376',encryption_key_id=None,group_id=d34a3f74-b079-40f8-8502-7dd8ebdb3801,group_type_id=,metadata={},multiattach=False,project_id='2eea27b021464826b77f306ec9b9516a',qos_specs=None,replication_status=,reservations=['96106dbf-66c0-4cb8-a663-745370ceb82d','fc037b47-26e1-4d7a-87a8-fbeee6e03158','b0fb5d6d-ebaa-4dfa-885e-7908ea946eb1','e9b32abe-a78b-4f71-a1f7-a1de79ef4ccd'],size=1,snapshot_id=None,source_replicaid=,source_volid=None,status='creating',user_id='197fd691534c4091a88f186057ab537f',volume_type_id=9e79ff26-8b4a-4395-a0b3-7cf91976966a), 'volume': Volume(_name_id=None,admin_metadata=,attach_status='detached',availability_zone='nova',bootable=False,cluster=,cluster_name=None,consistencygroup=,consistencygroup_id=None,created_at=2022-02-07T20:36:18Z,deleted=False,deleted_at=None,display_description=None,display_name='tempest-GroupsV314Test-Volume-2002519376',ec2_id=None,encryption_key_id=None,glance_metadata=,group=,group_id=d34a3f74-b079-40f8-8502-7dd8ebdb3801,host=None,id=aa5129d5-4a0b-4cca-9350-2b3a84a7c6b3,launched_at=None,metadata={},migration_status=None,multiattach=False,previous_status=None,project_id='2eea27b021464826b77f306ec9b9516a',provider_auth=None,provider_geometry=None,provider_id=None,provider_location=None,replication_driver_data=None,replication_extended_status=None,replication_status=None,scheduled_at=None,service_uuid=None,shared_targets=True,size=1,snapshot_id=None,snapshots=,source_volid=None,status='creating',terminated_at=None,updated_at=None,use_quota=True,user_id='197fd691534c4091a88f186057ab537f',volume_attachment=VolumeAttachmentList,volume_type=VolumeType(9e79ff26-8b4a-4395-a0b3-7cf91976966a),volume_type_id=9e79ff26-8b4a-4395-a0b3-7cf91976966a)}' {{(pid=109687) _task_receiver /usr/local/lib/python3.8/dist-packages/taskflow/listeners/logging.py:178}}
Feb 07 20:36:18.777641 dv-cinder-828150-2-smb devstack@c-api.service[109687]: DEBUG cinder.volume.api [None req-d73ded3e-14a0-4a6e-881a-2d8aaa0bf4d8 tempest-GroupsV314Test-1188276990 tempest-GroupsV314Test-1188276990-project] Task 'cinder.volume.flows.api.create_volume.QuotaCommitTask;volume:create' (3db1666f-099d-479f-83e5-a26d7a60f999) transitioned into state 'RUNNING' from state 'PENDING' {{(pid=109687) _task_receiver /usr/local/lib/python3.8/dist-packages/taskflow/listeners/logging.py:190}}
Feb 07 20:36:18.807842 dv-cinder-828150-2-smb devstack@c-api.service[109687]: DEBUG cinder.volume.api [None req-d73ded3e-14a0-4a6e-881a-2d8aaa0bf4d8 tempest-GroupsV314Test-1188276990 tempest-GroupsV314Test-1188276990-project] Task 'cinder.volume.flows.api.create_volume.QuotaCommitTask;volume:create' (3db1666f-099d-479f-83e5-a26d7a60f999) transitioned into state 'SUCCESS' from state 'RUNNING' with result '{'volume_properties': VolumeProperties(attach_status='detached',availability_zone='nova',cgsnapshot_id=None,consistencygroup_id=None,display_description=None,display_name='tempest-GroupsV314Test-Volume-2002519376',encryption_key_id=None,group_id=d34a3f74-b079-40f8-8502-7dd8ebdb3801,group_type_id=,metadata={},multiattach=False,project_id='2eea27b021464826b77f306ec9b9516a',qos_specs=None,replication_status=,reservations=['96106dbf-66c0-4cb8-a663-745370ceb82d','fc037b47-26e1-4d7a-87a8-fbeee6e03158','b0fb5d6d-ebaa-4dfa-885e-7908ea946eb1','e9b32abe-a78b-4f71-a1f7-a1de79ef4ccd'],size=1,snapshot_id=None,source_replicaid=,source_volid=None,status='creating',user_id='197fd691534c4091a88f186057ab537f',volume_type_id=9e79ff26-8b4a-4395-a0b3-7cf91976966a)}' {{(pid=109687) _task_receiver /usr/local/lib/python3.8/dist-packages/taskflow/listeners/logging.py:178}}
Feb 07 20:36:18.813098 dv-cinder-828150-2-smb devstack@c-api.service[109687]: DEBUG cinder.volume.api [None req-d73ded3e-14a0-4a6e-881a-2d8aaa0bf4d8 tempest-GroupsV314Test-1188276990 tempest-GroupsV314Test-1188276990-project] Task 'cinder.volume.flows.api.create_volume.VolumeCastTask;volume:create' (0a5d010f-67b6-4060-a983-a5b070ccf5ad) transitioned into state 'RUNNING' from state 'PENDING' {{(pid=109687) _task_receiver /usr/local/lib/python3.8/dist-packages/taskflow/listeners/logging.py:190}}
Feb 07 20:36:18.837523 dv-cinder-828150-2-smb devstack@c-api.service[109687]: DEBUG cinder.volume.api [None req-d73ded3e-14a0-4a6e-881a-2d8aaa0bf4d8 tempest-GroupsV314Test-1188276990 tempest-GroupsV314Test-1188276990-project] Task 'cinder.volume.flows.api.create_volume.VolumeCastTask;volume:create' (0a5d010f-67b6-4060-a983-a5b070ccf5ad) transitioned into state 'SUCCESS' from state 'RUNNING' with result 'None' {{(pid=109687) _task_receiver /usr/local/lib/python3.8/dist-packages/taskflow/listeners/logging.py:178}}
Feb 07 20:36:18.840144 dv-cinder-828150-2-smb devstack@c-api.service[109687]: DEBUG cinder.volume.api [None req-d73ded3e-14a0-4a6e-881a-2d8aaa0bf4d8 tempest-GroupsV314Test-1188276990 tempest-GroupsV314Test-1188276990-project] Flow 'volume_create_api' (72027193-bd61-4e0c-935a-bd5bb299317c) transitioned into state 'SUCCESS' from state 'RUNNING' {{(pid=109687) _flow_receiver /usr/local/lib/python3.8/dist-packages/taskflow/listeners/logging.py:141}}
Feb 07 20:36:18.840930 dv-cinder-828150-2-smb devstack@c-api.service[109687]: INFO cinder.volume.api [None req-d73ded3e-14a0-4a6e-881a-2d8aaa0bf4d8 tempest-GroupsV314Test-1188276990 tempest-GroupsV314Test-1188276990-project] Create volume request issued successfully.
Feb 07 20:36:18.842476 dv-cinder-828150-2-smb devstack@c-api.service[109687]: WARNING stevedore.named [None req-d73ded3e-14a0-4a6e-881a-2d8aaa0bf4d8 tempest-GroupsV314Test-1188276990 tempest-GroupsV314Test-1188276990-project] Could not load cinder.keymgr.conf_key_mgr.ConfKeyManager
Feb 07 20:36:18.842895 dv-cinder-828150-2-smb devstack@c-api.service[109687]: WARNING castellan.key_manager [None req-d73ded3e-14a0-4a6e-881a-2d8aaa0bf4d8 tempest-GroupsV314Test-1188276990 tempest-GroupsV314Test-1188276990-project] Deprecation Warning : cinder.keymgr.conf_key_mgr.ConfKeyManager is not a stevedore based driver, trying to load it as a class: stevedore.exception.NoMatches: No 'castellan.drivers' driver found, looking for 'cinder.keymgr.conf_key_mgr.ConfKeyManager'
Feb 07 20:36:18.852178 dv-cinder-828150-2-smb devstack@c-api.service[109687]: DEBUG oslo_db.sqlalchemy.engines [None req-d73ded3e-14a0-4a6e-881a-2d8aaa0bf4d8 tempest-GroupsV314Test-1188276990 tempest-GroupsV314Test-1188276990-project] MySQL server mode set to STRICT_TRANS_TABLES,STRICT_ALL_TABLES,NO_ZERO_IN_DATE,NO_ZERO_DATE,ERROR_FOR_DIVISION_BY_ZERO,TRADITIONAL,NO_ENGINE_SUBSTITUTION {{(pid=109687) _check_effective_sql_mode /usr/local/lib/python3.8/dist-packages/oslo_db/sqlalchemy/engines.py:314}}
Feb 07 20:36:18.863203 dv-cinder-828150-2-smb devstack@c-api.service[109687]: /usr/local/lib/python3.8/dist-packages/oslo_context/context.py:105: DeprecationWarning: Policy enforcement is depending on the value of is_admin. This key is deprecated. Please update your policy file to use the standard policy values.
Feb 07 20:36:18.863203 dv-cinder-828150-2-smb devstack@c-api.service[109687]: warnings.warn('Policy enforcement is depending on the value of '
Feb 07 20:36:18.875825 dv-cinder-828150-2-smb devstack@c-api.service[109687]: INFO cinder.api.openstack.wsgi [None req-d73ded3e-14a0-4a6e-881a-2d8aaa0bf4d8 tempest-GroupsV314Test-1188276990 tempest-GroupsV314Test-1188276990-project] http://10.222.0.46/volume/v3/2eea27b021464826b77f306ec9b9516a/volumes returned with HTTP 202
Feb 07 20:36:18.886643 dv-cinder-828150-2-smb devstack@c-api.service[109687]: [pid: 109687|app: 0|req: 44/86] 10.222.0.46 () {62 vars in 1276 bytes} [Mon Feb 7 20:36:18 2022] POST /volume/v3/2eea27b021464826b77f306ec9b9516a/volumes => generated 899 bytes in 542 msecs (HTTP/1.1 202) 7 headers in 292 bytes (1 switches on core 0)
Feb 07 20:36:18.893751 dv-cinder-828150-2-smb devstack@c-api.service[109688]: INFO cinder.api.openstack.wsgi [None req-5b9b8c8f-7768-4576-b90a-335b82045412 tempest-GroupsV314Test-1188276990 tempest-GroupsV314Test-1188276990-project] GET http://10.222.0.46/volume/v3/2eea27b021464826b77f306ec9b9516a/volumes/aa5129d5-4a0b-4cca-9350-2b3a84a7c6b3
Feb 07 20:36:18.895016 dv-cinder-828150-2-smb devstack@c-api.service[109688]: DEBUG cinder.api.openstack.wsgi [None req-5b9b8c8f-7768-4576-b90a-335b82045412 tempest-GroupsV314Test-1188276990 tempest-GroupsV314Test-1188276990-project] Empty body provided in request {{(pid=109688) get_body /opt/stack/cinder/cinder/api/openstack/wsgi.py:715}}
Feb 07 20:36:18.895770 dv-cinder-828150-2-smb devstack@c-api.service[109688]: DEBUG cinder.api.openstack.wsgi [None req-5b9b8c8f-7768-4576-b90a-335b82045412 tempest-GroupsV314Test-1188276990 tempest-GroupsV314Test-1188276990-project] Calling method 'show' {{(pid=109688) _process_stack /opt/stack/cinder/cinder/api/openstack/wsgi.py:868}}
Feb 07 20:36:18.934902 dv-cinder-828150-2-smb devstack@c-api.service[109688]: /usr/local/lib/python3.8/dist-packages/oslo_context/context.py:105: DeprecationWarning: Policy enforcement is depending on the value of is_admin. This key is deprecated. Please update your policy file to use the standard policy values.
Feb 07 20:36:18.934902 dv-cinder-828150-2-smb devstack@c-api.service[109688]: warnings.warn('Policy enforcement is depending on the value of '
Feb 07 20:36:18.954114 dv-cinder-828150-2-smb devstack@c-api.service[109688]: INFO cinder.volume.api [None req-5b9b8c8f-7768-4576-b90a-335b82045412 tempest-GroupsV314Test-1188276990 tempest-GroupsV314Test-1188276990-project] Volume info retrieved successfully.
Feb 07 20:36:18.959472 dv-cinder-828150-2-smb devstack@c-api.service[109688]: WARNING stevedore.named [None req-5b9b8c8f-7768-4576-b90a-335b82045412 tempest-GroupsV314Test-1188276990 tempest-GroupsV314Test-1188276990-project] Could not load cinder.keymgr.conf_key_mgr.ConfKeyManager
Feb 07 20:36:18.960152 dv-cinder-828150-2-smb devstack@c-api.service[109688]: WARNING castellan.key_manager [None req-5b9b8c8f-7768-4576-b90a-335b82045412 tempest-GroupsV314Test-1188276990 tempest-GroupsV314Test-1188276990-project] Deprecation Warning : cinder.keymgr.conf_key_mgr.ConfKeyManager is not a stevedore based driver, trying to load it as a class: stevedore.exception.NoMatches: No 'castellan.drivers' driver found, looking for 'cinder.keymgr.conf_key_mgr.ConfKeyManager'
Feb 07 20:36:18.973664 dv-cinder-828150-2-smb devstack@c-api.service[109688]: DEBUG oslo_db.sqlalchemy.engines [None req-5b9b8c8f-7768-4576-b90a-335b82045412 tempest-GroupsV314Test-1188276990 tempest-GroupsV314Test-1188276990-project] MySQL server mode set to STRICT_TRANS_TABLES,STRICT_ALL_TABLES,NO_ZERO_IN_DATE,NO_ZERO_DATE,ERROR_FOR_DIVISION_BY_ZERO,TRADITIONAL,NO_ENGINE_SUBSTITUTION {{(pid=109688) _check_effective_sql_mode /usr/local/lib/python3.8/dist-packages/oslo_db/sqlalchemy/engines.py:314}}
Feb 07 20:36:18.985100 dv-cinder-828150-2-smb devstack@c-api.service[109688]: /usr/local/lib/python3.8/dist-packages/oslo_context/context.py:105: DeprecationWarning: Policy enforcement is depending on the value of is_admin. This key is deprecated. Please update your policy file to use the standard policy values.
Feb 07 20:36:18.985100 dv-cinder-828150-2-smb devstack@c-api.service[109688]: warnings.warn('Policy enforcement is depending on the value of '
Feb 07 20:36:19.021307 dv-cinder-828150-2-smb devstack@c-api.service[109688]: INFO cinder.api.openstack.wsgi [None req-5b9b8c8f-7768-4576-b90a-335b82045412 tempest-GroupsV314Test-1188276990 tempest-GroupsV314Test-1188276990-project] http://10.222.0.46/volume/v3/2eea27b021464826b77f306ec9b9516a/volumes/aa5129d5-4a0b-4cca-9350-2b3a84a7c6b3 returned with HTTP 200
Feb 07 20:36:19.023814 dv-cinder-828150-2-smb devstack@c-api.service[109688]: [pid: 109688|app: 0|req: 43/87] 10.222.0.46 () {60 vars in 1365 bytes} [Mon Feb 7 20:36:18 2022] GET /volume/v3/2eea27b021464826b77f306ec9b9516a/volumes/aa5129d5-4a0b-4cca-9350-2b3a84a7c6b3 => generated 967 bytes in 134 msecs (HTTP/1.1 200) 7 headers in 286 bytes (1 switches on core 0)
Feb 07 20:36:19.537465 dv-cinder-828150-2-smb devstack@c-api.service[109688]: INFO cinder.api.openstack.wsgi [None req-3daa3cdb-2732-402b-a0d8-d934edcb3a3c tempest-GroupSnapshotsTest-1179513428 tempest-GroupSnapshotsTest-1179513428-project] GET http://10.222.0.46/volume/v3/3b34ce9867674717ac7b9d641c152671/volumes/1d393552-5678-4c3f-afc7-959af9ccc935
Feb 07 20:36:19.543015 dv-cinder-828150-2-smb devstack@c-api.service[109688]: DEBUG cinder.api.openstack.wsgi [None req-3daa3cdb-2732-402b-a0d8-d934edcb3a3c tempest-GroupSnapshotsTest-1179513428 tempest-GroupSnapshotsTest-1179513428-project] Empty body provided in request {{(pid=109688) get_body /opt/stack/cinder/cinder/api/openstack/wsgi.py:715}}
Feb 07 20:36:19.543523 dv-cinder-828150-2-smb devstack@c-api.service[109688]: DEBUG cinder.api.openstack.wsgi [None req-3daa3cdb-2732-402b-a0d8-d934edcb3a3c tempest-GroupSnapshotsTest-1179513428 tempest-GroupSnapshotsTest-1179513428-project] Calling method 'show' {{(pid=109688) _process_stack /opt/stack/cinder/cinder/api/openstack/wsgi.py:868}}
Feb 07 20:36:19.545765 dv-cinder-828150-2-smb devstack@c-api.service[109687]: INFO cinder.api.openstack.wsgi [None req-92beef25-c976-4be1-8cc4-5c732f6758d9 tempest-VolumeQuotasAdminTestJSON-2115121019 tempest-VolumeQuotasAdminTestJSON-2115121019-project-admin] GET http://10.222.0.46/volume/v3/70605823d00848f29e7f6928ef4e0255/os-quota-sets/344fa4d9e925437dbea65a6ce3db6bb8
Feb 07 20:36:19.547645 dv-cinder-828150-2-smb devstack@c-api.service[109687]: DEBUG cinder.api.openstack.wsgi [None req-92beef25-c976-4be1-8cc4-5c732f6758d9 tempest-VolumeQuotasAdminTestJSON-2115121019 tempest-VolumeQuotasAdminTestJSON-2115121019-project-admin] Empty body provided in request {{(pid=109687) get_body /opt/stack/cinder/cinder/api/openstack/wsgi.py:715}}
Feb 07 20:36:19.548315 dv-cinder-828150-2-smb devstack@c-api.service[109687]: DEBUG cinder.api.openstack.wsgi [None req-92beef25-c976-4be1-8cc4-5c732f6758d9 tempest-VolumeQuotasAdminTestJSON-2115121019 tempest-VolumeQuotasAdminTestJSON-2115121019-project-admin] Calling method 'show' {{(pid=109687) _process_stack /opt/stack/cinder/cinder/api/openstack/wsgi.py:868}}
Feb 07 20:36:19.566666 dv-cinder-828150-2-smb devstack@c-api.service[109688]: INFO cinder.api.openstack.wsgi [None req-3daa3cdb-2732-402b-a0d8-d934edcb3a3c tempest-GroupSnapshotsTest-1179513428 tempest-GroupSnapshotsTest-1179513428-project] http://10.222.0.46/volume/v3/3b34ce9867674717ac7b9d641c152671/volumes/1d393552-5678-4c3f-afc7-959af9ccc935 returned with HTTP 404
Feb 07 20:36:19.569333 dv-cinder-828150-2-smb devstack@c-api.service[109688]: [pid: 109688|app: 0|req: 44/88] 10.222.0.46 () {60 vars in 1365 bytes} [Mon Feb 7 20:36:19 2022] GET /volume/v3/3b34ce9867674717ac7b9d641c152671/volumes/1d393552-5678-4c3f-afc7-959af9ccc935 => generated 109 bytes in 40 msecs (HTTP/1.1 404) 7 headers in 293 bytes (2 switches on core 0)
Feb 07 20:36:19.577503 dv-cinder-828150-2-smb devstack@c-api.service[109688]: INFO cinder.api.openstack.wsgi [None req-25a78a71-071a-497f-972b-bf082037f652 tempest-GroupSnapshotsTest-1179513428 tempest-GroupSnapshotsTest-1179513428-project] GET http://10.222.0.46/volume/v3/3b34ce9867674717ac7b9d641c152671/groups/d9fb3890-c952-48fb-a9e8-351b958bd531
Feb 07 20:36:19.577993 dv-cinder-828150-2-smb devstack@c-api.service[109688]: DEBUG cinder.api.openstack.wsgi [None req-25a78a71-071a-497f-972b-bf082037f652 tempest-GroupSnapshotsTest-1179513428 tempest-GroupSnapshotsTest-1179513428-project] Empty body provided in request {{(pid=109688) get_body /opt/stack/cinder/cinder/api/openstack/wsgi.py:715}}
Feb 07 20:36:19.579501 dv-cinder-828150-2-smb devstack@c-api.service[109688]: DEBUG cinder.api.openstack.wsgi [None req-25a78a71-071a-497f-972b-bf082037f652 tempest-GroupSnapshotsTest-1179513428 tempest-GroupSnapshotsTest-1179513428-project] Calling method 'version_select' {{(pid=109688) _process_stack /opt/stack/cinder/cinder/api/openstack/wsgi.py:868}}
Feb 07 20:36:19.579501 dv-cinder-828150-2-smb devstack@c-api.service[109688]: DEBUG cinder.api.v3.groups [None req-25a78a71-071a-497f-972b-bf082037f652 tempest-GroupSnapshotsTest-1179513428 tempest-GroupSnapshotsTest-1179513428-project] show called for member d9fb3890-c952-48fb-a9e8-351b958bd531 {{(pid=109688) show /opt/stack/cinder/cinder/api/v3/groups.py:58}}
Feb 07 20:36:19.584526 dv-cinder-828150-2-smb devstack@c-api.service[109688]: INFO cinder.api.openstack.wsgi [None req-25a78a71-071a-497f-972b-bf082037f652 tempest-GroupSnapshotsTest-1179513428 tempest-GroupSnapshotsTest-1179513428-project] http://10.222.0.46/volume/v3/3b34ce9867674717ac7b9d641c152671/groups/d9fb3890-c952-48fb-a9e8-351b958bd531 returned with HTTP 404
Feb 07 20:36:19.585774 dv-cinder-828150-2-smb devstack@c-api.service[109688]: [pid: 109688|app: 0|req: 45/89] 10.222.0.46 () {60 vars in 1362 bytes} [Mon Feb 7 20:36:19 2022] GET /volume/v3/3b34ce9867674717ac7b9d641c152671/groups/d9fb3890-c952-48fb-a9e8-351b958bd531 => generated 108 bytes in 12 msecs (HTTP/1.1 404) 7 headers in 293 bytes (1 switches on core 0)
Feb 07 20:36:19.587603 dv-cinder-828150-2-smb devstack@c-api.service[109687]: WARNING cinder.quota [None req-92beef25-c976-4be1-8cc4-5c732f6758d9 tempest-VolumeQuotasAdminTestJSON-2115121019 tempest-VolumeQuotasAdminTestJSON-2115121019-project-admin] Deprecated: Default quota for resource: backups is set by the default quota flag: quota_backups, it is now deprecated. Please use the default quota class for default quota.
Feb 07 20:36:19.589313 dv-cinder-828150-2-smb devstack@c-api.service[109687]: WARNING cinder.quota [None req-92beef25-c976-4be1-8cc4-5c732f6758d9 tempest-VolumeQuotasAdminTestJSON-2115121019 tempest-VolumeQuotasAdminTestJSON-2115121019-project-admin] Deprecated: Default quota for resource: backup_gigabytes is set by the default quota flag: quota_backup_gigabytes, it is now deprecated. Please use the default quota class for default quota.
Feb 07 20:36:19.591178 dv-cinder-828150-2-smb devstack@c-api.service[109687]: WARNING cinder.quota [None req-92beef25-c976-4be1-8cc4-5c732f6758d9 tempest-VolumeQuotasAdminTestJSON-2115121019 tempest-VolumeQuotasAdminTestJSON-2115121019-project-admin] Deprecated: Default quota for resource: snapshots_tempest-GroupsV314Test-volume-type-247824653 is set by the default quota flag: quota_snapshots_tempest-GroupsV314Test-volume-type-247824653, it is now deprecated. Please use the default quota class for default quota.
Feb 07 20:36:19.592794 dv-cinder-828150-2-smb devstack@c-api.service[109687]: WARNING cinder.quota [None req-92beef25-c976-4be1-8cc4-5c732f6758d9 tempest-VolumeQuotasAdminTestJSON-2115121019 tempest-VolumeQuotasAdminTestJSON-2115121019-project-admin] Deprecated: Default quota for resource: snapshots_tempest-GroupSnapshotsTest-volume-type-1303141434 is set by the default quota flag: quota_snapshots_tempest-GroupSnapshotsTest-volume-type-1303141434, it is now deprecated. Please use the default quota class for default quota.
Feb 07 20:36:19.593640 dv-cinder-828150-2-smb devstack@c-api.service[109688]: INFO cinder.api.openstack.wsgi [None req-76f829d8-444f-47f9-9f1a-4bda20fa08ee tempest-GroupSnapshotsTest-1179513428 tempest-GroupSnapshotsTest-1179513428-project] DELETE http://10.222.0.46/volume/v3/3b34ce9867674717ac7b9d641c152671/group_snapshots/e7957891-1221-41fb-98b4-c4d091f67a4a
Feb 07 20:36:19.594132 dv-cinder-828150-2-smb devstack@c-api.service[109688]: DEBUG cinder.api.openstack.wsgi [None req-76f829d8-444f-47f9-9f1a-4bda20fa08ee tempest-GroupSnapshotsTest-1179513428 tempest-GroupSnapshotsTest-1179513428-project] Empty body provided in request {{(pid=109688) get_body /opt/stack/cinder/cinder/api/openstack/wsgi.py:715}}
Feb 07 20:36:19.594563 dv-cinder-828150-2-smb devstack@c-api.service[109687]: WARNING cinder.quota [None req-92beef25-c976-4be1-8cc4-5c732f6758d9 tempest-VolumeQuotasAdminTestJSON-2115121019 tempest-VolumeQuotasAdminTestJSON-2115121019-project-admin] Deprecated: Default quota for resource: volumes_lvmdriver-1 is set by the default quota flag: quota_volumes_lvmdriver-1, it is now deprecated. Please use the default quota class for default quota.
Feb 07 20:36:19.594703 dv-cinder-828150-2-smb devstack@c-api.service[109688]: DEBUG cinder.api.openstack.wsgi [None req-76f829d8-444f-47f9-9f1a-4bda20fa08ee tempest-GroupSnapshotsTest-1179513428 tempest-GroupSnapshotsTest-1179513428-project] Calling method 'version_select' {{(pid=109688) _process_stack /opt/stack/cinder/cinder/api/openstack/wsgi.py:868}}
Feb 07 20:36:19.594930 dv-cinder-828150-2-smb devstack@c-api.service[109688]: DEBUG cinder.api.v3.group_snapshots [None req-76f829d8-444f-47f9-9f1a-4bda20fa08ee tempest-GroupSnapshotsTest-1179513428 tempest-GroupSnapshotsTest-1179513428-project] delete called for member e7957891-1221-41fb-98b4-c4d091f67a4a {{(pid=109688) delete /opt/stack/cinder/cinder/api/v3/group_snapshots.py:72}}
Feb 07 20:36:19.595265 dv-cinder-828150-2-smb devstack@c-api.service[109688]: INFO cinder.api.v3.group_snapshots [None req-76f829d8-444f-47f9-9f1a-4bda20fa08ee tempest-GroupSnapshotsTest-1179513428 tempest-GroupSnapshotsTest-1179513428-project] Delete group_snapshot with id: e7957891-1221-41fb-98b4-c4d091f67a4a
Feb 07 20:36:19.598086 dv-cinder-828150-2-smb devstack@c-api.service[109687]: WARNING cinder.quota [None req-92beef25-c976-4be1-8cc4-5c732f6758d9 tempest-VolumeQuotasAdminTestJSON-2115121019 tempest-VolumeQuotasAdminTestJSON-2115121019-project-admin] Deprecated: Default quota for resource: gigabytes_lvmdriver-1 is set by the default quota flag: quota_gigabytes_lvmdriver-1, it is now deprecated. Please use the default quota class for default quota.
Feb 07 20:36:19.599230 dv-cinder-828150-2-smb devstack@c-api.service[109687]: WARNING cinder.quota [None req-92beef25-c976-4be1-8cc4-5c732f6758d9 tempest-VolumeQuotasAdminTestJSON-2115121019 tempest-VolumeQuotasAdminTestJSON-2115121019-project-admin] Deprecated: Default quota for resource: snapshots_lvmdriver-1 is set by the default quota flag: quota_snapshots_lvmdriver-1, it is now deprecated. Please use the default quota class for default quota.
Feb 07 20:36:19.600799 dv-cinder-828150-2-smb devstack@c-api.service[109687]: WARNING cinder.quota [None req-92beef25-c976-4be1-8cc4-5c732f6758d9 tempest-VolumeQuotasAdminTestJSON-2115121019 tempest-VolumeQuotasAdminTestJSON-2115121019-project-admin] Deprecated: Default quota for resource: volumes___DEFAULT__ is set by the default quota flag: quota_volumes___DEFAULT__, it is now deprecated. Please use the default quota class for default quota.
Feb 07 20:36:19.602615 dv-cinder-828150-2-smb devstack@c-api.service[109687]: WARNING cinder.quota [None req-92beef25-c976-4be1-8cc4-5c732f6758d9 tempest-VolumeQuotasAdminTestJSON-2115121019 tempest-VolumeQuotasAdminTestJSON-2115121019-project-admin] Deprecated: Default quota for resource: gigabytes___DEFAULT__ is set by the default quota flag: quota_gigabytes___DEFAULT__, it is now deprecated. Please use the default quota class for default quota.
Feb 07 20:36:19.603761 dv-cinder-828150-2-smb devstack@c-api.service[109687]: WARNING cinder.quota [None req-92beef25-c976-4be1-8cc4-5c732f6758d9 tempest-VolumeQuotasAdminTestJSON-2115121019 tempest-VolumeQuotasAdminTestJSON-2115121019-project-admin] Deprecated: Default quota for resource: snapshots___DEFAULT__ is set by the default quota flag: quota_snapshots___DEFAULT__, it is now deprecated. Please use the default quota class for default quota.
Feb 07 20:36:19.610074 dv-cinder-828150-2-smb devstack@c-api.service[109688]: /usr/local/lib/python3.8/dist-packages/oslo_context/context.py:105: DeprecationWarning: Policy enforcement is depending on the value of is_admin. This key is deprecated. Please update your policy file to use the standard policy values.
Feb 07 20:36:19.610074 dv-cinder-828150-2-smb devstack@c-api.service[109688]: warnings.warn('Policy enforcement is depending on the value of '
Feb 07 20:36:19.622028 dv-cinder-828150-2-smb devstack@c-api.service[109687]: INFO cinder.api.openstack.wsgi [None req-92beef25-c976-4be1-8cc4-5c732f6758d9 tempest-VolumeQuotasAdminTestJSON-2115121019 tempest-VolumeQuotasAdminTestJSON-2115121019-project-admin] http://10.222.0.46/volume/v3/70605823d00848f29e7f6928ef4e0255/os-quota-sets/344fa4d9e925437dbea65a6ce3db6bb8 returned with HTTP 200
Feb 07 20:36:19.624348 dv-cinder-828150-2-smb devstack@c-api.service[109687]: [pid: 109687|app: 0|req: 45/90] 10.222.0.46 () {58 vars in 1330 bytes} [Mon Feb 7 20:36:19 2022] GET /volume/v3/70605823d00848f29e7f6928ef4e0255/os-quota-sets/344fa4d9e925437dbea65a6ce3db6bb8 => generated 744 bytes in 314 msecs (HTTP/1.1 200) 7 headers in 285 bytes (1 switches on core 0)
Feb 07 20:36:19.680277 dv-cinder-828150-2-smb devstack@c-api.service[109687]: INFO cinder.api.openstack.wsgi [None req-4321568d-baf0-409d-a1a8-51f3e14f0e98 tempest-VolumeQuotasAdminTestJSON-2115121019 tempest-VolumeQuotasAdminTestJSON-2115121019-project-admin] GET http://10.222.0.46/volume/v3/70605823d00848f29e7f6928ef4e0255/os-quota-sets/344fa4d9e925437dbea65a6ce3db6bb8/defaults
Feb 07 20:36:19.680929 dv-cinder-828150-2-smb devstack@c-api.service[109687]: DEBUG cinder.api.openstack.wsgi [None req-4321568d-baf0-409d-a1a8-51f3e14f0e98 tempest-VolumeQuotasAdminTestJSON-2115121019 tempest-VolumeQuotasAdminTestJSON-2115121019-project-admin] Empty body provided in request {{(pid=109687) get_body /opt/stack/cinder/cinder/api/openstack/wsgi.py:715}}
Feb 07 20:36:19.681499 dv-cinder-828150-2-smb devstack@c-api.service[109687]: DEBUG cinder.api.openstack.wsgi [None req-4321568d-baf0-409d-a1a8-51f3e14f0e98 tempest-VolumeQuotasAdminTestJSON-2115121019 tempest-VolumeQuotasAdminTestJSON-2115121019-project-admin] Calling method 'defaults' {{(pid=109687) _process_stack /opt/stack/cinder/cinder/api/openstack/wsgi.py:868}}
Feb 07 20:36:19.713055 dv-cinder-828150-2-smb devstack@c-api.service[109688]: INFO cinder.api.openstack.wsgi [None req-76f829d8-444f-47f9-9f1a-4bda20fa08ee tempest-GroupSnapshotsTest-1179513428 tempest-GroupSnapshotsTest-1179513428-project] http://10.222.0.46/volume/v3/3b34ce9867674717ac7b9d641c152671/group_snapshots/e7957891-1221-41fb-98b4-c4d091f67a4a returned with HTTP 202
Feb 07 20:36:19.715499 dv-cinder-828150-2-smb devstack@c-api.service[109688]: [pid: 109688|app: 0|req: 46/91] 10.222.0.46 () {60 vars in 1392 bytes} [Mon Feb 7 20:36:19 2022] DELETE /volume/v3/3b34ce9867674717ac7b9d641c152671/group_snapshots/e7957891-1221-41fb-98b4-c4d091f67a4a => generated 0 bytes in 125 msecs (HTTP/1.1 202) 6 headers in 234 bytes (2 switches on core 0)
Feb 07 20:36:19.721255 dv-cinder-828150-2-smb devstack@c-api.service[109687]: INFO cinder.api.openstack.wsgi [None req-4321568d-baf0-409d-a1a8-51f3e14f0e98 tempest-VolumeQuotasAdminTestJSON-2115121019 tempest-VolumeQuotasAdminTestJSON-2115121019-project-admin] http://10.222.0.46/volume/v3/70605823d00848f29e7f6928ef4e0255/os-quota-sets/344fa4d9e925437dbea65a6ce3db6bb8/defaults returned with HTTP 200
Feb 07 20:36:19.722681 dv-cinder-828150-2-smb devstack@c-api.service[109687]: [pid: 109687|app: 0|req: 46/92] 10.222.0.46 () {58 vars in 1357 bytes} [Mon Feb 7 20:36:19 2022] GET /volume/v3/70605823d00848f29e7f6928ef4e0255/os-quota-sets/344fa4d9e925437dbea65a6ce3db6bb8/defaults => generated 744 bytes in 91 msecs (HTTP/1.1 200) 7 headers in 285 bytes (1 switches on core 0)
Feb 07 20:36:19.733881 dv-cinder-828150-2-smb devstack@c-api.service[109688]: INFO cinder.api.openstack.wsgi [None req-64e666e4-0cdf-47cc-ab12-b086617a0d9f tempest-GroupSnapshotsTest-1179513428 tempest-GroupSnapshotsTest-1179513428-project] GET http://10.222.0.46/volume/v3/3b34ce9867674717ac7b9d641c152671/volumes/detail
Feb 07 20:36:19.734553 dv-cinder-828150-2-smb devstack@c-api.service[109688]: DEBUG cinder.api.openstack.wsgi [None req-64e666e4-0cdf-47cc-ab12-b086617a0d9f tempest-GroupSnapshotsTest-1179513428 tempest-GroupSnapshotsTest-1179513428-project] Empty body provided in request {{(pid=109688) get_body /opt/stack/cinder/cinder/api/openstack/wsgi.py:715}}
Feb 07 20:36:19.736565 dv-cinder-828150-2-smb devstack@c-api.service[109688]: DEBUG cinder.api.openstack.wsgi [None req-64e666e4-0cdf-47cc-ab12-b086617a0d9f tempest-GroupSnapshotsTest-1179513428 tempest-GroupSnapshotsTest-1179513428-project] Calling method 'detail' {{(pid=109688) _process_stack /opt/stack/cinder/cinder/api/openstack/wsgi.py:868}}
Feb 07 20:36:19.737122 dv-cinder-828150-2-smb devstack@c-api.service[109688]: DEBUG cinder.api.api_utils [None req-64e666e4-0cdf-47cc-ab12-b086617a0d9f tempest-GroupSnapshotsTest-1179513428 tempest-GroupSnapshotsTest-1179513428-project] Removing options '' from query. {{(pid=109688) remove_invalid_filter_options /opt/stack/cinder/cinder/api/api_utils.py:73}}
Feb 07 20:36:19.739186 dv-cinder-828150-2-smb devstack@c-api.service[109688]: /usr/local/lib/python3.8/dist-packages/oslo_context/context.py:105: DeprecationWarning: Policy enforcement is depending on the value of is_admin. This key is deprecated. Please update your policy file to use the standard policy values.
Feb 07 20:36:19.739186 dv-cinder-828150-2-smb devstack@c-api.service[109688]: warnings.warn('Policy enforcement is depending on the value of '
Feb 07 20:36:19.742218 dv-cinder-828150-2-smb devstack@c-api.service[109688]: DEBUG cinder.volume.api [None req-64e666e4-0cdf-47cc-ab12-b086617a0d9f tempest-GroupSnapshotsTest-1179513428 tempest-GroupSnapshotsTest-1179513428-project] Searching by: MultiDict([('no_migration_targets', True)]). {{(pid=109688) get_all /opt/stack/cinder/cinder/volume/api.py:661}}
Feb 07 20:36:19.744268 dv-cinder-828150-2-smb devstack@c-api.service[109687]: INFO cinder.api.openstack.wsgi [None req-6fffcccc-eed8-4f1f-a699-af67181cc042 tempest-VolumeQuotasAdminTestJSON-2115121019 tempest-VolumeQuotasAdminTestJSON-2115121019-project-admin] PUT http://10.222.0.46/volume/v3/70605823d00848f29e7f6928ef4e0255/os-quota-sets/344fa4d9e925437dbea65a6ce3db6bb8
Feb 07 20:36:19.747078 dv-cinder-828150-2-smb devstack@c-api.service[109687]: DEBUG cinder.api.openstack.wsgi [None req-6fffcccc-eed8-4f1f-a699-af67181cc042 tempest-VolumeQuotasAdminTestJSON-2115121019 tempest-VolumeQuotasAdminTestJSON-2115121019-project-admin] Action: 'update', calling method: update, body: {"quota_set": {"volumes": 15}} {{(pid=109687) _process_stack /opt/stack/cinder/cinder/api/openstack/wsgi.py:866}}
Feb 07 20:36:19.833218 dv-cinder-828150-2-smb devstack@c-api.service[109688]: INFO cinder.volume.api [None req-64e666e4-0cdf-47cc-ab12-b086617a0d9f tempest-GroupSnapshotsTest-1179513428 tempest-GroupSnapshotsTest-1179513428-project] Get all volumes completed successfully.
Feb 07 20:36:19.835206 dv-cinder-828150-2-smb devstack@c-api.service[109688]: WARNING stevedore.named [None req-64e666e4-0cdf-47cc-ab12-b086617a0d9f tempest-GroupSnapshotsTest-1179513428 tempest-GroupSnapshotsTest-1179513428-project] Could not load cinder.keymgr.conf_key_mgr.ConfKeyManager
Feb 07 20:36:19.837044 dv-cinder-828150-2-smb devstack@c-api.service[109688]: WARNING castellan.key_manager [None req-64e666e4-0cdf-47cc-ab12-b086617a0d9f tempest-GroupSnapshotsTest-1179513428 tempest-GroupSnapshotsTest-1179513428-project] Deprecation Warning : cinder.keymgr.conf_key_mgr.ConfKeyManager is not a stevedore based driver, trying to load it as a class: stevedore.exception.NoMatches: No 'castellan.drivers' driver found, looking for 'cinder.keymgr.conf_key_mgr.ConfKeyManager'
Feb 07 20:36:19.845831 dv-cinder-828150-2-smb devstack@c-api.service[109688]: DEBUG oslo_db.sqlalchemy.engines [None req-64e666e4-0cdf-47cc-ab12-b086617a0d9f tempest-GroupSnapshotsTest-1179513428 tempest-GroupSnapshotsTest-1179513428-project] MySQL server mode set to STRICT_TRANS_TABLES,STRICT_ALL_TABLES,NO_ZERO_IN_DATE,NO_ZERO_DATE,ERROR_FOR_DIVISION_BY_ZERO,TRADITIONAL,NO_ENGINE_SUBSTITUTION {{(pid=109688) _check_effective_sql_mode /usr/local/lib/python3.8/dist-packages/oslo_db/sqlalchemy/engines.py:314}}
Feb 07 20:36:19.858998 dv-cinder-828150-2-smb devstack@c-api.service[109688]: /usr/local/lib/python3.8/dist-packages/oslo_context/context.py:105: DeprecationWarning: Policy enforcement is depending on the value of is_admin. This key is deprecated. Please update your policy file to use the standard policy values.
Feb 07 20:36:19.858998 dv-cinder-828150-2-smb devstack@c-api.service[109688]: warnings.warn('Policy enforcement is depending on the value of '
Feb 07 20:36:19.879397 dv-cinder-828150-2-smb devstack@c-api.service[109687]: INFO cinder.api.openstack.wsgi [None req-6fffcccc-eed8-4f1f-a699-af67181cc042 tempest-VolumeQuotasAdminTestJSON-2115121019 tempest-VolumeQuotasAdminTestJSON-2115121019-project-admin] http://10.222.0.46/volume/v3/70605823d00848f29e7f6928ef4e0255/os-quota-sets/344fa4d9e925437dbea65a6ce3db6bb8 returned with HTTP 200
Feb 07 20:36:19.881261 dv-cinder-828150-2-smb devstack@c-api.service[109687]: [pid: 109687|app: 0|req: 47/93] 10.222.0.46 () {60 vars in 1350 bytes} [Mon Feb 7 20:36:19 2022] PUT /volume/v3/70605823d00848f29e7f6928ef4e0255/os-quota-sets/344fa4d9e925437dbea65a6ce3db6bb8 => generated 702 bytes in 153 msecs (HTTP/1.1 200) 7 headers in 285 bytes (1 switches on core 0)
Feb 07 20:36:19.886624 dv-cinder-828150-2-smb devstack@c-api.service[109688]: INFO cinder.api.openstack.wsgi [None req-64e666e4-0cdf-47cc-ab12-b086617a0d9f tempest-GroupSnapshotsTest-1179513428 tempest-GroupSnapshotsTest-1179513428-project] http://10.222.0.46/volume/v3/3b34ce9867674717ac7b9d641c152671/volumes/detail returned with HTTP 200
Feb 07 20:36:19.894315 dv-cinder-828150-2-smb devstack@c-api.service[109687]: INFO cinder.api.openstack.wsgi [None req-dde53ea4-f44c-4003-b1f5-140b5145f3dc tempest-VolumeQuotasAdminTestJSON-2115121019 tempest-VolumeQuotasAdminTestJSON-2115121019-project-admin] DELETE http://10.222.0.46/volume/v3/70605823d00848f29e7f6928ef4e0255/os-quota-sets/344fa4d9e925437dbea65a6ce3db6bb8
Feb 07 20:36:19.894884 dv-cinder-828150-2-smb devstack@c-api.service[109687]: DEBUG cinder.api.openstack.wsgi [None req-dde53ea4-f44c-4003-b1f5-140b5145f3dc tempest-VolumeQuotasAdminTestJSON-2115121019 tempest-VolumeQuotasAdminTestJSON-2115121019-project-admin] Empty body provided in request {{(pid=109687) get_body /opt/stack/cinder/cinder/api/openstack/wsgi.py:715}}
Feb 07 20:36:19.895343 dv-cinder-828150-2-smb devstack@c-api.service[109687]: DEBUG cinder.api.openstack.wsgi [None req-dde53ea4-f44c-4003-b1f5-140b5145f3dc tempest-VolumeQuotasAdminTestJSON-2115121019 tempest-VolumeQuotasAdminTestJSON-2115121019-project-admin] Calling method 'delete' {{(pid=109687) _process_stack /opt/stack/cinder/cinder/api/openstack/wsgi.py:868}}
Feb 07 20:36:19.905683 dv-cinder-828150-2-smb devstack@c-api.service[109688]: [pid: 109688|app: 0|req: 47/94] 10.222.0.46 () {60 vars in 1275 bytes} [Mon Feb 7 20:36:19 2022] GET /volume/v3/3b34ce9867674717ac7b9d641c152671/volumes/detail => generated 1004 bytes in 186 msecs (HTTP/1.1 200) 7 headers in 287 bytes (1 switches on core 0)
Feb 07 20:36:19.912702 dv-cinder-828150-2-smb devstack@c-api.service[109688]: INFO cinder.api.openstack.wsgi [None req-515bb622-e87e-43da-90cd-3ba1acb257d3 tempest-GroupSnapshotsTest-1179513428 tempest-GroupSnapshotsTest-1179513428-project] GET http://10.222.0.46/volume/v3/3b34ce9867674717ac7b9d641c152671/snapshots/detail
Feb 07 20:36:19.913567 dv-cinder-828150-2-smb devstack@c-api.service[109688]: DEBUG cinder.api.openstack.wsgi [None req-515bb622-e87e-43da-90cd-3ba1acb257d3 tempest-GroupSnapshotsTest-1179513428 tempest-GroupSnapshotsTest-1179513428-project] Empty body provided in request {{(pid=109688) get_body /opt/stack/cinder/cinder/api/openstack/wsgi.py:715}}
Feb 07 20:36:19.915925 dv-cinder-828150-2-smb devstack@c-api.service[109687]: INFO cinder.api.openstack.wsgi [None req-dde53ea4-f44c-4003-b1f5-140b5145f3dc tempest-VolumeQuotasAdminTestJSON-2115121019 tempest-VolumeQuotasAdminTestJSON-2115121019-project-admin] http://10.222.0.46/volume/v3/70605823d00848f29e7f6928ef4e0255/os-quota-sets/344fa4d9e925437dbea65a6ce3db6bb8 returned with HTTP 200
Feb 07 20:36:19.918245 dv-cinder-828150-2-smb devstack@c-api.service[109687]: [pid: 109687|app: 0|req: 48/95] 10.222.0.46 () {58 vars in 1333 bytes} [Mon Feb 7 20:36:19 2022] DELETE /volume/v3/70605823d00848f29e7f6928ef4e0255/os-quota-sets/344fa4d9e925437dbea65a6ce3db6bb8 => generated 0 bytes in 29 msecs (HTTP/1.1 200) 7 headers in 283 bytes (1 switches on core 0)
Feb 07 20:36:19.918946 dv-cinder-828150-2-smb devstack@c-api.service[109688]: DEBUG cinder.api.openstack.wsgi [None req-515bb622-e87e-43da-90cd-3ba1acb257d3 tempest-GroupSnapshotsTest-1179513428 tempest-GroupSnapshotsTest-1179513428-project] Calling method 'detail' {{(pid=109688) _process_stack /opt/stack/cinder/cinder/api/openstack/wsgi.py:868}}
Feb 07 20:36:19.920208 dv-cinder-828150-2-smb devstack@c-api.service[109688]: DEBUG cinder.api.api_utils [None req-515bb622-e87e-43da-90cd-3ba1acb257d3 tempest-GroupSnapshotsTest-1179513428 tempest-GroupSnapshotsTest-1179513428-project] Removing options '' from query. {{(pid=109688) remove_invalid_filter_options /opt/stack/cinder/cinder/api/api_utils.py:73}}
Feb 07 20:36:19.922704 dv-cinder-828150-2-smb devstack@c-api.service[109688]: DEBUG cinder.db.sqlalchemy.api [None req-515bb622-e87e-43da-90cd-3ba1acb257d3 tempest-GroupSnapshotsTest-1179513428 tempest-GroupSnapshotsTest-1179513428-project] Building query based on filter {{(pid=109688) _process_snaps_filters /opt/stack/cinder/cinder/db/sqlalchemy/api.py:3156}}
Feb 07 20:36:19.932998 dv-cinder-828150-2-smb devstack@c-api.service[109687]: INFO cinder.api.openstack.wsgi [None req-5111dd73-5675-4f8f-8ad6-8d8df99f60f0 tempest-VolumeQuotasAdminTestJSON-2115121019 tempest-VolumeQuotasAdminTestJSON-2115121019-project-admin] GET http://10.222.0.46/volume/v3/70605823d00848f29e7f6928ef4e0255/os-quota-sets/344fa4d9e925437dbea65a6ce3db6bb8
Feb 07 20:36:19.934438 dv-cinder-828150-2-smb devstack@c-api.service[109687]: DEBUG cinder.api.openstack.wsgi [None req-5111dd73-5675-4f8f-8ad6-8d8df99f60f0 tempest-VolumeQuotasAdminTestJSON-2115121019 tempest-VolumeQuotasAdminTestJSON-2115121019-project-admin] Empty body provided in request {{(pid=109687) get_body /opt/stack/cinder/cinder/api/openstack/wsgi.py:715}}
Feb 07 20:36:19.937909 dv-cinder-828150-2-smb devstack@c-api.service[109687]: DEBUG cinder.api.openstack.wsgi [None req-5111dd73-5675-4f8f-8ad6-8d8df99f60f0 tempest-VolumeQuotasAdminTestJSON-2115121019 tempest-VolumeQuotasAdminTestJSON-2115121019-project-admin] Calling method 'show' {{(pid=109687) _process_stack /opt/stack/cinder/cinder/api/openstack/wsgi.py:868}}
