Feb 07 20:36:10.749680 dv-cinder-828150-2-iscsi devstack@c-api.service[109643]: DEBUG cinder.api.openstack.wsgi [None req-cbfe15a5-9e04-4ddf-b3df-99a636cd4106 tempest-VolumesActionsTest-647235397 tempest-VolumesActionsTest-647235397-project-admin] Action body: b'{"os-reset_status": {"status": "error"}}' {{(pid=109643) get_method /opt/stack/cinder/cinder/api/openstack/wsgi.py:983}}
Feb 07 20:36:10.750020 dv-cinder-828150-2-iscsi devstack@c-api.service[109643]: DEBUG cinder.api.openstack.wsgi [None req-cbfe15a5-9e04-4ddf-b3df-99a636cd4106 tempest-VolumesActionsTest-647235397 tempest-VolumesActionsTest-647235397-project-admin] Action: 'action', calling method: _reset_status, body: {"os-reset_status": {"status": "error"}} {{(pid=109643) _process_stack /opt/stack/cinder/cinder/api/openstack/wsgi.py:866}}
Feb 07 20:36:10.751383 dv-cinder-828150-2-iscsi devstack@c-api.service[109643]: DEBUG cinder.api.contrib.admin_actions [None req-cbfe15a5-9e04-4ddf-b3df-99a636cd4106 tempest-VolumesActionsTest-647235397 tempest-VolumesActionsTest-647235397-project-admin] Updating volume 'eaa6e236-5b3c-44f3-a57a-8a7dd826e8ec' with '{'status': 'error'}' {{(pid=109643) _reset_status /opt/stack/cinder/cinder/api/contrib/admin_actions.py:100}}
Feb 07 20:36:10.794190 dv-cinder-828150-2-iscsi devstack@c-api.service[109643]: /usr/local/lib/python3.8/dist-packages/oslo_context/context.py:105: DeprecationWarning: Policy enforcement is depending on the value of is_admin. This key is deprecated. Please update your policy file to use the standard policy values.
Feb 07 20:36:10.794190 dv-cinder-828150-2-iscsi devstack@c-api.service[109643]: warnings.warn('Policy enforcement is depending on the value of '
Feb 07 20:36:10.840604 dv-cinder-828150-2-iscsi devstack@c-api.service[109643]: INFO cinder.api.openstack.wsgi [None req-cbfe15a5-9e04-4ddf-b3df-99a636cd4106 tempest-VolumesActionsTest-647235397 tempest-VolumesActionsTest-647235397-project-admin] http://10.222.0.60/volume/v3/7f435b94e34d46e6bc1ee2731a6574d0/volumes/eaa6e236-5b3c-44f3-a57a-8a7dd826e8ec/action returned with HTTP 202
Feb 07 20:36:10.842377 dv-cinder-828150-2-iscsi devstack@c-api.service[109643]: [pid: 109643|app: 0|req: 211/407] 10.222.0.60 () {60 vars in 1366 bytes} [Mon Feb 7 20:36:10 2022] POST /volume/v3/7f435b94e34d46e6bc1ee2731a6574d0/volumes/eaa6e236-5b3c-44f3-a57a-8a7dd826e8ec/action => generated 0 bytes in 98 msecs (HTTP/1.1 202) 7 headers in 289 bytes (1 switches on core 0)
Feb 07 20:36:10.852319 dv-cinder-828150-2-iscsi devstack@c-api.service[109643]: INFO cinder.api.openstack.wsgi [None req-71508326-36f6-4a3c-9993-b642bc819335 tempest-VolumesActionsTest-1731860153 tempest-VolumesActionsTest-1731860153-project] GET http://10.222.0.60/volume/v3/54251ae5f1f74ba7826b0d471098d71a/volumes/eaa6e236-5b3c-44f3-a57a-8a7dd826e8ec
Feb 07 20:36:10.852771 dv-cinder-828150-2-iscsi devstack@c-api.service[109643]: DEBUG cinder.api.openstack.wsgi [None req-71508326-36f6-4a3c-9993-b642bc819335 tempest-VolumesActionsTest-1731860153 tempest-VolumesActionsTest-1731860153-project] Empty body provided in request {{(pid=109643) get_body /opt/stack/cinder/cinder/api/openstack/wsgi.py:715}}
Feb 07 20:36:10.853225 dv-cinder-828150-2-iscsi devstack@c-api.service[109643]: DEBUG cinder.api.openstack.wsgi [None req-71508326-36f6-4a3c-9993-b642bc819335 tempest-VolumesActionsTest-1731860153 tempest-VolumesActionsTest-1731860153-project] Calling method 'show' {{(pid=109643) _process_stack /opt/stack/cinder/cinder/api/openstack/wsgi.py:868}}
Feb 07 20:36:10.881027 dv-cinder-828150-2-iscsi devstack@c-api.service[109643]: /usr/local/lib/python3.8/dist-packages/oslo_context/context.py:105: DeprecationWarning: Policy enforcement is depending on the value of is_admin. This key is deprecated. Please update your policy file to use the standard policy values.
Feb 07 20:36:10.881027 dv-cinder-828150-2-iscsi devstack@c-api.service[109643]: warnings.warn('Policy enforcement is depending on the value of '
Feb 07 20:36:10.908904 dv-cinder-828150-2-iscsi devstack@c-api.service[109643]: INFO cinder.volume.api [None req-71508326-36f6-4a3c-9993-b642bc819335 tempest-VolumesActionsTest-1731860153 tempest-VolumesActionsTest-1731860153-project] Volume info retrieved successfully.
Feb 07 20:36:10.920988 dv-cinder-828150-2-iscsi devstack@c-api.service[109643]: INFO cinder.api.openstack.wsgi [None req-71508326-36f6-4a3c-9993-b642bc819335 tempest-VolumesActionsTest-1731860153 tempest-VolumesActionsTest-1731860153-project] http://10.222.0.60/volume/v3/54251ae5f1f74ba7826b0d471098d71a/volumes/eaa6e236-5b3c-44f3-a57a-8a7dd826e8ec returned with HTTP 200
Feb 07 20:36:10.932758 dv-cinder-828150-2-iscsi devstack@c-api.service[109643]: [pid: 109643|app: 0|req: 212/408] 10.222.0.60 () {58 vars in 1324 bytes} [Mon Feb 7 20:36:10 2022] GET /volume/v3/54251ae5f1f74ba7826b0d471098d71a/volumes/eaa6e236-5b3c-44f3-a57a-8a7dd826e8ec => generated 906 bytes in 86 msecs (HTTP/1.1 200) 7 headers in 285 bytes (1 switches on core 0)
Feb 07 20:36:11.039500 dv-cinder-828150-2-iscsi devstack@c-api.service[109642]: DEBUG cinder.coordination [req-4b54f1cb-633a-4750-9d6e-ee5144bef180 req-6583e0da-5025-4fcf-a160-0e05554d962e tempest-AttachVolumeNegativeTest-1819538103 tempest-AttachVolumeNegativeTest-1819538103-project] Lock "b'cinder-attachment_update-3a7aabe2-27de-4ae0-92db-135e4f15fbd9-hv-cinder-82815'" released by "attachment_update" :: held 0.387s {{(pid=109642) _synchronized /opt/stack/cinder/cinder/coordination.py:198}}
Feb 07 20:36:11.047422 dv-cinder-828150-2-iscsi devstack@c-api.service[109642]: INFO cinder.api.openstack.wsgi [req-4b54f1cb-633a-4750-9d6e-ee5144bef180 req-6583e0da-5025-4fcf-a160-0e05554d962e tempest-AttachVolumeNegativeTest-1819538103 tempest-AttachVolumeNegativeTest-1819538103-project] http://10.222.0.60/volume/v3/f432db4128fd41dcb4533e392be06161/attachments/4500b1c2-430c-4538-8c19-88b44e020e96 returned with HTTP 200
Feb 07 20:36:11.047422 dv-cinder-828150-2-iscsi devstack@c-api.service[109642]: [pid: 109642|app: 0|req: 197/409] 10.222.0.24 () {64 vars in 1477 bytes} [Mon Feb 7 20:36:10 2022] PUT /volume/v3/f432db4128fd41dcb4533e392be06161/attachments/4500b1c2-430c-4538-8c19-88b44e020e96 => generated 747 bytes in 434 msecs (HTTP/1.1 200) 7 headers in 286 bytes (2 switches on core 0)
Feb 07 20:36:11.056508 dv-cinder-828150-2-iscsi devstack@c-api.service[109642]: INFO cinder.api.openstack.wsgi [None req-6ebdb18f-660b-4e9e-b3fa-3ea8de3701c3 tempest-VolumesActionsTest-647235397 tempest-VolumesActionsTest-647235397-project-admin] POST http://10.222.0.60/volume/v3/7f435b94e34d46e6bc1ee2731a6574d0/volumes/eaa6e236-5b3c-44f3-a57a-8a7dd826e8ec/action
Feb 07 20:36:11.058367 dv-cinder-828150-2-iscsi devstack@c-api.service[109642]: DEBUG cinder.api.openstack.wsgi [None req-6ebdb18f-660b-4e9e-b3fa-3ea8de3701c3 tempest-VolumesActionsTest-647235397 tempest-VolumesActionsTest-647235397-project-admin] Action body: b'{"os-force_delete": {}}' {{(pid=109642) get_method /opt/stack/cinder/cinder/api/openstack/wsgi.py:983}}
Feb 07 20:36:11.061447 dv-cinder-828150-2-iscsi devstack@c-api.service[109642]: DEBUG cinder.api.openstack.wsgi [None req-6ebdb18f-660b-4e9e-b3fa-3ea8de3701c3 tempest-VolumesActionsTest-647235397 tempest-VolumesActionsTest-647235397-project-admin] Action: 'action', calling method: _force_delete, body: {"os-force_delete": {}} {{(pid=109642) _process_stack /opt/stack/cinder/cinder/api/openstack/wsgi.py:866}}
Feb 07 20:36:11.081306 dv-cinder-828150-2-iscsi devstack@c-api.service[109642]: /usr/local/lib/python3.8/dist-packages/oslo_context/context.py:105: DeprecationWarning: Policy enforcement is depending on the value of is_admin. This key is deprecated. Please update your policy file to use the standard policy values.
Feb 07 20:36:11.081306 dv-cinder-828150-2-iscsi devstack@c-api.service[109642]: warnings.warn('Policy enforcement is depending on the value of '
Feb 07 20:36:11.083307 dv-cinder-828150-2-iscsi devstack@c-api.service[109642]: INFO cinder.volume.api [None req-6ebdb18f-660b-4e9e-b3fa-3ea8de3701c3 tempest-VolumesActionsTest-647235397 tempest-VolumesActionsTest-647235397-project-admin] Volume info retrieved successfully.
Feb 07 20:36:11.134804 dv-cinder-828150-2-iscsi devstack@c-api.service[109642]: INFO cinder.volume.api [None req-6ebdb18f-660b-4e9e-b3fa-3ea8de3701c3 tempest-VolumesActionsTest-647235397 tempest-VolumesActionsTest-647235397-project-admin] Delete volume request issued successfully.
Feb 07 20:36:11.137517 dv-cinder-828150-2-iscsi devstack@c-api.service[109642]: INFO cinder.api.openstack.wsgi [None req-6ebdb18f-660b-4e9e-b3fa-3ea8de3701c3 tempest-VolumesActionsTest-647235397 tempest-VolumesActionsTest-647235397-project-admin] http://10.222.0.60/volume/v3/7f435b94e34d46e6bc1ee2731a6574d0/volumes/eaa6e236-5b3c-44f3-a57a-8a7dd826e8ec/action returned with HTTP 202
Feb 07 20:36:11.140315 dv-cinder-828150-2-iscsi devstack@c-api.service[109642]: [pid: 109642|app: 0|req: 198/410] 10.222.0.60 () {60 vars in 1366 bytes} [Mon Feb 7 20:36:11 2022] POST /volume/v3/7f435b94e34d46e6bc1ee2731a6574d0/volumes/eaa6e236-5b3c-44f3-a57a-8a7dd826e8ec/action => generated 0 bytes in 93 msecs (HTTP/1.1 202) 7 headers in 289 bytes (1 switches on core 0)
Feb 07 20:36:11.157243 dv-cinder-828150-2-iscsi devstack@c-api.service[109642]: INFO cinder.api.openstack.wsgi [None req-d1d7d944-17f2-4884-9905-e36833f39d1b tempest-VolumesActionsTest-1731860153 tempest-VolumesActionsTest-1731860153-project] GET http://10.222.0.60/volume/v3/54251ae5f1f74ba7826b0d471098d71a/volumes/eaa6e236-5b3c-44f3-a57a-8a7dd826e8ec
Feb 07 20:36:11.157894 dv-cinder-828150-2-iscsi devstack@c-api.service[109642]: DEBUG cinder.api.openstack.wsgi [None req-d1d7d944-17f2-4884-9905-e36833f39d1b tempest-VolumesActionsTest-1731860153 tempest-VolumesActionsTest-1731860153-project] Empty body provided in request {{(pid=109642) get_body /opt/stack/cinder/cinder/api/openstack/wsgi.py:715}}
Feb 07 20:36:11.159009 dv-cinder-828150-2-iscsi devstack@c-api.service[109642]: DEBUG cinder.api.openstack.wsgi [None req-d1d7d944-17f2-4884-9905-e36833f39d1b tempest-VolumesActionsTest-1731860153 tempest-VolumesActionsTest-1731860153-project] Calling method 'show' {{(pid=109642) _process_stack /opt/stack/cinder/cinder/api/openstack/wsgi.py:868}}
Feb 07 20:36:11.184748 dv-cinder-828150-2-iscsi devstack@c-api.service[109642]: /usr/local/lib/python3.8/dist-packages/oslo_context/context.py:105: DeprecationWarning: Policy enforcement is depending on the value of is_admin. This key is deprecated. Please update your policy file to use the standard policy values.
Feb 07 20:36:11.184748 dv-cinder-828150-2-iscsi devstack@c-api.service[109642]: warnings.warn('Policy enforcement is depending on the value of '
Feb 07 20:36:11.193139 dv-cinder-828150-2-iscsi devstack@c-api.service[109642]: INFO cinder.volume.api [None req-d1d7d944-17f2-4884-9905-e36833f39d1b tempest-VolumesActionsTest-1731860153 tempest-VolumesActionsTest-1731860153-project] Volume info retrieved successfully.
Feb 07 20:36:11.213952 dv-cinder-828150-2-iscsi devstack@c-api.service[109642]: INFO cinder.api.openstack.wsgi [None req-d1d7d944-17f2-4884-9905-e36833f39d1b tempest-VolumesActionsTest-1731860153 tempest-VolumesActionsTest-1731860153-project] http://10.222.0.60/volume/v3/54251ae5f1f74ba7826b0d471098d71a/volumes/eaa6e236-5b3c-44f3-a57a-8a7dd826e8ec returned with HTTP 200
Feb 07 20:36:11.214916 dv-cinder-828150-2-iscsi devstack@c-api.service[109642]: [pid: 109642|app: 0|req: 199/411] 10.222.0.60 () {58 vars in 1324 bytes} [Mon Feb 7 20:36:11 2022] GET /volume/v3/54251ae5f1f74ba7826b0d471098d71a/volumes/eaa6e236-5b3c-44f3-a57a-8a7dd826e8ec => generated 909 bytes in 69 msecs (HTTP/1.1 200) 7 headers in 285 bytes (1 switches on core 0)
Feb 07 20:36:11.227827 dv-cinder-828150-2-iscsi devstack@c-api.service[109642]: INFO cinder.api.openstack.wsgi [None req-2e858be5-b42f-48cc-bcda-0bef8deac06a tempest-AttachVolumeNegativeTest-1819538103 tempest-AttachVolumeNegativeTest-1819538103-project] GET http://10.222.0.60/volume/v3/f432db4128fd41dcb4533e392be06161/volumes/3a7aabe2-27de-4ae0-92db-135e4f15fbd9
Feb 07 20:36:11.228444 dv-cinder-828150-2-iscsi devstack@c-api.service[109642]: DEBUG cinder.api.openstack.wsgi [None req-2e858be5-b42f-48cc-bcda-0bef8deac06a tempest-AttachVolumeNegativeTest-1819538103 tempest-AttachVolumeNegativeTest-1819538103-project] Empty body provided in request {{(pid=109642) get_body /opt/stack/cinder/cinder/api/openstack/wsgi.py:715}}
Feb 07 20:36:11.229236 dv-cinder-828150-2-iscsi devstack@c-api.service[109642]: DEBUG cinder.api.openstack.wsgi [None req-2e858be5-b42f-48cc-bcda-0bef8deac06a tempest-AttachVolumeNegativeTest-1819538103 tempest-AttachVolumeNegativeTest-1819538103-project] Calling method 'show' {{(pid=109642) _process_stack /opt/stack/cinder/cinder/api/openstack/wsgi.py:868}}
Feb 07 20:36:11.248534 dv-cinder-828150-2-iscsi devstack@c-api.service[109642]: /usr/local/lib/python3.8/dist-packages/oslo_context/context.py:105: DeprecationWarning: Policy enforcement is depending on the value of is_admin. This key is deprecated. Please update your policy file to use the standard policy values.
Feb 07 20:36:11.248534 dv-cinder-828150-2-iscsi devstack@c-api.service[109642]: warnings.warn('Policy enforcement is depending on the value of '
Feb 07 20:36:11.265580 dv-cinder-828150-2-iscsi devstack@c-api.service[109642]: INFO cinder.volume.api [None req-2e858be5-b42f-48cc-bcda-0bef8deac06a tempest-AttachVolumeNegativeTest-1819538103 tempest-AttachVolumeNegativeTest-1819538103-project] Volume info retrieved successfully.
Feb 07 20:36:11.269103 dv-cinder-828150-2-iscsi devstack@c-api.service[109643]: INFO cinder.api.openstack.wsgi [None req-551c4642-483a-470a-b2b4-490dfbf18059 tempest-VolumesGetTest-1510588114 tempest-VolumesGetTest-1510588114-project] POST http://10.222.0.60/volume/v3/f1b2fe1334bf4f11b99e038385c275dd/volumes
Feb 07 20:36:11.269810 dv-cinder-828150-2-iscsi devstack@c-api.service[109643]: DEBUG cinder.api.openstack.wsgi [None req-551c4642-483a-470a-b2b4-490dfbf18059 tempest-VolumesGetTest-1510588114 tempest-VolumesGetTest-1510588114-project] Action: 'create', calling method: create, body: {"volume": {"size": 1, "name": "tempest-VolumesGetTest-Volume-176008551", "metadata": {"Type": "Test"}}} {{(pid=109643) _process_stack /opt/stack/cinder/cinder/api/openstack/wsgi.py:866}}
Feb 07 20:36:11.270926 dv-cinder-828150-2-iscsi devstack@c-api.service[109643]: DEBUG cinder.api.v3.volumes [None req-551c4642-483a-470a-b2b4-490dfbf18059 tempest-VolumesGetTest-1510588114 tempest-VolumesGetTest-1510588114-project] Create volume request body: {'volume': {'size': 1, 'name': 'tempest-VolumesGetTest-Volume-176008551', 'metadata': {'Type': 'Test'}}} {{(pid=109643) create /opt/stack/cinder/cinder/api/v3/volumes.py:298}}
Feb 07 20:36:11.271732 dv-cinder-828150-2-iscsi devstack@c-api.service[109643]: INFO cinder.api.v3.volumes [None req-551c4642-483a-470a-b2b4-490dfbf18059 tempest-VolumesGetTest-1510588114 tempest-VolumesGetTest-1510588114-project] Create volume of 1 GB
Feb 07 20:36:11.277713 dv-cinder-828150-2-iscsi devstack@c-api.service[109642]: INFO cinder.api.openstack.wsgi [None req-2e858be5-b42f-48cc-bcda-0bef8deac06a tempest-AttachVolumeNegativeTest-1819538103 tempest-AttachVolumeNegativeTest-1819538103-project] http://10.222.0.60/volume/v3/f432db4128fd41dcb4533e392be06161/volumes/3a7aabe2-27de-4ae0-92db-135e4f15fbd9 returned with HTTP 200
Feb 07 20:36:11.278664 dv-cinder-828150-2-iscsi devstack@c-api.service[109642]: [pid: 109642|app: 0|req: 200/412] 10.222.0.60 () {58 vars in 1324 bytes} [Mon Feb 7 20:36:11 2022] GET /volume/v3/f432db4128fd41dcb4533e392be06161/volumes/3a7aabe2-27de-4ae0-92db-135e4f15fbd9 => generated 916 bytes in 54 msecs (HTTP/1.1 200) 7 headers in 285 bytes (1 switches on core 0)
Feb 07 20:36:11.288933 dv-cinder-828150-2-iscsi devstack@c-api.service[109643]: INFO cinder.volume.api [None req-551c4642-483a-470a-b2b4-490dfbf18059 tempest-VolumesGetTest-1510588114 tempest-VolumesGetTest-1510588114-project] Availability Zones retrieved successfully.
Feb 07 20:36:11.305410 dv-cinder-828150-2-iscsi devstack@c-api.service[109643]: DEBUG cinder.volume.api [None req-551c4642-483a-470a-b2b4-490dfbf18059 tempest-VolumesGetTest-1510588114 tempest-VolumesGetTest-1510588114-project] Flow 'volume_create_api' (e78c37ca-bb0d-430b-8573-1dd23096225b) transitioned into state 'RUNNING' from state 'PENDING' {{(pid=109643) _flow_receiver /usr/local/lib/python3.8/dist-packages/taskflow/listeners/logging.py:141}}
Feb 07 20:36:11.308736 dv-cinder-828150-2-iscsi devstack@c-api.service[109643]: DEBUG cinder.volume.api [None req-551c4642-483a-470a-b2b4-490dfbf18059 tempest-VolumesGetTest-1510588114 tempest-VolumesGetTest-1510588114-project] Task 'cinder.volume.flows.api.create_volume.ExtractVolumeRequestTask;volume:create' (43a66bb8-6cc3-455f-9e17-0736d9fb7ced) transitioned into state 'RUNNING' from state 'PENDING' {{(pid=109643) _task_receiver /usr/local/lib/python3.8/dist-packages/taskflow/listeners/logging.py:190}}
Feb 07 20:36:11.312626 dv-cinder-828150-2-iscsi devstack@c-api.service[109642]: INFO cinder.api.openstack.wsgi [None req-2f608782-86a8-467c-91bc-e2ef57610347 tempest-DeleteServersTestJSON-2038164315 tempest-DeleteServersTestJSON-2038164315-project] GET http://10.222.0.60/volume/v3/50c4f08e6606441bb08a6fd4f888c387/volumes/2a3be5bb-068c-443c-8ba4-ee642e208321
Feb 07 20:36:11.313331 dv-cinder-828150-2-iscsi devstack@c-api.service[109642]: DEBUG cinder.api.openstack.wsgi [None req-2f608782-86a8-467c-91bc-e2ef57610347 tempest-DeleteServersTestJSON-2038164315 tempest-DeleteServersTestJSON-2038164315-project] Empty body provided in request {{(pid=109642) get_body /opt/stack/cinder/cinder/api/openstack/wsgi.py:715}}
Feb 07 20:36:11.313902 dv-cinder-828150-2-iscsi devstack@c-api.service[109643]: DEBUG cinder.volume.flows.api.create_volume [None req-551c4642-483a-470a-b2b4-490dfbf18059 tempest-VolumesGetTest-1510588114 tempest-VolumesGetTest-1510588114-project] Validating volume size '1' using validate_int {{(pid=109643) _extract_size /opt/stack/cinder/cinder/volume/flows/api/create_volume.py:225}}
Feb 07 20:36:11.314853 dv-cinder-828150-2-iscsi devstack@c-api.service[109642]: DEBUG cinder.api.openstack.wsgi [None req-2f608782-86a8-467c-91bc-e2ef57610347 tempest-DeleteServersTestJSON-2038164315 tempest-DeleteServersTestJSON-2038164315-project] Calling method 'show' {{(pid=109642) _process_stack /opt/stack/cinder/cinder/api/openstack/wsgi.py:868}}
Feb 07 20:36:11.347182 dv-cinder-828150-2-iscsi devstack@c-api.service[109642]: /usr/local/lib/python3.8/dist-packages/oslo_context/context.py:105: DeprecationWarning: Policy enforcement is depending on the value of is_admin. This key is deprecated. Please update your policy file to use the standard policy values.
Feb 07 20:36:11.347182 dv-cinder-828150-2-iscsi devstack@c-api.service[109642]: warnings.warn('Policy enforcement is depending on the value of '
Feb 07 20:36:11.360179 dv-cinder-828150-2-iscsi devstack@c-api.service[109642]: INFO cinder.volume.api [None req-2f608782-86a8-467c-91bc-e2ef57610347 tempest-DeleteServersTestJSON-2038164315 tempest-DeleteServersTestJSON-2038164315-project] Volume info retrieved successfully.
Feb 07 20:36:11.363225 dv-cinder-828150-2-iscsi devstack@c-api.service[109643]: DEBUG cinder.volume.api [None req-551c4642-483a-470a-b2b4-490dfbf18059 tempest-VolumesGetTest-1510588114 tempest-VolumesGetTest-1510588114-project] Task 'cinder.volume.flows.api.create_volume.ExtractVolumeRequestTask;volume:create' (43a66bb8-6cc3-455f-9e17-0736d9fb7ced) transitioned into state 'SUCCESS' from state 'RUNNING' with result '{'size': 1, 'snapshot_id': None, 'source_volid': None, 'volume_type': VolumeType(created_at=2022-02-07T20:26:00Z,deleted=False,deleted_at=None,description='Default Volume Type',extra_specs={},id=b0080c89-fda4-46e5-b867-dc762ed35fc2,is_public=True,name='__DEFAULT__',projects=[],qos_specs=,qos_specs_id=None,updated_at=2022-02-07T20:26:00Z), 'volume_type_id': 'b0080c89-fda4-46e5-b867-dc762ed35fc2', 'encryption_key_id': None, 'qos_specs': None, 'consistencygroup_id': None, 'cgsnapshot_id': None, 'group_id': None, 'replication_status': 'disabled', 'refresh_az': False, 'backup_id': None, 'multiattach': False, 'availability_zones': ['nova']}' {{(pid=109643) _task_receiver /usr/local/lib/python3.8/dist-packages/taskflow/listeners/logging.py:178}}
Feb 07 20:36:11.365490 dv-cinder-828150-2-iscsi devstack@c-api.service[109643]: DEBUG cinder.volume.api [None req-551c4642-483a-470a-b2b4-490dfbf18059 tempest-VolumesGetTest-1510588114 tempest-VolumesGetTest-1510588114-project] Task 'cinder.volume.flows.api.create_volume.QuotaReserveTask;volume:create' (fc3cc829-5593-4259-81ab-0eb1dbc8b3f3) transitioned into state 'RUNNING' from state 'PENDING' {{(pid=109643) _task_receiver /usr/local/lib/python3.8/dist-packages/taskflow/listeners/logging.py:190}}
Feb 07 20:36:11.378557 dv-cinder-828150-2-iscsi devstack@c-api.service[109642]: INFO cinder.api.openstack.wsgi [None req-2f608782-86a8-467c-91bc-e2ef57610347 tempest-DeleteServersTestJSON-2038164315 tempest-DeleteServersTestJSON-2038164315-project] http://10.222.0.60/volume/v3/50c4f08e6606441bb08a6fd4f888c387/volumes/2a3be5bb-068c-443c-8ba4-ee642e208321 returned with HTTP 200
Feb 07 20:36:11.383906 dv-cinder-828150-2-iscsi devstack@c-api.service[109642]: [pid: 109642|app: 0|req: 201/413] 10.222.0.60 () {58 vars in 1324 bytes} [Mon Feb 7 20:36:11 2022] GET /volume/v3/50c4f08e6606441bb08a6fd4f888c387/volumes/2a3be5bb-068c-443c-8ba4-ee642e208321 => generated 1206 bytes in 78 msecs (HTTP/1.1 200) 7 headers in 286 bytes (2 switches on core 0)
Feb 07 20:36:11.399293 dv-cinder-828150-2-iscsi devstack@c-api.service[109642]: INFO cinder.api.openstack.wsgi [None req-4eac019e-e468-4982-be63-9daf1200f55c tempest-DeleteServersTestJSON-2038164315 tempest-DeleteServersTestJSON-2038164315-project] GET http://10.222.0.60/volume/v3/50c4f08e6606441bb08a6fd4f888c387/volumes/2a3be5bb-068c-443c-8ba4-ee642e208321
Feb 07 20:36:11.399958 dv-cinder-828150-2-iscsi devstack@c-api.service[109642]: DEBUG cinder.api.openstack.wsgi [None req-4eac019e-e468-4982-be63-9daf1200f55c tempest-DeleteServersTestJSON-2038164315 tempest-DeleteServersTestJSON-2038164315-project] Empty body provided in request {{(pid=109642) get_body /opt/stack/cinder/cinder/api/openstack/wsgi.py:715}}
Feb 07 20:36:11.400293 dv-cinder-828150-2-iscsi devstack@c-api.service[109642]: DEBUG cinder.api.openstack.wsgi [None req-4eac019e-e468-4982-be63-9daf1200f55c tempest-DeleteServersTestJSON-2038164315 tempest-DeleteServersTestJSON-2038164315-project] Calling method 'show' {{(pid=109642) _process_stack /opt/stack/cinder/cinder/api/openstack/wsgi.py:868}}
Feb 07 20:36:11.473879 dv-cinder-828150-2-iscsi devstack@c-api.service[109642]: /usr/local/lib/python3.8/dist-packages/oslo_context/context.py:105: DeprecationWarning: Policy enforcement is depending on the value of is_admin. This key is deprecated. Please update your policy file to use the standard policy values.
Feb 07 20:36:11.473879 dv-cinder-828150-2-iscsi devstack@c-api.service[109642]: warnings.warn('Policy enforcement is depending on the value of '
Feb 07 20:36:11.495137 dv-cinder-828150-2-iscsi devstack@c-api.service[109643]: DEBUG cinder.quota [None req-551c4642-483a-470a-b2b4-490dfbf18059 tempest-VolumesGetTest-1510588114 tempest-VolumesGetTest-1510588114-project] Created reservations ['ece7ad2b-2323-4b8a-ad8b-c4ea8abcef9e', '3a6dfd63-92ed-4761-a389-e0e17880592f', 'acbf98ea-5333-4877-8c40-6e12369812b3', '54fc78bc-105e-4714-9a70-7835611dfb3d'] {{(pid=109643) reserve /opt/stack/cinder/cinder/quota.py:755}}
Feb 07 20:36:11.498585 dv-cinder-828150-2-iscsi devstack@c-api.service[109643]: DEBUG cinder.volume.api [None req-551c4642-483a-470a-b2b4-490dfbf18059 tempest-VolumesGetTest-1510588114 tempest-VolumesGetTest-1510588114-project] Task 'cinder.volume.flows.api.create_volume.QuotaReserveTask;volume:create' (fc3cc829-5593-4259-81ab-0eb1dbc8b3f3) transitioned into state 'SUCCESS' from state 'RUNNING' with result '{'reservations': ['ece7ad2b-2323-4b8a-ad8b-c4ea8abcef9e', '3a6dfd63-92ed-4761-a389-e0e17880592f', 'acbf98ea-5333-4877-8c40-6e12369812b3', '54fc78bc-105e-4714-9a70-7835611dfb3d']}' {{(pid=109643) _task_receiver /usr/local/lib/python3.8/dist-packages/taskflow/listeners/logging.py:178}}
Feb 07 20:36:11.501637 dv-cinder-828150-2-iscsi devstack@c-api.service[109643]: DEBUG cinder.volume.api [None req-551c4642-483a-470a-b2b4-490dfbf18059 tempest-VolumesGetTest-1510588114 tempest-VolumesGetTest-1510588114-project] Task 'cinder.volume.flows.api.create_volume.EntryCreateTask;volume:create' (f92912fc-c3e9-4d8d-a6ec-b16d5f546542) transitioned into state 'RUNNING' from state 'PENDING' {{(pid=109643) _task_receiver /usr/local/lib/python3.8/dist-packages/taskflow/listeners/logging.py:190}}
Feb 07 20:36:11.502952 dv-cinder-828150-2-iscsi devstack@c-api.service[109642]: INFO cinder.volume.api [None req-4eac019e-e468-4982-be63-9daf1200f55c tempest-DeleteServersTestJSON-2038164315 tempest-DeleteServersTestJSON-2038164315-project] Volume info retrieved successfully.
Feb 07 20:36:11.527229 dv-cinder-828150-2-iscsi devstack@c-api.service[109642]: INFO cinder.api.openstack.wsgi [None req-4eac019e-e468-4982-be63-9daf1200f55c tempest-DeleteServersTestJSON-2038164315 tempest-DeleteServersTestJSON-2038164315-project] http://10.222.0.60/volume/v3/50c4f08e6606441bb08a6fd4f888c387/volumes/2a3be5bb-068c-443c-8ba4-ee642e208321 returned with HTTP 200
Feb 07 20:36:11.535607 dv-cinder-828150-2-iscsi devstack@c-api.service[109642]: [pid: 109642|app: 0|req: 202/414] 10.222.0.60 () {58 vars in 1324 bytes} [Mon Feb 7 20:36:11 2022] GET /volume/v3/50c4f08e6606441bb08a6fd4f888c387/volumes/2a3be5bb-068c-443c-8ba4-ee642e208321 => generated 1206 bytes in 140 msecs (HTTP/1.1 200) 7 headers in 286 bytes (2 switches on core 0)
Feb 07 20:36:11.543841 dv-cinder-828150-2-iscsi devstack@c-api.service[109643]: DEBUG cinder.volume.api [None req-551c4642-483a-470a-b2b4-490dfbf18059 tempest-VolumesGetTest-1510588114 tempest-VolumesGetTest-1510588114-project] Task 'cinder.volume.flows.api.create_volume.EntryCreateTask;volume:create' (f92912fc-c3e9-4d8d-a6ec-b16d5f546542) transitioned into state 'SUCCESS' from state 'RUNNING' with result '{'volume_id': '3db78157-ef1a-48b7-9d86-2ac05fc7bc35', 'volume_properties': VolumeProperties(attach_status='detached',availability_zone='nova',cgsnapshot_id=None,consistencygroup_id=None,display_description=None,display_name='tempest-VolumesGetTest-Volume-176008551',encryption_key_id=None,group_id=None,group_type_id=,metadata={Type='Test'},multiattach=False,project_id='f1b2fe1334bf4f11b99e038385c275dd',qos_specs=None,replication_status=,reservations=['ece7ad2b-2323-4b8a-ad8b-c4ea8abcef9e','3a6dfd63-92ed-4761-a389-e0e17880592f','acbf98ea-5333-4877-8c40-6e12369812b3','54fc78bc-105e-4714-9a70-7835611dfb3d'],size=1,snapshot_id=None,source_replicaid=,source_volid=None,status='creating',user_id='3fb2ca1b6bfa45199d63cdf74f480344',volume_type_id=b0080c89-fda4-46e5-b867-dc762ed35fc2), 'volume': Volume(_name_id=None,admin_metadata=,attach_status='detached',availability_zone='nova',bootable=False,cluster=,cluster_name=None,consistencygroup=,consistencygroup_id=None,created_at=2022-02-07T20:36:11Z,deleted=False,deleted_at=None,display_description=None,display_name='tempest-VolumesGetTest-Volume-176008551',ec2_id=None,encryption_key_id=None,glance_metadata=,group=,group_id=None,host=None,id=3db78157-ef1a-48b7-9d86-2ac05fc7bc35,launched_at=None,metadata={Type='Test'},migration_status=None,multiattach=False,previous_status=None,project_id='f1b2fe1334bf4f11b99e038385c275dd',provider_auth=None,provider_geometry=None,provider_id=None,provider_location=None,replication_driver_data=None,replication_extended_status=None,replication_status=None,scheduled_at=None,service_uuid=None,shared_targets=True,size=1,snapshot_id=None,snapshots=,source_volid=None,status='creating',terminated_at=None,updated_at=None,use_quota=True,user_id='3fb2ca1b6bfa45199d63cdf74f480344',volume_attachment=VolumeAttachmentList,volume_type=VolumeType(b0080c89-fda4-46e5-b867-dc762ed35fc2),volume_type_id=b0080c89-fda4-46e5-b867-dc762ed35fc2)}' {{(pid=109643) _task_receiver /usr/local/lib/python3.8/dist-packages/taskflow/listeners/logging.py:178}}
Feb 07 20:36:11.546038 dv-cinder-828150-2-iscsi devstack@c-api.service[109643]: DEBUG cinder.volume.api [None req-551c4642-483a-470a-b2b4-490dfbf18059 tempest-VolumesGetTest-1510588114 tempest-VolumesGetTest-1510588114-project] Task 'cinder.volume.flows.api.create_volume.QuotaCommitTask;volume:create' (3162e5a0-d318-49e6-a919-3f64161e7c78) transitioned into state 'RUNNING' from state 'PENDING' {{(pid=109643) _task_receiver /usr/local/lib/python3.8/dist-packages/taskflow/listeners/logging.py:190}}
Feb 07 20:36:11.602459 dv-cinder-828150-2-iscsi devstack@c-api.service[109643]: DEBUG cinder.volume.api [None req-551c4642-483a-470a-b2b4-490dfbf18059 tempest-VolumesGetTest-1510588114 tempest-VolumesGetTest-1510588114-project] Task 'cinder.volume.flows.api.create_volume.QuotaCommitTask;volume:create' (3162e5a0-d318-49e6-a919-3f64161e7c78) transitioned into state 'SUCCESS' from state 'RUNNING' with result '{'volume_properties': VolumeProperties(attach_status='detached',availability_zone='nova',cgsnapshot_id=None,consistencygroup_id=None,display_description=None,display_name='tempest-VolumesGetTest-Volume-176008551',encryption_key_id=None,group_id=None,group_type_id=,metadata={Type='Test'},multiattach=False,project_id='f1b2fe1334bf4f11b99e038385c275dd',qos_specs=None,replication_status=,reservations=['ece7ad2b-2323-4b8a-ad8b-c4ea8abcef9e','3a6dfd63-92ed-4761-a389-e0e17880592f','acbf98ea-5333-4877-8c40-6e12369812b3','54fc78bc-105e-4714-9a70-7835611dfb3d'],size=1,snapshot_id=None,source_replicaid=,source_volid=None,status='creating',user_id='3fb2ca1b6bfa45199d63cdf74f480344',volume_type_id=b0080c89-fda4-46e5-b867-dc762ed35fc2)}' {{(pid=109643) _task_receiver /usr/local/lib/python3.8/dist-packages/taskflow/listeners/logging.py:178}}
Feb 07 20:36:11.608891 dv-cinder-828150-2-iscsi devstack@c-api.service[109643]: DEBUG cinder.volume.api [None req-551c4642-483a-470a-b2b4-490dfbf18059 tempest-VolumesGetTest-1510588114 tempest-VolumesGetTest-1510588114-project] Task 'cinder.volume.flows.api.create_volume.VolumeCastTask;volume:create' (55ab8863-e425-4ec4-a8d1-f92a08b57ed1) transitioned into state 'RUNNING' from state 'PENDING' {{(pid=109643) _task_receiver /usr/local/lib/python3.8/dist-packages/taskflow/listeners/logging.py:190}}
Feb 07 20:36:11.642826 dv-cinder-828150-2-iscsi devstack@c-api.service[109643]: DEBUG cinder.volume.api [None req-551c4642-483a-470a-b2b4-490dfbf18059 tempest-VolumesGetTest-1510588114 tempest-VolumesGetTest-1510588114-project] Task 'cinder.volume.flows.api.create_volume.VolumeCastTask;volume:create' (55ab8863-e425-4ec4-a8d1-f92a08b57ed1) transitioned into state 'SUCCESS' from state 'RUNNING' with result 'None' {{(pid=109643) _task_receiver /usr/local/lib/python3.8/dist-packages/taskflow/listeners/logging.py:178}}
Feb 07 20:36:11.651685 dv-cinder-828150-2-iscsi devstack@c-api.service[109643]: DEBUG cinder.volume.api [None req-551c4642-483a-470a-b2b4-490dfbf18059 tempest-VolumesGetTest-1510588114 tempest-VolumesGetTest-1510588114-project] Flow 'volume_create_api' (e78c37ca-bb0d-430b-8573-1dd23096225b) transitioned into state 'SUCCESS' from state 'RUNNING' {{(pid=109643) _flow_receiver /usr/local/lib/python3.8/dist-packages/taskflow/listeners/logging.py:141}}
Feb 07 20:36:11.652669 dv-cinder-828150-2-iscsi devstack@c-api.service[109643]: INFO cinder.volume.api [None req-551c4642-483a-470a-b2b4-490dfbf18059 tempest-VolumesGetTest-1510588114 tempest-VolumesGetTest-1510588114-project] Create volume request issued successfully.
Feb 07 20:36:11.667152 dv-cinder-828150-2-iscsi devstack@c-api.service[109643]: INFO cinder.api.openstack.wsgi [None req-551c4642-483a-470a-b2b4-490dfbf18059 tempest-VolumesGetTest-1510588114 tempest-VolumesGetTest-1510588114-project] http://10.222.0.60/volume/v3/f1b2fe1334bf4f11b99e038385c275dd/volumes returned with HTTP 202
Feb 07 20:36:11.668459 dv-cinder-828150-2-iscsi devstack@c-api.service[109643]: [pid: 109643|app: 0|req: 213/415] 10.222.0.60 () {60 vars in 1235 bytes} [Mon Feb 7 20:36:10 2022] POST /volume/v3/f1b2fe1334bf4f11b99e038385c275dd/volumes => generated 827 bytes in 735 msecs (HTTP/1.1 202) 7 headers in 291 bytes (1 switches on core 0)
Feb 07 20:36:11.682823 dv-cinder-828150-2-iscsi devstack@c-api.service[109642]: INFO cinder.api.openstack.wsgi [None req-0333bd1f-ed24-4d6f-b4f8-efbbba7553aa tempest-VolumesGetTest-1510588114 tempest-VolumesGetTest-1510588114-project] GET http://10.222.0.60/volume/v3/f1b2fe1334bf4f11b99e038385c275dd/volumes/3db78157-ef1a-48b7-9d86-2ac05fc7bc35
Feb 07 20:36:11.684009 dv-cinder-828150-2-iscsi devstack@c-api.service[109642]: DEBUG cinder.api.openstack.wsgi [None req-0333bd1f-ed24-4d6f-b4f8-efbbba7553aa tempest-VolumesGetTest-1510588114 tempest-VolumesGetTest-1510588114-project] Empty body provided in request {{(pid=109642) get_body /opt/stack/cinder/cinder/api/openstack/wsgi.py:715}}
Feb 07 20:36:11.684842 dv-cinder-828150-2-iscsi devstack@c-api.service[109642]: DEBUG cinder.api.openstack.wsgi [None req-0333bd1f-ed24-4d6f-b4f8-efbbba7553aa tempest-VolumesGetTest-1510588114 tempest-VolumesGetTest-1510588114-project] Calling method 'show' {{(pid=109642) _process_stack /opt/stack/cinder/cinder/api/openstack/wsgi.py:868}}
Feb 07 20:36:11.710950 dv-cinder-828150-2-iscsi devstack@c-api.service[109642]: /usr/local/lib/python3.8/dist-packages/oslo_context/context.py:105: DeprecationWarning: Policy enforcement is depending on the value of is_admin. This key is deprecated. Please update your policy file to use the standard policy values.
Feb 07 20:36:11.710950 dv-cinder-828150-2-iscsi devstack@c-api.service[109642]: warnings.warn('Policy enforcement is depending on the value of '
Feb 07 20:36:11.730845 dv-cinder-828150-2-iscsi devstack@c-api.service[109642]: INFO cinder.volume.api [None req-0333bd1f-ed24-4d6f-b4f8-efbbba7553aa tempest-VolumesGetTest-1510588114 tempest-VolumesGetTest-1510588114-project] Volume info retrieved successfully.
Feb 07 20:36:11.763024 dv-cinder-828150-2-iscsi devstack@c-api.service[109642]: INFO cinder.api.openstack.wsgi [None req-0333bd1f-ed24-4d6f-b4f8-efbbba7553aa tempest-VolumesGetTest-1510588114 tempest-VolumesGetTest-1510588114-project] http://10.222.0.60/volume/v3/f1b2fe1334bf4f11b99e038385c275dd/volumes/3db78157-ef1a-48b7-9d86-2ac05fc7bc35 returned with HTTP 200
Feb 07 20:36:11.764369 dv-cinder-828150-2-iscsi devstack@c-api.service[109642]: [pid: 109642|app: 0|req: 203/416] 10.222.0.60 () {58 vars in 1324 bytes} [Mon Feb 7 20:36:11 2022] GET /volume/v3/f1b2fe1334bf4f11b99e038385c275dd/volumes/3db78157-ef1a-48b7-9d86-2ac05fc7bc35 => generated 895 bytes in 86 msecs (HTTP/1.1 200) 7 headers in 285 bytes (1 switches on core 0)
Feb 07 20:36:12.229847 dv-cinder-828150-2-iscsi devstack@c-api.service[109643]: INFO cinder.api.openstack.wsgi [None req-e381dbca-0034-47c7-af7d-97301877bcea tempest-VolumesActionsTest-1731860153 tempest-VolumesActionsTest-1731860153-project] GET http://10.222.0.60/volume/v3/54251ae5f1f74ba7826b0d471098d71a/volumes/eaa6e236-5b3c-44f3-a57a-8a7dd826e8ec
Feb 07 20:36:12.230294 dv-cinder-828150-2-iscsi devstack@c-api.service[109643]: DEBUG cinder.api.openstack.wsgi [None req-e381dbca-0034-47c7-af7d-97301877bcea tempest-VolumesActionsTest-1731860153 tempest-VolumesActionsTest-1731860153-project] Empty body provided in request {{(pid=109643) get_body /opt/stack/cinder/cinder/api/openstack/wsgi.py:715}}
Feb 07 20:36:12.230752 dv-cinder-828150-2-iscsi devstack@c-api.service[109643]: DEBUG cinder.api.openstack.wsgi [None req-e381dbca-0034-47c7-af7d-97301877bcea tempest-VolumesActionsTest-1731860153 tempest-VolumesActionsTest-1731860153-project] Calling method 'show' {{(pid=109643) _process_stack /opt/stack/cinder/cinder/api/openstack/wsgi.py:868}}
Feb 07 20:36:12.249264 dv-cinder-828150-2-iscsi devstack@c-api.service[109643]: INFO cinder.api.openstack.wsgi [None req-e381dbca-0034-47c7-af7d-97301877bcea tempest-VolumesActionsTest-1731860153 tempest-VolumesActionsTest-1731860153-project] http://10.222.0.60/volume/v3/54251ae5f1f74ba7826b0d471098d71a/volumes/eaa6e236-5b3c-44f3-a57a-8a7dd826e8ec returned with HTTP 404
Feb 07 20:36:12.256070 dv-cinder-828150-2-iscsi devstack@c-api.service[109643]: [pid: 109643|app: 0|req: 214/417] 10.222.0.60 () {58 vars in 1324 bytes} [Mon Feb 7 20:36:12 2022] GET /volume/v3/54251ae5f1f74ba7826b0d471098d71a/volumes/eaa6e236-5b3c-44f3-a57a-8a7dd826e8ec => generated 109 bytes in 30 msecs (HTTP/1.1 404) 7 headers in 292 bytes (1 switches on core 0)
Feb 07 20:36:12.258829 dv-cinder-828150-2-iscsi devstack@c-api.service[109642]: INFO cinder.api.openstack.wsgi [None req-422672ea-3170-412b-8d4b-52383388e75f tempest-VolumesActionsTest-1731860153 tempest-VolumesActionsTest-1731860153-project] POST http://10.222.0.60/volume/v3/54251ae5f1f74ba7826b0d471098d71a/volumes
Feb 07 20:36:12.259584 dv-cinder-828150-2-iscsi devstack@c-api.service[109642]: DEBUG cinder.api.openstack.wsgi [None req-422672ea-3170-412b-8d4b-52383388e75f tempest-VolumesActionsTest-1731860153 tempest-VolumesActionsTest-1731860153-project] Action: 'create', calling method: create, body: {"volume": {"size": 1, "name": "tempest-VolumesActionsTest-Volume-688967027"}} {{(pid=109642) _process_stack /opt/stack/cinder/cinder/api/openstack/wsgi.py:866}}
Feb 07 20:36:12.260525 dv-cinder-828150-2-iscsi devstack@c-api.service[109642]: DEBUG cinder.api.v3.volumes [None req-422672ea-3170-412b-8d4b-52383388e75f tempest-VolumesActionsTest-1731860153 tempest-VolumesActionsTest-1731860153-project] Create volume request body: {'volume': {'size': 1, 'name': 'tempest-VolumesActionsTest-Volume-688967027'}} {{(pid=109642) create /opt/stack/cinder/cinder/api/v3/volumes.py:298}}
Feb 07 20:36:12.260852 dv-cinder-828150-2-iscsi devstack@c-api.service[109642]: INFO cinder.api.v3.volumes [None req-422672ea-3170-412b-8d4b-52383388e75f tempest-VolumesActionsTest-1731860153 tempest-VolumesActionsTest-1731860153-project] Create volume of 1 GB
Feb 07 20:36:12.274015 dv-cinder-828150-2-iscsi devstack@c-api.service[109642]: INFO cinder.volume.api [None req-422672ea-3170-412b-8d4b-52383388e75f tempest-VolumesActionsTest-1731860153 tempest-VolumesActionsTest-1731860153-project] Availability Zones retrieved successfully.
Feb 07 20:36:12.299112 dv-cinder-828150-2-iscsi devstack@c-api.service[109643]: INFO cinder.api.openstack.wsgi [None req-325d7122-f5d5-45a3-afaa-fbe592b60b21 tempest-AttachVolumeNegativeTest-1819538103 tempest-AttachVolumeNegativeTest-1819538103-project] GET http://10.222.0.60/volume/v3/f432db4128fd41dcb4533e392be06161/volumes/3a7aabe2-27de-4ae0-92db-135e4f15fbd9
Feb 07 20:36:12.299681 dv-cinder-828150-2-iscsi devstack@c-api.service[109643]: DEBUG cinder.api.openstack.wsgi [None req-325d7122-f5d5-45a3-afaa-fbe592b60b21 tempest-AttachVolumeNegativeTest-1819538103 tempest-AttachVolumeNegativeTest-1819538103-project] Empty body provided in request {{(pid=109643) get_body /opt/stack/cinder/cinder/api/openstack/wsgi.py:715}}
Feb 07 20:36:12.300266 dv-cinder-828150-2-iscsi devstack@c-api.service[109643]: DEBUG cinder.api.openstack.wsgi [None req-325d7122-f5d5-45a3-afaa-fbe592b60b21 tempest-AttachVolumeNegativeTest-1819538103 tempest-AttachVolumeNegativeTest-1819538103-project] Calling method 'show' {{(pid=109643) _process_stack /opt/stack/cinder/cinder/api/openstack/wsgi.py:868}}
Feb 07 20:36:12.306018 dv-cinder-828150-2-iscsi devstack@c-api.service[109642]: DEBUG cinder.volume.api [None req-422672ea-3170-412b-8d4b-52383388e75f tempest-VolumesActionsTest-1731860153 tempest-VolumesActionsTest-1731860153-project] Flow 'volume_create_api' (fcec2efa-d0ab-4bba-b0ce-aeb4c3478d17) transitioned into state 'RUNNING' from state 'PENDING' {{(pid=109642) _flow_receiver /usr/local/lib/python3.8/dist-packages/taskflow/listeners/logging.py:141}}
Feb 07 20:36:12.308632 dv-cinder-828150-2-iscsi devstack@c-api.service[109642]: DEBUG cinder.volume.api [None req-422672ea-3170-412b-8d4b-52383388e75f tempest-VolumesActionsTest-1731860153 tempest-VolumesActionsTest-1731860153-project] Task 'cinder.volume.flows.api.create_volume.ExtractVolumeRequestTask;volume:create' (0515029e-eaba-4843-82ba-d74dd36201d6) transitioned into state 'RUNNING' from state 'PENDING' {{(pid=109642) _task_receiver /usr/local/lib/python3.8/dist-packages/taskflow/listeners/logging.py:190}}
Feb 07 20:36:12.311361 dv-cinder-828150-2-iscsi devstack@c-api.service[109642]: DEBUG cinder.volume.flows.api.create_volume [None req-422672ea-3170-412b-8d4b-52383388e75f tempest-VolumesActionsTest-1731860153 tempest-VolumesActionsTest-1731860153-project] Validating volume size '1' using validate_int {{(pid=109642) _extract_size /opt/stack/cinder/cinder/volume/flows/api/create_volume.py:225}}
Feb 07 20:36:12.335515 dv-cinder-828150-2-iscsi devstack@c-api.service[109643]: /usr/local/lib/python3.8/dist-packages/oslo_context/context.py:105: DeprecationWarning: Policy enforcement is depending on the value of is_admin. This key is deprecated. Please update your policy file to use the standard policy values.
Feb 07 20:36:12.335515 dv-cinder-828150-2-iscsi devstack@c-api.service[109643]: warnings.warn('Policy enforcement is depending on the value of '
Feb 07 20:36:12.350548 dv-cinder-828150-2-iscsi devstack@c-api.service[109643]: INFO cinder.volume.api [None req-325d7122-f5d5-45a3-afaa-fbe592b60b21 tempest-AttachVolumeNegativeTest-1819538103 tempest-AttachVolumeNegativeTest-1819538103-project] Volume info retrieved successfully.
Feb 07 20:36:12.355015 dv-cinder-828150-2-iscsi devstack@c-api.service[109642]: DEBUG cinder.volume.api [None req-422672ea-3170-412b-8d4b-52383388e75f tempest-VolumesActionsTest-1731860153 tempest-VolumesActionsTest-1731860153-project] Task 'cinder.volume.flows.api.create_volume.ExtractVolumeRequestTask;volume:create' (0515029e-eaba-4843-82ba-d74dd36201d6) transitioned into state 'SUCCESS' from state 'RUNNING' with result '{'size': 1, 'snapshot_id': None, 'source_volid': None, 'volume_type': VolumeType(created_at=2022-02-07T20:26:00Z,deleted=False,deleted_at=None,description='Default Volume Type',extra_specs={},id=b0080c89-fda4-46e5-b867-dc762ed35fc2,is_public=True,name='__DEFAULT__',projects=[],qos_specs=,qos_specs_id=None,updated_at=2022-02-07T20:26:00Z), 'volume_type_id': 'b0080c89-fda4-46e5-b867-dc762ed35fc2', 'encryption_key_id': None, 'qos_specs': None, 'consistencygroup_id': None, 'cgsnapshot_id': None, 'group_id': None, 'replication_status': 'disabled', 'refresh_az': False, 'backup_id': None, 'multiattach': False, 'availability_zones': ['nova']}' {{(pid=109642) _task_receiver /usr/local/lib/python3.8/dist-packages/taskflow/listeners/logging.py:178}}
Feb 07 20:36:12.357902 dv-cinder-828150-2-iscsi devstack@c-api.service[109642]: DEBUG cinder.volume.api [None req-422672ea-3170-412b-8d4b-52383388e75f tempest-VolumesActionsTest-1731860153 tempest-VolumesActionsTest-1731860153-project] Task 'cinder.volume.flows.api.create_volume.QuotaReserveTask;volume:create' (aea65458-0d80-49c1-80a7-f5da89225250) transitioned into state 'RUNNING' from state 'PENDING' {{(pid=109642) _task_receiver /usr/local/lib/python3.8/dist-packages/taskflow/listeners/logging.py:190}}
Feb 07 20:36:12.362877 dv-cinder-828150-2-iscsi devstack@c-api.service[109643]: INFO cinder.api.openstack.wsgi [None req-325d7122-f5d5-45a3-afaa-fbe592b60b21 tempest-AttachVolumeNegativeTest-1819538103 tempest-AttachVolumeNegativeTest-1819538103-project] http://10.222.0.60/volume/v3/f432db4128fd41dcb4533e392be06161/volumes/3a7aabe2-27de-4ae0-92db-135e4f15fbd9 returned with HTTP 200
Feb 07 20:36:12.363618 dv-cinder-828150-2-iscsi devstack@c-api.service[109643]: [pid: 109643|app: 0|req: 215/418] 10.222.0.60 () {58 vars in 1324 bytes} [Mon Feb 7 20:36:12 2022] GET /volume/v3/f432db4128fd41dcb4533e392be06161/volumes/3a7aabe2-27de-4ae0-92db-135e4f15fbd9 => generated 916 bytes in 69 msecs (HTTP/1.1 200) 7 headers in 285 bytes (1 switches on core 0)
Feb 07 20:36:12.419308 dv-cinder-828150-2-iscsi devstack@c-api.service[109642]: DEBUG cinder.quota [None req-422672ea-3170-412b-8d4b-52383388e75f tempest-VolumesActionsTest-1731860153 tempest-VolumesActionsTest-1731860153-project] Created reservations ['c33de85a-0f27-463d-ac71-eab6db8f4936', '707eaa57-8ee5-496a-8c8c-340d4eddb08a', '86f1626d-ccda-423c-87d7-6f007ee28d08', '49612b74-09a1-4975-b3f5-fce1d77e1359'] {{(pid=109642) reserve /opt/stack/cinder/cinder/quota.py:755}}
Feb 07 20:36:12.423122 dv-cinder-828150-2-iscsi devstack@c-api.service[109642]: DEBUG cinder.volume.api [None req-422672ea-3170-412b-8d4b-52383388e75f tempest-VolumesActionsTest-1731860153 tempest-VolumesActionsTest-1731860153-project] Task 'cinder.volume.flows.api.create_volume.QuotaReserveTask;volume:create' (aea65458-0d80-49c1-80a7-f5da89225250) transitioned into state 'SUCCESS' from state 'RUNNING' with result '{'reservations': ['c33de85a-0f27-463d-ac71-eab6db8f4936', '707eaa57-8ee5-496a-8c8c-340d4eddb08a', '86f1626d-ccda-423c-87d7-6f007ee28d08', '49612b74-09a1-4975-b3f5-fce1d77e1359']}' {{(pid=109642) _task_receiver /usr/local/lib/python3.8/dist-packages/taskflow/listeners/logging.py:178}}
Feb 07 20:36:12.426047 dv-cinder-828150-2-iscsi devstack@c-api.service[109642]: DEBUG cinder.volume.api [None req-422672ea-3170-412b-8d4b-52383388e75f tempest-VolumesActionsTest-1731860153 tempest-VolumesActionsTest-1731860153-project] Task 'cinder.volume.flows.api.create_volume.EntryCreateTask;volume:create' (9e9d4539-77aa-45ea-acfb-73eb9f6dc48b) transitioned into state 'RUNNING' from state 'PENDING' {{(pid=109642) _task_receiver /usr/local/lib/python3.8/dist-packages/taskflow/listeners/logging.py:190}}
Feb 07 20:36:12.453203 dv-cinder-828150-2-iscsi devstack@c-api.service[109642]: DEBUG cinder.volume.api [None req-422672ea-3170-412b-8d4b-52383388e75f tempest-VolumesActionsTest-1731860153 tempest-VolumesActionsTest-1731860153-project] Task 'cinder.volume.flows.api.create_volume.EntryCreateTask;volume:create' (9e9d4539-77aa-45ea-acfb-73eb9f6dc48b) transitioned into state 'SUCCESS' from state 'RUNNING' with result '{'volume_id': '2f968ee9-62b6-4394-9798-3f349bd7794a', 'volume_properties': VolumeProperties(attach_status='detached',availability_zone='nova',cgsnapshot_id=None,consistencygroup_id=None,display_description=None,display_name='tempest-VolumesActionsTest-Volume-688967027',encryption_key_id=None,group_id=None,group_type_id=,metadata={},multiattach=False,project_id='54251ae5f1f74ba7826b0d471098d71a',qos_specs=None,replication_status=,reservations=['c33de85a-0f27-463d-ac71-eab6db8f4936','707eaa57-8ee5-496a-8c8c-340d4eddb08a','86f1626d-ccda-423c-87d7-6f007ee28d08','49612b74-09a1-4975-b3f5-fce1d77e1359'],size=1,snapshot_id=None,source_replicaid=,source_volid=None,status='creating',user_id='21e70fb77054476785c3809aa6e120bd',volume_type_id=b0080c89-fda4-46e5-b867-dc762ed35fc2), 'volume': Volume(_name_id=None,admin_metadata=,attach_status='detached',availability_zone='nova',bootable=False,cluster=,cluster_name=None,consistencygroup=,consistencygroup_id=None,created_at=2022-02-07T20:36:12Z,deleted=False,deleted_at=None,display_description=None,display_name='tempest-VolumesActionsTest-Volume-688967027',ec2_id=None,encryption_key_id=None,glance_metadata=,group=,group_id=None,host=None,id=2f968ee9-62b6-4394-9798-3f349bd7794a,launched_at=None,metadata={},migration_status=None,multiattach=False,previous_status=None,project_id='54251ae5f1f74ba7826b0d471098d71a',provider_auth=None,provider_geometry=None,provider_id=None,provider_location=None,replication_driver_data=None,replication_extended_status=None,replication_status=None,scheduled_at=None,service_uuid=None,shared_targets=True,size=1,snapshot_id=None,snapshots=,source_volid=None,status='creating',terminated_at=None,updated_at=None,use_quota=True,user_id='21e70fb77054476785c3809aa6e120bd',volume_attachment=VolumeAttachmentList,volume_type=VolumeType(b0080c89-fda4-46e5-b867-dc762ed35fc2),volume_type_id=b0080c89-fda4-46e5-b867-dc762ed35fc2)}' {{(pid=109642) _task_receiver /usr/local/lib/python3.8/dist-packages/taskflow/listeners/logging.py:178}}
Feb 07 20:36:12.455066 dv-cinder-828150-2-iscsi devstack@c-api.service[109642]: DEBUG cinder.volume.api [None req-422672ea-3170-412b-8d4b-52383388e75f tempest-VolumesActionsTest-1731860153 tempest-VolumesActionsTest-1731860153-project] Task 'cinder.volume.flows.api.create_volume.QuotaCommitTask;volume:create' (4a64db36-9096-4b01-982b-73e120731726) transitioned into state 'RUNNING' from state 'PENDING' {{(pid=109642) _task_receiver /usr/local/lib/python3.8/dist-packages/taskflow/listeners/logging.py:190}}
Feb 07 20:36:12.482867 dv-cinder-828150-2-iscsi devstack@c-api.service[109642]: DEBUG cinder.volume.api [None req-422672ea-3170-412b-8d4b-52383388e75f tempest-VolumesActionsTest-1731860153 tempest-VolumesActionsTest-1731860153-project] Task 'cinder.volume.flows.api.create_volume.QuotaCommitTask;volume:create' (4a64db36-9096-4b01-982b-73e120731726) transitioned into state 'SUCCESS' from state 'RUNNING' with result '{'volume_properties': VolumeProperties(attach_status='detached',availability_zone='nova',cgsnapshot_id=None,consistencygroup_id=None,display_description=None,display_name='tempest-VolumesActionsTest-Volume-688967027',encryption_key_id=None,group_id=None,group_type_id=,metadata={},multiattach=False,project_id='54251ae5f1f74ba7826b0d471098d71a',qos_specs=None,replication_status=,reservations=['c33de85a-0f27-463d-ac71-eab6db8f4936','707eaa57-8ee5-496a-8c8c-340d4eddb08a','86f1626d-ccda-423c-87d7-6f007ee28d08','49612b74-09a1-4975-b3f5-fce1d77e1359'],size=1,snapshot_id=None,source_replicaid=,source_volid=None,status='creating',user_id='21e70fb77054476785c3809aa6e120bd',volume_type_id=b0080c89-fda4-46e5-b867-dc762ed35fc2)}' {{(pid=109642) _task_receiver /usr/local/lib/python3.8/dist-packages/taskflow/listeners/logging.py:178}}
