Feb 07 14:14:57.662912 dv-cinder-828150-1-iscsi devstack@c-api.service[110272]: INFO cinder.api.openstack.wsgi [None req-6a7be012-3e49-49a4-a5c4-98f21087cc41 tempest-VolumesListAdminTestJSON-1390385782 tempest-VolumesListAdminTestJSON-1390385782-project] http://10.222.0.18/volume/v3/a264f047807a4fde83a5b3b97842aa29/volumes returned with HTTP 202
Feb 07 14:14:57.671329 dv-cinder-828150-1-iscsi devstack@c-api.service[110272]: [pid: 110272|app: 0|req: 76/148] 10.222.0.18 () {60 vars in 1234 bytes} [Mon Feb 7 14:14:56 2022] POST /volume/v3/a264f047807a4fde83a5b3b97842aa29/volumes => generated 824 bytes in 735 msecs (HTTP/1.1 202) 7 headers in 291 bytes (2 switches on core 0)
Feb 07 14:14:57.683022 dv-cinder-828150-1-iscsi devstack@c-api.service[110272]: INFO cinder.api.openstack.wsgi [None req-f61243db-1a60-4c89-ad8b-1582fb53cb6b tempest-VolumesServicesTestJSON-1649728843 tempest-VolumesServicesTestJSON-1649728843-project] GET http://10.222.0.18/volume/v3/a74d1585436244858fa37649a484245b/volumes/dff34893-049b-4f2d-b723-0d81bad2b22a
Feb 07 14:14:57.683022 dv-cinder-828150-1-iscsi devstack@c-api.service[110272]: DEBUG cinder.api.openstack.wsgi [None req-f61243db-1a60-4c89-ad8b-1582fb53cb6b tempest-VolumesServicesTestJSON-1649728843 tempest-VolumesServicesTestJSON-1649728843-project] Empty body provided in request {{(pid=110272) get_body /opt/stack/cinder/cinder/api/openstack/wsgi.py:715}}
Feb 07 14:14:57.685465 dv-cinder-828150-1-iscsi devstack@c-api.service[110272]: DEBUG cinder.api.openstack.wsgi [None req-f61243db-1a60-4c89-ad8b-1582fb53cb6b tempest-VolumesServicesTestJSON-1649728843 tempest-VolumesServicesTestJSON-1649728843-project] Calling method 'show' {{(pid=110272) _process_stack /opt/stack/cinder/cinder/api/openstack/wsgi.py:868}}
Feb 07 14:14:57.712278 dv-cinder-828150-1-iscsi devstack@c-api.service[110272]: /usr/local/lib/python3.8/dist-packages/oslo_context/context.py:105: DeprecationWarning: Policy enforcement is depending on the value of is_admin. This key is deprecated. Please update your policy file to use the standard policy values.
Feb 07 14:14:57.712278 dv-cinder-828150-1-iscsi devstack@c-api.service[110272]: warnings.warn('Policy enforcement is depending on the value of '
Feb 07 14:14:57.722562 dv-cinder-828150-1-iscsi devstack@c-api.service[110271]: DEBUG cinder.volume.api [None req-5c44e1ad-3571-4999-9c5c-f6746a85aed0 tempest-DeleteServersTestJSON-1050668151 tempest-DeleteServersTestJSON-1050668151-project] Task 'cinder.volume.flows.api.create_volume.EntryCreateTask;volume:create' (20e5030f-21c4-4aac-ad5a-c6efd03e41bc) transitioned into state 'SUCCESS' from state 'RUNNING' with result '{'volume_id': '879a381a-156f-4603-b6a4-f11c8b92cdf6', 'volume_properties': VolumeProperties(attach_status='detached',availability_zone='nova',cgsnapshot_id=None,consistencygroup_id=None,display_description=None,display_name='tempest-DeleteServersTestJSON-volume-151458931',encryption_key_id=None,group_id=None,group_type_id=,metadata={},multiattach=False,project_id='7abd33cb77704d82977a0324c9132c82',qos_specs=None,replication_status=,reservations=['85abdcae-149a-4e95-93c1-046c8242a472','21f92b3d-926b-4d35-9b6c-da9382ed1401','8681739e-e203-49ed-8aef-376cc6beddf2','a50ac157-5201-4493-bf78-9be9747c6f9f'],size=1,snapshot_id=None,source_replicaid=,source_volid=None,status='creating',user_id='4be9e6fc0cf2410f8317786989764023',volume_type_id=004feb07-4f71-4c5d-80c9-f3babe629575), 'volume': Volume(_name_id=None,admin_metadata=,attach_status='detached',availability_zone='nova',bootable=False,cluster=,cluster_name=None,consistencygroup=,consistencygroup_id=None,created_at=2022-02-07T14:14:57Z,deleted=False,deleted_at=None,display_description=None,display_name='tempest-DeleteServersTestJSON-volume-151458931',ec2_id=None,encryption_key_id=None,glance_metadata=,group=,group_id=None,host=None,id=879a381a-156f-4603-b6a4-f11c8b92cdf6,launched_at=None,metadata={},migration_status=None,multiattach=False,previous_status=None,project_id='7abd33cb77704d82977a0324c9132c82',provider_auth=None,provider_geometry=None,provider_id=None,provider_location=None,replication_driver_data=None,replication_extended_status=None,replication_status=None,scheduled_at=None,service_uuid=None,shared_targets=True,size=1,snapshot_id=None,snapshots=,source_volid=None,status='creating',terminated_at=None,updated_at=None,use_quota=True,user_id='4be9e6fc0cf2410f8317786989764023',volume_attachment=VolumeAttachmentList,volume_type=VolumeType(004feb07-4f71-4c5d-80c9-f3babe629575),volume_type_id=004feb07-4f71-4c5d-80c9-f3babe629575)}' {{(pid=110271) _task_receiver /usr/local/lib/python3.8/dist-packages/taskflow/listeners/logging.py:178}}
Feb 07 14:14:57.724985 dv-cinder-828150-1-iscsi devstack@c-api.service[110272]: INFO cinder.volume.api [None req-f61243db-1a60-4c89-ad8b-1582fb53cb6b tempest-VolumesServicesTestJSON-1649728843 tempest-VolumesServicesTestJSON-1649728843-project] Volume info retrieved successfully.
Feb 07 14:14:57.727239 dv-cinder-828150-1-iscsi devstack@c-api.service[110271]: DEBUG cinder.volume.api [None req-5c44e1ad-3571-4999-9c5c-f6746a85aed0 tempest-DeleteServersTestJSON-1050668151 tempest-DeleteServersTestJSON-1050668151-project] Task 'cinder.volume.flows.api.create_volume.QuotaCommitTask;volume:create' (31d83a02-d28c-48e5-b4d7-e8a3aa2ef86b) transitioned into state 'RUNNING' from state 'PENDING' {{(pid=110271) _task_receiver /usr/local/lib/python3.8/dist-packages/taskflow/listeners/logging.py:190}}
Feb 07 14:14:57.742106 dv-cinder-828150-1-iscsi devstack@c-api.service[110272]: INFO cinder.api.openstack.wsgi [None req-f61243db-1a60-4c89-ad8b-1582fb53cb6b tempest-VolumesServicesTestJSON-1649728843 tempest-VolumesServicesTestJSON-1649728843-project] http://10.222.0.18/volume/v3/a74d1585436244858fa37649a484245b/volumes/dff34893-049b-4f2d-b723-0d81bad2b22a returned with HTTP 200
Feb 07 14:14:57.753619 dv-cinder-828150-1-iscsi devstack@c-api.service[110272]: [pid: 110272|app: 0|req: 77/149] 10.222.0.18 () {58 vars in 1324 bytes} [Mon Feb 7 14:14:57 2022] GET /volume/v3/a74d1585436244858fa37649a484245b/volumes/dff34893-049b-4f2d-b723-0d81bad2b22a => generated 914 bytes in 81 msecs (HTTP/1.1 200) 7 headers in 285 bytes (1 switches on core 0)
Feb 07 14:14:57.760007 dv-cinder-828150-1-iscsi devstack@c-api.service[110272]: INFO cinder.api.openstack.wsgi [None req-9727d697-1e81-4b93-a51e-ab664cee530b tempest-GroupsV320Test-930867120 tempest-GroupsV320Test-930867120-project] GET http://10.222.0.18/volume/v3/4a70516990de4bb0a4ffaf42121d7fa8/groups/cb702266-2aa9-4d72-b852-7bc17814146a
Feb 07 14:14:57.760502 dv-cinder-828150-1-iscsi devstack@c-api.service[110272]: DEBUG cinder.api.openstack.wsgi [None req-9727d697-1e81-4b93-a51e-ab664cee530b tempest-GroupsV320Test-930867120 tempest-GroupsV320Test-930867120-project] Empty body provided in request {{(pid=110272) get_body /opt/stack/cinder/cinder/api/openstack/wsgi.py:715}}
Feb 07 14:14:57.761180 dv-cinder-828150-1-iscsi devstack@c-api.service[110272]: DEBUG cinder.api.openstack.wsgi [None req-9727d697-1e81-4b93-a51e-ab664cee530b tempest-GroupsV320Test-930867120 tempest-GroupsV320Test-930867120-project] Calling method 'version_select' {{(pid=110272) _process_stack /opt/stack/cinder/cinder/api/openstack/wsgi.py:868}}
Feb 07 14:14:57.761286 dv-cinder-828150-1-iscsi devstack@c-api.service[110272]: DEBUG cinder.api.v3.groups [None req-9727d697-1e81-4b93-a51e-ab664cee530b tempest-GroupsV320Test-930867120 tempest-GroupsV320Test-930867120-project] show called for member cb702266-2aa9-4d72-b852-7bc17814146a {{(pid=110272) show /opt/stack/cinder/cinder/api/v3/groups.py:58}}
Feb 07 14:14:57.771550 dv-cinder-828150-1-iscsi devstack@c-api.service[110272]: /usr/local/lib/python3.8/dist-packages/oslo_context/context.py:105: DeprecationWarning: Policy enforcement is depending on the value of is_admin. This key is deprecated. Please update your policy file to use the standard policy values.
Feb 07 14:14:57.771550 dv-cinder-828150-1-iscsi devstack@c-api.service[110272]: warnings.warn('Policy enforcement is depending on the value of '
Feb 07 14:14:57.798803 dv-cinder-828150-1-iscsi devstack@c-api.service[110272]: INFO cinder.api.openstack.wsgi [None req-9727d697-1e81-4b93-a51e-ab664cee530b tempest-GroupsV320Test-930867120 tempest-GroupsV320Test-930867120-project] http://10.222.0.18/volume/v3/4a70516990de4bb0a4ffaf42121d7fa8/groups/cb702266-2aa9-4d72-b852-7bc17814146a returned with HTTP 200
Feb 07 14:14:57.800232 dv-cinder-828150-1-iscsi devstack@c-api.service[110272]: [pid: 110272|app: 0|req: 78/150] 10.222.0.18 () {60 vars in 1362 bytes} [Mon Feb 7 14:14:57 2022] GET /volume/v3/4a70516990de4bb0a4ffaf42121d7fa8/groups/cb702266-2aa9-4d72-b852-7bc17814146a => generated 389 bytes in 46 msecs (HTTP/1.1 200) 7 headers in 286 bytes (1 switches on core 0)
Feb 07 14:14:57.805002 dv-cinder-828150-1-iscsi devstack@c-api.service[110272]: INFO cinder.api.openstack.wsgi [None req-b8555add-6e63-4994-8b07-3bc5f1878b5e tempest-VolumesListAdminTestJSON-1390385782 tempest-VolumesListAdminTestJSON-1390385782-project] GET http://10.222.0.18/volume/v3/a264f047807a4fde83a5b3b97842aa29/volumes/220486a5-601d-4097-a0a9-1b44f523d943
Feb 07 14:14:57.807093 dv-cinder-828150-1-iscsi devstack@c-api.service[110272]: DEBUG cinder.api.openstack.wsgi [None req-b8555add-6e63-4994-8b07-3bc5f1878b5e tempest-VolumesListAdminTestJSON-1390385782 tempest-VolumesListAdminTestJSON-1390385782-project] Empty body provided in request {{(pid=110272) get_body /opt/stack/cinder/cinder/api/openstack/wsgi.py:715}}
Feb 07 14:14:57.808391 dv-cinder-828150-1-iscsi devstack@c-api.service[110272]: DEBUG cinder.api.openstack.wsgi [None req-b8555add-6e63-4994-8b07-3bc5f1878b5e tempest-VolumesListAdminTestJSON-1390385782 tempest-VolumesListAdminTestJSON-1390385782-project] Calling method 'show' {{(pid=110272) _process_stack /opt/stack/cinder/cinder/api/openstack/wsgi.py:868}}
Feb 07 14:14:57.826757 dv-cinder-828150-1-iscsi devstack@c-api.service[110272]: /usr/local/lib/python3.8/dist-packages/oslo_context/context.py:105: DeprecationWarning: Policy enforcement is depending on the value of is_admin. This key is deprecated. Please update your policy file to use the standard policy values.
Feb 07 14:14:57.826757 dv-cinder-828150-1-iscsi devstack@c-api.service[110272]: warnings.warn('Policy enforcement is depending on the value of '
Feb 07 14:14:57.836235 dv-cinder-828150-1-iscsi devstack@c-api.service[110272]: INFO cinder.volume.api [None req-b8555add-6e63-4994-8b07-3bc5f1878b5e tempest-VolumesListAdminTestJSON-1390385782 tempest-VolumesListAdminTestJSON-1390385782-project] Volume info retrieved successfully.
Feb 07 14:14:57.845145 dv-cinder-828150-1-iscsi devstack@c-api.service[110272]: INFO cinder.api.openstack.wsgi [None req-b8555add-6e63-4994-8b07-3bc5f1878b5e tempest-VolumesListAdminTestJSON-1390385782 tempest-VolumesListAdminTestJSON-1390385782-project] http://10.222.0.18/volume/v3/a264f047807a4fde83a5b3b97842aa29/volumes/220486a5-601d-4097-a0a9-1b44f523d943 returned with HTTP 200
Feb 07 14:14:57.851888 dv-cinder-828150-1-iscsi devstack@c-api.service[110272]: [pid: 110272|app: 0|req: 79/151] 10.222.0.18 () {58 vars in 1324 bytes} [Mon Feb 7 14:14:57 2022] GET /volume/v3/a264f047807a4fde83a5b3b97842aa29/volumes/220486a5-601d-4097-a0a9-1b44f523d943 => generated 892 bytes in 46 msecs (HTTP/1.1 200) 7 headers in 285 bytes (1 switches on core 0)
Feb 07 14:14:57.851888 dv-cinder-828150-1-iscsi devstack@c-api.service[110272]: INFO cinder.api.openstack.wsgi [None req-60d54b8b-b600-41cd-b111-869bcd5df650 tempest-GroupsV320Test-1633854293 tempest-GroupsV320Test-1633854293-project-admin] POST http://10.222.0.18/volume/v3/de66b3d12e2c431ea776de3c93b65d82/groups/cb702266-2aa9-4d72-b852-7bc17814146a/action
Feb 07 14:14:57.852535 dv-cinder-828150-1-iscsi devstack@c-api.service[110272]: DEBUG cinder.api.openstack.wsgi [None req-60d54b8b-b600-41cd-b111-869bcd5df650 tempest-GroupsV320Test-1633854293 tempest-GroupsV320Test-1633854293-project-admin] Action body: b'{"reset_status": {"status": "creating"}}' {{(pid=110272) get_method /opt/stack/cinder/cinder/api/openstack/wsgi.py:983}}
Feb 07 14:14:57.852859 dv-cinder-828150-1-iscsi devstack@c-api.service[110272]: DEBUG cinder.api.openstack.wsgi [None req-60d54b8b-b600-41cd-b111-869bcd5df650 tempest-GroupsV320Test-1633854293 tempest-GroupsV320Test-1633854293-project-admin] Action: 'action', calling method: version_select, body: {"reset_status": {"status": "creating"}} {{(pid=110272) _process_stack /opt/stack/cinder/cinder/api/openstack/wsgi.py:866}}
Feb 07 14:14:57.853647 dv-cinder-828150-1-iscsi devstack@c-api.service[110272]: DEBUG cinder.api.v3.groups [None req-60d54b8b-b600-41cd-b111-869bcd5df650 tempest-GroupsV320Test-1633854293 tempest-GroupsV320Test-1633854293-project-admin] Updating group 'cb702266-2aa9-4d72-b852-7bc17814146a' with 'creating' {{(pid=110272) _reset_status /opt/stack/cinder/cinder/api/v3/groups.py:82}}
Feb 07 14:14:57.861074 dv-cinder-828150-1-iscsi devstack@c-api.service[110272]: /usr/local/lib/python3.8/dist-packages/oslo_context/context.py:105: DeprecationWarning: Policy enforcement is depending on the value of is_admin. This key is deprecated. Please update your policy file to use the standard policy values.
Feb 07 14:14:57.861074 dv-cinder-828150-1-iscsi devstack@c-api.service[110272]: warnings.warn('Policy enforcement is depending on the value of '
Feb 07 14:14:57.862116 dv-cinder-828150-1-iscsi devstack@c-api.service[110271]: DEBUG cinder.volume.api [None req-5c44e1ad-3571-4999-9c5c-f6746a85aed0 tempest-DeleteServersTestJSON-1050668151 tempest-DeleteServersTestJSON-1050668151-project] Task 'cinder.volume.flows.api.create_volume.QuotaCommitTask;volume:create' (31d83a02-d28c-48e5-b4d7-e8a3aa2ef86b) transitioned into state 'SUCCESS' from state 'RUNNING' with result '{'volume_properties': VolumeProperties(attach_status='detached',availability_zone='nova',cgsnapshot_id=None,consistencygroup_id=None,display_description=None,display_name='tempest-DeleteServersTestJSON-volume-151458931',encryption_key_id=None,group_id=None,group_type_id=,metadata={},multiattach=False,project_id='7abd33cb77704d82977a0324c9132c82',qos_specs=None,replication_status=,reservations=['85abdcae-149a-4e95-93c1-046c8242a472','21f92b3d-926b-4d35-9b6c-da9382ed1401','8681739e-e203-49ed-8aef-376cc6beddf2','a50ac157-5201-4493-bf78-9be9747c6f9f'],size=1,snapshot_id=None,source_replicaid=,source_volid=None,status='creating',user_id='4be9e6fc0cf2410f8317786989764023',volume_type_id=004feb07-4f71-4c5d-80c9-f3babe629575)}' {{(pid=110271) _task_receiver /usr/local/lib/python3.8/dist-packages/taskflow/listeners/logging.py:178}}
Feb 07 14:14:57.865023 dv-cinder-828150-1-iscsi devstack@c-api.service[110271]: DEBUG cinder.volume.api [None req-5c44e1ad-3571-4999-9c5c-f6746a85aed0 tempest-DeleteServersTestJSON-1050668151 tempest-DeleteServersTestJSON-1050668151-project] Task 'cinder.volume.flows.api.create_volume.VolumeCastTask;volume:create' (732ef9df-fb2b-48bb-877f-a2ea95d33b5a) transitioned into state 'RUNNING' from state 'PENDING' {{(pid=110271) _task_receiver /usr/local/lib/python3.8/dist-packages/taskflow/listeners/logging.py:190}}
Feb 07 14:14:57.981911 dv-cinder-828150-1-iscsi devstack@c-api.service[110272]: INFO cinder.api.openstack.wsgi [None req-60d54b8b-b600-41cd-b111-869bcd5df650 tempest-GroupsV320Test-1633854293 tempest-GroupsV320Test-1633854293-project-admin] http://10.222.0.18/volume/v3/de66b3d12e2c431ea776de3c93b65d82/groups/cb702266-2aa9-4d72-b852-7bc17814146a/action returned with HTTP 202
Feb 07 14:14:57.983186 dv-cinder-828150-1-iscsi devstack@c-api.service[110272]: [pid: 110272|app: 0|req: 80/152] 10.222.0.18 () {62 vars in 1404 bytes} [Mon Feb 7 14:14:57 2022] POST /volume/v3/de66b3d12e2c431ea776de3c93b65d82/groups/cb702266-2aa9-4d72-b852-7bc17814146a/action => generated 0 bytes in 135 msecs (HTTP/1.1 202) 6 headers in 234 bytes (1 switches on core 0)
Feb 07 14:14:57.991063 dv-cinder-828150-1-iscsi devstack@c-api.service[110272]: INFO cinder.api.openstack.wsgi [None req-2c3224ad-407a-4554-89bc-2811cf4d5c63 tempest-GroupsV320Test-930867120 tempest-GroupsV320Test-930867120-project] GET http://10.222.0.18/volume/v3/4a70516990de4bb0a4ffaf42121d7fa8/groups/cb702266-2aa9-4d72-b852-7bc17814146a
Feb 07 14:14:57.991701 dv-cinder-828150-1-iscsi devstack@c-api.service[110272]: DEBUG cinder.api.openstack.wsgi [None req-2c3224ad-407a-4554-89bc-2811cf4d5c63 tempest-GroupsV320Test-930867120 tempest-GroupsV320Test-930867120-project] Empty body provided in request {{(pid=110272) get_body /opt/stack/cinder/cinder/api/openstack/wsgi.py:715}}
Feb 07 14:14:57.992064 dv-cinder-828150-1-iscsi devstack@c-api.service[110271]: DEBUG cinder.volume.api [None req-5c44e1ad-3571-4999-9c5c-f6746a85aed0 tempest-DeleteServersTestJSON-1050668151 tempest-DeleteServersTestJSON-1050668151-project] Task 'cinder.volume.flows.api.create_volume.VolumeCastTask;volume:create' (732ef9df-fb2b-48bb-877f-a2ea95d33b5a) transitioned into state 'SUCCESS' from state 'RUNNING' with result 'None' {{(pid=110271) _task_receiver /usr/local/lib/python3.8/dist-packages/taskflow/listeners/logging.py:178}}
Feb 07 14:14:57.992348 dv-cinder-828150-1-iscsi devstack@c-api.service[110272]: DEBUG cinder.api.openstack.wsgi [None req-2c3224ad-407a-4554-89bc-2811cf4d5c63 tempest-GroupsV320Test-930867120 tempest-GroupsV320Test-930867120-project] Calling method 'version_select' {{(pid=110272) _process_stack /opt/stack/cinder/cinder/api/openstack/wsgi.py:868}}
Feb 07 14:14:57.992781 dv-cinder-828150-1-iscsi devstack@c-api.service[110272]: DEBUG cinder.api.v3.groups [None req-2c3224ad-407a-4554-89bc-2811cf4d5c63 tempest-GroupsV320Test-930867120 tempest-GroupsV320Test-930867120-project] show called for member cb702266-2aa9-4d72-b852-7bc17814146a {{(pid=110272) show /opt/stack/cinder/cinder/api/v3/groups.py:58}}
Feb 07 14:14:57.995417 dv-cinder-828150-1-iscsi devstack@c-api.service[110271]: DEBUG cinder.volume.api [None req-5c44e1ad-3571-4999-9c5c-f6746a85aed0 tempest-DeleteServersTestJSON-1050668151 tempest-DeleteServersTestJSON-1050668151-project] Flow 'volume_create_api' (29b7cafa-e2e8-43f7-965f-55f6049f97ca) transitioned into state 'SUCCESS' from state 'RUNNING' {{(pid=110271) _flow_receiver /usr/local/lib/python3.8/dist-packages/taskflow/listeners/logging.py:141}}
Feb 07 14:14:57.996162 dv-cinder-828150-1-iscsi devstack@c-api.service[110271]: INFO cinder.volume.api [None req-5c44e1ad-3571-4999-9c5c-f6746a85aed0 tempest-DeleteServersTestJSON-1050668151 tempest-DeleteServersTestJSON-1050668151-project] Create volume request issued successfully.
Feb 07 14:14:58.000767 dv-cinder-828150-1-iscsi devstack@c-api.service[110271]: INFO cinder.api.openstack.wsgi [None req-5c44e1ad-3571-4999-9c5c-f6746a85aed0 tempest-DeleteServersTestJSON-1050668151 tempest-DeleteServersTestJSON-1050668151-project] http://10.222.0.18/volume/v3/7abd33cb77704d82977a0324c9132c82/volumes returned with HTTP 202
Feb 07 14:14:58.000767 dv-cinder-828150-1-iscsi devstack@c-api.service[110271]: [pid: 110271|app: 0|req: 73/153] 10.222.0.18 () {60 vars in 1234 bytes} [Mon Feb 7 14:14:57 2022] POST /volume/v3/7abd33cb77704d82977a0324c9132c82/volumes => generated 820 bytes in 784 msecs (HTTP/1.1 202) 7 headers in 291 bytes (1 switches on core 0)
Feb 07 14:14:58.001108 dv-cinder-828150-1-iscsi devstack@c-api.service[110272]: /usr/local/lib/python3.8/dist-packages/oslo_context/context.py:105: DeprecationWarning: Policy enforcement is depending on the value of is_admin. This key is deprecated. Please update your policy file to use the standard policy values.
Feb 07 14:14:58.001108 dv-cinder-828150-1-iscsi devstack@c-api.service[110272]: warnings.warn('Policy enforcement is depending on the value of '
Feb 07 14:14:58.015764 dv-cinder-828150-1-iscsi devstack@c-api.service[110271]: INFO cinder.api.openstack.wsgi [None req-091d0399-02a6-4ed6-bb67-2760dd0f0681 tempest-DeleteServersTestJSON-1050668151 tempest-DeleteServersTestJSON-1050668151-project] GET http://10.222.0.18/volume/v3/7abd33cb77704d82977a0324c9132c82/volumes/879a381a-156f-4603-b6a4-f11c8b92cdf6
Feb 07 14:14:58.015764 dv-cinder-828150-1-iscsi devstack@c-api.service[110271]: DEBUG cinder.api.openstack.wsgi [None req-091d0399-02a6-4ed6-bb67-2760dd0f0681 tempest-DeleteServersTestJSON-1050668151 tempest-DeleteServersTestJSON-1050668151-project] Empty body provided in request {{(pid=110271) get_body /opt/stack/cinder/cinder/api/openstack/wsgi.py:715}}
Feb 07 14:14:58.015764 dv-cinder-828150-1-iscsi devstack@c-api.service[110271]: DEBUG cinder.api.openstack.wsgi [None req-091d0399-02a6-4ed6-bb67-2760dd0f0681 tempest-DeleteServersTestJSON-1050668151 tempest-DeleteServersTestJSON-1050668151-project] Calling method 'show' {{(pid=110271) _process_stack /opt/stack/cinder/cinder/api/openstack/wsgi.py:868}}
Feb 07 14:14:58.020509 dv-cinder-828150-1-iscsi devstack@c-api.service[110272]: INFO cinder.api.openstack.wsgi [None req-2c3224ad-407a-4554-89bc-2811cf4d5c63 tempest-GroupsV320Test-930867120 tempest-GroupsV320Test-930867120-project] http://10.222.0.18/volume/v3/4a70516990de4bb0a4ffaf42121d7fa8/groups/cb702266-2aa9-4d72-b852-7bc17814146a returned with HTTP 200
Feb 07 14:14:58.022637 dv-cinder-828150-1-iscsi devstack@c-api.service[110272]: [pid: 110272|app: 0|req: 81/154] 10.222.0.18 () {60 vars in 1362 bytes} [Mon Feb 7 14:14:57 2022] GET /volume/v3/4a70516990de4bb0a4ffaf42121d7fa8/groups/cb702266-2aa9-4d72-b852-7bc17814146a => generated 388 bytes in 35 msecs (HTTP/1.1 200) 7 headers in 286 bytes (2 switches on core 0)
Feb 07 14:14:58.044634 dv-cinder-828150-1-iscsi devstack@c-api.service[110272]: INFO cinder.api.openstack.wsgi [None req-85da96de-2869-4ec5-a3a1-3babd6932dce tempest-GroupsV320Test-1633854293 tempest-GroupsV320Test-1633854293-project-admin] POST http://10.222.0.18/volume/v3/de66b3d12e2c431ea776de3c93b65d82/groups/cb702266-2aa9-4d72-b852-7bc17814146a/action
Feb 07 14:14:58.046223 dv-cinder-828150-1-iscsi devstack@c-api.service[110272]: DEBUG cinder.api.openstack.wsgi [None req-85da96de-2869-4ec5-a3a1-3babd6932dce tempest-GroupsV320Test-1633854293 tempest-GroupsV320Test-1633854293-project-admin] Action body: b'{"reset_status": {"status": "available"}}' {{(pid=110272) get_method /opt/stack/cinder/cinder/api/openstack/wsgi.py:983}}
Feb 07 14:14:58.060552 dv-cinder-828150-1-iscsi devstack@c-api.service[110272]: DEBUG cinder.api.openstack.wsgi [None req-85da96de-2869-4ec5-a3a1-3babd6932dce tempest-GroupsV320Test-1633854293 tempest-GroupsV320Test-1633854293-project-admin] Action: 'action', calling method: reset_status, body: {"reset_status": {"status": "available"}} {{(pid=110272) _process_stack /opt/stack/cinder/cinder/api/openstack/wsgi.py:866}}
Feb 07 14:14:58.061488 dv-cinder-828150-1-iscsi devstack@c-api.service[110271]: /usr/local/lib/python3.8/dist-packages/oslo_context/context.py:105: DeprecationWarning: Policy enforcement is depending on the value of is_admin. This key is deprecated. Please update your policy file to use the standard policy values.
Feb 07 14:14:58.061488 dv-cinder-828150-1-iscsi devstack@c-api.service[110271]: warnings.warn('Policy enforcement is depending on the value of '
Feb 07 14:14:58.061824 dv-cinder-828150-1-iscsi devstack@c-api.service[110272]: DEBUG cinder.api.v3.groups [None req-85da96de-2869-4ec5-a3a1-3babd6932dce tempest-GroupsV320Test-1633854293 tempest-GroupsV320Test-1633854293-project-admin] Updating group 'cb702266-2aa9-4d72-b852-7bc17814146a' with 'available' {{(pid=110272) _reset_status /opt/stack/cinder/cinder/api/v3/groups.py:82}}
Feb 07 14:14:58.061906 dv-cinder-828150-1-iscsi devstack@c-api.service[110271]: INFO cinder.volume.api [None req-091d0399-02a6-4ed6-bb67-2760dd0f0681 tempest-DeleteServersTestJSON-1050668151 tempest-DeleteServersTestJSON-1050668151-project] Volume info retrieved successfully.
Feb 07 14:14:58.065811 dv-cinder-828150-1-iscsi devstack@c-api.service[110271]: INFO cinder.api.openstack.wsgi [None req-091d0399-02a6-4ed6-bb67-2760dd0f0681 tempest-DeleteServersTestJSON-1050668151 tempest-DeleteServersTestJSON-1050668151-project] http://10.222.0.18/volume/v3/7abd33cb77704d82977a0324c9132c82/volumes/879a381a-156f-4603-b6a4-f11c8b92cdf6 returned with HTTP 200
Feb 07 14:14:58.066707 dv-cinder-828150-1-iscsi devstack@c-api.service[110271]: [pid: 110271|app: 0|req: 74/155] 10.222.0.18 () {58 vars in 1324 bytes} [Mon Feb 7 14:14:58 2022] GET /volume/v3/7abd33cb77704d82977a0324c9132c82/volumes/879a381a-156f-4603-b6a4-f11c8b92cdf6 => generated 888 bytes in 56 msecs (HTTP/1.1 200) 7 headers in 285 bytes (2 switches on core 0)
Feb 07 14:14:58.077033 dv-cinder-828150-1-iscsi devstack@c-api.service[110272]: /usr/local/lib/python3.8/dist-packages/oslo_context/context.py:105: DeprecationWarning: Policy enforcement is depending on the value of is_admin. This key is deprecated. Please update your policy file to use the standard policy values.
Feb 07 14:14:58.077033 dv-cinder-828150-1-iscsi devstack@c-api.service[110272]: warnings.warn('Policy enforcement is depending on the value of '
Feb 07 14:14:58.177432 dv-cinder-828150-1-iscsi devstack@c-api.service[110272]: INFO cinder.api.openstack.wsgi [None req-85da96de-2869-4ec5-a3a1-3babd6932dce tempest-GroupsV320Test-1633854293 tempest-GroupsV320Test-1633854293-project-admin] http://10.222.0.18/volume/v3/de66b3d12e2c431ea776de3c93b65d82/groups/cb702266-2aa9-4d72-b852-7bc17814146a/action returned with HTTP 202
Feb 07 14:14:58.181207 dv-cinder-828150-1-iscsi devstack@c-api.service[110272]: [pid: 110272|app: 0|req: 82/156] 10.222.0.18 () {62 vars in 1404 bytes} [Mon Feb 7 14:14:58 2022] POST /volume/v3/de66b3d12e2c431ea776de3c93b65d82/groups/cb702266-2aa9-4d72-b852-7bc17814146a/action => generated 0 bytes in 146 msecs (HTTP/1.1 202) 6 headers in 234 bytes (1 switches on core 0)
Feb 07 14:14:58.188135 dv-cinder-828150-1-iscsi devstack@c-api.service[110271]: INFO cinder.api.openstack.wsgi [None req-7831e90f-1e2a-4058-9262-1a0fc2ccc523 tempest-GroupsV320Test-930867120 tempest-GroupsV320Test-930867120-project] GET http://10.222.0.18/volume/v3/4a70516990de4bb0a4ffaf42121d7fa8/groups/cb702266-2aa9-4d72-b852-7bc17814146a
Feb 07 14:14:58.190162 dv-cinder-828150-1-iscsi devstack@c-api.service[110271]: DEBUG cinder.api.openstack.wsgi [None req-7831e90f-1e2a-4058-9262-1a0fc2ccc523 tempest-GroupsV320Test-930867120 tempest-GroupsV320Test-930867120-project] Empty body provided in request {{(pid=110271) get_body /opt/stack/cinder/cinder/api/openstack/wsgi.py:715}}
Feb 07 14:14:58.191684 dv-cinder-828150-1-iscsi devstack@c-api.service[110271]: DEBUG cinder.api.openstack.wsgi [None req-7831e90f-1e2a-4058-9262-1a0fc2ccc523 tempest-GroupsV320Test-930867120 tempest-GroupsV320Test-930867120-project] Calling method 'version_select' {{(pid=110271) _process_stack /opt/stack/cinder/cinder/api/openstack/wsgi.py:868}}
Feb 07 14:14:58.192104 dv-cinder-828150-1-iscsi devstack@c-api.service[110271]: DEBUG cinder.api.v3.groups [None req-7831e90f-1e2a-4058-9262-1a0fc2ccc523 tempest-GroupsV320Test-930867120 tempest-GroupsV320Test-930867120-project] show called for member cb702266-2aa9-4d72-b852-7bc17814146a {{(pid=110271) show /opt/stack/cinder/cinder/api/v3/groups.py:58}}
Feb 07 14:14:58.204117 dv-cinder-828150-1-iscsi devstack@c-api.service[110271]: /usr/local/lib/python3.8/dist-packages/oslo_context/context.py:105: DeprecationWarning: Policy enforcement is depending on the value of is_admin. This key is deprecated. Please update your policy file to use the standard policy values.
Feb 07 14:14:58.204117 dv-cinder-828150-1-iscsi devstack@c-api.service[110271]: warnings.warn('Policy enforcement is depending on the value of '
Feb 07 14:14:58.226208 dv-cinder-828150-1-iscsi devstack@c-api.service[110271]: INFO cinder.api.openstack.wsgi [None req-7831e90f-1e2a-4058-9262-1a0fc2ccc523 tempest-GroupsV320Test-930867120 tempest-GroupsV320Test-930867120-project] http://10.222.0.18/volume/v3/4a70516990de4bb0a4ffaf42121d7fa8/groups/cb702266-2aa9-4d72-b852-7bc17814146a returned with HTTP 200
Feb 07 14:14:58.227043 dv-cinder-828150-1-iscsi devstack@c-api.service[110271]: [pid: 110271|app: 0|req: 75/157] 10.222.0.18 () {60 vars in 1362 bytes} [Mon Feb 7 14:14:58 2022] GET /volume/v3/4a70516990de4bb0a4ffaf42121d7fa8/groups/cb702266-2aa9-4d72-b852-7bc17814146a => generated 389 bytes in 45 msecs (HTTP/1.1 200) 7 headers in 286 bytes (1 switches on core 0)
Feb 07 14:14:58.237139 dv-cinder-828150-1-iscsi devstack@c-api.service[110272]: INFO cinder.api.openstack.wsgi [None req-4abc1657-4384-4a95-96b9-305d8e0b55e3 tempest-GroupsV320Test-1633854293 tempest-GroupsV320Test-1633854293-project-admin] POST http://10.222.0.18/volume/v3/de66b3d12e2c431ea776de3c93b65d82/groups/cb702266-2aa9-4d72-b852-7bc17814146a/action
Feb 07 14:14:58.237903 dv-cinder-828150-1-iscsi devstack@c-api.service[110272]: DEBUG cinder.api.openstack.wsgi [None req-4abc1657-4384-4a95-96b9-305d8e0b55e3 tempest-GroupsV320Test-1633854293 tempest-GroupsV320Test-1633854293-project-admin] Action body: b'{"reset_status": {"status": "error"}}' {{(pid=110272) get_method /opt/stack/cinder/cinder/api/openstack/wsgi.py:983}}
Feb 07 14:14:58.238343 dv-cinder-828150-1-iscsi devstack@c-api.service[110272]: DEBUG cinder.api.openstack.wsgi [None req-4abc1657-4384-4a95-96b9-305d8e0b55e3 tempest-GroupsV320Test-1633854293 tempest-GroupsV320Test-1633854293-project-admin] Action: 'action', calling method: reset_status, body: {"reset_status": {"status": "error"}} {{(pid=110272) _process_stack /opt/stack/cinder/cinder/api/openstack/wsgi.py:866}}
Feb 07 14:14:58.239250 dv-cinder-828150-1-iscsi devstack@c-api.service[110272]: DEBUG cinder.api.v3.groups [None req-4abc1657-4384-4a95-96b9-305d8e0b55e3 tempest-GroupsV320Test-1633854293 tempest-GroupsV320Test-1633854293-project-admin] Updating group 'cb702266-2aa9-4d72-b852-7bc17814146a' with 'error' {{(pid=110272) _reset_status /opt/stack/cinder/cinder/api/v3/groups.py:82}}
Feb 07 14:14:58.245049 dv-cinder-828150-1-iscsi devstack@c-api.service[110272]: /usr/local/lib/python3.8/dist-packages/oslo_context/context.py:105: DeprecationWarning: Policy enforcement is depending on the value of is_admin. This key is deprecated. Please update your policy file to use the standard policy values.
Feb 07 14:14:58.245049 dv-cinder-828150-1-iscsi devstack@c-api.service[110272]: warnings.warn('Policy enforcement is depending on the value of '
Feb 07 14:14:58.325442 dv-cinder-828150-1-iscsi devstack@c-api.service[110272]: INFO cinder.api.openstack.wsgi [None req-4abc1657-4384-4a95-96b9-305d8e0b55e3 tempest-GroupsV320Test-1633854293 tempest-GroupsV320Test-1633854293-project-admin] http://10.222.0.18/volume/v3/de66b3d12e2c431ea776de3c93b65d82/groups/cb702266-2aa9-4d72-b852-7bc17814146a/action returned with HTTP 202
Feb 07 14:14:58.326196 dv-cinder-828150-1-iscsi devstack@c-api.service[110272]: [pid: 110272|app: 0|req: 83/158] 10.222.0.18 () {62 vars in 1404 bytes} [Mon Feb 7 14:14:58 2022] POST /volume/v3/de66b3d12e2c431ea776de3c93b65d82/groups/cb702266-2aa9-4d72-b852-7bc17814146a/action => generated 0 bytes in 93 msecs (HTTP/1.1 202) 6 headers in 234 bytes (2 switches on core 0)
Feb 07 14:14:58.338152 dv-cinder-828150-1-iscsi devstack@c-api.service[110271]: INFO cinder.api.openstack.wsgi [None req-f22cc7f4-b423-4483-87d3-8205e908b374 tempest-GroupsV320Test-930867120 tempest-GroupsV320Test-930867120-project] GET http://10.222.0.18/volume/v3/4a70516990de4bb0a4ffaf42121d7fa8/groups/cb702266-2aa9-4d72-b852-7bc17814146a
Feb 07 14:14:58.339042 dv-cinder-828150-1-iscsi devstack@c-api.service[110271]: DEBUG cinder.api.openstack.wsgi [None req-f22cc7f4-b423-4483-87d3-8205e908b374 tempest-GroupsV320Test-930867120 tempest-GroupsV320Test-930867120-project] Empty body provided in request {{(pid=110271) get_body /opt/stack/cinder/cinder/api/openstack/wsgi.py:715}}
Feb 07 14:14:58.339744 dv-cinder-828150-1-iscsi devstack@c-api.service[110271]: DEBUG cinder.api.openstack.wsgi [None req-f22cc7f4-b423-4483-87d3-8205e908b374 tempest-GroupsV320Test-930867120 tempest-GroupsV320Test-930867120-project] Calling method 'version_select' {{(pid=110271) _process_stack /opt/stack/cinder/cinder/api/openstack/wsgi.py:868}}
Feb 07 14:14:58.340089 dv-cinder-828150-1-iscsi devstack@c-api.service[110271]: DEBUG cinder.api.v3.groups [None req-f22cc7f4-b423-4483-87d3-8205e908b374 tempest-GroupsV320Test-930867120 tempest-GroupsV320Test-930867120-project] show called for member cb702266-2aa9-4d72-b852-7bc17814146a {{(pid=110271) show /opt/stack/cinder/cinder/api/v3/groups.py:58}}
Feb 07 14:14:58.345742 dv-cinder-828150-1-iscsi devstack@c-api.service[110271]: /usr/local/lib/python3.8/dist-packages/oslo_context/context.py:105: DeprecationWarning: Policy enforcement is depending on the value of is_admin. This key is deprecated. Please update your policy file to use the standard policy values.
Feb 07 14:14:58.345742 dv-cinder-828150-1-iscsi devstack@c-api.service[110271]: warnings.warn('Policy enforcement is depending on the value of '
Feb 07 14:14:58.365308 dv-cinder-828150-1-iscsi devstack@c-api.service[110271]: INFO cinder.api.openstack.wsgi [None req-f22cc7f4-b423-4483-87d3-8205e908b374 tempest-GroupsV320Test-930867120 tempest-GroupsV320Test-930867120-project] http://10.222.0.18/volume/v3/4a70516990de4bb0a4ffaf42121d7fa8/groups/cb702266-2aa9-4d72-b852-7bc17814146a returned with HTTP 200
Feb 07 14:14:58.367485 dv-cinder-828150-1-iscsi devstack@c-api.service[110271]: [pid: 110271|app: 0|req: 76/159] 10.222.0.18 () {60 vars in 1362 bytes} [Mon Feb 7 14:14:58 2022] GET /volume/v3/4a70516990de4bb0a4ffaf42121d7fa8/groups/cb702266-2aa9-4d72-b852-7bc17814146a => generated 385 bytes in 37 msecs (HTTP/1.1 200) 7 headers in 286 bytes (1 switches on core 0)
Feb 07 14:14:58.376156 dv-cinder-828150-1-iscsi devstack@c-api.service[110271]: INFO cinder.api.openstack.wsgi [None req-1a3246aa-c16c-4388-8d44-f6424981b1da tempest-GroupsV320Test-1633854293 tempest-GroupsV320Test-1633854293-project-admin] POST http://10.222.0.18/volume/v3/de66b3d12e2c431ea776de3c93b65d82/groups/cb702266-2aa9-4d72-b852-7bc17814146a/action
Feb 07 14:14:58.377118 dv-cinder-828150-1-iscsi devstack@c-api.service[110271]: DEBUG cinder.api.openstack.wsgi [None req-1a3246aa-c16c-4388-8d44-f6424981b1da tempest-GroupsV320Test-1633854293 tempest-GroupsV320Test-1633854293-project-admin] Action body: b'{"reset_status": {"status": "available"}}' {{(pid=110271) get_method /opt/stack/cinder/cinder/api/openstack/wsgi.py:983}}
Feb 07 14:14:58.377475 dv-cinder-828150-1-iscsi devstack@c-api.service[110271]: DEBUG cinder.api.openstack.wsgi [None req-1a3246aa-c16c-4388-8d44-f6424981b1da tempest-GroupsV320Test-1633854293 tempest-GroupsV320Test-1633854293-project-admin] Action: 'action', calling method: version_select, body: {"reset_status": {"status": "available"}} {{(pid=110271) _process_stack /opt/stack/cinder/cinder/api/openstack/wsgi.py:866}}
Feb 07 14:14:58.378268 dv-cinder-828150-1-iscsi devstack@c-api.service[110271]: DEBUG cinder.api.v3.groups [None req-1a3246aa-c16c-4388-8d44-f6424981b1da tempest-GroupsV320Test-1633854293 tempest-GroupsV320Test-1633854293-project-admin] Updating group 'cb702266-2aa9-4d72-b852-7bc17814146a' with 'available' {{(pid=110271) _reset_status /opt/stack/cinder/cinder/api/v3/groups.py:82}}
Feb 07 14:14:58.385769 dv-cinder-828150-1-iscsi devstack@c-api.service[110271]: /usr/local/lib/python3.8/dist-packages/oslo_context/context.py:105: DeprecationWarning: Policy enforcement is depending on the value of is_admin. This key is deprecated. Please update your policy file to use the standard policy values.
Feb 07 14:14:58.385769 dv-cinder-828150-1-iscsi devstack@c-api.service[110271]: warnings.warn('Policy enforcement is depending on the value of '
Feb 07 14:14:58.468269 dv-cinder-828150-1-iscsi devstack@c-api.service[110272]: INFO cinder.api.openstack.wsgi [None req-2fea445d-a3a5-42d5-a661-1a30e0f458f3 tempest-QosSpecsTestJSON-481907828 tempest-QosSpecsTestJSON-481907828-project-admin] POST http://10.222.0.18/volume/v3/b2ef4e5be2cf4f00bedcbd4895770f44/qos-specs
Feb 07 14:14:58.468976 dv-cinder-828150-1-iscsi devstack@c-api.service[110272]: DEBUG cinder.api.openstack.wsgi [None req-2fea445d-a3a5-42d5-a661-1a30e0f458f3 tempest-QosSpecsTestJSON-481907828 tempest-QosSpecsTestJSON-481907828-project-admin] Action: 'create', calling method: create, body: {"qos_specs": {"name": "tempest-QosSpecsTestJSON-QoS-1080691929", "consumer": "front-end", "read_iops_sec": "2000"}} {{(pid=110272) _process_stack /opt/stack/cinder/cinder/api/openstack/wsgi.py:866}}
Feb 07 14:14:58.470653 dv-cinder-828150-1-iscsi devstack@c-api.service[110272]: DEBUG cinder.volume.qos_specs [None req-2fea445d-a3a5-42d5-a661-1a30e0f458f3 tempest-QosSpecsTestJSON-481907828 tempest-QosSpecsTestJSON-481907828-project-admin] Dict for qos_specs: {'name': 'tempest-QosSpecsTestJSON-QoS-1080691929', 'consumer': 'front-end', 'specs': {'read_iops_sec': '2000'}} {{(pid=110272) create /opt/stack/cinder/cinder/volume/qos_specs.py:64}}
Feb 07 14:14:58.482924 dv-cinder-828150-1-iscsi devstack@c-api.service[110272]: DEBUG cinder.db.sqlalchemy.api [None req-2fea445d-a3a5-42d5-a661-1a30e0f458f3 tempest-QosSpecsTestJSON-481907828 tempest-QosSpecsTestJSON-481907828-project-admin] DB qos_specs_create(): root {'id': 'e7654e83-9756-4173-9ab6-98cb354d665b', 'key': 'QoS_Specs_Name', 'value': 'tempest-QosSpecsTestJSON-QoS-1080691929'} {{(pid=110272) qos_specs_create /opt/stack/cinder/cinder/db/sqlalchemy/api.py:4631}}
Feb 07 14:14:58.490706 dv-cinder-828150-1-iscsi devstack@c-api.service[110271]: INFO cinder.api.openstack.wsgi [None req-1a3246aa-c16c-4388-8d44-f6424981b1da tempest-GroupsV320Test-1633854293 tempest-GroupsV320Test-1633854293-project-admin] http://10.222.0.18/volume/v3/de66b3d12e2c431ea776de3c93b65d82/groups/cb702266-2aa9-4d72-b852-7bc17814146a/action returned with HTTP 202
Feb 07 14:14:58.491614 dv-cinder-828150-1-iscsi devstack@c-api.service[110271]: [pid: 110271|app: 0|req: 77/160] 10.222.0.18 () {62 vars in 1404 bytes} [Mon Feb 7 14:14:58 2022] POST /volume/v3/de66b3d12e2c431ea776de3c93b65d82/groups/cb702266-2aa9-4d72-b852-7bc17814146a/action => generated 0 bytes in 119 msecs (HTTP/1.1 202) 6 headers in 234 bytes (2 switches on core 0)
Feb 07 14:14:58.499065 dv-cinder-828150-1-iscsi devstack@c-api.service[110271]: INFO cinder.api.openstack.wsgi [None req-0c6689af-dc60-4d10-bf9c-5e175b7f1ab0 tempest-GroupsV320Test-930867120 tempest-GroupsV320Test-930867120-project] GET http://10.222.0.18/volume/v3/4a70516990de4bb0a4ffaf42121d7fa8/groups/cb702266-2aa9-4d72-b852-7bc17814146a
Feb 07 14:14:58.499613 dv-cinder-828150-1-iscsi devstack@c-api.service[110271]: DEBUG cinder.api.openstack.wsgi [None req-0c6689af-dc60-4d10-bf9c-5e175b7f1ab0 tempest-GroupsV320Test-930867120 tempest-GroupsV320Test-930867120-project] Empty body provided in request {{(pid=110271) get_body /opt/stack/cinder/cinder/api/openstack/wsgi.py:715}}
Feb 07 14:14:58.501906 dv-cinder-828150-1-iscsi devstack@c-api.service[110271]: DEBUG cinder.api.openstack.wsgi [None req-0c6689af-dc60-4d10-bf9c-5e175b7f1ab0 tempest-GroupsV320Test-930867120 tempest-GroupsV320Test-930867120-project] Calling method 'version_select' {{(pid=110271) _process_stack /opt/stack/cinder/cinder/api/openstack/wsgi.py:868}}
Feb 07 14:14:58.501906 dv-cinder-828150-1-iscsi devstack@c-api.service[110271]: DEBUG cinder.api.v3.groups [None req-0c6689af-dc60-4d10-bf9c-5e175b7f1ab0 tempest-GroupsV320Test-930867120 tempest-GroupsV320Test-930867120-project] show called for member cb702266-2aa9-4d72-b852-7bc17814146a {{(pid=110271) show /opt/stack/cinder/cinder/api/v3/groups.py:58}}
Feb 07 14:14:58.506463 dv-cinder-828150-1-iscsi devstack@c-api.service[110271]: /usr/local/lib/python3.8/dist-packages/oslo_context/context.py:105: DeprecationWarning: Policy enforcement is depending on the value of is_admin. This key is deprecated. Please update your policy file to use the standard policy values.
Feb 07 14:14:58.506463 dv-cinder-828150-1-iscsi devstack@c-api.service[110271]: warnings.warn('Policy enforcement is depending on the value of '
Feb 07 14:14:58.521721 dv-cinder-828150-1-iscsi devstack@c-api.service[110271]: INFO cinder.api.openstack.wsgi [None req-0c6689af-dc60-4d10-bf9c-5e175b7f1ab0 tempest-GroupsV320Test-930867120 tempest-GroupsV320Test-930867120-project] http://10.222.0.18/volume/v3/4a70516990de4bb0a4ffaf42121d7fa8/groups/cb702266-2aa9-4d72-b852-7bc17814146a returned with HTTP 200
Feb 07 14:14:58.522512 dv-cinder-828150-1-iscsi devstack@c-api.service[110271]: [pid: 110271|app: 0|req: 78/161] 10.222.0.18 () {60 vars in 1362 bytes} [Mon Feb 7 14:14:58 2022] GET /volume/v3/4a70516990de4bb0a4ffaf42121d7fa8/groups/cb702266-2aa9-4d72-b852-7bc17814146a => generated 389 bytes in 27 msecs (HTTP/1.1 200) 7 headers in 286 bytes (2 switches on core 0)
Feb 07 14:14:58.532113 dv-cinder-828150-1-iscsi devstack@c-api.service[110271]: INFO cinder.api.openstack.wsgi [None req-16746035-93b3-4634-8683-ba61501228ca tempest-GroupsV320Test-930867120 tempest-GroupsV320Test-930867120-project] GET http://10.222.0.18/volume/v3/4a70516990de4bb0a4ffaf42121d7fa8/volumes/detail
Feb 07 14:14:58.532630 dv-cinder-828150-1-iscsi devstack@c-api.service[110271]: DEBUG cinder.api.openstack.wsgi [None req-16746035-93b3-4634-8683-ba61501228ca tempest-GroupsV320Test-930867120 tempest-GroupsV320Test-930867120-project] Empty body provided in request {{(pid=110271) get_body /opt/stack/cinder/cinder/api/openstack/wsgi.py:715}}
Feb 07 14:14:58.533081 dv-cinder-828150-1-iscsi devstack@c-api.service[110271]: DEBUG cinder.api.openstack.wsgi [None req-16746035-93b3-4634-8683-ba61501228ca tempest-GroupsV320Test-930867120 tempest-GroupsV320Test-930867120-project] Calling method 'detail' {{(pid=110271) _process_stack /opt/stack/cinder/cinder/api/openstack/wsgi.py:868}}
Feb 07 14:14:58.533735 dv-cinder-828150-1-iscsi devstack@c-api.service[110271]: DEBUG cinder.api.api_utils [None req-16746035-93b3-4634-8683-ba61501228ca tempest-GroupsV320Test-930867120 tempest-GroupsV320Test-930867120-project] Removing options '' from query. {{(pid=110271) remove_invalid_filter_options /opt/stack/cinder/cinder/api/api_utils.py:73}}
Feb 07 14:14:58.534555 dv-cinder-828150-1-iscsi devstack@c-api.service[110271]: /usr/local/lib/python3.8/dist-packages/oslo_context/context.py:105: DeprecationWarning: Policy enforcement is depending on the value of is_admin. This key is deprecated. Please update your policy file to use the standard policy values.
Feb 07 14:14:58.534555 dv-cinder-828150-1-iscsi devstack@c-api.service[110271]: warnings.warn('Policy enforcement is depending on the value of '
Feb 07 14:14:58.535915 dv-cinder-828150-1-iscsi devstack@c-api.service[110271]: DEBUG cinder.volume.api [None req-16746035-93b3-4634-8683-ba61501228ca tempest-GroupsV320Test-930867120 tempest-GroupsV320Test-930867120-project] Searching by: MultiDict([('no_migration_targets', True)]). {{(pid=110271) get_all /opt/stack/cinder/cinder/volume/api.py:661}}
Feb 07 14:14:58.576922 dv-cinder-828150-1-iscsi devstack@c-api.service[110272]: INFO cinder.api.openstack.wsgi [None req-2fea445d-a3a5-42d5-a661-1a30e0f458f3 tempest-QosSpecsTestJSON-481907828 tempest-QosSpecsTestJSON-481907828-project-admin] http://10.222.0.18/volume/v3/b2ef4e5be2cf4f00bedcbd4895770f44/qos-specs returned with HTTP 200
Feb 07 14:14:58.577902 dv-cinder-828150-1-iscsi devstack@c-api.service[110272]: [pid: 110272|app: 0|req: 84/162] 10.222.0.18 () {60 vars in 1241 bytes} [Mon Feb 7 14:14:58 2022] POST /volume/v3/b2ef4e5be2cf4f00bedcbd4895770f44/qos-specs => generated 459 bytes in 216 msecs (HTTP/1.1 200) 7 headers in 285 bytes (1 switches on core 0)
Feb 07 14:14:58.582733 dv-cinder-828150-1-iscsi devstack@c-api.service[110271]: INFO cinder.volume.api [None req-16746035-93b3-4634-8683-ba61501228ca tempest-GroupsV320Test-930867120 tempest-GroupsV320Test-930867120-project] Get all volumes completed successfully.
Feb 07 14:14:58.587676 dv-cinder-828150-1-iscsi devstack@c-api.service[110271]: INFO cinder.api.openstack.wsgi [None req-16746035-93b3-4634-8683-ba61501228ca tempest-GroupsV320Test-930867120 tempest-GroupsV320Test-930867120-project] http://10.222.0.18/volume/v3/4a70516990de4bb0a4ffaf42121d7fa8/volumes/detail returned with HTTP 200
Feb 07 14:14:58.593613 dv-cinder-828150-1-iscsi devstack@c-api.service[110272]: INFO cinder.api.openstack.wsgi [None req-4feeb26a-0000-4eb0-9464-1f5d6d2cbe5b tempest-QosSpecsTestJSON-481907828 tempest-QosSpecsTestJSON-481907828-project-admin] POST http://10.222.0.18/volume/v3/b2ef4e5be2cf4f00bedcbd4895770f44/types
Feb 07 14:14:58.593744 dv-cinder-828150-1-iscsi devstack@c-api.service[110271]: [pid: 110271|app: 0|req: 79/163] 10.222.0.18 () {60 vars in 1275 bytes} [Mon Feb 7 14:14:58 2022] GET /volume/v3/4a70516990de4bb0a4ffaf42121d7fa8/volumes/detail => generated 15 bytes in 60 msecs (HTTP/1.1 200) 7 headers in 285 bytes (1 switches on core 0)
Feb 07 14:14:58.593823 dv-cinder-828150-1-iscsi devstack@c-api.service[110272]: DEBUG cinder.api.openstack.wsgi [None req-4feeb26a-0000-4eb0-9464-1f5d6d2cbe5b tempest-QosSpecsTestJSON-481907828 tempest-QosSpecsTestJSON-481907828-project-admin] Action: 'create', calling method: _create, body: {"volume_type": {"name": "tempest-QosSpecsTestJSON-volume-type-2045065078"}} {{(pid=110272) _process_stack /opt/stack/cinder/cinder/api/openstack/wsgi.py:866}}
Feb 07 14:14:58.593823 dv-cinder-828150-1-iscsi devstack@c-api.service[110272]: /usr/local/lib/python3.8/dist-packages/oslo_context/context.py:105: DeprecationWarning: Policy enforcement is depending on the value of is_admin. This key is deprecated. Please update your policy file to use the standard policy values.
Feb 07 14:14:58.593823 dv-cinder-828150-1-iscsi devstack@c-api.service[110272]: warnings.warn('Policy enforcement is depending on the value of '
Feb 07 14:14:58.609200 dv-cinder-828150-1-iscsi devstack@c-api.service[110271]: INFO cinder.api.openstack.wsgi [None req-22b52a92-ae8d-4cad-86b8-ef8ca6f09b74 tempest-GroupsV320Test-930867120 tempest-GroupsV320Test-930867120-project] POST http://10.222.0.18/volume/v3/4a70516990de4bb0a4ffaf42121d7fa8/groups/cb702266-2aa9-4d72-b852-7bc17814146a/action
Feb 07 14:14:58.610187 dv-cinder-828150-1-iscsi devstack@c-api.service[110271]: DEBUG cinder.api.openstack.wsgi [None req-22b52a92-ae8d-4cad-86b8-ef8ca6f09b74 tempest-GroupsV320Test-930867120 tempest-GroupsV320Test-930867120-project] Action body: b'{"delete": {"delete-volumes": true}}' {{(pid=110271) get_method /opt/stack/cinder/cinder/api/openstack/wsgi.py:983}}
Feb 07 14:14:58.610521 dv-cinder-828150-1-iscsi devstack@c-api.service[110271]: DEBUG cinder.api.openstack.wsgi [None req-22b52a92-ae8d-4cad-86b8-ef8ca6f09b74 tempest-GroupsV320Test-930867120 tempest-GroupsV320Test-930867120-project] Action: 'action', calling method: delete_group, body: {"delete": {"delete-volumes": true}} {{(pid=110271) _process_stack /opt/stack/cinder/cinder/api/openstack/wsgi.py:866}}
Feb 07 14:14:58.611297 dv-cinder-828150-1-iscsi devstack@c-api.service[110271]: DEBUG cinder.api.v3.groups [None req-22b52a92-ae8d-4cad-86b8-ef8ca6f09b74 tempest-GroupsV320Test-930867120 tempest-GroupsV320Test-930867120-project] delete called for group cb702266-2aa9-4d72-b852-7bc17814146a {{(pid=110271) _delete /opt/stack/cinder/cinder/api/v3/groups.py:117}}
Feb 07 14:14:58.611619 dv-cinder-828150-1-iscsi devstack@c-api.service[110271]: INFO cinder.api.v3.groups [None req-22b52a92-ae8d-4cad-86b8-ef8ca6f09b74 tempest-GroupsV320Test-930867120 tempest-GroupsV320Test-930867120-project] Delete group with id: cb702266-2aa9-4d72-b852-7bc17814146a
Feb 07 14:14:58.617076 dv-cinder-828150-1-iscsi devstack@c-api.service[110271]: /usr/local/lib/python3.8/dist-packages/oslo_context/context.py:105: DeprecationWarning: Policy enforcement is depending on the value of is_admin. This key is deprecated. Please update your policy file to use the standard policy values.
Feb 07 14:14:58.617076 dv-cinder-828150-1-iscsi devstack@c-api.service[110271]: warnings.warn('Policy enforcement is depending on the value of '
Feb 07 14:14:58.670758 dv-cinder-828150-1-iscsi devstack@c-api.service[110272]: INFO cinder.api.openstack.wsgi [None req-4feeb26a-0000-4eb0-9464-1f5d6d2cbe5b tempest-QosSpecsTestJSON-481907828 tempest-QosSpecsTestJSON-481907828-project-admin] http://10.222.0.18/volume/v3/b2ef4e5be2cf4f00bedcbd4895770f44/types returned with HTTP 200
Feb 07 14:14:58.671483 dv-cinder-828150-1-iscsi devstack@c-api.service[110272]: [pid: 110272|app: 0|req: 85/164] 10.222.0.18 () {60 vars in 1228 bytes} [Mon Feb 7 14:14:58 2022] POST /volume/v3/b2ef4e5be2cf4f00bedcbd4895770f44/types => generated 222 bytes in 86 msecs (HTTP/1.1 200) 7 headers in 285 bytes (1 switches on core 0)
Feb 07 14:14:58.680031 dv-cinder-828150-1-iscsi devstack@c-api.service[110272]: INFO cinder.api.openstack.wsgi [None req-42be7159-6840-4269-8b2c-82ef39b0415c tempest-QosSpecsTestJSON-481907828 tempest-QosSpecsTestJSON-481907828-project-admin] POST http://10.222.0.18/volume/v3/b2ef4e5be2cf4f00bedcbd4895770f44/types
Feb 07 14:14:58.680915 dv-cinder-828150-1-iscsi devstack@c-api.service[110272]: DEBUG cinder.api.openstack.wsgi [None req-42be7159-6840-4269-8b2c-82ef39b0415c tempest-QosSpecsTestJSON-481907828 tempest-QosSpecsTestJSON-481907828-project-admin] Action: 'create', calling method: _create, body: {"volume_type": {"name": "tempest-QosSpecsTestJSON-volume-type-1460558863"}} {{(pid=110272) _process_stack /opt/stack/cinder/cinder/api/openstack/wsgi.py:866}}
Feb 07 14:14:58.757006 dv-cinder-828150-1-iscsi devstack@c-api.service[110271]: INFO cinder.api.openstack.wsgi [None req-22b52a92-ae8d-4cad-86b8-ef8ca6f09b74 tempest-GroupsV320Test-930867120 tempest-GroupsV320Test-930867120-project] http://10.222.0.18/volume/v3/4a70516990de4bb0a4ffaf42121d7fa8/groups/cb702266-2aa9-4d72-b852-7bc17814146a/action returned with HTTP 202
