Feb 09 13:58:51.192947 dv-cinder-828085-6-smb devstack@c-api.service[109709]: INFO cinder.api.openstack.wsgi [None req-372d80b5-7369-4ff3-ac91-cbf0038d65ec tempest-SnapshotsActionsTest-426775614 tempest-SnapshotsActionsTest-426775614-project-admin] GET http://10.222.0.90/volume/v3/0fe920c7ca1a470ea1959493ae99f2f9/snapshots/cc7b72c6-2894-4db5-b8bf-57f4643cb5b6
Feb 09 13:58:51.203264 dv-cinder-828085-6-smb devstack@c-api.service[109709]: DEBUG cinder.api.openstack.wsgi [None req-372d80b5-7369-4ff3-ac91-cbf0038d65ec tempest-SnapshotsActionsTest-426775614 tempest-SnapshotsActionsTest-426775614-project-admin] Empty body provided in request {{(pid=109709) get_body /opt/stack/cinder/cinder/api/openstack/wsgi.py:715}}
Feb 09 13:58:51.204109 dv-cinder-828085-6-smb devstack@c-api.service[109709]: DEBUG cinder.api.openstack.wsgi [None req-372d80b5-7369-4ff3-ac91-cbf0038d65ec tempest-SnapshotsActionsTest-426775614 tempest-SnapshotsActionsTest-426775614-project-admin] Calling method 'show' {{(pid=109709) _process_stack /opt/stack/cinder/cinder/api/openstack/wsgi.py:868}}
Feb 09 13:58:51.226214 dv-cinder-828085-6-smb devstack@c-api.service[109710]: DEBUG cinder.quota [None req-b2af4655-4843-46bf-9009-45b0bec96f26 tempest-UserMessagesTest-1823118382 tempest-UserMessagesTest-1823118382-project] Created reservations ['d1a02892-1de2-43da-8270-f1430c99dbd4', '13e753f9-cec7-404e-b339-f167b440f413', '1a8bbbcd-14bc-4c25-8e3d-6aa83708b6bb', '8e10c6bb-93be-4646-ba63-aedad89b5abb'] {{(pid=109710) reserve /opt/stack/cinder/cinder/quota.py:755}}
Feb 09 13:58:51.227535 dv-cinder-828085-6-smb devstack@c-api.service[109709]: /usr/local/lib/python3.8/dist-packages/oslo_context/context.py:105: DeprecationWarning: Policy enforcement is depending on the value of is_admin. This key is deprecated. Please update your policy file to use the standard policy values.
Feb 09 13:58:51.227535 dv-cinder-828085-6-smb devstack@c-api.service[109709]: warnings.warn('Policy enforcement is depending on the value of '
Feb 09 13:58:51.228330 dv-cinder-828085-6-smb devstack@c-api.service[109710]: DEBUG cinder.volume.api [None req-b2af4655-4843-46bf-9009-45b0bec96f26 tempest-UserMessagesTest-1823118382 tempest-UserMessagesTest-1823118382-project] Task 'cinder.volume.flows.api.create_volume.QuotaReserveTask;volume:create' (f118827e-f486-4478-816e-97087acfac36) transitioned into state 'SUCCESS' from state 'RUNNING' with result '{'reservations': ['d1a02892-1de2-43da-8270-f1430c99dbd4', '13e753f9-cec7-404e-b339-f167b440f413', '1a8bbbcd-14bc-4c25-8e3d-6aa83708b6bb', '8e10c6bb-93be-4646-ba63-aedad89b5abb']}' {{(pid=109710) _task_receiver /usr/local/lib/python3.8/dist-packages/taskflow/listeners/logging.py:178}}
Feb 09 13:58:51.228765 dv-cinder-828085-6-smb devstack@c-api.service[109709]: INFO cinder.volume.api [None req-372d80b5-7369-4ff3-ac91-cbf0038d65ec tempest-SnapshotsActionsTest-426775614 tempest-SnapshotsActionsTest-426775614-project-admin] Snapshot retrieved successfully.
Feb 09 13:58:51.230265 dv-cinder-828085-6-smb devstack@c-api.service[109710]: DEBUG cinder.volume.api [None req-b2af4655-4843-46bf-9009-45b0bec96f26 tempest-UserMessagesTest-1823118382 tempest-UserMessagesTest-1823118382-project] Task 'cinder.volume.flows.api.create_volume.EntryCreateTask;volume:create' (9a0f2184-c5e3-49bf-a86b-30598cf0bf32) transitioned into state 'RUNNING' from state 'PENDING' {{(pid=109710) _task_receiver /usr/local/lib/python3.8/dist-packages/taskflow/listeners/logging.py:190}}
Feb 09 13:58:51.230788 dv-cinder-828085-6-smb devstack@c-api.service[109709]: INFO cinder.api.openstack.wsgi [None req-372d80b5-7369-4ff3-ac91-cbf0038d65ec tempest-SnapshotsActionsTest-426775614 tempest-SnapshotsActionsTest-426775614-project-admin] http://10.222.0.90/volume/v3/0fe920c7ca1a470ea1959493ae99f2f9/snapshots/cc7b72c6-2894-4db5-b8bf-57f4643cb5b6 returned with HTTP 200
Feb 09 13:58:51.231805 dv-cinder-828085-6-smb devstack@c-api.service[109709]: [pid: 109709|app: 0|req: 63/126] 10.222.0.90 () {58 vars in 1330 bytes} [Wed Feb 9 13:58:51 2022] GET /volume/v3/0fe920c7ca1a470ea1959493ae99f2f9/snapshots/cc7b72c6-2894-4db5-b8bf-57f4643cb5b6 => generated 526 bytes in 44 msecs (HTTP/1.1 200) 7 headers in 285 bytes (1 switches on core 0)
Feb 09 13:58:51.240513 dv-cinder-828085-6-smb devstack@c-api.service[109709]: INFO cinder.api.openstack.wsgi [None req-bc998014-a81c-4337-911a-cf353355554d tempest-GroupsV314Test-47925990 tempest-GroupsV314Test-47925990-project-admin] DELETE http://10.222.0.90/volume/v3/d897436eaeda4dab994a0a244b5dd7e8/group_types/7d1ab73c-f42b-4325-8a7f-b0696a8a8a4a
Feb 09 13:58:51.241291 dv-cinder-828085-6-smb devstack@c-api.service[109709]: DEBUG cinder.api.openstack.wsgi [None req-bc998014-a81c-4337-911a-cf353355554d tempest-GroupsV314Test-47925990 tempest-GroupsV314Test-47925990-project-admin] Empty body provided in request {{(pid=109709) get_body /opt/stack/cinder/cinder/api/openstack/wsgi.py:715}}
Feb 09 13:58:51.241958 dv-cinder-828085-6-smb devstack@c-api.service[109709]: DEBUG cinder.api.openstack.wsgi [None req-bc998014-a81c-4337-911a-cf353355554d tempest-GroupsV314Test-47925990 tempest-GroupsV314Test-47925990-project-admin] Calling method 'version_select' {{(pid=109709) _process_stack /opt/stack/cinder/cinder/api/openstack/wsgi.py:868}}
Feb 09 13:58:51.381270 dv-cinder-828085-6-smb devstack@c-api.service[109710]: DEBUG cinder.volume.api [None req-b2af4655-4843-46bf-9009-45b0bec96f26 tempest-UserMessagesTest-1823118382 tempest-UserMessagesTest-1823118382-project] Task 'cinder.volume.flows.api.create_volume.EntryCreateTask;volume:create' (9a0f2184-c5e3-49bf-a86b-30598cf0bf32) transitioned into state 'SUCCESS' from state 'RUNNING' with result '{'volume_id': '02d1c5c7-0113-4681-a936-73ccee53f740', 'volume_properties': VolumeProperties(attach_status='detached',availability_zone='nova',cgsnapshot_id=None,consistencygroup_id=None,display_description=None,display_name='tempest-UserMessagesTest-Volume-1393109567',encryption_key_id=None,group_id=None,group_type_id=,metadata={},multiattach=False,project_id='598ec9040450491c96608ca927efd0c2',qos_specs=None,replication_status=,reservations=['d1a02892-1de2-43da-8270-f1430c99dbd4','13e753f9-cec7-404e-b339-f167b440f413','1a8bbbcd-14bc-4c25-8e3d-6aa83708b6bb','8e10c6bb-93be-4646-ba63-aedad89b5abb'],size=1,snapshot_id=None,source_replicaid=,source_volid=None,status='creating',user_id='4adcf0ee12a24963bce7904373491e21',volume_type_id=bb04911c-99b0-4344-846d-c675371cffb1), 'volume': Volume(_name_id=None,admin_metadata=,attach_status='detached',availability_zone='nova',bootable=False,cluster=,cluster_name=None,consistencygroup=,consistencygroup_id=None,created_at=2022-02-09T13:58:51Z,deleted=False,deleted_at=None,display_description=None,display_name='tempest-UserMessagesTest-Volume-1393109567',ec2_id=None,encryption_key_id=None,glance_metadata=,group=,group_id=None,host=None,id=02d1c5c7-0113-4681-a936-73ccee53f740,launched_at=None,metadata={},migration_status=None,multiattach=False,previous_status=None,project_id='598ec9040450491c96608ca927efd0c2',provider_auth=None,provider_geometry=None,provider_id=None,provider_location=None,replication_driver_data=None,replication_extended_status=None,replication_status=None,scheduled_at=None,service_uuid=None,shared_targets=True,size=1,snapshot_id=None,snapshots=,source_volid=None,status='creating',terminated_at=None,updated_at=None,use_quota=True,user_id='4adcf0ee12a24963bce7904373491e21',volume_attachment=VolumeAttachmentList,volume_type=VolumeType(bb04911c-99b0-4344-846d-c675371cffb1),volume_type_id=bb04911c-99b0-4344-846d-c675371cffb1)}' {{(pid=109710) _task_receiver /usr/local/lib/python3.8/dist-packages/taskflow/listeners/logging.py:178}}
Feb 09 13:58:51.388992 dv-cinder-828085-6-smb devstack@c-api.service[109709]: INFO cinder.api.openstack.wsgi [None req-bc998014-a81c-4337-911a-cf353355554d tempest-GroupsV314Test-47925990 tempest-GroupsV314Test-47925990-project-admin] http://10.222.0.90/volume/v3/d897436eaeda4dab994a0a244b5dd7e8/group_types/7d1ab73c-f42b-4325-8a7f-b0696a8a8a4a returned with HTTP 202
Feb 09 13:58:51.390535 dv-cinder-828085-6-smb devstack@c-api.service[109709]: [pid: 109709|app: 0|req: 64/127] 10.222.0.90 () {60 vars in 1380 bytes} [Wed Feb 9 13:58:51 2022] DELETE /volume/v3/d897436eaeda4dab994a0a244b5dd7e8/group_types/7d1ab73c-f42b-4325-8a7f-b0696a8a8a4a => generated 0 bytes in 156 msecs (HTTP/1.1 202) 6 headers in 234 bytes (1 switches on core 0)
Feb 09 13:58:51.390765 dv-cinder-828085-6-smb devstack@c-api.service[109710]: DEBUG cinder.volume.api [None req-b2af4655-4843-46bf-9009-45b0bec96f26 tempest-UserMessagesTest-1823118382 tempest-UserMessagesTest-1823118382-project] Task 'cinder.volume.flows.api.create_volume.QuotaCommitTask;volume:create' (836bec4b-759e-4654-a64e-f8411c960f9f) transitioned into state 'RUNNING' from state 'PENDING' {{(pid=109710) _task_receiver /usr/local/lib/python3.8/dist-packages/taskflow/listeners/logging.py:190}}
Feb 09 13:58:51.399104 dv-cinder-828085-6-smb devstack@c-api.service[109709]: INFO cinder.api.openstack.wsgi [None req-c6cbd48c-dcb9-4891-8129-5ce52294f12e tempest-SnapshotsActionsTest-426775614 tempest-SnapshotsActionsTest-426775614-project-admin] POST http://10.222.0.90/volume/v3/0fe920c7ca1a470ea1959493ae99f2f9/snapshots/cc7b72c6-2894-4db5-b8bf-57f4643cb5b6/action
Feb 09 13:58:51.401277 dv-cinder-828085-6-smb devstack@c-api.service[109709]: DEBUG cinder.api.openstack.wsgi [None req-c6cbd48c-dcb9-4891-8129-5ce52294f12e tempest-SnapshotsActionsTest-426775614 tempest-SnapshotsActionsTest-426775614-project-admin] Action body: b'{"os-reset_status": {"status": "available"}}' {{(pid=109709) get_method /opt/stack/cinder/cinder/api/openstack/wsgi.py:983}}
Feb 09 13:58:51.401277 dv-cinder-828085-6-smb devstack@c-api.service[109709]: DEBUG cinder.api.openstack.wsgi [None req-c6cbd48c-dcb9-4891-8129-5ce52294f12e tempest-SnapshotsActionsTest-426775614 tempest-SnapshotsActionsTest-426775614-project-admin] Action: 'action', calling method: _reset_status, body: {"os-reset_status": {"status": "available"}} {{(pid=109709) _process_stack /opt/stack/cinder/cinder/api/openstack/wsgi.py:866}}
Feb 09 13:58:51.402129 dv-cinder-828085-6-smb devstack@c-api.service[109709]: DEBUG cinder.api.contrib.admin_actions [None req-c6cbd48c-dcb9-4891-8129-5ce52294f12e tempest-SnapshotsActionsTest-426775614 tempest-SnapshotsActionsTest-426775614-project-admin] Updating snapshot 'cc7b72c6-2894-4db5-b8bf-57f4643cb5b6' with '{'status': 'available'}' {{(pid=109709) _reset_status /opt/stack/cinder/cinder/api/contrib/admin_actions.py:100}}
Feb 09 13:58:51.444075 dv-cinder-828085-6-smb devstack@c-api.service[109709]: /usr/local/lib/python3.8/dist-packages/oslo_context/context.py:105: DeprecationWarning: Policy enforcement is depending on the value of is_admin. This key is deprecated. Please update your policy file to use the standard policy values.
Feb 09 13:58:51.444075 dv-cinder-828085-6-smb devstack@c-api.service[109709]: warnings.warn('Policy enforcement is depending on the value of '
Feb 09 13:58:51.510649 dv-cinder-828085-6-smb devstack@c-api.service[109710]: DEBUG cinder.volume.api [None req-b2af4655-4843-46bf-9009-45b0bec96f26 tempest-UserMessagesTest-1823118382 tempest-UserMessagesTest-1823118382-project] Task 'cinder.volume.flows.api.create_volume.QuotaCommitTask;volume:create' (836bec4b-759e-4654-a64e-f8411c960f9f) transitioned into state 'SUCCESS' from state 'RUNNING' with result '{'volume_properties': VolumeProperties(attach_status='detached',availability_zone='nova',cgsnapshot_id=None,consistencygroup_id=None,display_description=None,display_name='tempest-UserMessagesTest-Volume-1393109567',encryption_key_id=None,group_id=None,group_type_id=,metadata={},multiattach=False,project_id='598ec9040450491c96608ca927efd0c2',qos_specs=None,replication_status=,reservations=['d1a02892-1de2-43da-8270-f1430c99dbd4','13e753f9-cec7-404e-b339-f167b440f413','1a8bbbcd-14bc-4c25-8e3d-6aa83708b6bb','8e10c6bb-93be-4646-ba63-aedad89b5abb'],size=1,snapshot_id=None,source_replicaid=,source_volid=None,status='creating',user_id='4adcf0ee12a24963bce7904373491e21',volume_type_id=bb04911c-99b0-4344-846d-c675371cffb1)}' {{(pid=109710) _task_receiver /usr/local/lib/python3.8/dist-packages/taskflow/listeners/logging.py:178}}
Feb 09 13:58:51.513577 dv-cinder-828085-6-smb devstack@c-api.service[109710]: DEBUG cinder.volume.api [None req-b2af4655-4843-46bf-9009-45b0bec96f26 tempest-UserMessagesTest-1823118382 tempest-UserMessagesTest-1823118382-project] Task 'cinder.volume.flows.api.create_volume.VolumeCastTask;volume:create' (d9593395-1b0d-4d5f-bc14-b3d8a5907907) transitioned into state 'RUNNING' from state 'PENDING' {{(pid=109710) _task_receiver /usr/local/lib/python3.8/dist-packages/taskflow/listeners/logging.py:190}}
Feb 09 13:58:51.564979 dv-cinder-828085-6-smb devstack@c-api.service[109709]: INFO cinder.api.openstack.wsgi [None req-c6cbd48c-dcb9-4891-8129-5ce52294f12e tempest-SnapshotsActionsTest-426775614 tempest-SnapshotsActionsTest-426775614-project-admin] http://10.222.0.90/volume/v3/0fe920c7ca1a470ea1959493ae99f2f9/snapshots/cc7b72c6-2894-4db5-b8bf-57f4643cb5b6/action returned with HTTP 202
Feb 09 13:58:51.568356 dv-cinder-828085-6-smb devstack@c-api.service[109709]: [pid: 109709|app: 0|req: 65/128] 10.222.0.90 () {60 vars in 1372 bytes} [Wed Feb 9 13:58:51 2022] POST /volume/v3/0fe920c7ca1a470ea1959493ae99f2f9/snapshots/cc7b72c6-2894-4db5-b8bf-57f4643cb5b6/action => generated 0 bytes in 177 msecs (HTTP/1.1 202) 7 headers in 289 bytes (1 switches on core 0)
Feb 09 13:58:51.581334 dv-cinder-828085-6-smb devstack@c-api.service[109709]: INFO cinder.api.openstack.wsgi [None req-259b06ca-215f-4b89-9203-a57a9442ba24 tempest-GroupsV314Test-1695070886 tempest-GroupsV314Test-1695070886-project] DELETE http://10.222.0.90/volume/v3/d12cb1f8440c41aa9d70d7a4c6df50ec/volumes/9354c4f9-558d-42a3-a451-7eae0fbd1ef2
Feb 09 13:58:51.583157 dv-cinder-828085-6-smb devstack@c-api.service[109709]: DEBUG cinder.api.openstack.wsgi [None req-259b06ca-215f-4b89-9203-a57a9442ba24 tempest-GroupsV314Test-1695070886 tempest-GroupsV314Test-1695070886-project] Empty body provided in request {{(pid=109709) get_body /opt/stack/cinder/cinder/api/openstack/wsgi.py:715}}
Feb 09 13:58:51.585360 dv-cinder-828085-6-smb devstack@c-api.service[109709]: DEBUG cinder.api.openstack.wsgi [None req-259b06ca-215f-4b89-9203-a57a9442ba24 tempest-GroupsV314Test-1695070886 tempest-GroupsV314Test-1695070886-project] Calling method 'delete' {{(pid=109709) _process_stack /opt/stack/cinder/cinder/api/openstack/wsgi.py:868}}
Feb 09 13:58:51.586394 dv-cinder-828085-6-smb devstack@c-api.service[109709]: INFO cinder.api.v3.volumes [None req-259b06ca-215f-4b89-9203-a57a9442ba24 tempest-GroupsV314Test-1695070886 tempest-GroupsV314Test-1695070886-project] Delete volume with id: 9354c4f9-558d-42a3-a451-7eae0fbd1ef2
Feb 09 13:58:51.603722 dv-cinder-828085-6-smb devstack@c-api.service[109709]: INFO cinder.api.openstack.wsgi [None req-259b06ca-215f-4b89-9203-a57a9442ba24 tempest-GroupsV314Test-1695070886 tempest-GroupsV314Test-1695070886-project] http://10.222.0.90/volume/v3/d12cb1f8440c41aa9d70d7a4c6df50ec/volumes/9354c4f9-558d-42a3-a451-7eae0fbd1ef2 returned with HTTP 404
Feb 09 13:58:51.605294 dv-cinder-828085-6-smb devstack@c-api.service[109709]: [pid: 109709|app: 0|req: 66/129] 10.222.0.90 () {60 vars in 1368 bytes} [Wed Feb 9 13:58:51 2022] DELETE /volume/v3/d12cb1f8440c41aa9d70d7a4c6df50ec/volumes/9354c4f9-558d-42a3-a451-7eae0fbd1ef2 => generated 109 bytes in 36 msecs (HTTP/1.1 404) 7 headers in 293 bytes (1 switches on core 0)
Feb 09 13:58:51.613709 dv-cinder-828085-6-smb devstack@c-api.service[109709]: INFO cinder.api.openstack.wsgi [None req-8c00db41-d3fb-4f3e-9383-5ee93b44e274 tempest-SnapshotsActionsTest-831547966 tempest-SnapshotsActionsTest-831547966-project] GET http://10.222.0.90/volume/v3/45b10fe2cb9e43a28147c7a1f76022e0/snapshots/cc7b72c6-2894-4db5-b8bf-57f4643cb5b6
Feb 09 13:58:51.614556 dv-cinder-828085-6-smb devstack@c-api.service[109709]: DEBUG cinder.api.openstack.wsgi [None req-8c00db41-d3fb-4f3e-9383-5ee93b44e274 tempest-SnapshotsActionsTest-831547966 tempest-SnapshotsActionsTest-831547966-project] Empty body provided in request {{(pid=109709) get_body /opt/stack/cinder/cinder/api/openstack/wsgi.py:715}}
Feb 09 13:58:51.620094 dv-cinder-828085-6-smb devstack@c-api.service[109709]: DEBUG cinder.api.openstack.wsgi [None req-8c00db41-d3fb-4f3e-9383-5ee93b44e274 tempest-SnapshotsActionsTest-831547966 tempest-SnapshotsActionsTest-831547966-project] Calling method 'show' {{(pid=109709) _process_stack /opt/stack/cinder/cinder/api/openstack/wsgi.py:868}}
Feb 09 13:58:51.624111 dv-cinder-828085-6-smb devstack@c-api.service[109710]: DEBUG cinder.volume.api [None req-b2af4655-4843-46bf-9009-45b0bec96f26 tempest-UserMessagesTest-1823118382 tempest-UserMessagesTest-1823118382-project] Task 'cinder.volume.flows.api.create_volume.VolumeCastTask;volume:create' (d9593395-1b0d-4d5f-bc14-b3d8a5907907) transitioned into state 'SUCCESS' from state 'RUNNING' with result 'None' {{(pid=109710) _task_receiver /usr/local/lib/python3.8/dist-packages/taskflow/listeners/logging.py:178}}
Feb 09 13:58:51.626898 dv-cinder-828085-6-smb devstack@c-api.service[109710]: DEBUG cinder.volume.api [None req-b2af4655-4843-46bf-9009-45b0bec96f26 tempest-UserMessagesTest-1823118382 tempest-UserMessagesTest-1823118382-project] Flow 'volume_create_api' (cb5fab32-ac55-4e18-8e54-08dfb0807272) transitioned into state 'SUCCESS' from state 'RUNNING' {{(pid=109710) _flow_receiver /usr/local/lib/python3.8/dist-packages/taskflow/listeners/logging.py:141}}
Feb 09 13:58:51.634531 dv-cinder-828085-6-smb devstack@c-api.service[109710]: INFO cinder.volume.api [None req-b2af4655-4843-46bf-9009-45b0bec96f26 tempest-UserMessagesTest-1823118382 tempest-UserMessagesTest-1823118382-project] Create volume request issued successfully.
Feb 09 13:58:51.636157 dv-cinder-828085-6-smb devstack@c-api.service[109710]: INFO cinder.api.openstack.wsgi [None req-b2af4655-4843-46bf-9009-45b0bec96f26 tempest-UserMessagesTest-1823118382 tempest-UserMessagesTest-1823118382-project] http://10.222.0.90/volume/v3/598ec9040450491c96608ca927efd0c2/volumes returned with HTTP 202
Feb 09 13:58:51.639866 dv-cinder-828085-6-smb devstack@c-api.service[109710]: [pid: 109710|app: 0|req: 64/130] 10.222.0.90 () {62 vars in 1275 bytes} [Wed Feb 9 13:58:50 2022] POST /volume/v3/598ec9040450491c96608ca927efd0c2/volumes => generated 851 bytes in 1040 msecs (HTTP/1.1 202) 7 headers in 291 bytes (1 switches on core 0)
Feb 09 13:58:51.647110 dv-cinder-828085-6-smb devstack@c-api.service[109710]: INFO cinder.api.openstack.wsgi [None req-e50a1408-2cdd-403c-a044-188f80b183d8 tempest-GroupsV314Test-47925990 tempest-GroupsV314Test-47925990-project-admin] DELETE http://10.222.0.90/volume/v3/d897436eaeda4dab994a0a244b5dd7e8/types/cd74acb8-ca7a-4f44-b42c-85e636169ca3
Feb 09 13:58:51.650237 dv-cinder-828085-6-smb devstack@c-api.service[109710]: DEBUG cinder.api.openstack.wsgi [None req-e50a1408-2cdd-403c-a044-188f80b183d8 tempest-GroupsV314Test-47925990 tempest-GroupsV314Test-47925990-project-admin] Empty body provided in request {{(pid=109710) get_body /opt/stack/cinder/cinder/api/openstack/wsgi.py:715}}
Feb 09 13:58:51.651392 dv-cinder-828085-6-smb devstack@c-api.service[109710]: DEBUG cinder.api.openstack.wsgi [None req-e50a1408-2cdd-403c-a044-188f80b183d8 tempest-GroupsV314Test-47925990 tempest-GroupsV314Test-47925990-project-admin] Calling method '_delete' {{(pid=109710) _process_stack /opt/stack/cinder/cinder/api/openstack/wsgi.py:868}}
Feb 09 13:58:51.652305 dv-cinder-828085-6-smb devstack@c-api.service[109710]: /usr/local/lib/python3.8/dist-packages/oslo_context/context.py:105: DeprecationWarning: Policy enforcement is depending on the value of is_admin. This key is deprecated. Please update your policy file to use the standard policy values.
Feb 09 13:58:51.652305 dv-cinder-828085-6-smb devstack@c-api.service[109710]: warnings.warn('Policy enforcement is depending on the value of '
Feb 09 13:58:51.709771 dv-cinder-828085-6-smb devstack@c-api.service[109709]: /usr/local/lib/python3.8/dist-packages/oslo_context/context.py:105: DeprecationWarning: Policy enforcement is depending on the value of is_admin. This key is deprecated. Please update your policy file to use the standard policy values.
Feb 09 13:58:51.709771 dv-cinder-828085-6-smb devstack@c-api.service[109709]: warnings.warn('Policy enforcement is depending on the value of '
Feb 09 13:58:51.710871 dv-cinder-828085-6-smb devstack@c-api.service[109709]: INFO cinder.volume.api [None req-8c00db41-d3fb-4f3e-9383-5ee93b44e274 tempest-SnapshotsActionsTest-831547966 tempest-SnapshotsActionsTest-831547966-project] Snapshot retrieved successfully.
Feb 09 13:58:51.722072 dv-cinder-828085-6-smb devstack@c-api.service[109709]: INFO cinder.api.openstack.wsgi [None req-8c00db41-d3fb-4f3e-9383-5ee93b44e274 tempest-SnapshotsActionsTest-831547966 tempest-SnapshotsActionsTest-831547966-project] http://10.222.0.90/volume/v3/45b10fe2cb9e43a28147c7a1f76022e0/snapshots/cc7b72c6-2894-4db5-b8bf-57f4643cb5b6 returned with HTTP 200
Feb 09 13:58:51.729730 dv-cinder-828085-6-smb devstack@c-api.service[109709]: [pid: 109709|app: 0|req: 67/131] 10.222.0.90 () {58 vars in 1330 bytes} [Wed Feb 9 13:58:51 2022] GET /volume/v3/45b10fe2cb9e43a28147c7a1f76022e0/snapshots/cc7b72c6-2894-4db5-b8bf-57f4643cb5b6 => generated 530 bytes in 119 msecs (HTTP/1.1 200) 7 headers in 285 bytes (1 switches on core 0)
Feb 09 13:58:51.740257 dv-cinder-828085-6-smb devstack@c-api.service[109709]: INFO cinder.api.openstack.wsgi [None req-fa088723-e3f8-4088-b2b5-f8e1a2c62e95 tempest-UserMessagesTest-1823118382 tempest-UserMessagesTest-1823118382-project] GET http://10.222.0.90/volume/v3/598ec9040450491c96608ca927efd0c2/volumes/02d1c5c7-0113-4681-a936-73ccee53f740
Feb 09 13:58:51.741347 dv-cinder-828085-6-smb devstack@c-api.service[109709]: DEBUG cinder.api.openstack.wsgi [None req-fa088723-e3f8-4088-b2b5-f8e1a2c62e95 tempest-UserMessagesTest-1823118382 tempest-UserMessagesTest-1823118382-project] Empty body provided in request {{(pid=109709) get_body /opt/stack/cinder/cinder/api/openstack/wsgi.py:715}}
Feb 09 13:58:51.741949 dv-cinder-828085-6-smb devstack@c-api.service[109709]: DEBUG cinder.api.openstack.wsgi [None req-fa088723-e3f8-4088-b2b5-f8e1a2c62e95 tempest-UserMessagesTest-1823118382 tempest-UserMessagesTest-1823118382-project] Calling method 'show' {{(pid=109709) _process_stack /opt/stack/cinder/cinder/api/openstack/wsgi.py:868}}
Feb 09 13:58:51.759088 dv-cinder-828085-6-smb devstack@c-api.service[109709]: /usr/local/lib/python3.8/dist-packages/oslo_context/context.py:105: DeprecationWarning: Policy enforcement is depending on the value of is_admin. This key is deprecated. Please update your policy file to use the standard policy values.
Feb 09 13:58:51.759088 dv-cinder-828085-6-smb devstack@c-api.service[109709]: warnings.warn('Policy enforcement is depending on the value of '
Feb 09 13:58:51.768458 dv-cinder-828085-6-smb devstack@c-api.service[109709]: INFO cinder.volume.api [None req-fa088723-e3f8-4088-b2b5-f8e1a2c62e95 tempest-UserMessagesTest-1823118382 tempest-UserMessagesTest-1823118382-project] Volume info retrieved successfully.
Feb 09 13:58:51.780432 dv-cinder-828085-6-smb devstack@c-api.service[109709]: INFO cinder.api.openstack.wsgi [None req-fa088723-e3f8-4088-b2b5-f8e1a2c62e95 tempest-UserMessagesTest-1823118382 tempest-UserMessagesTest-1823118382-project] http://10.222.0.90/volume/v3/598ec9040450491c96608ca927efd0c2/volumes/02d1c5c7-0113-4681-a936-73ccee53f740 returned with HTTP 200
Feb 09 13:58:51.782155 dv-cinder-828085-6-smb devstack@c-api.service[109709]: [pid: 109709|app: 0|req: 68/132] 10.222.0.90 () {60 vars in 1364 bytes} [Wed Feb 9 13:58:51 2022] GET /volume/v3/598ec9040450491c96608ca927efd0c2/volumes/02d1c5c7-0113-4681-a936-73ccee53f740 => generated 919 bytes in 51 msecs (HTTP/1.1 200) 7 headers in 285 bytes (1 switches on core 0)
Feb 09 13:58:51.786626 dv-cinder-828085-6-smb devstack@c-api.service[109709]: INFO cinder.api.openstack.wsgi [None req-54bd9dc1-a77f-4015-82d8-f1f89d6e9927 tempest-SnapshotsActionsTest-831547966 tempest-SnapshotsActionsTest-831547966-project] DELETE http://10.222.0.90/volume/v3/45b10fe2cb9e43a28147c7a1f76022e0/snapshots/8499ea7f-67fb-4c8a-bc5d-0e2f8ec8cb1a
Feb 09 13:58:51.787245 dv-cinder-828085-6-smb devstack@c-api.service[109709]: DEBUG cinder.api.openstack.wsgi [None req-54bd9dc1-a77f-4015-82d8-f1f89d6e9927 tempest-SnapshotsActionsTest-831547966 tempest-SnapshotsActionsTest-831547966-project] Empty body provided in request {{(pid=109709) get_body /opt/stack/cinder/cinder/api/openstack/wsgi.py:715}}
Feb 09 13:58:51.788024 dv-cinder-828085-6-smb devstack@c-api.service[109709]: DEBUG cinder.api.openstack.wsgi [None req-54bd9dc1-a77f-4015-82d8-f1f89d6e9927 tempest-SnapshotsActionsTest-831547966 tempest-SnapshotsActionsTest-831547966-project] Calling method 'delete' {{(pid=109709) _process_stack /opt/stack/cinder/cinder/api/openstack/wsgi.py:868}}
Feb 09 13:58:51.788509 dv-cinder-828085-6-smb devstack@c-api.service[109709]: INFO cinder.api.v2.snapshots [None req-54bd9dc1-a77f-4015-82d8-f1f89d6e9927 tempest-SnapshotsActionsTest-831547966 tempest-SnapshotsActionsTest-831547966-project] Delete snapshot with id: 8499ea7f-67fb-4c8a-bc5d-0e2f8ec8cb1a
Feb 09 13:58:51.797492 dv-cinder-828085-6-smb devstack@c-api.service[109709]: INFO cinder.api.openstack.wsgi [None req-54bd9dc1-a77f-4015-82d8-f1f89d6e9927 tempest-SnapshotsActionsTest-831547966 tempest-SnapshotsActionsTest-831547966-project] http://10.222.0.90/volume/v3/45b10fe2cb9e43a28147c7a1f76022e0/snapshots/8499ea7f-67fb-4c8a-bc5d-0e2f8ec8cb1a returned with HTTP 404
Feb 09 13:58:51.802613 dv-cinder-828085-6-smb devstack@c-api.service[109709]: [pid: 109709|app: 0|req: 69/133] 10.222.0.90 () {58 vars in 1333 bytes} [Wed Feb 9 13:58:51 2022] DELETE /volume/v3/45b10fe2cb9e43a28147c7a1f76022e0/snapshots/8499ea7f-67fb-4c8a-bc5d-0e2f8ec8cb1a => generated 111 bytes in 19 msecs (HTTP/1.1 404) 7 headers in 292 bytes (1 switches on core 0)
Feb 09 13:58:51.807231 dv-cinder-828085-6-smb devstack@c-api.service[109709]: INFO cinder.api.openstack.wsgi [None req-f9f0e4f6-a1ac-42bd-a251-976bb4f10232 tempest-SnapshotsActionsTest-831547966 tempest-SnapshotsActionsTest-831547966-project] DELETE http://10.222.0.90/volume/v3/45b10fe2cb9e43a28147c7a1f76022e0/snapshots/b9e5d85b-0d5a-414a-8cc9-e7d9c963157e
Feb 09 13:58:51.807923 dv-cinder-828085-6-smb devstack@c-api.service[109709]: DEBUG cinder.api.openstack.wsgi [None req-f9f0e4f6-a1ac-42bd-a251-976bb4f10232 tempest-SnapshotsActionsTest-831547966 tempest-SnapshotsActionsTest-831547966-project] Empty body provided in request {{(pid=109709) get_body /opt/stack/cinder/cinder/api/openstack/wsgi.py:715}}
Feb 09 13:58:51.808672 dv-cinder-828085-6-smb devstack@c-api.service[109709]: DEBUG cinder.api.openstack.wsgi [None req-f9f0e4f6-a1ac-42bd-a251-976bb4f10232 tempest-SnapshotsActionsTest-831547966 tempest-SnapshotsActionsTest-831547966-project] Calling method 'delete' {{(pid=109709) _process_stack /opt/stack/cinder/cinder/api/openstack/wsgi.py:868}}
Feb 09 13:58:51.809137 dv-cinder-828085-6-smb devstack@c-api.service[109709]: INFO cinder.api.v2.snapshots [None req-f9f0e4f6-a1ac-42bd-a251-976bb4f10232 tempest-SnapshotsActionsTest-831547966 tempest-SnapshotsActionsTest-831547966-project] Delete snapshot with id: b9e5d85b-0d5a-414a-8cc9-e7d9c963157e
Feb 09 13:58:51.819086 dv-cinder-828085-6-smb devstack@c-api.service[109709]: INFO cinder.api.openstack.wsgi [None req-f9f0e4f6-a1ac-42bd-a251-976bb4f10232 tempest-SnapshotsActionsTest-831547966 tempest-SnapshotsActionsTest-831547966-project] http://10.222.0.90/volume/v3/45b10fe2cb9e43a28147c7a1f76022e0/snapshots/b9e5d85b-0d5a-414a-8cc9-e7d9c963157e returned with HTTP 404
Feb 09 13:58:51.820475 dv-cinder-828085-6-smb devstack@c-api.service[109709]: [pid: 109709|app: 0|req: 70/134] 10.222.0.90 () {58 vars in 1333 bytes} [Wed Feb 9 13:58:51 2022] DELETE /volume/v3/45b10fe2cb9e43a28147c7a1f76022e0/snapshots/b9e5d85b-0d5a-414a-8cc9-e7d9c963157e => generated 111 bytes in 17 msecs (HTTP/1.1 404) 7 headers in 292 bytes (1 switches on core 0)
Feb 09 13:58:51.829155 dv-cinder-828085-6-smb devstack@c-api.service[109709]: INFO cinder.api.openstack.wsgi [None req-f9caa0c2-1b5f-4a83-a9f5-b3113ab58a75 tempest-SnapshotsActionsTest-831547966 tempest-SnapshotsActionsTest-831547966-project] DELETE http://10.222.0.90/volume/v3/45b10fe2cb9e43a28147c7a1f76022e0/snapshots/05d60ee6-393b-4df6-af0d-40a9e4c12f00
Feb 09 13:58:51.829839 dv-cinder-828085-6-smb devstack@c-api.service[109709]: DEBUG cinder.api.openstack.wsgi [None req-f9caa0c2-1b5f-4a83-a9f5-b3113ab58a75 tempest-SnapshotsActionsTest-831547966 tempest-SnapshotsActionsTest-831547966-project] Empty body provided in request {{(pid=109709) get_body /opt/stack/cinder/cinder/api/openstack/wsgi.py:715}}
Feb 09 13:58:51.831604 dv-cinder-828085-6-smb devstack@c-api.service[109709]: DEBUG cinder.api.openstack.wsgi [None req-f9caa0c2-1b5f-4a83-a9f5-b3113ab58a75 tempest-SnapshotsActionsTest-831547966 tempest-SnapshotsActionsTest-831547966-project] Calling method 'delete' {{(pid=109709) _process_stack /opt/stack/cinder/cinder/api/openstack/wsgi.py:868}}
Feb 09 13:58:51.832056 dv-cinder-828085-6-smb devstack@c-api.service[109709]: INFO cinder.api.v2.snapshots [None req-f9caa0c2-1b5f-4a83-a9f5-b3113ab58a75 tempest-SnapshotsActionsTest-831547966 tempest-SnapshotsActionsTest-831547966-project] Delete snapshot with id: 05d60ee6-393b-4df6-af0d-40a9e4c12f00
Feb 09 13:58:51.841397 dv-cinder-828085-6-smb devstack@c-api.service[109709]: INFO cinder.api.openstack.wsgi [None req-f9caa0c2-1b5f-4a83-a9f5-b3113ab58a75 tempest-SnapshotsActionsTest-831547966 tempest-SnapshotsActionsTest-831547966-project] http://10.222.0.90/volume/v3/45b10fe2cb9e43a28147c7a1f76022e0/snapshots/05d60ee6-393b-4df6-af0d-40a9e4c12f00 returned with HTTP 404
Feb 09 13:58:51.846394 dv-cinder-828085-6-smb devstack@c-api.service[109709]: [pid: 109709|app: 0|req: 71/135] 10.222.0.90 () {58 vars in 1333 bytes} [Wed Feb 9 13:58:51 2022] DELETE /volume/v3/45b10fe2cb9e43a28147c7a1f76022e0/snapshots/05d60ee6-393b-4df6-af0d-40a9e4c12f00 => generated 111 bytes in 19 msecs (HTTP/1.1 404) 7 headers in 292 bytes (1 switches on core 0)
Feb 09 13:58:51.864063 dv-cinder-828085-6-smb devstack@c-api.service[109709]: INFO cinder.api.openstack.wsgi [None req-76182c86-5241-40c8-94c2-99036bd13851 tempest-SnapshotsActionsTest-831547966 tempest-SnapshotsActionsTest-831547966-project] DELETE http://10.222.0.90/volume/v3/45b10fe2cb9e43a28147c7a1f76022e0/snapshots/eb9eca8a-c7a8-4a90-b0aa-13934a027778
Feb 09 13:58:51.867747 dv-cinder-828085-6-smb devstack@c-api.service[109709]: DEBUG cinder.api.openstack.wsgi [None req-76182c86-5241-40c8-94c2-99036bd13851 tempest-SnapshotsActionsTest-831547966 tempest-SnapshotsActionsTest-831547966-project] Empty body provided in request {{(pid=109709) get_body /opt/stack/cinder/cinder/api/openstack/wsgi.py:715}}
Feb 09 13:58:51.880463 dv-cinder-828085-6-smb devstack@c-api.service[109709]: DEBUG cinder.api.openstack.wsgi [None req-76182c86-5241-40c8-94c2-99036bd13851 tempest-SnapshotsActionsTest-831547966 tempest-SnapshotsActionsTest-831547966-project] Calling method 'delete' {{(pid=109709) _process_stack /opt/stack/cinder/cinder/api/openstack/wsgi.py:868}}
Feb 09 13:58:51.880463 dv-cinder-828085-6-smb devstack@c-api.service[109709]: INFO cinder.api.v2.snapshots [None req-76182c86-5241-40c8-94c2-99036bd13851 tempest-SnapshotsActionsTest-831547966 tempest-SnapshotsActionsTest-831547966-project] Delete snapshot with id: eb9eca8a-c7a8-4a90-b0aa-13934a027778
Feb 09 13:58:51.896370 dv-cinder-828085-6-smb devstack@c-api.service[109709]: INFO cinder.api.openstack.wsgi [None req-76182c86-5241-40c8-94c2-99036bd13851 tempest-SnapshotsActionsTest-831547966 tempest-SnapshotsActionsTest-831547966-project] http://10.222.0.90/volume/v3/45b10fe2cb9e43a28147c7a1f76022e0/snapshots/eb9eca8a-c7a8-4a90-b0aa-13934a027778 returned with HTTP 404
Feb 09 13:58:51.901037 dv-cinder-828085-6-smb devstack@c-api.service[109709]: [pid: 109709|app: 0|req: 72/136] 10.222.0.90 () {58 vars in 1333 bytes} [Wed Feb 9 13:58:51 2022] DELETE /volume/v3/45b10fe2cb9e43a28147c7a1f76022e0/snapshots/eb9eca8a-c7a8-4a90-b0aa-13934a027778 => generated 111 bytes in 51 msecs (HTTP/1.1 404) 7 headers in 292 bytes (1 switches on core 0)
Feb 09 13:58:51.904677 dv-cinder-828085-6-smb devstack@c-api.service[109710]: INFO cinder.api.openstack.wsgi [None req-e50a1408-2cdd-403c-a044-188f80b183d8 tempest-GroupsV314Test-47925990 tempest-GroupsV314Test-47925990-project-admin] http://10.222.0.90/volume/v3/d897436eaeda4dab994a0a244b5dd7e8/types/cd74acb8-ca7a-4f44-b42c-85e636169ca3 returned with HTTP 202
Feb 09 13:58:51.905665 dv-cinder-828085-6-smb devstack@c-api.service[109710]: [pid: 109710|app: 0|req: 65/137] 10.222.0.90 () {58 vars in 1321 bytes} [Wed Feb 9 13:58:51 2022] DELETE /volume/v3/d897436eaeda4dab994a0a244b5dd7e8/types/cd74acb8-ca7a-4f44-b42c-85e636169ca3 => generated 0 bytes in 268 msecs (HTTP/1.1 202) 6 headers in 233 bytes (1 switches on core 0)
Feb 09 13:58:51.911316 dv-cinder-828085-6-smb devstack@c-api.service[109709]: INFO cinder.api.openstack.wsgi [None req-55fd67b6-944f-4260-b332-2d6ff7252610 tempest-SnapshotsActionsTest-831547966 tempest-SnapshotsActionsTest-831547966-project] DELETE http://10.222.0.90/volume/v3/45b10fe2cb9e43a28147c7a1f76022e0/snapshots/cc7b72c6-2894-4db5-b8bf-57f4643cb5b6
Feb 09 13:58:51.914368 dv-cinder-828085-6-smb devstack@c-api.service[109709]: DEBUG cinder.api.openstack.wsgi [None req-55fd67b6-944f-4260-b332-2d6ff7252610 tempest-SnapshotsActionsTest-831547966 tempest-SnapshotsActionsTest-831547966-project] Empty body provided in request {{(pid=109709) get_body /opt/stack/cinder/cinder/api/openstack/wsgi.py:715}}
Feb 09 13:58:51.914368 dv-cinder-828085-6-smb devstack@c-api.service[109709]: DEBUG cinder.api.openstack.wsgi [None req-55fd67b6-944f-4260-b332-2d6ff7252610 tempest-SnapshotsActionsTest-831547966 tempest-SnapshotsActionsTest-831547966-project] Calling method 'delete' {{(pid=109709) _process_stack /opt/stack/cinder/cinder/api/openstack/wsgi.py:868}}
Feb 09 13:58:51.914368 dv-cinder-828085-6-smb devstack@c-api.service[109709]: INFO cinder.api.v2.snapshots [None req-55fd67b6-944f-4260-b332-2d6ff7252610 tempest-SnapshotsActionsTest-831547966 tempest-SnapshotsActionsTest-831547966-project] Delete snapshot with id: cc7b72c6-2894-4db5-b8bf-57f4643cb5b6
Feb 09 13:58:51.914635 dv-cinder-828085-6-smb devstack@c-api.service[109710]: INFO cinder.api.openstack.wsgi [None req-bc685a4b-4dfd-41a8-b997-394f6515637b tempest-GroupsV314Test-47925990 tempest-GroupsV314Test-47925990-project-admin] GET http://10.222.0.90/volume/v3/d897436eaeda4dab994a0a244b5dd7e8/types/cd74acb8-ca7a-4f44-b42c-85e636169ca3
Feb 09 13:58:51.914635 dv-cinder-828085-6-smb devstack@c-api.service[109710]: DEBUG cinder.api.openstack.wsgi [None req-bc685a4b-4dfd-41a8-b997-394f6515637b tempest-GroupsV314Test-47925990 tempest-GroupsV314Test-47925990-project-admin] Empty body provided in request {{(pid=109710) get_body /opt/stack/cinder/cinder/api/openstack/wsgi.py:715}}
Feb 09 13:58:51.914932 dv-cinder-828085-6-smb devstack@c-api.service[109710]: DEBUG cinder.api.openstack.wsgi [None req-bc685a4b-4dfd-41a8-b997-394f6515637b tempest-GroupsV314Test-47925990 tempest-GroupsV314Test-47925990-project-admin] Calling method 'show' {{(pid=109710) _process_stack /opt/stack/cinder/cinder/api/openstack/wsgi.py:868}}
Feb 09 13:58:51.925152 dv-cinder-828085-6-smb devstack@c-api.service[109710]: INFO cinder.api.openstack.wsgi [None req-bc685a4b-4dfd-41a8-b997-394f6515637b tempest-GroupsV314Test-47925990 tempest-GroupsV314Test-47925990-project-admin] http://10.222.0.90/volume/v3/d897436eaeda4dab994a0a244b5dd7e8/types/cd74acb8-ca7a-4f44-b42c-85e636169ca3 returned with HTTP 404
Feb 09 13:58:51.927175 dv-cinder-828085-6-smb devstack@c-api.service[109710]: [pid: 109710|app: 0|req: 66/138] 10.222.0.90 () {58 vars in 1318 bytes} [Wed Feb 9 13:58:51 2022] GET /volume/v3/d897436eaeda4dab994a0a244b5dd7e8/types/cd74acb8-ca7a-4f44-b42c-85e636169ca3 => generated 114 bytes in 18 msecs (HTTP/1.1 404) 7 headers in 292 bytes (2 switches on core 0)
Feb 09 13:58:51.948880 dv-cinder-828085-6-smb devstack@c-api.service[109709]: /usr/local/lib/python3.8/dist-packages/oslo_context/context.py:105: DeprecationWarning: Policy enforcement is depending on the value of is_admin. This key is deprecated. Please update your policy file to use the standard policy values.
Feb 09 13:58:51.948880 dv-cinder-828085-6-smb devstack@c-api.service[109709]: warnings.warn('Policy enforcement is depending on the value of '
Feb 09 13:58:51.950022 dv-cinder-828085-6-smb devstack@c-api.service[109709]: INFO cinder.volume.api [None req-55fd67b6-944f-4260-b332-2d6ff7252610 tempest-SnapshotsActionsTest-831547966 tempest-SnapshotsActionsTest-831547966-project] Snapshot retrieved successfully.
Feb 09 13:58:52.119071 dv-cinder-828085-6-smb devstack@c-api.service[109709]: INFO cinder.volume.api [None req-55fd67b6-944f-4260-b332-2d6ff7252610 tempest-SnapshotsActionsTest-831547966 tempest-SnapshotsActionsTest-831547966-project] Snapshot delete request issued successfully.
Feb 09 13:58:52.119523 dv-cinder-828085-6-smb devstack@c-api.service[109709]: INFO cinder.api.openstack.wsgi [None req-55fd67b6-944f-4260-b332-2d6ff7252610 tempest-SnapshotsActionsTest-831547966 tempest-SnapshotsActionsTest-831547966-project] http://10.222.0.90/volume/v3/45b10fe2cb9e43a28147c7a1f76022e0/snapshots/cc7b72c6-2894-4db5-b8bf-57f4643cb5b6 returned with HTTP 202
Feb 09 13:58:52.124556 dv-cinder-828085-6-smb devstack@c-api.service[109709]: [pid: 109709|app: 0|req: 73/139] 10.222.0.90 () {58 vars in 1333 bytes} [Wed Feb 9 13:58:51 2022] DELETE /volume/v3/45b10fe2cb9e43a28147c7a1f76022e0/snapshots/cc7b72c6-2894-4db5-b8bf-57f4643cb5b6 => generated 0 bytes in 223 msecs (HTTP/1.1 202) 6 headers in 233 bytes (1 switches on core 0)
Feb 09 13:58:52.129815 dv-cinder-828085-6-smb devstack@c-api.service[109710]: INFO cinder.api.openstack.wsgi [None req-9571f4a1-aeb3-4dd5-b885-6b643ea801fc tempest-SnapshotsActionsTest-831547966 tempest-SnapshotsActionsTest-831547966-project] GET http://10.222.0.90/volume/v3/45b10fe2cb9e43a28147c7a1f76022e0/snapshots/cc7b72c6-2894-4db5-b8bf-57f4643cb5b6
Feb 09 13:58:52.130517 dv-cinder-828085-6-smb devstack@c-api.service[109710]: DEBUG cinder.api.openstack.wsgi [None req-9571f4a1-aeb3-4dd5-b885-6b643ea801fc tempest-SnapshotsActionsTest-831547966 tempest-SnapshotsActionsTest-831547966-project] Empty body provided in request {{(pid=109710) get_body /opt/stack/cinder/cinder/api/openstack/wsgi.py:715}}
Feb 09 13:58:52.131184 dv-cinder-828085-6-smb devstack@c-api.service[109710]: DEBUG cinder.api.openstack.wsgi [None req-9571f4a1-aeb3-4dd5-b885-6b643ea801fc tempest-SnapshotsActionsTest-831547966 tempest-SnapshotsActionsTest-831547966-project] Calling method 'show' {{(pid=109710) _process_stack /opt/stack/cinder/cinder/api/openstack/wsgi.py:868}}
Feb 09 13:58:52.158407 dv-cinder-828085-6-smb devstack@c-api.service[109710]: /usr/local/lib/python3.8/dist-packages/oslo_context/context.py:105: DeprecationWarning: Policy enforcement is depending on the value of is_admin. This key is deprecated. Please update your policy file to use the standard policy values.
Feb 09 13:58:52.158407 dv-cinder-828085-6-smb devstack@c-api.service[109710]: warnings.warn('Policy enforcement is depending on the value of '
Feb 09 13:58:52.160994 dv-cinder-828085-6-smb devstack@c-api.service[109710]: INFO cinder.volume.api [None req-9571f4a1-aeb3-4dd5-b885-6b643ea801fc tempest-SnapshotsActionsTest-831547966 tempest-SnapshotsActionsTest-831547966-project] Snapshot retrieved successfully.
Feb 09 13:58:52.163191 dv-cinder-828085-6-smb devstack@c-api.service[109710]: INFO cinder.api.openstack.wsgi [None req-9571f4a1-aeb3-4dd5-b885-6b643ea801fc tempest-SnapshotsActionsTest-831547966 tempest-SnapshotsActionsTest-831547966-project] http://10.222.0.90/volume/v3/45b10fe2cb9e43a28147c7a1f76022e0/snapshots/cc7b72c6-2894-4db5-b8bf-57f4643cb5b6 returned with HTTP 200
Feb 09 13:58:52.165478 dv-cinder-828085-6-smb devstack@c-api.service[109710]: [pid: 109710|app: 0|req: 67/140] 10.222.0.90 () {58 vars in 1330 bytes} [Wed Feb 9 13:58:52 2022] GET /volume/v3/45b10fe2cb9e43a28147c7a1f76022e0/snapshots/cc7b72c6-2894-4db5-b8bf-57f4643cb5b6 => generated 529 bytes in 41 msecs (HTTP/1.1 200) 7 headers in 285 bytes (1 switches on core 0)
Feb 09 13:58:52.799052 dv-cinder-828085-6-smb devstack@c-api.service[109709]: INFO cinder.api.openstack.wsgi [None req-ba937ff3-ab8a-4c3c-b324-14249aeb20f3 tempest-UserMessagesTest-1823118382 tempest-UserMessagesTest-1823118382-project] GET http://10.222.0.90/volume/v3/598ec9040450491c96608ca927efd0c2/volumes/02d1c5c7-0113-4681-a936-73ccee53f740
Feb 09 13:58:52.799599 dv-cinder-828085-6-smb devstack@c-api.service[109709]: DEBUG cinder.api.openstack.wsgi [None req-ba937ff3-ab8a-4c3c-b324-14249aeb20f3 tempest-UserMessagesTest-1823118382 tempest-UserMessagesTest-1823118382-project] Empty body provided in request {{(pid=109709) get_body /opt/stack/cinder/cinder/api/openstack/wsgi.py:715}}
Feb 09 13:58:52.800072 dv-cinder-828085-6-smb devstack@c-api.service[109709]: DEBUG cinder.api.openstack.wsgi [None req-ba937ff3-ab8a-4c3c-b324-14249aeb20f3 tempest-UserMessagesTest-1823118382 tempest-UserMessagesTest-1823118382-project] Calling method 'show' {{(pid=109709) _process_stack /opt/stack/cinder/cinder/api/openstack/wsgi.py:868}}
Feb 09 13:58:52.881477 dv-cinder-828085-6-smb devstack@c-api.service[109709]: /usr/local/lib/python3.8/dist-packages/oslo_context/context.py:105: DeprecationWarning: Policy enforcement is depending on the value of is_admin. This key is deprecated. Please update your policy file to use the standard policy values.
Feb 09 13:58:52.881477 dv-cinder-828085-6-smb devstack@c-api.service[109709]: warnings.warn('Policy enforcement is depending on the value of '
Feb 09 13:58:52.897451 dv-cinder-828085-6-smb devstack@c-api.service[109709]: INFO cinder.volume.api [None req-ba937ff3-ab8a-4c3c-b324-14249aeb20f3 tempest-UserMessagesTest-1823118382 tempest-UserMessagesTest-1823118382-project] Volume info retrieved successfully.
Feb 09 13:58:52.916656 dv-cinder-828085-6-smb devstack@c-api.service[109709]: INFO cinder.api.openstack.wsgi [None req-ba937ff3-ab8a-4c3c-b324-14249aeb20f3 tempest-UserMessagesTest-1823118382 tempest-UserMessagesTest-1823118382-project] http://10.222.0.90/volume/v3/598ec9040450491c96608ca927efd0c2/volumes/02d1c5c7-0113-4681-a936-73ccee53f740 returned with HTTP 200
Feb 09 13:58:52.918142 dv-cinder-828085-6-smb devstack@c-api.service[109709]: [pid: 109709|app: 0|req: 74/141] 10.222.0.90 () {60 vars in 1364 bytes} [Wed Feb 9 13:58:52 2022] GET /volume/v3/598ec9040450491c96608ca927efd0c2/volumes/02d1c5c7-0113-4681-a936-73ccee53f740 => generated 940 bytes in 126 msecs (HTTP/1.1 200) 7 headers in 285 bytes (1 switches on core 0)
Feb 09 13:58:52.932693 dv-cinder-828085-6-smb devstack@c-api.service[109710]: INFO cinder.api.openstack.wsgi [None req-36582768-6004-4be8-b7a1-70588a559b05 tempest-UserMessagesTest-1823118382 tempest-UserMessagesTest-1823118382-project] GET http://10.222.0.90/volume/v3/598ec9040450491c96608ca927efd0c2/messages
Feb 09 13:58:52.933872 dv-cinder-828085-6-smb devstack@c-api.service[109710]: DEBUG cinder.api.openstack.wsgi [None req-36582768-6004-4be8-b7a1-70588a559b05 tempest-UserMessagesTest-1823118382 tempest-UserMessagesTest-1823118382-project] Empty body provided in request {{(pid=109710) get_body /opt/stack/cinder/cinder/api/openstack/wsgi.py:715}}
Feb 09 13:58:52.934551 dv-cinder-828085-6-smb devstack@c-api.service[109710]: DEBUG cinder.api.openstack.wsgi [None req-36582768-6004-4be8-b7a1-70588a559b05 tempest-UserMessagesTest-1823118382 tempest-UserMessagesTest-1823118382-project] Calling method 'version_select' {{(pid=109710) _process_stack /opt/stack/cinder/cinder/api/openstack/wsgi.py:868}}
Feb 09 13:58:52.947178 dv-cinder-828085-6-smb devstack@c-api.service[109710]: INFO cinder.api.openstack.wsgi [None req-36582768-6004-4be8-b7a1-70588a559b05 tempest-UserMessagesTest-1823118382 tempest-UserMessagesTest-1823118382-project] http://10.222.0.90/volume/v3/598ec9040450491c96608ca927efd0c2/messages returned with HTTP 200
Feb 09 13:58:52.954667 dv-cinder-828085-6-smb devstack@c-api.service[109710]: [pid: 109710|app: 0|req: 68/142] 10.222.0.90 () {60 vars in 1256 bytes} [Wed Feb 9 13:58:52 2022] GET /volume/v3/598ec9040450491c96608ca927efd0c2/messages => generated 736 bytes in 25 msecs (HTTP/1.1 200) 7 headers in 285 bytes (1 switches on core 0)
Feb 09 13:58:52.959902 dv-cinder-828085-6-smb devstack@c-api.service[109709]: INFO cinder.api.openstack.wsgi [None req-649bbb7f-7662-4db0-a19e-cad670801527 tempest-UserMessagesTest-1823118382 tempest-UserMessagesTest-1823118382-project] GET http://10.222.0.90/volume/v3/598ec9040450491c96608ca927efd0c2/messages/db4f1ba0-6e51-4729-9c60-96e8bc4cab28
Feb 09 13:58:52.959902 dv-cinder-828085-6-smb devstack@c-api.service[109709]: DEBUG cinder.api.openstack.wsgi [None req-649bbb7f-7662-4db0-a19e-cad670801527 tempest-UserMessagesTest-1823118382 tempest-UserMessagesTest-1823118382-project] Empty body provided in request {{(pid=109709) get_body /opt/stack/cinder/cinder/api/openstack/wsgi.py:715}}
Feb 09 13:58:52.960669 dv-cinder-828085-6-smb devstack@c-api.service[109709]: DEBUG cinder.api.openstack.wsgi [None req-649bbb7f-7662-4db0-a19e-cad670801527 tempest-UserMessagesTest-1823118382 tempest-UserMessagesTest-1823118382-project] Calling method 'version_select' {{(pid=109709) _process_stack /opt/stack/cinder/cinder/api/openstack/wsgi.py:868}}
Feb 09 13:58:52.972114 dv-cinder-828085-6-smb devstack@c-api.service[109709]: INFO cinder.api.openstack.wsgi [None req-649bbb7f-7662-4db0-a19e-cad670801527 tempest-UserMessagesTest-1823118382 tempest-UserMessagesTest-1823118382-project] http://10.222.0.90/volume/v3/598ec9040450491c96608ca927efd0c2/messages/db4f1ba0-6e51-4729-9c60-96e8bc4cab28 returned with HTTP 200
Feb 09 13:58:52.990506 dv-cinder-828085-6-smb devstack@c-api.service[109710]: INFO cinder.api.openstack.wsgi [None req-96e216be-898c-490d-8f4e-4cae9a2f3bc7 tempest-UserMessagesTest-1823118382 tempest-UserMessagesTest-1823118382-project] GET http://10.222.0.90/volume/v3/598ec9040450491c96608ca927efd0c2/messages
Feb 09 13:58:52.991626 dv-cinder-828085-6-smb devstack@c-api.service[109710]: DEBUG cinder.api.openstack.wsgi [None req-96e216be-898c-490d-8f4e-4cae9a2f3bc7 tempest-UserMessagesTest-1823118382 tempest-UserMessagesTest-1823118382-project] Empty body provided in request {{(pid=109710) get_body /opt/stack/cinder/cinder/api/openstack/wsgi.py:715}}
Feb 09 13:58:52.992177 dv-cinder-828085-6-smb devstack@c-api.service[109710]: DEBUG cinder.api.openstack.wsgi [None req-96e216be-898c-490d-8f4e-4cae9a2f3bc7 tempest-UserMessagesTest-1823118382 tempest-UserMessagesTest-1823118382-project] Calling method 'version_select' {{(pid=109710) _process_stack /opt/stack/cinder/cinder/api/openstack/wsgi.py:868}}
Feb 09 13:58:52.993646 dv-cinder-828085-6-smb devstack@c-api.service[109709]: [pid: 109709|app: 0|req: 75/143] 10.222.0.90 () {60 vars in 1367 bytes} [Wed Feb 9 13:58:52 2022] GET /volume/v3/598ec9040450491c96608ca927efd0c2/messages/db4f1ba0-6e51-4729-9c60-96e8bc4cab28 => generated 733 bytes in 38 msecs (HTTP/1.1 200) 7 headers in 285 bytes (1 switches on core 0)
Feb 09 13:58:53.000286 dv-cinder-828085-6-smb devstack@c-api.service[109710]: INFO cinder.api.openstack.wsgi [None req-96e216be-898c-490d-8f4e-4cae9a2f3bc7 tempest-UserMessagesTest-1823118382 tempest-UserMessagesTest-1823118382-project] http://10.222.0.90/volume/v3/598ec9040450491c96608ca927efd0c2/messages returned with HTTP 200
Feb 09 13:58:53.011318 dv-cinder-828085-6-smb devstack@c-api.service[109709]: INFO cinder.api.openstack.wsgi [None req-f92dbb18-06c7-47d4-86b0-115068f95167 tempest-UserMessagesTest-1823118382 tempest-UserMessagesTest-1823118382-project] DELETE http://10.222.0.90/volume/v3/598ec9040450491c96608ca927efd0c2/messages/db4f1ba0-6e51-4729-9c60-96e8bc4cab28
Feb 09 13:58:53.012328 dv-cinder-828085-6-smb devstack@c-api.service[109709]: DEBUG cinder.api.openstack.wsgi [None req-f92dbb18-06c7-47d4-86b0-115068f95167 tempest-UserMessagesTest-1823118382 tempest-UserMessagesTest-1823118382-project] Empty body provided in request {{(pid=109709) get_body /opt/stack/cinder/cinder/api/openstack/wsgi.py:715}}
Feb 09 13:58:53.012553 dv-cinder-828085-6-smb devstack@c-api.service[109709]: DEBUG cinder.api.openstack.wsgi [None req-f92dbb18-06c7-47d4-86b0-115068f95167 tempest-UserMessagesTest-1823118382 tempest-UserMessagesTest-1823118382-project] Calling method 'version_select' {{(pid=109709) _process_stack /opt/stack/cinder/cinder/api/openstack/wsgi.py:868}}
Feb 09 13:58:53.016861 dv-cinder-828085-6-smb devstack@c-api.service[109710]: [pid: 109710|app: 0|req: 69/144] 10.222.0.90 () {60 vars in 1256 bytes} [Wed Feb 9 13:58:52 2022] GET /volume/v3/598ec9040450491c96608ca927efd0c2/messages => generated 736 bytes in 24 msecs (HTTP/1.1 200) 7 headers in 285 bytes (1 switches on core 0)
Feb 09 13:58:53.166171 dv-cinder-828085-6-smb devstack@c-api.service[109709]: INFO cinder.api.openstack.wsgi [None req-f92dbb18-06c7-47d4-86b0-115068f95167 tempest-UserMessagesTest-1823118382 tempest-UserMessagesTest-1823118382-project] http://10.222.0.90/volume/v3/598ec9040450491c96608ca927efd0c2/messages/db4f1ba0-6e51-4729-9c60-96e8bc4cab28 returned with HTTP 204
Feb 09 13:58:53.167108 dv-cinder-828085-6-smb devstack@c-api.service[109709]: [pid: 109709|app: 0|req: 76/145] 10.222.0.90 () {60 vars in 1370 bytes} [Wed Feb 9 13:58:53 2022] DELETE /volume/v3/598ec9040450491c96608ca927efd0c2/messages/db4f1ba0-6e51-4729-9c60-96e8bc4cab28 => generated 0 bytes in 160 msecs (HTTP/1.1 204) 6 headers in 235 bytes (1 switches on core 0)
