Feb 09 13:58:32.773434 dv-cinder-828085-6-smb devstack@c-api.service[109710]: INFO cinder.api.openstack.wsgi [req-9cc32627-db1b-486a-8988-75c42db86cf5 req-f280abcf-c1a2-46d8-aae6-7beb5a2635f6 tempest-VolumesSnapshotsTestJSON-816436689 tempest-VolumesSnapshotsTestJSON-816436689-project] GET http://10.222.0.90/volume/v3/326d82d4f75c4094bfec317e6fefca4d/snapshots/f88b1d60-b131-4848-8928-b0dd5da16d8a
Feb 09 13:58:32.790632 dv-cinder-828085-6-smb devstack@c-api.service[109710]: DEBUG cinder.api.openstack.wsgi [req-9cc32627-db1b-486a-8988-75c42db86cf5 req-f280abcf-c1a2-46d8-aae6-7beb5a2635f6 tempest-VolumesSnapshotsTestJSON-816436689 tempest-VolumesSnapshotsTestJSON-816436689-project] Empty body provided in request {{(pid=109710) get_body /opt/stack/cinder/cinder/api/openstack/wsgi.py:715}}
Feb 09 13:58:32.790632 dv-cinder-828085-6-smb devstack@c-api.service[109710]: DEBUG cinder.api.openstack.wsgi [req-9cc32627-db1b-486a-8988-75c42db86cf5 req-f280abcf-c1a2-46d8-aae6-7beb5a2635f6 tempest-VolumesSnapshotsTestJSON-816436689 tempest-VolumesSnapshotsTestJSON-816436689-project] Calling method 'show' {{(pid=109710) _process_stack /opt/stack/cinder/cinder/api/openstack/wsgi.py:868}}
Feb 09 13:58:32.812978 dv-cinder-828085-6-smb devstack@c-api.service[109710]: /usr/local/lib/python3.8/dist-packages/oslo_context/context.py:105: DeprecationWarning: Policy enforcement is depending on the value of is_admin. This key is deprecated. Please update your policy file to use the standard policy values.
Feb 09 13:58:32.812978 dv-cinder-828085-6-smb devstack@c-api.service[109710]: warnings.warn('Policy enforcement is depending on the value of '
Feb 09 13:58:32.834047 dv-cinder-828085-6-smb devstack@c-api.service[109710]: INFO cinder.volume.api [req-9cc32627-db1b-486a-8988-75c42db86cf5 req-f280abcf-c1a2-46d8-aae6-7beb5a2635f6 tempest-VolumesSnapshotsTestJSON-816436689 tempest-VolumesSnapshotsTestJSON-816436689-project] Snapshot retrieved successfully.
Feb 09 13:58:32.834047 dv-cinder-828085-6-smb devstack@c-api.service[109710]: INFO cinder.api.openstack.wsgi [req-9cc32627-db1b-486a-8988-75c42db86cf5 req-f280abcf-c1a2-46d8-aae6-7beb5a2635f6 tempest-VolumesSnapshotsTestJSON-816436689 tempest-VolumesSnapshotsTestJSON-816436689-project] http://10.222.0.90/volume/v3/326d82d4f75c4094bfec317e6fefca4d/snapshots/f88b1d60-b131-4848-8928-b0dd5da16d8a returned with HTTP 200
Feb 09 13:58:32.834289 dv-cinder-828085-6-smb devstack@c-api.service[109709]: INFO cinder.api.openstack.wsgi [None req-c6d3b99d-e23c-490b-870f-76fd3482fd74 tempest-SnapshotsActionsTest-426775614 tempest-SnapshotsActionsTest-426775614-project-admin] http://10.222.0.90/volume/v3/0fe920c7ca1a470ea1959493ae99f2f9/snapshots/cc7b72c6-2894-4db5-b8bf-57f4643cb5b6/action returned with HTTP 202
Feb 09 13:58:32.834289 dv-cinder-828085-6-smb devstack@c-api.service[109709]: [pid: 109709|app: 0|req: 13/34] 10.222.0.90 () {60 vars in 1372 bytes} [Wed Feb 9 13:58:32 2022] POST /volume/v3/0fe920c7ca1a470ea1959493ae99f2f9/snapshots/cc7b72c6-2894-4db5-b8bf-57f4643cb5b6/action => generated 0 bytes in 549 msecs (HTTP/1.1 202) 7 headers in 289 bytes (1 switches on core 0)
Feb 09 13:58:32.838542 dv-cinder-828085-6-smb devstack@c-api.service[109710]: [pid: 109710|app: 0|req: 22/35] 10.222.0.90 () {60 vars in 1584 bytes} [Wed Feb 9 13:58:32 2022] GET /volume/v3/326d82d4f75c4094bfec317e6fefca4d/snapshots/f88b1d60-b131-4848-8928-b0dd5da16d8a => generated 443 bytes in 76 msecs (HTTP/1.1 200) 7 headers in 285 bytes (1 switches on core 0)
Feb 09 13:58:32.849648 dv-cinder-828085-6-smb devstack@c-api.service[109709]: INFO cinder.api.openstack.wsgi [None req-bda6afd8-a1b0-45fa-aa21-06ab7eb61e90 tempest-SnapshotsActionsTest-831547966 tempest-SnapshotsActionsTest-831547966-project] GET http://10.222.0.90/volume/v3/45b10fe2cb9e43a28147c7a1f76022e0/snapshots/cc7b72c6-2894-4db5-b8bf-57f4643cb5b6
Feb 09 13:58:32.850296 dv-cinder-828085-6-smb devstack@c-api.service[109709]: DEBUG cinder.api.openstack.wsgi [None req-bda6afd8-a1b0-45fa-aa21-06ab7eb61e90 tempest-SnapshotsActionsTest-831547966 tempest-SnapshotsActionsTest-831547966-project] Empty body provided in request {{(pid=109709) get_body /opt/stack/cinder/cinder/api/openstack/wsgi.py:715}}
Feb 09 13:58:32.855344 dv-cinder-828085-6-smb devstack@c-api.service[109709]: DEBUG cinder.api.openstack.wsgi [None req-bda6afd8-a1b0-45fa-aa21-06ab7eb61e90 tempest-SnapshotsActionsTest-831547966 tempest-SnapshotsActionsTest-831547966-project] Calling method 'show' {{(pid=109709) _process_stack /opt/stack/cinder/cinder/api/openstack/wsgi.py:868}}
Feb 09 13:58:32.872302 dv-cinder-828085-6-smb devstack@c-api.service[109710]: INFO cinder.api.openstack.wsgi [req-6aab1018-10d8-4e1e-acd6-2b07eae9e490 req-7c272254-4cb2-44ea-932d-fc6491fbe088 tempest-VolumesSnapshotsTestJSON-816436689 tempest-VolumesSnapshotsTestJSON-816436689-project] GET http://10.222.0.90/volume/v3/326d82d4f75c4094bfec317e6fefca4d/snapshots/detail
Feb 09 13:58:32.872848 dv-cinder-828085-6-smb devstack@c-api.service[109710]: DEBUG cinder.api.openstack.wsgi [req-6aab1018-10d8-4e1e-acd6-2b07eae9e490 req-7c272254-4cb2-44ea-932d-fc6491fbe088 tempest-VolumesSnapshotsTestJSON-816436689 tempest-VolumesSnapshotsTestJSON-816436689-project] Empty body provided in request {{(pid=109710) get_body /opt/stack/cinder/cinder/api/openstack/wsgi.py:715}}
Feb 09 13:58:32.873437 dv-cinder-828085-6-smb devstack@c-api.service[109710]: DEBUG cinder.api.openstack.wsgi [req-6aab1018-10d8-4e1e-acd6-2b07eae9e490 req-7c272254-4cb2-44ea-932d-fc6491fbe088 tempest-VolumesSnapshotsTestJSON-816436689 tempest-VolumesSnapshotsTestJSON-816436689-project] Calling method 'detail' {{(pid=109710) _process_stack /opt/stack/cinder/cinder/api/openstack/wsgi.py:868}}
Feb 09 13:58:32.874079 dv-cinder-828085-6-smb devstack@c-api.service[109710]: DEBUG cinder.api.api_utils [req-6aab1018-10d8-4e1e-acd6-2b07eae9e490 req-7c272254-4cb2-44ea-932d-fc6491fbe088 tempest-VolumesSnapshotsTestJSON-816436689 tempest-VolumesSnapshotsTestJSON-816436689-project] Removing options '' from query. {{(pid=109710) remove_invalid_filter_options /opt/stack/cinder/cinder/api/api_utils.py:73}}
Feb 09 13:58:32.878272 dv-cinder-828085-6-smb devstack@c-api.service[109710]: DEBUG cinder.db.sqlalchemy.api [req-6aab1018-10d8-4e1e-acd6-2b07eae9e490 req-7c272254-4cb2-44ea-932d-fc6491fbe088 tempest-VolumesSnapshotsTestJSON-816436689 tempest-VolumesSnapshotsTestJSON-816436689-project] Building query based on filter {{(pid=109710) _process_snaps_filters /opt/stack/cinder/cinder/db/sqlalchemy/api.py:3156}}
Feb 09 13:58:32.880673 dv-cinder-828085-6-smb devstack@c-api.service[109709]: /usr/local/lib/python3.8/dist-packages/oslo_context/context.py:105: DeprecationWarning: Policy enforcement is depending on the value of is_admin. This key is deprecated. Please update your policy file to use the standard policy values.
Feb 09 13:58:32.880673 dv-cinder-828085-6-smb devstack@c-api.service[109709]: warnings.warn('Policy enforcement is depending on the value of '
Feb 09 13:58:32.881872 dv-cinder-828085-6-smb devstack@c-api.service[109709]: INFO cinder.volume.api [None req-bda6afd8-a1b0-45fa-aa21-06ab7eb61e90 tempest-SnapshotsActionsTest-831547966 tempest-SnapshotsActionsTest-831547966-project] Snapshot retrieved successfully.
Feb 09 13:58:32.887899 dv-cinder-828085-6-smb devstack@c-api.service[109709]: INFO cinder.api.openstack.wsgi [None req-bda6afd8-a1b0-45fa-aa21-06ab7eb61e90 tempest-SnapshotsActionsTest-831547966 tempest-SnapshotsActionsTest-831547966-project] http://10.222.0.90/volume/v3/45b10fe2cb9e43a28147c7a1f76022e0/snapshots/cc7b72c6-2894-4db5-b8bf-57f4643cb5b6 returned with HTTP 200
Feb 09 13:58:32.888672 dv-cinder-828085-6-smb devstack@c-api.service[109709]: [pid: 109709|app: 0|req: 14/36] 10.222.0.90 () {58 vars in 1330 bytes} [Wed Feb 9 13:58:32 2022] GET /volume/v3/45b10fe2cb9e43a28147c7a1f76022e0/snapshots/cc7b72c6-2894-4db5-b8bf-57f4643cb5b6 => generated 530 bytes in 49 msecs (HTTP/1.1 200) 7 headers in 285 bytes (1 switches on core 0)
Feb 09 13:58:32.898966 dv-cinder-828085-6-smb devstack@c-api.service[109709]: INFO cinder.api.openstack.wsgi [None req-1face76b-df97-49d9-a997-441d2d9597c1 tempest-SnapshotsActionsTest-426775614 tempest-SnapshotsActionsTest-426775614-project-admin] POST http://10.222.0.90/volume/v3/0fe920c7ca1a470ea1959493ae99f2f9/snapshots/cc7b72c6-2894-4db5-b8bf-57f4643cb5b6/action
Feb 09 13:58:32.900031 dv-cinder-828085-6-smb devstack@c-api.service[109709]: DEBUG cinder.api.openstack.wsgi [None req-1face76b-df97-49d9-a997-441d2d9597c1 tempest-SnapshotsActionsTest-426775614 tempest-SnapshotsActionsTest-426775614-project-admin] Action body: b'{"os-reset_status": {"status": "available"}}' {{(pid=109709) get_method /opt/stack/cinder/cinder/api/openstack/wsgi.py:983}}
Feb 09 13:58:32.900546 dv-cinder-828085-6-smb devstack@c-api.service[109709]: DEBUG cinder.api.openstack.wsgi [None req-1face76b-df97-49d9-a997-441d2d9597c1 tempest-SnapshotsActionsTest-426775614 tempest-SnapshotsActionsTest-426775614-project-admin] Action: 'action', calling method: _reset_status, body: {"os-reset_status": {"status": "available"}} {{(pid=109709) _process_stack /opt/stack/cinder/cinder/api/openstack/wsgi.py:866}}
Feb 09 13:58:32.901507 dv-cinder-828085-6-smb devstack@c-api.service[109709]: DEBUG cinder.api.contrib.admin_actions [None req-1face76b-df97-49d9-a997-441d2d9597c1 tempest-SnapshotsActionsTest-426775614 tempest-SnapshotsActionsTest-426775614-project-admin] Updating snapshot 'cc7b72c6-2894-4db5-b8bf-57f4643cb5b6' with '{'status': 'available'}' {{(pid=109709) _reset_status /opt/stack/cinder/cinder/api/contrib/admin_actions.py:100}}
Feb 09 13:58:32.903514 dv-cinder-828085-6-smb devstack@c-api.service[109710]: INFO cinder.volume.api [req-6aab1018-10d8-4e1e-acd6-2b07eae9e490 req-7c272254-4cb2-44ea-932d-fc6491fbe088 tempest-VolumesSnapshotsTestJSON-816436689 tempest-VolumesSnapshotsTestJSON-816436689-project] Get all snapshots completed successfully.
Feb 09 13:58:32.904535 dv-cinder-828085-6-smb devstack@c-api.service[109710]: /usr/local/lib/python3.8/dist-packages/oslo_context/context.py:105: DeprecationWarning: Policy enforcement is depending on the value of is_admin. This key is deprecated. Please update your policy file to use the standard policy values.
Feb 09 13:58:32.904535 dv-cinder-828085-6-smb devstack@c-api.service[109710]: warnings.warn('Policy enforcement is depending on the value of '
Feb 09 13:58:32.912115 dv-cinder-828085-6-smb devstack@c-api.service[109710]: INFO cinder.api.openstack.wsgi [req-6aab1018-10d8-4e1e-acd6-2b07eae9e490 req-7c272254-4cb2-44ea-932d-fc6491fbe088 tempest-VolumesSnapshotsTestJSON-816436689 tempest-VolumesSnapshotsTestJSON-816436689-project] http://10.222.0.90/volume/v3/326d82d4f75c4094bfec317e6fefca4d/snapshots/detail returned with HTTP 200
Feb 09 13:58:32.914462 dv-cinder-828085-6-smb devstack@c-api.service[109710]: [pid: 109710|app: 0|req: 23/37] 10.222.0.90 () {60 vars in 1494 bytes} [Wed Feb 9 13:58:32 2022] GET /volume/v3/326d82d4f75c4094bfec317e6fefca4d/snapshots/detail => generated 446 bytes in 47 msecs (HTTP/1.1 200) 7 headers in 285 bytes (2 switches on core 0)
Feb 09 13:58:32.949640 dv-cinder-828085-6-smb devstack@c-api.service[109710]: INFO cinder.api.openstack.wsgi [req-ad4bff96-5a69-4c5e-9509-834eff157045 req-00b54ceb-bb3b-4403-9021-9a4266bc2ae1 tempest-VolumesSnapshotsTestJSON-816436689 tempest-VolumesSnapshotsTestJSON-816436689-project] GET http://10.222.0.90/volume/v3/326d82d4f75c4094bfec317e6fefca4d/snapshots/f88b1d60-b131-4848-8928-b0dd5da16d8a
Feb 09 13:58:32.950205 dv-cinder-828085-6-smb devstack@c-api.service[109710]: DEBUG cinder.api.openstack.wsgi [req-ad4bff96-5a69-4c5e-9509-834eff157045 req-00b54ceb-bb3b-4403-9021-9a4266bc2ae1 tempest-VolumesSnapshotsTestJSON-816436689 tempest-VolumesSnapshotsTestJSON-816436689-project] Empty body provided in request {{(pid=109710) get_body /opt/stack/cinder/cinder/api/openstack/wsgi.py:715}}
Feb 09 13:58:32.962972 dv-cinder-828085-6-smb devstack@c-api.service[109710]: DEBUG cinder.api.openstack.wsgi [req-ad4bff96-5a69-4c5e-9509-834eff157045 req-00b54ceb-bb3b-4403-9021-9a4266bc2ae1 tempest-VolumesSnapshotsTestJSON-816436689 tempest-VolumesSnapshotsTestJSON-816436689-project] Calling method 'show' {{(pid=109710) _process_stack /opt/stack/cinder/cinder/api/openstack/wsgi.py:868}}
Feb 09 13:58:32.987318 dv-cinder-828085-6-smb devstack@c-api.service[109709]: /usr/local/lib/python3.8/dist-packages/oslo_context/context.py:105: DeprecationWarning: Policy enforcement is depending on the value of is_admin. This key is deprecated. Please update your policy file to use the standard policy values.
Feb 09 13:58:32.987318 dv-cinder-828085-6-smb devstack@c-api.service[109709]: warnings.warn('Policy enforcement is depending on the value of '
Feb 09 13:58:33.004874 dv-cinder-828085-6-smb devstack@c-api.service[109710]: /usr/local/lib/python3.8/dist-packages/oslo_context/context.py:105: DeprecationWarning: Policy enforcement is depending on the value of is_admin. This key is deprecated. Please update your policy file to use the standard policy values.
Feb 09 13:58:33.004874 dv-cinder-828085-6-smb devstack@c-api.service[109710]: warnings.warn('Policy enforcement is depending on the value of '
Feb 09 13:58:33.024930 dv-cinder-828085-6-smb devstack@c-api.service[109710]: INFO cinder.volume.api [req-ad4bff96-5a69-4c5e-9509-834eff157045 req-00b54ceb-bb3b-4403-9021-9a4266bc2ae1 tempest-VolumesSnapshotsTestJSON-816436689 tempest-VolumesSnapshotsTestJSON-816436689-project] Snapshot retrieved successfully.
Feb 09 13:58:33.026924 dv-cinder-828085-6-smb devstack@c-api.service[109710]: INFO cinder.api.openstack.wsgi [req-ad4bff96-5a69-4c5e-9509-834eff157045 req-00b54ceb-bb3b-4403-9021-9a4266bc2ae1 tempest-VolumesSnapshotsTestJSON-816436689 tempest-VolumesSnapshotsTestJSON-816436689-project] http://10.222.0.90/volume/v3/326d82d4f75c4094bfec317e6fefca4d/snapshots/f88b1d60-b131-4848-8928-b0dd5da16d8a returned with HTTP 200
Feb 09 13:58:33.028497 dv-cinder-828085-6-smb devstack@c-api.service[109710]: [pid: 109710|app: 0|req: 24/38] 10.222.0.90 () {60 vars in 1584 bytes} [Wed Feb 9 13:58:32 2022] GET /volume/v3/326d82d4f75c4094bfec317e6fefca4d/snapshots/f88b1d60-b131-4848-8928-b0dd5da16d8a => generated 443 bytes in 87 msecs (HTTP/1.1 200) 7 headers in 285 bytes (1 switches on core 0)
Feb 09 13:58:33.130855 dv-cinder-828085-6-smb devstack@c-api.service[109709]: INFO cinder.api.openstack.wsgi [None req-1face76b-df97-49d9-a997-441d2d9597c1 tempest-SnapshotsActionsTest-426775614 tempest-SnapshotsActionsTest-426775614-project-admin] http://10.222.0.90/volume/v3/0fe920c7ca1a470ea1959493ae99f2f9/snapshots/cc7b72c6-2894-4db5-b8bf-57f4643cb5b6/action returned with HTTP 202
Feb 09 13:58:33.137262 dv-cinder-828085-6-smb devstack@c-api.service[109709]: [pid: 109709|app: 0|req: 15/39] 10.222.0.90 () {60 vars in 1372 bytes} [Wed Feb 9 13:58:32 2022] POST /volume/v3/0fe920c7ca1a470ea1959493ae99f2f9/snapshots/cc7b72c6-2894-4db5-b8bf-57f4643cb5b6/action => generated 0 bytes in 242 msecs (HTTP/1.1 202) 7 headers in 289 bytes (1 switches on core 0)
Feb 09 13:58:33.141434 dv-cinder-828085-6-smb devstack@c-api.service[109710]: INFO cinder.api.openstack.wsgi [None req-b916b596-d8e2-489a-87a3-5aaec9de7491 tempest-SnapshotsActionsTest-831547966 tempest-SnapshotsActionsTest-831547966-project] GET http://10.222.0.90/volume/v3/45b10fe2cb9e43a28147c7a1f76022e0/snapshots/cc7b72c6-2894-4db5-b8bf-57f4643cb5b6
Feb 09 13:58:33.141935 dv-cinder-828085-6-smb devstack@c-api.service[109710]: DEBUG cinder.api.openstack.wsgi [None req-b916b596-d8e2-489a-87a3-5aaec9de7491 tempest-SnapshotsActionsTest-831547966 tempest-SnapshotsActionsTest-831547966-project] Empty body provided in request {{(pid=109710) get_body /opt/stack/cinder/cinder/api/openstack/wsgi.py:715}}
Feb 09 13:58:33.142337 dv-cinder-828085-6-smb devstack@c-api.service[109710]: DEBUG cinder.api.openstack.wsgi [None req-b916b596-d8e2-489a-87a3-5aaec9de7491 tempest-SnapshotsActionsTest-831547966 tempest-SnapshotsActionsTest-831547966-project] Calling method 'show' {{(pid=109710) _process_stack /opt/stack/cinder/cinder/api/openstack/wsgi.py:868}}
Feb 09 13:58:33.158434 dv-cinder-828085-6-smb devstack@c-api.service[109710]: /usr/local/lib/python3.8/dist-packages/oslo_context/context.py:105: DeprecationWarning: Policy enforcement is depending on the value of is_admin. This key is deprecated. Please update your policy file to use the standard policy values.
Feb 09 13:58:33.158434 dv-cinder-828085-6-smb devstack@c-api.service[109710]: warnings.warn('Policy enforcement is depending on the value of '
Feb 09 13:58:33.161211 dv-cinder-828085-6-smb devstack@c-api.service[109710]: INFO cinder.volume.api [None req-b916b596-d8e2-489a-87a3-5aaec9de7491 tempest-SnapshotsActionsTest-831547966 tempest-SnapshotsActionsTest-831547966-project] Snapshot retrieved successfully.
Feb 09 13:58:33.161347 dv-cinder-828085-6-smb devstack@c-api.service[109710]: INFO cinder.api.openstack.wsgi [None req-b916b596-d8e2-489a-87a3-5aaec9de7491 tempest-SnapshotsActionsTest-831547966 tempest-SnapshotsActionsTest-831547966-project] http://10.222.0.90/volume/v3/45b10fe2cb9e43a28147c7a1f76022e0/snapshots/cc7b72c6-2894-4db5-b8bf-57f4643cb5b6 returned with HTTP 200
Feb 09 13:58:33.173976 dv-cinder-828085-6-smb devstack@c-api.service[109710]: [pid: 109710|app: 0|req: 25/40] 10.222.0.90 () {58 vars in 1330 bytes} [Wed Feb 9 13:58:33 2022] GET /volume/v3/45b10fe2cb9e43a28147c7a1f76022e0/snapshots/cc7b72c6-2894-4db5-b8bf-57f4643cb5b6 => generated 531 bytes in 36 msecs (HTTP/1.1 200) 7 headers in 285 bytes (1 switches on core 0)
Feb 09 13:58:33.222969 dv-cinder-828085-6-smb devstack@c-api.service[109709]: INFO cinder.api.openstack.wsgi [None req-f6ba91e2-b6da-4056-a698-1fabed6b9b68 tempest-SnapshotsActionsTest-831547966 tempest-SnapshotsActionsTest-831547966-project] POST http://10.222.0.90/volume/v3/45b10fe2cb9e43a28147c7a1f76022e0/snapshots
Feb 09 13:58:33.222969 dv-cinder-828085-6-smb devstack@c-api.service[109709]: DEBUG cinder.api.openstack.wsgi [None req-f6ba91e2-b6da-4056-a698-1fabed6b9b68 tempest-SnapshotsActionsTest-831547966 tempest-SnapshotsActionsTest-831547966-project] Action: 'create', calling method: create, body: {"snapshot": {"volume_id": "13cae08f-2286-4f05-a887-4ceb2839da3b", "name": "tempest-SnapshotsActionsTest-Snapshot-47531848"}} {{(pid=109709) _process_stack /opt/stack/cinder/cinder/api/openstack/wsgi.py:866}}
Feb 09 13:58:33.469345 dv-cinder-828085-6-smb devstack@c-api.service[109709]: /usr/local/lib/python3.8/dist-packages/oslo_context/context.py:105: DeprecationWarning: Policy enforcement is depending on the value of is_admin. This key is deprecated. Please update your policy file to use the standard policy values.
Feb 09 13:58:33.469345 dv-cinder-828085-6-smb devstack@c-api.service[109709]: warnings.warn('Policy enforcement is depending on the value of '
Feb 09 13:58:33.471890 dv-cinder-828085-6-smb devstack@c-api.service[109709]: INFO cinder.volume.api [None req-f6ba91e2-b6da-4056-a698-1fabed6b9b68 tempest-SnapshotsActionsTest-831547966 tempest-SnapshotsActionsTest-831547966-project] Volume info retrieved successfully.
Feb 09 13:58:33.472353 dv-cinder-828085-6-smb devstack@c-api.service[109709]: INFO cinder.api.v3.snapshots [None req-f6ba91e2-b6da-4056-a698-1fabed6b9b68 tempest-SnapshotsActionsTest-831547966 tempest-SnapshotsActionsTest-831547966-project] Create snapshot from volume 13cae08f-2286-4f05-a887-4ceb2839da3b
Feb 09 13:58:33.895107 dv-cinder-828085-6-smb devstack@c-api.service[109709]: DEBUG cinder.quota [None req-f6ba91e2-b6da-4056-a698-1fabed6b9b68 tempest-SnapshotsActionsTest-831547966 tempest-SnapshotsActionsTest-831547966-project] Created reservations ['adab5d9d-f4a8-4f97-96d6-e39262dbff08', '8733b71d-4611-46a2-b54b-78ccc2543bfe', 'f5199052-2d50-452b-878a-f9a39a61a237', '1cf0e238-ba33-4526-a071-58351803ed80'] {{(pid=109709) reserve /opt/stack/cinder/cinder/quota.py:755}}
Feb 09 13:58:34.043507 dv-cinder-828085-6-smb devstack@c-api.service[109709]: INFO cinder.volume.api [None req-f6ba91e2-b6da-4056-a698-1fabed6b9b68 tempest-SnapshotsActionsTest-831547966 tempest-SnapshotsActionsTest-831547966-project] Snapshot create request issued successfully.
Feb 09 13:58:34.049627 dv-cinder-828085-6-smb devstack@c-api.service[109709]: INFO cinder.api.openstack.wsgi [None req-f6ba91e2-b6da-4056-a698-1fabed6b9b68 tempest-SnapshotsActionsTest-831547966 tempest-SnapshotsActionsTest-831547966-project] http://10.222.0.90/volume/v3/45b10fe2cb9e43a28147c7a1f76022e0/snapshots returned with HTTP 202
Feb 09 13:58:34.049965 dv-cinder-828085-6-smb devstack@c-api.service[109709]: [pid: 109709|app: 0|req: 16/41] 10.222.0.90 () {60 vars in 1241 bytes} [Wed Feb 9 13:58:33 2022] POST /volume/v3/45b10fe2cb9e43a28147c7a1f76022e0/snapshots => generated 305 bytes in 864 msecs (HTTP/1.1 202) 7 headers in 291 bytes (1 switches on core 0)
Feb 09 13:58:34.061783 dv-cinder-828085-6-smb devstack@c-api.service[109710]: INFO cinder.api.openstack.wsgi [None req-e35862b3-d861-4347-be8c-d3f705f91f18 tempest-SnapshotsActionsTest-831547966 tempest-SnapshotsActionsTest-831547966-project] GET http://10.222.0.90/volume/v3/45b10fe2cb9e43a28147c7a1f76022e0/snapshots/eb9eca8a-c7a8-4a90-b0aa-13934a027778
Feb 09 13:58:34.062351 dv-cinder-828085-6-smb devstack@c-api.service[109710]: DEBUG cinder.api.openstack.wsgi [None req-e35862b3-d861-4347-be8c-d3f705f91f18 tempest-SnapshotsActionsTest-831547966 tempest-SnapshotsActionsTest-831547966-project] Empty body provided in request {{(pid=109710) get_body /opt/stack/cinder/cinder/api/openstack/wsgi.py:715}}
Feb 09 13:58:34.062820 dv-cinder-828085-6-smb devstack@c-api.service[109710]: DEBUG cinder.api.openstack.wsgi [None req-e35862b3-d861-4347-be8c-d3f705f91f18 tempest-SnapshotsActionsTest-831547966 tempest-SnapshotsActionsTest-831547966-project] Calling method 'show' {{(pid=109710) _process_stack /opt/stack/cinder/cinder/api/openstack/wsgi.py:868}}
Feb 09 13:58:34.085081 dv-cinder-828085-6-smb devstack@c-api.service[109709]: INFO cinder.api.openstack.wsgi [req-efd2d0cf-d742-484b-a8b8-9b995de72c10 req-721e2f62-03a6-4fa1-ac4e-8734a38b5699 tempest-VolumesSnapshotsTestJSON-816436689 tempest-VolumesSnapshotsTestJSON-816436689-project] GET http://10.222.0.90/volume/v3/326d82d4f75c4094bfec317e6fefca4d/snapshots/f88b1d60-b131-4848-8928-b0dd5da16d8a
Feb 09 13:58:34.086742 dv-cinder-828085-6-smb devstack@c-api.service[109709]: DEBUG cinder.api.openstack.wsgi [req-efd2d0cf-d742-484b-a8b8-9b995de72c10 req-721e2f62-03a6-4fa1-ac4e-8734a38b5699 tempest-VolumesSnapshotsTestJSON-816436689 tempest-VolumesSnapshotsTestJSON-816436689-project] Empty body provided in request {{(pid=109709) get_body /opt/stack/cinder/cinder/api/openstack/wsgi.py:715}}
Feb 09 13:58:34.087890 dv-cinder-828085-6-smb devstack@c-api.service[109709]: DEBUG cinder.api.openstack.wsgi [req-efd2d0cf-d742-484b-a8b8-9b995de72c10 req-721e2f62-03a6-4fa1-ac4e-8734a38b5699 tempest-VolumesSnapshotsTestJSON-816436689 tempest-VolumesSnapshotsTestJSON-816436689-project] Calling method 'show' {{(pid=109709) _process_stack /opt/stack/cinder/cinder/api/openstack/wsgi.py:868}}
Feb 09 13:58:34.090340 dv-cinder-828085-6-smb devstack@c-api.service[109710]: /usr/local/lib/python3.8/dist-packages/oslo_context/context.py:105: DeprecationWarning: Policy enforcement is depending on the value of is_admin. This key is deprecated. Please update your policy file to use the standard policy values.
Feb 09 13:58:34.090340 dv-cinder-828085-6-smb devstack@c-api.service[109710]: warnings.warn('Policy enforcement is depending on the value of '
Feb 09 13:58:34.092867 dv-cinder-828085-6-smb devstack@c-api.service[109710]: INFO cinder.volume.api [None req-e35862b3-d861-4347-be8c-d3f705f91f18 tempest-SnapshotsActionsTest-831547966 tempest-SnapshotsActionsTest-831547966-project] Snapshot retrieved successfully.
Feb 09 13:58:34.099048 dv-cinder-828085-6-smb devstack@c-api.service[109710]: INFO cinder.api.openstack.wsgi [None req-e35862b3-d861-4347-be8c-d3f705f91f18 tempest-SnapshotsActionsTest-831547966 tempest-SnapshotsActionsTest-831547966-project] http://10.222.0.90/volume/v3/45b10fe2cb9e43a28147c7a1f76022e0/snapshots/eb9eca8a-c7a8-4a90-b0aa-13934a027778 returned with HTTP 200
Feb 09 13:58:34.100095 dv-cinder-828085-6-smb devstack@c-api.service[109710]: [pid: 109710|app: 0|req: 26/42] 10.222.0.90 () {58 vars in 1330 bytes} [Wed Feb 9 13:58:34 2022] GET /volume/v3/45b10fe2cb9e43a28147c7a1f76022e0/snapshots/eb9eca8a-c7a8-4a90-b0aa-13934a027778 => generated 437 bytes in 46 msecs (HTTP/1.1 200) 7 headers in 285 bytes (1 switches on core 0)
Feb 09 13:58:34.109759 dv-cinder-828085-6-smb devstack@c-api.service[109709]: /usr/local/lib/python3.8/dist-packages/oslo_context/context.py:105: DeprecationWarning: Policy enforcement is depending on the value of is_admin. This key is deprecated. Please update your policy file to use the standard policy values.
Feb 09 13:58:34.109759 dv-cinder-828085-6-smb devstack@c-api.service[109709]: warnings.warn('Policy enforcement is depending on the value of '
Feb 09 13:58:34.116735 dv-cinder-828085-6-smb devstack@c-api.service[109709]: INFO cinder.volume.api [req-efd2d0cf-d742-484b-a8b8-9b995de72c10 req-721e2f62-03a6-4fa1-ac4e-8734a38b5699 tempest-VolumesSnapshotsTestJSON-816436689 tempest-VolumesSnapshotsTestJSON-816436689-project] Snapshot retrieved successfully.
Feb 09 13:58:34.118765 dv-cinder-828085-6-smb devstack@c-api.service[109709]: INFO cinder.api.openstack.wsgi [req-efd2d0cf-d742-484b-a8b8-9b995de72c10 req-721e2f62-03a6-4fa1-ac4e-8734a38b5699 tempest-VolumesSnapshotsTestJSON-816436689 tempest-VolumesSnapshotsTestJSON-816436689-project] http://10.222.0.90/volume/v3/326d82d4f75c4094bfec317e6fefca4d/snapshots/f88b1d60-b131-4848-8928-b0dd5da16d8a returned with HTTP 200
Feb 09 13:58:34.119855 dv-cinder-828085-6-smb devstack@c-api.service[109709]: [pid: 109709|app: 0|req: 17/43] 10.222.0.90 () {60 vars in 1584 bytes} [Wed Feb 9 13:58:34 2022] GET /volume/v3/326d82d4f75c4094bfec317e6fefca4d/snapshots/f88b1d60-b131-4848-8928-b0dd5da16d8a => generated 536 bytes in 42 msecs (HTTP/1.1 200) 7 headers in 285 bytes (1 switches on core 0)
Feb 09 13:58:34.147782 dv-cinder-828085-6-smb devstack@c-api.service[109710]: INFO cinder.api.openstack.wsgi [req-83191dbf-f41f-4a37-89b4-083b76d01904 req-6b561ec1-128b-4781-840c-58320616c5b7 tempest-VolumesSnapshotsTestJSON-816436689 tempest-VolumesSnapshotsTestJSON-816436689-project] DELETE http://10.222.0.90/volume/v3/326d82d4f75c4094bfec317e6fefca4d/snapshots/f88b1d60-b131-4848-8928-b0dd5da16d8a
Feb 09 13:58:34.148933 dv-cinder-828085-6-smb devstack@c-api.service[109710]: DEBUG cinder.api.openstack.wsgi [req-83191dbf-f41f-4a37-89b4-083b76d01904 req-6b561ec1-128b-4781-840c-58320616c5b7 tempest-VolumesSnapshotsTestJSON-816436689 tempest-VolumesSnapshotsTestJSON-816436689-project] Empty body provided in request {{(pid=109710) get_body /opt/stack/cinder/cinder/api/openstack/wsgi.py:715}}
Feb 09 13:58:34.149544 dv-cinder-828085-6-smb devstack@c-api.service[109710]: DEBUG cinder.api.openstack.wsgi [req-83191dbf-f41f-4a37-89b4-083b76d01904 req-6b561ec1-128b-4781-840c-58320616c5b7 tempest-VolumesSnapshotsTestJSON-816436689 tempest-VolumesSnapshotsTestJSON-816436689-project] Calling method 'delete' {{(pid=109710) _process_stack /opt/stack/cinder/cinder/api/openstack/wsgi.py:868}}
Feb 09 13:58:34.150014 dv-cinder-828085-6-smb devstack@c-api.service[109710]: INFO cinder.api.v2.snapshots [req-83191dbf-f41f-4a37-89b4-083b76d01904 req-6b561ec1-128b-4781-840c-58320616c5b7 tempest-VolumesSnapshotsTestJSON-816436689 tempest-VolumesSnapshotsTestJSON-816436689-project] Delete snapshot with id: f88b1d60-b131-4848-8928-b0dd5da16d8a
Feb 09 13:58:34.160470 dv-cinder-828085-6-smb devstack@c-api.service[109710]: /usr/local/lib/python3.8/dist-packages/oslo_context/context.py:105: DeprecationWarning: Policy enforcement is depending on the value of is_admin. This key is deprecated. Please update your policy file to use the standard policy values.
Feb 09 13:58:34.160470 dv-cinder-828085-6-smb devstack@c-api.service[109710]: warnings.warn('Policy enforcement is depending on the value of '
Feb 09 13:58:34.161812 dv-cinder-828085-6-smb devstack@c-api.service[109710]: INFO cinder.volume.api [req-83191dbf-f41f-4a37-89b4-083b76d01904 req-6b561ec1-128b-4781-840c-58320616c5b7 tempest-VolumesSnapshotsTestJSON-816436689 tempest-VolumesSnapshotsTestJSON-816436689-project] Snapshot retrieved successfully.
Feb 09 13:58:34.311503 dv-cinder-828085-6-smb devstack@c-api.service[109710]: INFO cinder.volume.api [req-83191dbf-f41f-4a37-89b4-083b76d01904 req-6b561ec1-128b-4781-840c-58320616c5b7 tempest-VolumesSnapshotsTestJSON-816436689 tempest-VolumesSnapshotsTestJSON-816436689-project] Snapshot delete request issued successfully.
Feb 09 13:58:34.314307 dv-cinder-828085-6-smb devstack@c-api.service[109710]: INFO cinder.api.openstack.wsgi [req-83191dbf-f41f-4a37-89b4-083b76d01904 req-6b561ec1-128b-4781-840c-58320616c5b7 tempest-VolumesSnapshotsTestJSON-816436689 tempest-VolumesSnapshotsTestJSON-816436689-project] http://10.222.0.90/volume/v3/326d82d4f75c4094bfec317e6fefca4d/snapshots/f88b1d60-b131-4848-8928-b0dd5da16d8a returned with HTTP 202
Feb 09 13:58:34.314739 dv-cinder-828085-6-smb devstack@c-api.service[109710]: [pid: 109710|app: 0|req: 27/44] 10.222.0.90 () {62 vars in 1606 bytes} [Wed Feb 9 13:58:34 2022] DELETE /volume/v3/326d82d4f75c4094bfec317e6fefca4d/snapshots/f88b1d60-b131-4848-8928-b0dd5da16d8a => generated 0 bytes in 171 msecs (HTTP/1.1 202) 6 headers in 233 bytes (1 switches on core 0)
Feb 09 13:58:34.346827 dv-cinder-828085-6-smb devstack@c-api.service[109709]: INFO cinder.api.openstack.wsgi [req-27a1d341-3bf8-4541-a441-968064aff573 req-b8207d7e-fad9-4858-99b3-dbfdafa63d87 tempest-VolumesSnapshotsTestJSON-816436689 tempest-VolumesSnapshotsTestJSON-816436689-project] GET http://10.222.0.90/volume/v3/326d82d4f75c4094bfec317e6fefca4d/snapshots/f88b1d60-b131-4848-8928-b0dd5da16d8a
Feb 09 13:58:34.347487 dv-cinder-828085-6-smb devstack@c-api.service[109709]: DEBUG cinder.api.openstack.wsgi [req-27a1d341-3bf8-4541-a441-968064aff573 req-b8207d7e-fad9-4858-99b3-dbfdafa63d87 tempest-VolumesSnapshotsTestJSON-816436689 tempest-VolumesSnapshotsTestJSON-816436689-project] Empty body provided in request {{(pid=109709) get_body /opt/stack/cinder/cinder/api/openstack/wsgi.py:715}}
Feb 09 13:58:34.348442 dv-cinder-828085-6-smb devstack@c-api.service[109709]: DEBUG cinder.api.openstack.wsgi [req-27a1d341-3bf8-4541-a441-968064aff573 req-b8207d7e-fad9-4858-99b3-dbfdafa63d87 tempest-VolumesSnapshotsTestJSON-816436689 tempest-VolumesSnapshotsTestJSON-816436689-project] Calling method 'show' {{(pid=109709) _process_stack /opt/stack/cinder/cinder/api/openstack/wsgi.py:868}}
Feb 09 13:58:34.361914 dv-cinder-828085-6-smb devstack@c-api.service[109709]: /usr/local/lib/python3.8/dist-packages/oslo_context/context.py:105: DeprecationWarning: Policy enforcement is depending on the value of is_admin. This key is deprecated. Please update your policy file to use the standard policy values.
Feb 09 13:58:34.361914 dv-cinder-828085-6-smb devstack@c-api.service[109709]: warnings.warn('Policy enforcement is depending on the value of '
Feb 09 13:58:34.361914 dv-cinder-828085-6-smb devstack@c-api.service[109709]: INFO cinder.volume.api [req-27a1d341-3bf8-4541-a441-968064aff573 req-b8207d7e-fad9-4858-99b3-dbfdafa63d87 tempest-VolumesSnapshotsTestJSON-816436689 tempest-VolumesSnapshotsTestJSON-816436689-project] Snapshot retrieved successfully.
Feb 09 13:58:34.363897 dv-cinder-828085-6-smb devstack@c-api.service[109709]: INFO cinder.api.openstack.wsgi [req-27a1d341-3bf8-4541-a441-968064aff573 req-b8207d7e-fad9-4858-99b3-dbfdafa63d87 tempest-VolumesSnapshotsTestJSON-816436689 tempest-VolumesSnapshotsTestJSON-816436689-project] http://10.222.0.90/volume/v3/326d82d4f75c4094bfec317e6fefca4d/snapshots/f88b1d60-b131-4848-8928-b0dd5da16d8a returned with HTTP 200
Feb 09 13:58:34.365164 dv-cinder-828085-6-smb devstack@c-api.service[109709]: [pid: 109709|app: 0|req: 18/45] 10.222.0.90 () {60 vars in 1584 bytes} [Wed Feb 9 13:58:34 2022] GET /volume/v3/326d82d4f75c4094bfec317e6fefca4d/snapshots/f88b1d60-b131-4848-8928-b0dd5da16d8a => generated 535 bytes in 24 msecs (HTTP/1.1 200) 7 headers in 285 bytes (1 switches on core 0)
Feb 09 13:58:35.113572 dv-cinder-828085-6-smb devstack@c-api.service[109710]: INFO cinder.api.openstack.wsgi [None req-65d0270f-6d34-47b0-b13d-735cc7fa3c0d tempest-SnapshotsActionsTest-831547966 tempest-SnapshotsActionsTest-831547966-project] GET http://10.222.0.90/volume/v3/45b10fe2cb9e43a28147c7a1f76022e0/snapshots/eb9eca8a-c7a8-4a90-b0aa-13934a027778
Feb 09 13:58:35.114027 dv-cinder-828085-6-smb devstack@c-api.service[109710]: DEBUG cinder.api.openstack.wsgi [None req-65d0270f-6d34-47b0-b13d-735cc7fa3c0d tempest-SnapshotsActionsTest-831547966 tempest-SnapshotsActionsTest-831547966-project] Empty body provided in request {{(pid=109710) get_body /opt/stack/cinder/cinder/api/openstack/wsgi.py:715}}
Feb 09 13:58:35.115578 dv-cinder-828085-6-smb devstack@c-api.service[109710]: DEBUG cinder.api.openstack.wsgi [None req-65d0270f-6d34-47b0-b13d-735cc7fa3c0d tempest-SnapshotsActionsTest-831547966 tempest-SnapshotsActionsTest-831547966-project] Calling method 'show' {{(pid=109710) _process_stack /opt/stack/cinder/cinder/api/openstack/wsgi.py:868}}
Feb 09 13:58:35.139629 dv-cinder-828085-6-smb devstack@c-api.service[109710]: /usr/local/lib/python3.8/dist-packages/oslo_context/context.py:105: DeprecationWarning: Policy enforcement is depending on the value of is_admin. This key is deprecated. Please update your policy file to use the standard policy values.
Feb 09 13:58:35.139629 dv-cinder-828085-6-smb devstack@c-api.service[109710]: warnings.warn('Policy enforcement is depending on the value of '
Feb 09 13:58:35.139629 dv-cinder-828085-6-smb devstack@c-api.service[109710]: INFO cinder.volume.api [None req-65d0270f-6d34-47b0-b13d-735cc7fa3c0d tempest-SnapshotsActionsTest-831547966 tempest-SnapshotsActionsTest-831547966-project] Snapshot retrieved successfully.
Feb 09 13:58:35.139629 dv-cinder-828085-6-smb devstack@c-api.service[109710]: INFO cinder.api.openstack.wsgi [None req-65d0270f-6d34-47b0-b13d-735cc7fa3c0d tempest-SnapshotsActionsTest-831547966 tempest-SnapshotsActionsTest-831547966-project] http://10.222.0.90/volume/v3/45b10fe2cb9e43a28147c7a1f76022e0/snapshots/eb9eca8a-c7a8-4a90-b0aa-13934a027778 returned with HTTP 200
Feb 09 13:58:35.140402 dv-cinder-828085-6-smb devstack@c-api.service[109710]: [pid: 109710|app: 0|req: 28/46] 10.222.0.90 () {58 vars in 1330 bytes} [Wed Feb 9 13:58:35 2022] GET /volume/v3/45b10fe2cb9e43a28147c7a1f76022e0/snapshots/eb9eca8a-c7a8-4a90-b0aa-13934a027778 => generated 567 bytes in 33 msecs (HTTP/1.1 200) 7 headers in 285 bytes (1 switches on core 0)
Feb 09 13:58:35.151818 dv-cinder-828085-6-smb devstack@c-api.service[109709]: INFO cinder.api.openstack.wsgi [None req-daceca71-d18c-4a39-9ba2-0a0fa1051469 tempest-SnapshotsActionsTest-426775614 tempest-SnapshotsActionsTest-426775614-project-admin] POST http://10.222.0.90/volume/v3/0fe920c7ca1a470ea1959493ae99f2f9/snapshots/eb9eca8a-c7a8-4a90-b0aa-13934a027778/action
Feb 09 13:58:35.152314 dv-cinder-828085-6-smb devstack@c-api.service[109709]: DEBUG cinder.api.openstack.wsgi [None req-daceca71-d18c-4a39-9ba2-0a0fa1051469 tempest-SnapshotsActionsTest-426775614 tempest-SnapshotsActionsTest-426775614-project-admin] Action body: b'{"os-reset_status": {"status": "creating"}}' {{(pid=109709) get_method /opt/stack/cinder/cinder/api/openstack/wsgi.py:983}}
Feb 09 13:58:35.152705 dv-cinder-828085-6-smb devstack@c-api.service[109709]: DEBUG cinder.api.openstack.wsgi [None req-daceca71-d18c-4a39-9ba2-0a0fa1051469 tempest-SnapshotsActionsTest-426775614 tempest-SnapshotsActionsTest-426775614-project-admin] Action: 'action', calling method: _reset_status, body: {"os-reset_status": {"status": "creating"}} {{(pid=109709) _process_stack /opt/stack/cinder/cinder/api/openstack/wsgi.py:866}}
Feb 09 13:58:35.153584 dv-cinder-828085-6-smb devstack@c-api.service[109709]: DEBUG cinder.api.contrib.admin_actions [None req-daceca71-d18c-4a39-9ba2-0a0fa1051469 tempest-SnapshotsActionsTest-426775614 tempest-SnapshotsActionsTest-426775614-project-admin] Updating snapshot 'eb9eca8a-c7a8-4a90-b0aa-13934a027778' with '{'status': 'creating'}' {{(pid=109709) _reset_status /opt/stack/cinder/cinder/api/contrib/admin_actions.py:100}}
Feb 09 13:58:35.184594 dv-cinder-828085-6-smb devstack@c-api.service[109709]: /usr/local/lib/python3.8/dist-packages/oslo_context/context.py:105: DeprecationWarning: Policy enforcement is depending on the value of is_admin. This key is deprecated. Please update your policy file to use the standard policy values.
Feb 09 13:58:35.184594 dv-cinder-828085-6-smb devstack@c-api.service[109709]: warnings.warn('Policy enforcement is depending on the value of '
Feb 09 13:58:35.286428 dv-cinder-828085-6-smb devstack@c-api.service[109709]: INFO cinder.api.openstack.wsgi [None req-daceca71-d18c-4a39-9ba2-0a0fa1051469 tempest-SnapshotsActionsTest-426775614 tempest-SnapshotsActionsTest-426775614-project-admin] http://10.222.0.90/volume/v3/0fe920c7ca1a470ea1959493ae99f2f9/snapshots/eb9eca8a-c7a8-4a90-b0aa-13934a027778/action returned with HTTP 202
Feb 09 13:58:35.290763 dv-cinder-828085-6-smb devstack@c-api.service[109709]: [pid: 109709|app: 0|req: 19/47] 10.222.0.90 () {60 vars in 1372 bytes} [Wed Feb 9 13:58:35 2022] POST /volume/v3/0fe920c7ca1a470ea1959493ae99f2f9/snapshots/eb9eca8a-c7a8-4a90-b0aa-13934a027778/action => generated 0 bytes in 144 msecs (HTTP/1.1 202) 7 headers in 289 bytes (1 switches on core 0)
Feb 09 13:58:35.299171 dv-cinder-828085-6-smb devstack@c-api.service[109710]: INFO cinder.api.openstack.wsgi [None req-c34882ea-3bfb-4ca3-9f43-9009015ebb9d tempest-SnapshotsActionsTest-831547966 tempest-SnapshotsActionsTest-831547966-project] GET http://10.222.0.90/volume/v3/45b10fe2cb9e43a28147c7a1f76022e0/snapshots/eb9eca8a-c7a8-4a90-b0aa-13934a027778
Feb 09 13:58:35.299665 dv-cinder-828085-6-smb devstack@c-api.service[109710]: DEBUG cinder.api.openstack.wsgi [None req-c34882ea-3bfb-4ca3-9f43-9009015ebb9d tempest-SnapshotsActionsTest-831547966 tempest-SnapshotsActionsTest-831547966-project] Empty body provided in request {{(pid=109710) get_body /opt/stack/cinder/cinder/api/openstack/wsgi.py:715}}
Feb 09 13:58:35.300090 dv-cinder-828085-6-smb devstack@c-api.service[109710]: DEBUG cinder.api.openstack.wsgi [None req-c34882ea-3bfb-4ca3-9f43-9009015ebb9d tempest-SnapshotsActionsTest-831547966 tempest-SnapshotsActionsTest-831547966-project] Calling method 'show' {{(pid=109710) _process_stack /opt/stack/cinder/cinder/api/openstack/wsgi.py:868}}
Feb 09 13:58:35.326348 dv-cinder-828085-6-smb devstack@c-api.service[109710]: /usr/local/lib/python3.8/dist-packages/oslo_context/context.py:105: DeprecationWarning: Policy enforcement is depending on the value of is_admin. This key is deprecated. Please update your policy file to use the standard policy values.
Feb 09 13:58:35.326348 dv-cinder-828085-6-smb devstack@c-api.service[109710]: warnings.warn('Policy enforcement is depending on the value of '
Feb 09 13:58:35.327477 dv-cinder-828085-6-smb devstack@c-api.service[109710]: INFO cinder.volume.api [None req-c34882ea-3bfb-4ca3-9f43-9009015ebb9d tempest-SnapshotsActionsTest-831547966 tempest-SnapshotsActionsTest-831547966-project] Snapshot retrieved successfully.
Feb 09 13:58:35.335045 dv-cinder-828085-6-smb devstack@c-api.service[109710]: INFO cinder.api.openstack.wsgi [None req-c34882ea-3bfb-4ca3-9f43-9009015ebb9d tempest-SnapshotsActionsTest-831547966 tempest-SnapshotsActionsTest-831547966-project] http://10.222.0.90/volume/v3/45b10fe2cb9e43a28147c7a1f76022e0/snapshots/eb9eca8a-c7a8-4a90-b0aa-13934a027778 returned with HTTP 200
Feb 09 13:58:35.335863 dv-cinder-828085-6-smb devstack@c-api.service[109710]: [pid: 109710|app: 0|req: 29/48] 10.222.0.90 () {58 vars in 1330 bytes} [Wed Feb 9 13:58:35 2022] GET /volume/v3/45b10fe2cb9e43a28147c7a1f76022e0/snapshots/eb9eca8a-c7a8-4a90-b0aa-13934a027778 => generated 566 bytes in 41 msecs (HTTP/1.1 200) 7 headers in 285 bytes (1 switches on core 0)
Feb 09 13:58:35.347386 dv-cinder-828085-6-smb devstack@c-api.service[109709]: INFO cinder.api.openstack.wsgi [None req-fffcc5be-bbde-4758-bada-b80f9b98e080 tempest-SnapshotsActionsTest-426775614 tempest-SnapshotsActionsTest-426775614-project-admin] POST http://10.222.0.90/volume/v3/0fe920c7ca1a470ea1959493ae99f2f9/snapshots/eb9eca8a-c7a8-4a90-b0aa-13934a027778/action
Feb 09 13:58:35.348436 dv-cinder-828085-6-smb devstack@c-api.service[109709]: DEBUG cinder.api.openstack.wsgi [None req-fffcc5be-bbde-4758-bada-b80f9b98e080 tempest-SnapshotsActionsTest-426775614 tempest-SnapshotsActionsTest-426775614-project-admin] Action body: b'{"os-force_delete": {}}' {{(pid=109709) get_method /opt/stack/cinder/cinder/api/openstack/wsgi.py:983}}
Feb 09 13:58:35.348917 dv-cinder-828085-6-smb devstack@c-api.service[109709]: DEBUG cinder.api.openstack.wsgi [None req-fffcc5be-bbde-4758-bada-b80f9b98e080 tempest-SnapshotsActionsTest-426775614 tempest-SnapshotsActionsTest-426775614-project-admin] Action: 'action', calling method: _force_delete, body: {"os-force_delete": {}} {{(pid=109709) _process_stack /opt/stack/cinder/cinder/api/openstack/wsgi.py:866}}
Feb 09 13:58:35.371920 dv-cinder-828085-6-smb devstack@c-api.service[109709]: /usr/local/lib/python3.8/dist-packages/oslo_context/context.py:105: DeprecationWarning: Policy enforcement is depending on the value of is_admin. This key is deprecated. Please update your policy file to use the standard policy values.
Feb 09 13:58:35.371920 dv-cinder-828085-6-smb devstack@c-api.service[109709]: warnings.warn('Policy enforcement is depending on the value of '
Feb 09 13:58:35.372719 dv-cinder-828085-6-smb devstack@c-api.service[109709]: INFO cinder.volume.api [None req-fffcc5be-bbde-4758-bada-b80f9b98e080 tempest-SnapshotsActionsTest-426775614 tempest-SnapshotsActionsTest-426775614-project-admin] Snapshot retrieved successfully.
Feb 09 13:58:35.393013 dv-cinder-828085-6-smb devstack@c-api.service[109710]: INFO cinder.api.openstack.wsgi [req-478736c1-4452-4211-bffb-09c87ed2fa45 req-370c11e8-f62e-4bae-9902-5dd2f6539bc0 tempest-VolumesSnapshotsTestJSON-816436689 tempest-VolumesSnapshotsTestJSON-816436689-project] GET http://10.222.0.90/volume/v3/326d82d4f75c4094bfec317e6fefca4d/snapshots/f88b1d60-b131-4848-8928-b0dd5da16d8a
Feb 09 13:58:35.393867 dv-cinder-828085-6-smb devstack@c-api.service[109710]: DEBUG cinder.api.openstack.wsgi [req-478736c1-4452-4211-bffb-09c87ed2fa45 req-370c11e8-f62e-4bae-9902-5dd2f6539bc0 tempest-VolumesSnapshotsTestJSON-816436689 tempest-VolumesSnapshotsTestJSON-816436689-project] Empty body provided in request {{(pid=109710) get_body /opt/stack/cinder/cinder/api/openstack/wsgi.py:715}}
Feb 09 13:58:35.394468 dv-cinder-828085-6-smb devstack@c-api.service[109710]: DEBUG cinder.api.openstack.wsgi [req-478736c1-4452-4211-bffb-09c87ed2fa45 req-370c11e8-f62e-4bae-9902-5dd2f6539bc0 tempest-VolumesSnapshotsTestJSON-816436689 tempest-VolumesSnapshotsTestJSON-816436689-project] Calling method 'show' {{(pid=109710) _process_stack /opt/stack/cinder/cinder/api/openstack/wsgi.py:868}}
Feb 09 13:58:35.411934 dv-cinder-828085-6-smb devstack@c-api.service[109710]: INFO cinder.api.openstack.wsgi [req-478736c1-4452-4211-bffb-09c87ed2fa45 req-370c11e8-f62e-4bae-9902-5dd2f6539bc0 tempest-VolumesSnapshotsTestJSON-816436689 tempest-VolumesSnapshotsTestJSON-816436689-project] http://10.222.0.90/volume/v3/326d82d4f75c4094bfec317e6fefca4d/snapshots/f88b1d60-b131-4848-8928-b0dd5da16d8a returned with HTTP 404
Feb 09 13:58:35.412884 dv-cinder-828085-6-smb devstack@c-api.service[109710]: [pid: 109710|app: 0|req: 30/49] 10.222.0.90 () {60 vars in 1584 bytes} [Wed Feb 9 13:58:35 2022] GET /volume/v3/326d82d4f75c4094bfec317e6fefca4d/snapshots/f88b1d60-b131-4848-8928-b0dd5da16d8a => generated 111 bytes in 25 msecs (HTTP/1.1 404) 7 headers in 292 bytes (2 switches on core 0)
Feb 09 13:58:35.445516 dv-cinder-828085-6-smb devstack@c-api.service[109710]: INFO cinder.api.openstack.wsgi [req-2e0e4124-6b9b-449f-96e9-a6bc9da1e502 req-80c7d941-18a3-4714-82f6-1bced27e671e tempest-VolumesSnapshotsTestJSON-816436689 tempest-VolumesSnapshotsTestJSON-816436689-project] DELETE http://10.222.0.90/volume/v3/326d82d4f75c4094bfec317e6fefca4d/volumes/04bffad5-913c-41fd-a9b5-f4ac94c43263
Feb 09 13:58:35.446151 dv-cinder-828085-6-smb devstack@c-api.service[109710]: DEBUG cinder.api.openstack.wsgi [req-2e0e4124-6b9b-449f-96e9-a6bc9da1e502 req-80c7d941-18a3-4714-82f6-1bced27e671e tempest-VolumesSnapshotsTestJSON-816436689 tempest-VolumesSnapshotsTestJSON-816436689-project] Empty body provided in request {{(pid=109710) get_body /opt/stack/cinder/cinder/api/openstack/wsgi.py:715}}
Feb 09 13:58:35.446776 dv-cinder-828085-6-smb devstack@c-api.service[109710]: DEBUG cinder.api.openstack.wsgi [req-2e0e4124-6b9b-449f-96e9-a6bc9da1e502 req-80c7d941-18a3-4714-82f6-1bced27e671e tempest-VolumesSnapshotsTestJSON-816436689 tempest-VolumesSnapshotsTestJSON-816436689-project] Calling method 'delete' {{(pid=109710) _process_stack /opt/stack/cinder/cinder/api/openstack/wsgi.py:868}}
Feb 09 13:58:35.447197 dv-cinder-828085-6-smb devstack@c-api.service[109710]: INFO cinder.api.v3.volumes [req-2e0e4124-6b9b-449f-96e9-a6bc9da1e502 req-80c7d941-18a3-4714-82f6-1bced27e671e tempest-VolumesSnapshotsTestJSON-816436689 tempest-VolumesSnapshotsTestJSON-816436689-project] Delete volume with id: 04bffad5-913c-41fd-a9b5-f4ac94c43263
Feb 09 13:58:35.468401 dv-cinder-828085-6-smb devstack@c-api.service[109710]: /usr/local/lib/python3.8/dist-packages/oslo_context/context.py:105: DeprecationWarning: Policy enforcement is depending on the value of is_admin. This key is deprecated. Please update your policy file to use the standard policy values.
Feb 09 13:58:35.468401 dv-cinder-828085-6-smb devstack@c-api.service[109710]: warnings.warn('Policy enforcement is depending on the value of '
Feb 09 13:58:35.470201 dv-cinder-828085-6-smb devstack@c-api.service[109710]: INFO cinder.volume.api [req-2e0e4124-6b9b-449f-96e9-a6bc9da1e502 req-80c7d941-18a3-4714-82f6-1bced27e671e tempest-VolumesSnapshotsTestJSON-816436689 tempest-VolumesSnapshotsTestJSON-816436689-project] Volume info retrieved successfully.
Feb 09 13:58:35.692583 dv-cinder-828085-6-smb devstack@c-api.service[109709]: INFO cinder.volume.api [None req-fffcc5be-bbde-4758-bada-b80f9b98e080 tempest-SnapshotsActionsTest-426775614 tempest-SnapshotsActionsTest-426775614-project-admin] Snapshot delete request issued successfully.
Feb 09 13:58:35.693135 dv-cinder-828085-6-smb devstack@c-api.service[109710]: INFO cinder.volume.api [req-2e0e4124-6b9b-449f-96e9-a6bc9da1e502 req-80c7d941-18a3-4714-82f6-1bced27e671e tempest-VolumesSnapshotsTestJSON-816436689 tempest-VolumesSnapshotsTestJSON-816436689-project] Delete volume request issued successfully.
Feb 09 13:58:35.694123 dv-cinder-828085-6-smb devstack@c-api.service[109709]: INFO cinder.api.openstack.wsgi [None req-fffcc5be-bbde-4758-bada-b80f9b98e080 tempest-SnapshotsActionsTest-426775614 tempest-SnapshotsActionsTest-426775614-project-admin] http://10.222.0.90/volume/v3/0fe920c7ca1a470ea1959493ae99f2f9/snapshots/eb9eca8a-c7a8-4a90-b0aa-13934a027778/action returned with HTTP 202
Feb 09 13:58:35.694288 dv-cinder-828085-6-smb devstack@c-api.service[109710]: INFO cinder.api.openstack.wsgi [req-2e0e4124-6b9b-449f-96e9-a6bc9da1e502 req-80c7d941-18a3-4714-82f6-1bced27e671e tempest-VolumesSnapshotsTestJSON-816436689 tempest-VolumesSnapshotsTestJSON-816436689-project] http://10.222.0.90/volume/v3/326d82d4f75c4094bfec317e6fefca4d/volumes/04bffad5-913c-41fd-a9b5-f4ac94c43263 returned with HTTP 202
Feb 09 13:58:35.695353 dv-cinder-828085-6-smb devstack@c-api.service[109709]: [pid: 109709|app: 0|req: 20/50] 10.222.0.90 () {60 vars in 1372 bytes} [Wed Feb 9 13:58:35 2022] POST /volume/v3/0fe920c7ca1a470ea1959493ae99f2f9/snapshots/eb9eca8a-c7a8-4a90-b0aa-13934a027778/action => generated 0 bytes in 352 msecs (HTTP/1.1 202) 7 headers in 289 bytes (1 switches on core 0)
Feb 09 13:58:35.695597 dv-cinder-828085-6-smb devstack@c-api.service[109710]: [pid: 109710|app: 0|req: 31/51] 10.222.0.90 () {62 vars in 1600 bytes} [Wed Feb 9 13:58:35 2022] DELETE /volume/v3/326d82d4f75c4094bfec317e6fefca4d/volumes/04bffad5-913c-41fd-a9b5-f4ac94c43263 => generated 0 bytes in 254 msecs (HTTP/1.1 202) 6 headers in 233 bytes (1 switches on core 0)
Feb 09 13:58:35.709974 dv-cinder-828085-6-smb devstack@c-api.service[109709]: INFO cinder.api.openstack.wsgi [None req-2694add9-4f5d-4697-b8a8-fc5d4823cf9b tempest-SnapshotsActionsTest-831547966 tempest-SnapshotsActionsTest-831547966-project] GET http://10.222.0.90/volume/v3/45b10fe2cb9e43a28147c7a1f76022e0/snapshots/eb9eca8a-c7a8-4a90-b0aa-13934a027778
Feb 09 13:58:35.711588 dv-cinder-828085-6-smb devstack@c-api.service[109709]: DEBUG cinder.api.openstack.wsgi [None req-2694add9-4f5d-4697-b8a8-fc5d4823cf9b tempest-SnapshotsActionsTest-831547966 tempest-SnapshotsActionsTest-831547966-project] Empty body provided in request {{(pid=109709) get_body /opt/stack/cinder/cinder/api/openstack/wsgi.py:715}}
Feb 09 13:58:35.712240 dv-cinder-828085-6-smb devstack@c-api.service[109709]: DEBUG cinder.api.openstack.wsgi [None req-2694add9-4f5d-4697-b8a8-fc5d4823cf9b tempest-SnapshotsActionsTest-831547966 tempest-SnapshotsActionsTest-831547966-project] Calling method 'show' {{(pid=109709) _process_stack /opt/stack/cinder/cinder/api/openstack/wsgi.py:868}}
Feb 09 13:58:35.726542 dv-cinder-828085-6-smb devstack@c-api.service[109709]: /usr/local/lib/python3.8/dist-packages/oslo_context/context.py:105: DeprecationWarning: Policy enforcement is depending on the value of is_admin. This key is deprecated. Please update your policy file to use the standard policy values.
