Feb 07 11:22:11.676535 dv-cinder-828085-4-iscsi neutron-server[102367]: DEBUG neutron.pecan_wsgi.hooks.policy_enforcement [req-90c6eec4-08fd-499b-a8c7-8ccabdabb51b req-cca8644b-a8b6-4964-9d58-2da14a7c827b tempest-ServerRescueNegativeTestJSON-1383806472 tempest-ServerRescueNegativeTestJSON-1383806472-project] Attributes excluded by policy engine: ['standard_attr_id', 'binding:profile', 'binding:host_id', 'binding:vif_type', 'binding:vif_details'] {{(pid=102367) _exclude_attributes_by_policy /opt/stack/neutron/neutron/pecan_wsgi/hooks/policy_enforcement.py:255}}
Feb 07 11:22:11.678177 dv-cinder-828085-4-iscsi neutron-server[102367]: INFO neutron.wsgi [req-90c6eec4-08fd-499b-a8c7-8ccabdabb51b req-cca8644b-a8b6-4964-9d58-2da14a7c827b tempest-ServerRescueNegativeTestJSON-1383806472 tempest-ServerRescueNegativeTestJSON-1383806472-project] 10.222.0.52 "GET /v2.0/ports?device_id=130cdac5-06f3-4c04-90b2-dcac580f2ca9 HTTP/1.1" status: 200 len: 945 time: 0.0762253
Feb 07 11:22:11.726198 dv-cinder-828085-4-iscsi neutron-server[102368]: DEBUG neutron.wsgi [-] (102368) accepted ('10.222.0.52', 50816) {{(pid=102368) server /usr/local/lib/python3.8/dist-packages/eventlet/wsgi.py:1004}}
Feb 07 11:22:11.737989 dv-cinder-828085-4-iscsi neutron-server[102367]: INFO neutron.wsgi [req-90c6eec4-08fd-499b-a8c7-8ccabdabb51b req-57f6f813-c0e6-46f7-a80b-eac2af3ecdfb tempest-ServerRescueNegativeTestJSON-1383806472 tempest-ServerRescueNegativeTestJSON-1383806472-project] 10.222.0.52 "GET /v2.0/security-groups?id=82ebd769-f281-42e6-bb78-bf6395d3951a&fields=id&fields=name HTTP/1.1" status: 200 len: 286 time: 0.0540631
Feb 07 11:22:11.862029 dv-cinder-828085-4-iscsi neutron-server[102368]: DEBUG neutron_lib.callbacks.manager [None req-0d33e79a-ef93-4a6a-8190-c89dff221095 admin admin] Publish callbacks [] for security_group (None), before_create {{(pid=102368) _notify_loop /usr/local/lib/python3.8/dist-packages/neutron_lib/callbacks/manager.py:176}}
Feb 07 11:22:11.977543 dv-cinder-828085-4-iscsi neutron-server[102368]: DEBUG neutron_lib.callbacks.manager [None req-0d33e79a-ef93-4a6a-8190-c89dff221095 admin admin] Publish callbacks [] for security_group (cfa3ab33-d27c-4918-b344-80404252fbae), precommit_create {{(pid=102368) _notify_loop /usr/local/lib/python3.8/dist-packages/neutron_lib/callbacks/manager.py:176}}
Feb 07 11:22:11.984334 dv-cinder-828085-4-iscsi neutron-server[102368]: DEBUG neutron_lib.callbacks.manager [None req-0d33e79a-ef93-4a6a-8190-c89dff221095 admin admin] Publish callbacks ['neutron.plugins.ml2.ovo_rpc._ObjectChangeHandler.handle_event-832752'] for security_group (cfa3ab33-d27c-4918-b344-80404252fbae), after_create {{(pid=102368) _notify_loop /usr/local/lib/python3.8/dist-packages/neutron_lib/callbacks/manager.py:176}}
Feb 07 11:22:12.027162 dv-cinder-828085-4-iscsi neutron-server[102368]: INFO neutron.wsgi [None req-0d33e79a-ef93-4a6a-8190-c89dff221095 admin admin] 10.222.0.52 "GET /v2.0/security-groups?tenant_id=06c9d1ee72f947b2b554e088bcdd1666&name=default HTTP/1.1" status: 200 len: 2996 time: 0.2971370
Feb 07 11:22:12.027746 dv-cinder-828085-4-iscsi neutron-server[102367]: DEBUG neutron.wsgi [-] (102367) accepted ('10.222.0.52', 50826) {{(pid=102367) server /usr/local/lib/python3.8/dist-packages/eventlet/wsgi.py:1004}}
Feb 07 11:22:12.027909 dv-cinder-828085-4-iscsi neutron-server[102368]: DEBUG neutron.api.rpc.handlers.resources_rpc [None req-0d33e79a-ef93-4a6a-8190-c89dff221095 admin admin] Pushing event updated for resources: {'SecurityGroup': ['ID=cfa3ab33-d27c-4918-b344-80404252fbae,revision_number=1']} {{(pid=102368) push /opt/stack/neutron/neutron/api/rpc/handlers/resources_rpc.py:237}}
Feb 07 11:22:12.089672 dv-cinder-828085-4-iscsi neutron-server[102367]: DEBUG neutron_lib.callbacks.manager [None req-246061ea-5970-44c4-a63a-87c83eec65f5 admin admin] Publish callbacks [] for security_group (cfa3ab33-d27c-4918-b344-80404252fbae), before_delete {{(pid=102367) _notify_loop /usr/local/lib/python3.8/dist-packages/neutron_lib/callbacks/manager.py:176}}
Feb 07 11:22:12.115168 dv-cinder-828085-4-iscsi neutron-server[102367]: DEBUG neutron_lib.callbacks.manager [None req-246061ea-5970-44c4-a63a-87c83eec65f5 admin admin] Publish callbacks [] for security_group (cfa3ab33-d27c-4918-b344-80404252fbae), precommit_delete {{(pid=102367) _notify_loop /usr/local/lib/python3.8/dist-packages/neutron_lib/callbacks/manager.py:176}}
Feb 07 11:22:12.196320 dv-cinder-828085-4-iscsi neutron-server[102367]: DEBUG neutron_lib.callbacks.manager [None req-246061ea-5970-44c4-a63a-87c83eec65f5 admin admin] Publish callbacks ['neutron.plugins.ml2.ovo_rpc._ObjectChangeHandler.handle_event-832752'] for security_group (cfa3ab33-d27c-4918-b344-80404252fbae), after_delete {{(pid=102367) _notify_loop /usr/local/lib/python3.8/dist-packages/neutron_lib/callbacks/manager.py:176}}
Feb 07 11:22:12.199549 dv-cinder-828085-4-iscsi neutron-server[102367]: DEBUG neutron_lib.callbacks.manager [None req-246061ea-5970-44c4-a63a-87c83eec65f5 admin admin] Publish callbacks [] for security_group (None), before_response {{(pid=102367) _notify_loop /usr/local/lib/python3.8/dist-packages/neutron_lib/callbacks/manager.py:176}}
Feb 07 11:22:12.200001 dv-cinder-828085-4-iscsi neutron-server[102368]: DEBUG neutron.wsgi [-] (102368) accepted ('10.222.0.52', 50838) {{(pid=102368) server /usr/local/lib/python3.8/dist-packages/eventlet/wsgi.py:1004}}
Feb 07 11:22:12.201362 dv-cinder-828085-4-iscsi neutron-server[102367]: INFO neutron.wsgi [None req-246061ea-5970-44c4-a63a-87c83eec65f5 admin admin] 10.222.0.52 "DELETE /v2.0/security-groups/cfa3ab33-d27c-4918-b344-80404252fbae HTTP/1.1" status: 204 len: 168 time: 0.1721983
Feb 07 11:22:12.202852 dv-cinder-828085-4-iscsi neutron-server[102369]: DEBUG neutron_lib.callbacks.manager [None req-de9d9a80-1922-4deb-b871-c29f575569a8 None None] Publish callbacks ['neutron.services.segments.db._update_segment_host_mapping_for_agent-8746629468335', 'neutron.plugins.ml2.plugin.Ml2Plugin._retry_binding_revived_agents-8179113'] for agent (8bf1b301-5cce-4c64-933d-8b1d06db7172), after_update {{(pid=102369) _notify_loop /usr/local/lib/python3.8/dist-packages/neutron_lib/callbacks/manager.py:176}}
Feb 07 11:22:12.211796 dv-cinder-828085-4-iscsi neutron-server[102367]: DEBUG neutron.api.rpc.handlers.resources_rpc [None req-246061ea-5970-44c4-a63a-87c83eec65f5 admin admin] Pushing event deleted for resources: {'SecurityGroup': ['ID=cfa3ab33-d27c-4918-b344-80404252fbae,revision_number=None']} {{(pid=102367) push /opt/stack/neutron/neutron/api/rpc/handlers/resources_rpc.py:237}}
Feb 07 11:22:12.366167 dv-cinder-828085-4-iscsi neutron-server[102368]: DEBUG neutron_lib.callbacks.manager [None req-e31e2c9b-2a82-4db6-b0c0-a441567f4515 admin admin] Publish callbacks [] for security_group (None), before_create {{(pid=102368) _notify_loop /usr/local/lib/python3.8/dist-packages/neutron_lib/callbacks/manager.py:176}}
Feb 07 11:22:12.459485 dv-cinder-828085-4-iscsi neutron-server[102368]: DEBUG neutron_lib.callbacks.manager [None req-e31e2c9b-2a82-4db6-b0c0-a441567f4515 admin admin] Publish callbacks [] for security_group (8c6bfb62-66a7-43df-9fda-52090b5645e8), precommit_create {{(pid=102368) _notify_loop /usr/local/lib/python3.8/dist-packages/neutron_lib/callbacks/manager.py:176}}
Feb 07 11:22:12.464194 dv-cinder-828085-4-iscsi neutron-server[102368]: DEBUG neutron_lib.callbacks.manager [None req-e31e2c9b-2a82-4db6-b0c0-a441567f4515 admin admin] Publish callbacks ['neutron.plugins.ml2.ovo_rpc._ObjectChangeHandler.handle_event-832752'] for security_group (8c6bfb62-66a7-43df-9fda-52090b5645e8), after_create {{(pid=102368) _notify_loop /usr/local/lib/python3.8/dist-packages/neutron_lib/callbacks/manager.py:176}}
Feb 07 11:22:12.506601 dv-cinder-828085-4-iscsi neutron-server[102368]: DEBUG neutron.api.rpc.handlers.resources_rpc [None req-e31e2c9b-2a82-4db6-b0c0-a441567f4515 admin admin] Pushing event updated for resources: {'SecurityGroup': ['ID=8c6bfb62-66a7-43df-9fda-52090b5645e8,revision_number=1']} {{(pid=102368) push /opt/stack/neutron/neutron/api/rpc/handlers/resources_rpc.py:237}}
Feb 07 11:22:12.516029 dv-cinder-828085-4-iscsi neutron-server[102367]: DEBUG neutron.wsgi [-] (102367) accepted ('10.222.0.52', 50850) {{(pid=102367) server /usr/local/lib/python3.8/dist-packages/eventlet/wsgi.py:1004}}
Feb 07 11:22:12.523053 dv-cinder-828085-4-iscsi neutron-server[102368]: INFO neutron.wsgi [None req-e31e2c9b-2a82-4db6-b0c0-a441567f4515 admin admin] 10.222.0.52 "GET /v2.0/security-groups?tenant_id=4a9f1a47cd114c44930baf9503868b55&name=default HTTP/1.1" status: 200 len: 2996 time: 0.3219137
Feb 07 11:22:12.569306 dv-cinder-828085-4-iscsi neutron-server[102367]: DEBUG neutron_lib.callbacks.manager [None req-8c9d034b-a00e-42d8-b371-7f93eb759041 admin admin] Publish callbacks [] for security_group (8c6bfb62-66a7-43df-9fda-52090b5645e8), before_delete {{(pid=102367) _notify_loop /usr/local/lib/python3.8/dist-packages/neutron_lib/callbacks/manager.py:176}}
Feb 07 11:22:12.585757 dv-cinder-828085-4-iscsi neutron-server[102368]: DEBUG neutron.wsgi [-] (102368) accepted ('10.222.0.52', 50854) {{(pid=102368) server /usr/local/lib/python3.8/dist-packages/eventlet/wsgi.py:1004}}
Feb 07 11:22:12.596739 dv-cinder-828085-4-iscsi neutron-server[102367]: DEBUG neutron_lib.callbacks.manager [None req-8c9d034b-a00e-42d8-b371-7f93eb759041 admin admin] Publish callbacks [] for security_group (8c6bfb62-66a7-43df-9fda-52090b5645e8), precommit_delete {{(pid=102367) _notify_loop /usr/local/lib/python3.8/dist-packages/neutron_lib/callbacks/manager.py:176}}
Feb 07 11:22:12.601598 dv-cinder-828085-4-iscsi neutron-server[102368]: DEBUG neutron_lib.callbacks.manager [None req-a21e40b3-97aa-4ea6-b2a3-1a7969899f6a admin admin] Publish callbacks [] for security_group (None), before_create {{(pid=102368) _notify_loop /usr/local/lib/python3.8/dist-packages/neutron_lib/callbacks/manager.py:176}}
Feb 07 11:22:12.655143 dv-cinder-828085-4-iscsi neutron-server[102367]: DEBUG neutron_lib.callbacks.manager [None req-8c9d034b-a00e-42d8-b371-7f93eb759041 admin admin] Publish callbacks ['neutron.plugins.ml2.ovo_rpc._ObjectChangeHandler.handle_event-832752'] for security_group (8c6bfb62-66a7-43df-9fda-52090b5645e8), after_delete {{(pid=102367) _notify_loop /usr/local/lib/python3.8/dist-packages/neutron_lib/callbacks/manager.py:176}}
Feb 07 11:22:12.658111 dv-cinder-828085-4-iscsi neutron-server[102367]: DEBUG neutron_lib.callbacks.manager [None req-8c9d034b-a00e-42d8-b371-7f93eb759041 admin admin] Publish callbacks [] for security_group (None), before_response {{(pid=102367) _notify_loop /usr/local/lib/python3.8/dist-packages/neutron_lib/callbacks/manager.py:176}}
Feb 07 11:22:12.661703 dv-cinder-828085-4-iscsi neutron-server[102367]: INFO neutron.wsgi [None req-8c9d034b-a00e-42d8-b371-7f93eb759041 admin admin] 10.222.0.52 "DELETE /v2.0/security-groups/8c6bfb62-66a7-43df-9fda-52090b5645e8 HTTP/1.1" status: 204 len: 168 time: 0.1423459
Feb 07 11:22:12.670455 dv-cinder-828085-4-iscsi neutron-server[102367]: DEBUG neutron.api.rpc.handlers.resources_rpc [None req-8c9d034b-a00e-42d8-b371-7f93eb759041 admin admin] Pushing event deleted for resources: {'SecurityGroup': ['ID=8c6bfb62-66a7-43df-9fda-52090b5645e8,revision_number=None']} {{(pid=102367) push /opt/stack/neutron/neutron/api/rpc/handlers/resources_rpc.py:237}}
Feb 07 11:22:12.684328 dv-cinder-828085-4-iscsi neutron-server[102367]: DEBUG neutron.wsgi [-] (102367) accepted ('10.222.0.52', 50858) {{(pid=102367) server /usr/local/lib/python3.8/dist-packages/eventlet/wsgi.py:1004}}
Feb 07 11:22:12.717146 dv-cinder-828085-4-iscsi neutron-server[102368]: DEBUG neutron_lib.callbacks.manager [None req-a21e40b3-97aa-4ea6-b2a3-1a7969899f6a admin admin] Publish callbacks [] for security_group (965ae9e9-2a78-42c5-96b3-d5307964dd72), precommit_create {{(pid=102368) _notify_loop /usr/local/lib/python3.8/dist-packages/neutron_lib/callbacks/manager.py:176}}
Feb 07 11:22:12.721572 dv-cinder-828085-4-iscsi neutron-server[102368]: DEBUG neutron_lib.callbacks.manager [None req-a21e40b3-97aa-4ea6-b2a3-1a7969899f6a admin admin] Publish callbacks ['neutron.plugins.ml2.ovo_rpc._ObjectChangeHandler.handle_event-832752'] for security_group (965ae9e9-2a78-42c5-96b3-d5307964dd72), after_create {{(pid=102368) _notify_loop /usr/local/lib/python3.8/dist-packages/neutron_lib/callbacks/manager.py:176}}
Feb 07 11:22:12.768447 dv-cinder-828085-4-iscsi neutron-server[102368]: INFO neutron.wsgi [None req-a21e40b3-97aa-4ea6-b2a3-1a7969899f6a admin admin] 10.222.0.52 "GET /v2.0/security-groups?tenant_id=8b46a9cd8b12443d93022b000201634e&name=default HTTP/1.1" status: 200 len: 2996 time: 0.1781676
Feb 07 11:22:12.768447 dv-cinder-828085-4-iscsi neutron-server[102368]: DEBUG neutron.api.rpc.handlers.resources_rpc [None req-a21e40b3-97aa-4ea6-b2a3-1a7969899f6a admin admin] Pushing event updated for resources: {'SecurityGroup': ['ID=965ae9e9-2a78-42c5-96b3-d5307964dd72,revision_number=1']} {{(pid=102368) push /opt/stack/neutron/neutron/api/rpc/handlers/resources_rpc.py:237}}
Feb 07 11:22:12.769680 dv-cinder-828085-4-iscsi neutron-server[102367]: DEBUG neutron.wsgi [-] (102367) accepted ('10.222.0.52', 50864) {{(pid=102367) server /usr/local/lib/python3.8/dist-packages/eventlet/wsgi.py:1004}}
Feb 07 11:22:12.825772 dv-cinder-828085-4-iscsi neutron-server[102367]: DEBUG neutron_lib.callbacks.manager [None req-68afa266-043f-4229-8947-20a1b129ad47 admin admin] Publish callbacks [] for security_group (None), before_create {{(pid=102367) _notify_loop /usr/local/lib/python3.8/dist-packages/neutron_lib/callbacks/manager.py:176}}
Feb 07 11:22:12.871144 dv-cinder-828085-4-iscsi neutron-server[102367]: DEBUG neutron_lib.callbacks.manager [None req-575c9207-6948-428b-a1d6-28bb9660aafa admin admin] Publish callbacks [] for security_group (965ae9e9-2a78-42c5-96b3-d5307964dd72), before_delete {{(pid=102367) _notify_loop /usr/local/lib/python3.8/dist-packages/neutron_lib/callbacks/manager.py:176}}
Feb 07 11:22:12.917613 dv-cinder-828085-4-iscsi neutron-server[102367]: DEBUG neutron_lib.callbacks.manager [None req-575c9207-6948-428b-a1d6-28bb9660aafa admin admin] Publish callbacks [] for security_group (965ae9e9-2a78-42c5-96b3-d5307964dd72), precommit_delete {{(pid=102367) _notify_loop /usr/local/lib/python3.8/dist-packages/neutron_lib/callbacks/manager.py:176}}
Feb 07 11:22:12.920622 dv-cinder-828085-4-iscsi neutron-server[102368]: DEBUG neutron.pecan_wsgi.hooks.policy_enforcement [req-7cef2a2f-91ff-4778-a0be-07cd98abb534 req-c832e5b8-3feb-4dd9-9750-984670fe9b48 tempest-ServerRescueNegativeTestJSON-1383806472 tempest-ServerRescueNegativeTestJSON-1383806472-project] Attributes excluded by policy engine: ['standard_attr_id', 'binding:profile', 'binding:host_id', 'binding:vif_type', 'binding:vif_details'] {{(pid=102368) _exclude_attributes_by_policy /opt/stack/neutron/neutron/pecan_wsgi/hooks/policy_enforcement.py:255}}
Feb 07 11:22:12.923349 dv-cinder-828085-4-iscsi neutron-server[102368]: INFO neutron.wsgi [req-7cef2a2f-91ff-4778-a0be-07cd98abb534 req-c832e5b8-3feb-4dd9-9750-984670fe9b48 tempest-ServerRescueNegativeTestJSON-1383806472 tempest-ServerRescueNegativeTestJSON-1383806472-project] 10.222.0.52 "GET /v2.0/ports?device_id=130cdac5-06f3-4c04-90b2-dcac580f2ca9 HTTP/1.1" status: 200 len: 945 time: 0.0950906
Feb 07 11:22:12.985610 dv-cinder-828085-4-iscsi neutron-server[102368]: INFO neutron.wsgi [req-7cef2a2f-91ff-4778-a0be-07cd98abb534 req-89ad2e6d-b00b-42c6-8566-98f3807fdaec tempest-ServerRescueNegativeTestJSON-1383806472 tempest-ServerRescueNegativeTestJSON-1383806472-project] 10.222.0.52 "GET /v2.0/security-groups?id=82ebd769-f281-42e6-bb78-bf6395d3951a&fields=id&fields=name HTTP/1.1" status: 200 len: 286 time: 0.0547202
Feb 07 11:22:12.998206 dv-cinder-828085-4-iscsi neutron-server[102367]: DEBUG neutron_lib.callbacks.manager [None req-68afa266-043f-4229-8947-20a1b129ad47 admin admin] Publish callbacks [] for security_group (1eab6262-1e57-41b4-9aeb-08082789e1d4), precommit_create {{(pid=102367) _notify_loop /usr/local/lib/python3.8/dist-packages/neutron_lib/callbacks/manager.py:176}}
Feb 07 11:22:13.018815 dv-cinder-828085-4-iscsi neutron-server[102367]: DEBUG neutron_lib.callbacks.manager [None req-68afa266-043f-4229-8947-20a1b129ad47 admin admin] Publish callbacks ['neutron.plugins.ml2.ovo_rpc._ObjectChangeHandler.handle_event-832752'] for security_group (1eab6262-1e57-41b4-9aeb-08082789e1d4), after_create {{(pid=102367) _notify_loop /usr/local/lib/python3.8/dist-packages/neutron_lib/callbacks/manager.py:176}}
Feb 07 11:22:13.053812 dv-cinder-828085-4-iscsi neutron-server[102367]: DEBUG neutron_lib.callbacks.manager [None req-575c9207-6948-428b-a1d6-28bb9660aafa admin admin] Publish callbacks ['neutron.plugins.ml2.ovo_rpc._ObjectChangeHandler.handle_event-832752'] for security_group (965ae9e9-2a78-42c5-96b3-d5307964dd72), after_delete {{(pid=102367) _notify_loop /usr/local/lib/python3.8/dist-packages/neutron_lib/callbacks/manager.py:176}}
Feb 07 11:22:13.056398 dv-cinder-828085-4-iscsi neutron-server[102367]: DEBUG neutron_lib.callbacks.manager [None req-575c9207-6948-428b-a1d6-28bb9660aafa admin admin] Publish callbacks [] for security_group (None), before_response {{(pid=102367) _notify_loop /usr/local/lib/python3.8/dist-packages/neutron_lib/callbacks/manager.py:176}}
Feb 07 11:22:13.057597 dv-cinder-828085-4-iscsi neutron-server[102367]: INFO neutron.wsgi [None req-575c9207-6948-428b-a1d6-28bb9660aafa admin admin] 10.222.0.52 "DELETE /v2.0/security-groups/965ae9e9-2a78-42c5-96b3-d5307964dd72 HTTP/1.1" status: 204 len: 168 time: 0.2876112
Feb 07 11:22:13.066094 dv-cinder-828085-4-iscsi neutron-server[102368]: INFO neutron.wsgi [req-982ef5de-7dde-47a7-8c32-9104ec2e50a3 req-4a5ece35-6aec-4b8e-8e33-ed376482718e service neutron] 10.222.0.50 "GET /v2.0/ports?device_id=b5c75147-4631-45fb-b6db-b8ed72672447&fields=binding%3Ahost_id&fields=binding%3Avif_type HTTP/1.1" status: 200 len: 275 time: 0.0715227
Feb 07 11:22:13.069067 dv-cinder-828085-4-iscsi neutron-server[102368]: DEBUG neutron.wsgi [-] (102368) accepted ('10.222.0.52', 50874) {{(pid=102368) server /usr/local/lib/python3.8/dist-packages/eventlet/wsgi.py:1004}}
Feb 07 11:22:13.069207 dv-cinder-828085-4-iscsi neutron-server[102367]: INFO neutron.wsgi [None req-68afa266-043f-4229-8947-20a1b129ad47 admin admin] 10.222.0.52 "GET /v2.0/security-groups?tenant_id=f95b004d01d94c429e08ccc954aff5e4&name=default HTTP/1.1" status: 200 len: 2996 time: 0.3836761
Feb 07 11:22:13.093432 dv-cinder-828085-4-iscsi neutron-server[102367]: DEBUG neutron.api.rpc.handlers.resources_rpc [None req-68afa266-043f-4229-8947-20a1b129ad47 admin admin] Pushing event updated for resources: {'SecurityGroup': ['ID=1eab6262-1e57-41b4-9aeb-08082789e1d4,revision_number=1']} {{(pid=102367) push /opt/stack/neutron/neutron/api/rpc/handlers/resources_rpc.py:237}}
Feb 07 11:22:13.128985 dv-cinder-828085-4-iscsi neutron-server[102367]: DEBUG neutron.api.rpc.handlers.resources_rpc [None req-575c9207-6948-428b-a1d6-28bb9660aafa admin admin] Pushing event deleted for resources: {'SecurityGroup': ['ID=965ae9e9-2a78-42c5-96b3-d5307964dd72,revision_number=None']} {{(pid=102367) push /opt/stack/neutron/neutron/api/rpc/handlers/resources_rpc.py:237}}
Feb 07 11:22:13.187130 dv-cinder-828085-4-iscsi neutron-server[102368]: DEBUG neutron_lib.callbacks.manager [None req-2afea0f7-ab98-4d19-8d5c-6c7ec6ebb2a6 admin admin] Publish callbacks [] for security_group (1eab6262-1e57-41b4-9aeb-08082789e1d4), before_delete {{(pid=102368) _notify_loop /usr/local/lib/python3.8/dist-packages/neutron_lib/callbacks/manager.py:176}}
Feb 07 11:22:13.219306 dv-cinder-828085-4-iscsi neutron-server[102368]: DEBUG neutron_lib.callbacks.manager [None req-2afea0f7-ab98-4d19-8d5c-6c7ec6ebb2a6 admin admin] Publish callbacks [] for security_group (1eab6262-1e57-41b4-9aeb-08082789e1d4), precommit_delete {{(pid=102368) _notify_loop /usr/local/lib/python3.8/dist-packages/neutron_lib/callbacks/manager.py:176}}
Feb 07 11:22:13.225162 dv-cinder-828085-4-iscsi neutron-server[102367]: DEBUG neutron.wsgi [-] (102367) accepted ('10.222.0.52', 50880) {{(pid=102367) server /usr/local/lib/python3.8/dist-packages/eventlet/wsgi.py:1004}}
Feb 07 11:22:13.227952 dv-cinder-828085-4-iscsi neutron-server[102368]: DEBUG neutron.pecan_wsgi.hooks.policy_enforcement [req-982ef5de-7dde-47a7-8c32-9104ec2e50a3 req-82f97a48-9590-4059-b5ac-fe42e993a82c service neutron] Attributes excluded by policy engine: ['standard_attr_id'] {{(pid=102368) _exclude_attributes_by_policy /opt/stack/neutron/neutron/pecan_wsgi/hooks/policy_enforcement.py:255}}
Feb 07 11:22:13.229695 dv-cinder-828085-4-iscsi neutron-server[102368]: INFO neutron.wsgi [req-982ef5de-7dde-47a7-8c32-9104ec2e50a3 req-82f97a48-9590-4059-b5ac-fe42e993a82c service neutron] 10.222.0.50 "GET /v2.0/ports?tenant_id=ab15671d278047d29ba00058196d4c3c&device_id=b5c75147-4631-45fb-b6db-b8ed72672447 HTTP/1.1" status: 200 len: 1129 time: 0.0889678
Feb 07 11:22:13.240965 dv-cinder-828085-4-iscsi neutron-server[102367]: DEBUG neutron_lib.callbacks.manager [None req-4247a1c7-42ca-4f1d-aeba-e5e380be91a8 admin admin] Publish callbacks [] for security_group (None), before_create {{(pid=102367) _notify_loop /usr/local/lib/python3.8/dist-packages/neutron_lib/callbacks/manager.py:176}}
Feb 07 11:22:13.340981 dv-cinder-828085-4-iscsi neutron-server[102367]: DEBUG neutron_lib.callbacks.manager [None req-4247a1c7-42ca-4f1d-aeba-e5e380be91a8 admin admin] Publish callbacks [] for security_group (0451cb2e-a38b-4c38-9807-4414808f6f5f), precommit_create {{(pid=102367) _notify_loop /usr/local/lib/python3.8/dist-packages/neutron_lib/callbacks/manager.py:176}}
Feb 07 11:22:13.348967 dv-cinder-828085-4-iscsi neutron-server[102367]: DEBUG neutron_lib.callbacks.manager [None req-4247a1c7-42ca-4f1d-aeba-e5e380be91a8 admin admin] Publish callbacks ['neutron.plugins.ml2.ovo_rpc._ObjectChangeHandler.handle_event-832752'] for security_group (0451cb2e-a38b-4c38-9807-4414808f6f5f), after_create {{(pid=102367) _notify_loop /usr/local/lib/python3.8/dist-packages/neutron_lib/callbacks/manager.py:176}}
Feb 07 11:22:13.359549 dv-cinder-828085-4-iscsi neutron-server[102368]: DEBUG neutron_lib.callbacks.manager [None req-2afea0f7-ab98-4d19-8d5c-6c7ec6ebb2a6 admin admin] Publish callbacks ['neutron.plugins.ml2.ovo_rpc._ObjectChangeHandler.handle_event-832752'] for security_group (1eab6262-1e57-41b4-9aeb-08082789e1d4), after_delete {{(pid=102368) _notify_loop /usr/local/lib/python3.8/dist-packages/neutron_lib/callbacks/manager.py:176}}
Feb 07 11:22:13.366251 dv-cinder-828085-4-iscsi neutron-server[102368]: DEBUG neutron_lib.callbacks.manager [None req-2afea0f7-ab98-4d19-8d5c-6c7ec6ebb2a6 admin admin] Publish callbacks [] for security_group (None), before_response {{(pid=102368) _notify_loop /usr/local/lib/python3.8/dist-packages/neutron_lib/callbacks/manager.py:176}}
Feb 07 11:22:13.369105 dv-cinder-828085-4-iscsi neutron-server[102368]: INFO neutron.wsgi [None req-2afea0f7-ab98-4d19-8d5c-6c7ec6ebb2a6 admin admin] 10.222.0.52 "DELETE /v2.0/security-groups/1eab6262-1e57-41b4-9aeb-08082789e1d4 HTTP/1.1" status: 204 len: 168 time: 0.2982318
Feb 07 11:22:13.395161 dv-cinder-828085-4-iscsi neutron-server[102367]: INFO neutron.wsgi [None req-4247a1c7-42ca-4f1d-aeba-e5e380be91a8 admin admin] 10.222.0.52 "GET /v2.0/security-groups?tenant_id=d26b8f4b0cc540d49335cdb2f7444a41&name=default HTTP/1.1" status: 200 len: 2996 time: 0.1686630
Feb 07 11:22:13.396202 dv-cinder-828085-4-iscsi neutron-server[102367]: DEBUG neutron.api.rpc.handlers.resources_rpc [None req-4247a1c7-42ca-4f1d-aeba-e5e380be91a8 admin admin] Pushing event updated for resources: {'SecurityGroup': ['ID=0451cb2e-a38b-4c38-9807-4414808f6f5f,revision_number=1']} {{(pid=102367) push /opt/stack/neutron/neutron/api/rpc/handlers/resources_rpc.py:237}}
Feb 07 11:22:13.398762 dv-cinder-828085-4-iscsi neutron-server[102367]: DEBUG neutron.wsgi [-] (102367) accepted ('10.222.0.52', 50888) {{(pid=102367) server /usr/local/lib/python3.8/dist-packages/eventlet/wsgi.py:1004}}
Feb 07 11:22:13.408640 dv-cinder-828085-4-iscsi neutron-server[102368]: DEBUG neutron.api.rpc.handlers.resources_rpc [None req-2afea0f7-ab98-4d19-8d5c-6c7ec6ebb2a6 admin admin] Pushing event deleted for resources: {'SecurityGroup': ['ID=1eab6262-1e57-41b4-9aeb-08082789e1d4,revision_number=None']} {{(pid=102368) push /opt/stack/neutron/neutron/api/rpc/handlers/resources_rpc.py:237}}
Feb 07 11:22:13.412317 dv-cinder-828085-4-iscsi neutron-server[102368]: DEBUG neutron.pecan_wsgi.hooks.policy_enforcement [req-982ef5de-7dde-47a7-8c32-9104ec2e50a3 req-a05053d9-a1e7-475b-85bc-4ea31db645e6 service neutron] Attributes excluded by policy engine: ['standard_attr_id', 'vlan_transparent'] {{(pid=102368) _exclude_attributes_by_policy /opt/stack/neutron/neutron/pecan_wsgi/hooks/policy_enforcement.py:255}}
Feb 07 11:22:13.413859 dv-cinder-828085-4-iscsi neutron-server[102368]: INFO neutron.wsgi [req-982ef5de-7dde-47a7-8c32-9104ec2e50a3 req-a05053d9-a1e7-475b-85bc-4ea31db645e6 service neutron] 10.222.0.50 "GET /v2.0/networks?id=74eb03e6-c045-4956-bb85-f4f16178b186 HTTP/1.1" status: 200 len: 911 time: 0.1498237
Feb 07 11:22:13.482120 dv-cinder-828085-4-iscsi neutron-server[102368]: INFO neutron.wsgi [req-982ef5de-7dde-47a7-8c32-9104ec2e50a3 req-7921cdbc-2582-45aa-9a78-a4abff596990 service neutron] 10.222.0.50 "GET /v2.0/floatingips?fixed_ip_address=172.20.0.7&port_id=86aa5a2b-b0c7-49f0-b2d3-a95f8d8fd2f6 HTTP/1.1" status: 200 len: 217 time: 0.0531452
Feb 07 11:22:13.497046 dv-cinder-828085-4-iscsi neutron-server[102367]: DEBUG neutron_lib.callbacks.manager [None req-b0fa4477-8602-4bdf-9942-37d999dc0c46 admin admin] Publish callbacks [] for security_group (0451cb2e-a38b-4c38-9807-4414808f6f5f), before_delete {{(pid=102367) _notify_loop /usr/local/lib/python3.8/dist-packages/neutron_lib/callbacks/manager.py:176}}
Feb 07 11:22:13.528354 dv-cinder-828085-4-iscsi neutron-server[102367]: DEBUG neutron_lib.callbacks.manager [None req-b0fa4477-8602-4bdf-9942-37d999dc0c46 admin admin] Publish callbacks [] for security_group (0451cb2e-a38b-4c38-9807-4414808f6f5f), precommit_delete {{(pid=102367) _notify_loop /usr/local/lib/python3.8/dist-packages/neutron_lib/callbacks/manager.py:176}}
Feb 07 11:22:13.562801 dv-cinder-828085-4-iscsi neutron-server[102368]: DEBUG neutron.pecan_wsgi.hooks.policy_enforcement [req-982ef5de-7dde-47a7-8c32-9104ec2e50a3 req-1301a69d-4941-4ceb-ad1d-86d19ef60e49 service neutron] Attributes excluded by policy engine: ['standard_attr_id', 'shared', 'segment_id'] {{(pid=102368) _exclude_attributes_by_policy /opt/stack/neutron/neutron/pecan_wsgi/hooks/policy_enforcement.py:255}}
Feb 07 11:22:13.565584 dv-cinder-828085-4-iscsi neutron-server[102368]: INFO neutron.wsgi [req-982ef5de-7dde-47a7-8c32-9104ec2e50a3 req-1301a69d-4941-4ceb-ad1d-86d19ef60e49 service neutron] 10.222.0.50 "GET /v2.0/subnets?id=2429f689-297f-43d3-81d2-849a63640d02 HTTP/1.1" status: 200 len: 850 time: 0.0692720
Feb 07 11:22:13.607364 dv-cinder-828085-4-iscsi neutron-server[102368]: INFO neutron.wsgi [req-982ef5de-7dde-47a7-8c32-9104ec2e50a3 req-9840ce53-e025-4630-9a50-ff503c20283c service neutron] 10.222.0.50 "GET /v2.0/ports?network_id=74eb03e6-c045-4956-bb85-f4f16178b186&device_owner=network%3Adhcp HTTP/1.1" status: 200 len: 210 time: 0.0334575
Feb 07 11:22:13.620051 dv-cinder-828085-4-iscsi neutron-server[102367]: DEBUG neutron_lib.callbacks.manager [None req-b0fa4477-8602-4bdf-9942-37d999dc0c46 admin admin] Publish callbacks ['neutron.plugins.ml2.ovo_rpc._ObjectChangeHandler.handle_event-832752'] for security_group (0451cb2e-a38b-4c38-9807-4414808f6f5f), after_delete {{(pid=102367) _notify_loop /usr/local/lib/python3.8/dist-packages/neutron_lib/callbacks/manager.py:176}}
Feb 07 11:22:13.623450 dv-cinder-828085-4-iscsi neutron-server[102367]: DEBUG neutron_lib.callbacks.manager [None req-b0fa4477-8602-4bdf-9942-37d999dc0c46 admin admin] Publish callbacks [] for security_group (None), before_response {{(pid=102367) _notify_loop /usr/local/lib/python3.8/dist-packages/neutron_lib/callbacks/manager.py:176}}
Feb 07 11:22:13.628431 dv-cinder-828085-4-iscsi neutron-server[102367]: INFO neutron.wsgi [None req-b0fa4477-8602-4bdf-9942-37d999dc0c46 admin admin] 10.222.0.52 "DELETE /v2.0/security-groups/0451cb2e-a38b-4c38-9807-4414808f6f5f HTTP/1.1" status: 204 len: 168 time: 0.2166824
Feb 07 11:22:13.638358 dv-cinder-828085-4-iscsi neutron-server[102367]: DEBUG neutron.api.rpc.handlers.resources_rpc [None req-b0fa4477-8602-4bdf-9942-37d999dc0c46 admin admin] Pushing event deleted for resources: {'SecurityGroup': ['ID=0451cb2e-a38b-4c38-9807-4414808f6f5f,revision_number=None']} {{(pid=102367) push /opt/stack/neutron/neutron/api/rpc/handlers/resources_rpc.py:237}}
Feb 07 11:22:13.738099 dv-cinder-828085-4-iscsi neutron-server[102368]: INFO neutron.wsgi [req-982ef5de-7dde-47a7-8c32-9104ec2e50a3 req-6d9de308-b2af-479d-abf4-3a6b85d8367e service neutron] 10.222.0.50 "GET /v2.0/networks/74eb03e6-c045-4956-bb85-f4f16178b186?fields=segments HTTP/1.1" status: 200 len: 212 time: 0.1225798
Feb 07 11:22:13.780173 dv-cinder-828085-4-iscsi neutron-server[102367]: DEBUG neutron.wsgi [-] (102367) accepted ('10.222.0.52', 50904) {{(pid=102367) server /usr/local/lib/python3.8/dist-packages/eventlet/wsgi.py:1004}}
Feb 07 11:22:13.796790 dv-cinder-828085-4-iscsi neutron-server[102367]: DEBUG neutron_lib.callbacks.manager [None req-88d7149e-9cb1-42c0-b6e1-916ff4ce5fd9 admin admin] Publish callbacks [] for security_group (None), before_create {{(pid=102367) _notify_loop /usr/local/lib/python3.8/dist-packages/neutron_lib/callbacks/manager.py:176}}
Feb 07 11:22:13.835281 dv-cinder-828085-4-iscsi neutron-server[102369]: DEBUG neutron_lib.callbacks.manager [None req-0f93232a-abd4-45dc-8f26-81772a22e966 None None] Publish callbacks ['neutron.services.segments.db._update_segment_host_mapping_for_agent-8746629468335', 'neutron.plugins.ml2.plugin.Ml2Plugin._retry_binding_revived_agents-8179113'] for agent (c5a7d8ff-14e9-4530-996d-c3b57f42b48c), after_update {{(pid=102369) _notify_loop /usr/local/lib/python3.8/dist-packages/neutron_lib/callbacks/manager.py:176}}
Feb 07 11:22:13.870580 dv-cinder-828085-4-iscsi neutron-server[102368]: INFO neutron.wsgi [req-982ef5de-7dde-47a7-8c32-9104ec2e50a3 req-ab088f7e-fea7-4ba4-bd6e-2970167f5a00 service neutron] 10.222.0.50 "GET /v2.0/networks/74eb03e6-c045-4956-bb85-f4f16178b186?fields=provider%3Aphysical_network&fields=provider%3Anetwork_type HTTP/1.1" status: 200 len: 281 time: 0.1261501
Feb 07 11:22:13.922127 dv-cinder-828085-4-iscsi neutron-server[102367]: DEBUG neutron_lib.callbacks.manager [None req-88d7149e-9cb1-42c0-b6e1-916ff4ce5fd9 admin admin] Publish callbacks [] for security_group (9ffdde51-0423-4d4b-af71-176084d27db3), precommit_create {{(pid=102367) _notify_loop /usr/local/lib/python3.8/dist-packages/neutron_lib/callbacks/manager.py:176}}
Feb 07 11:22:13.927010 dv-cinder-828085-4-iscsi neutron-server[102367]: DEBUG neutron_lib.callbacks.manager [None req-88d7149e-9cb1-42c0-b6e1-916ff4ce5fd9 admin admin] Publish callbacks ['neutron.plugins.ml2.ovo_rpc._ObjectChangeHandler.handle_event-832752'] for security_group (9ffdde51-0423-4d4b-af71-176084d27db3), after_create {{(pid=102367) _notify_loop /usr/local/lib/python3.8/dist-packages/neutron_lib/callbacks/manager.py:176}}
Feb 07 11:22:13.978673 dv-cinder-828085-4-iscsi neutron-server[102367]: DEBUG neutron.api.rpc.handlers.resources_rpc [None req-88d7149e-9cb1-42c0-b6e1-916ff4ce5fd9 admin admin] Pushing event updated for resources: {'SecurityGroup': ['ID=9ffdde51-0423-4d4b-af71-176084d27db3,revision_number=1']} {{(pid=102367) push /opt/stack/neutron/neutron/api/rpc/handlers/resources_rpc.py:237}}
Feb 07 11:22:13.984714 dv-cinder-828085-4-iscsi neutron-server[102367]: INFO neutron.wsgi [None req-88d7149e-9cb1-42c0-b6e1-916ff4ce5fd9 admin admin] 10.222.0.52 "GET /v2.0/security-groups?tenant_id=a601ca73d05c4c92b5f1955bb69c878b&name=default HTTP/1.1" status: 200 len: 2996 time: 0.2032807
Feb 07 11:22:13.987670 dv-cinder-828085-4-iscsi neutron-server[102367]: DEBUG neutron.wsgi [-] (102367) accepted ('10.222.0.52', 50910) {{(pid=102367) server /usr/local/lib/python3.8/dist-packages/eventlet/wsgi.py:1004}}
Feb 07 11:22:14.055079 dv-cinder-828085-4-iscsi neutron-server[102367]: DEBUG neutron_lib.callbacks.manager [None req-d52a45eb-1bb9-4e95-aaba-dd96e49785b2 admin admin] Publish callbacks [] for security_group (9ffdde51-0423-4d4b-af71-176084d27db3), before_delete {{(pid=102367) _notify_loop /usr/local/lib/python3.8/dist-packages/neutron_lib/callbacks/manager.py:176}}
Feb 07 11:22:14.094185 dv-cinder-828085-4-iscsi neutron-server[102367]: DEBUG neutron_lib.callbacks.manager [None req-d52a45eb-1bb9-4e95-aaba-dd96e49785b2 admin admin] Publish callbacks [] for security_group (9ffdde51-0423-4d4b-af71-176084d27db3), precommit_delete {{(pid=102367) _notify_loop /usr/local/lib/python3.8/dist-packages/neutron_lib/callbacks/manager.py:176}}
Feb 07 11:22:14.202380 dv-cinder-828085-4-iscsi neutron-server[102367]: DEBUG neutron.pecan_wsgi.hooks.policy_enforcement [req-42fa0774-d943-4bf2-a4a3-158c57c6db77 req-2d0d144e-f1d0-4e3f-8e39-fe3bb12d3932 tempest-ServerRescueNegativeTestJSON-1383806472 tempest-ServerRescueNegativeTestJSON-1383806472-project] Attributes excluded by policy engine: ['standard_attr_id', 'binding:profile', 'binding:host_id', 'binding:vif_type', 'binding:vif_details'] {{(pid=102367) _exclude_attributes_by_policy /opt/stack/neutron/neutron/pecan_wsgi/hooks/policy_enforcement.py:255}}
Feb 07 11:22:14.204030 dv-cinder-828085-4-iscsi neutron-server[102367]: INFO neutron.wsgi [req-42fa0774-d943-4bf2-a4a3-158c57c6db77 req-2d0d144e-f1d0-4e3f-8e39-fe3bb12d3932 tempest-ServerRescueNegativeTestJSON-1383806472 tempest-ServerRescueNegativeTestJSON-1383806472-project] 10.222.0.52 "GET /v2.0/ports?device_id=130cdac5-06f3-4c04-90b2-dcac580f2ca9 HTTP/1.1" status: 200 len: 945 time: 0.0913408
Feb 07 11:22:14.231659 dv-cinder-828085-4-iscsi neutron-server[102367]: DEBUG neutron_lib.callbacks.manager [None req-d52a45eb-1bb9-4e95-aaba-dd96e49785b2 admin admin] Publish callbacks ['neutron.plugins.ml2.ovo_rpc._ObjectChangeHandler.handle_event-832752'] for security_group (9ffdde51-0423-4d4b-af71-176084d27db3), after_delete {{(pid=102367) _notify_loop /usr/local/lib/python3.8/dist-packages/neutron_lib/callbacks/manager.py:176}}
Feb 07 11:22:14.234324 dv-cinder-828085-4-iscsi neutron-server[102367]: DEBUG neutron_lib.callbacks.manager [None req-d52a45eb-1bb9-4e95-aaba-dd96e49785b2 admin admin] Publish callbacks [] for security_group (None), before_response {{(pid=102367) _notify_loop /usr/local/lib/python3.8/dist-packages/neutron_lib/callbacks/manager.py:176}}
Feb 07 11:22:14.235524 dv-cinder-828085-4-iscsi neutron-server[102367]: INFO neutron.wsgi [None req-d52a45eb-1bb9-4e95-aaba-dd96e49785b2 admin admin] 10.222.0.52 "DELETE /v2.0/security-groups/9ffdde51-0423-4d4b-af71-176084d27db3 HTTP/1.1" status: 204 len: 168 time: 0.2468407
Feb 07 11:22:14.271136 dv-cinder-828085-4-iscsi neutron-server[102367]: DEBUG neutron.api.rpc.handlers.resources_rpc [None req-d52a45eb-1bb9-4e95-aaba-dd96e49785b2 admin admin] Pushing event deleted for resources: {'SecurityGroup': ['ID=9ffdde51-0423-4d4b-af71-176084d27db3,revision_number=None']} {{(pid=102367) push /opt/stack/neutron/neutron/api/rpc/handlers/resources_rpc.py:237}}
Feb 07 11:22:14.361415 dv-cinder-828085-4-iscsi neutron-server[102367]: INFO neutron.wsgi [req-42fa0774-d943-4bf2-a4a3-158c57c6db77 req-4dabdd73-2300-4880-8f94-d8ef1fd8dced tempest-ServerRescueNegativeTestJSON-1383806472 tempest-ServerRescueNegativeTestJSON-1383806472-project] 10.222.0.52 "GET /v2.0/security-groups?id=82ebd769-f281-42e6-bb78-bf6395d3951a&fields=id&fields=name HTTP/1.1" status: 200 len: 286 time: 0.1491814
Feb 07 11:22:15.098614 dv-cinder-828085-4-iscsi neutron-server[102369]: DEBUG neutron_lib.callbacks.manager [None req-4fba43cf-f11c-4d97-9200-2dd299c25880 None None] Publish callbacks ['neutron.services.segments.db._update_segment_host_mapping_for_agent-8746629468335', 'neutron.plugins.ml2.plugin.Ml2Plugin._retry_binding_revived_agents-8179113'] for agent (d8399d72-019e-4e92-b2df-9189db62f9d4), after_update {{(pid=102369) _notify_loop /usr/local/lib/python3.8/dist-packages/neutron_lib/callbacks/manager.py:176}}
Feb 07 11:22:15.568666 dv-cinder-828085-4-iscsi neutron-server[102368]: DEBUG neutron.pecan_wsgi.hooks.policy_enforcement [req-ce2ed81b-9bbc-4a86-a0de-47551487a1cf req-4ea416d8-c4f8-4b5f-abb9-775ae158b99b tempest-ServerRescueNegativeTestJSON-1383806472 tempest-ServerRescueNegativeTestJSON-1383806472-project] Attributes excluded by policy engine: ['standard_attr_id', 'binding:profile', 'binding:host_id', 'binding:vif_type', 'binding:vif_details'] {{(pid=102368) _exclude_attributes_by_policy /opt/stack/neutron/neutron/pecan_wsgi/hooks/policy_enforcement.py:255}}
Feb 07 11:22:15.571091 dv-cinder-828085-4-iscsi neutron-server[102368]: INFO neutron.wsgi [req-ce2ed81b-9bbc-4a86-a0de-47551487a1cf req-4ea416d8-c4f8-4b5f-abb9-775ae158b99b tempest-ServerRescueNegativeTestJSON-1383806472 tempest-ServerRescueNegativeTestJSON-1383806472-project] 10.222.0.52 "GET /v2.0/ports?device_id=130cdac5-06f3-4c04-90b2-dcac580f2ca9 HTTP/1.1" status: 200 len: 945 time: 0.0994270
Feb 07 11:22:15.587275 dv-cinder-828085-4-iscsi neutron-server[102369]: DEBUG neutron_lib.callbacks.manager [None req-12db255c-34b8-4376-9ed7-d043729fea2a None None] Publish callbacks ['neutron.services.segments.db._update_segment_host_mapping_for_agent-8746629468335', 'neutron.plugins.ml2.plugin.Ml2Plugin._retry_binding_revived_agents-8179113'] for agent (7c6ec514-145a-46db-977c-537590e2dc45), after_update {{(pid=102369) _notify_loop /usr/local/lib/python3.8/dist-packages/neutron_lib/callbacks/manager.py:176}}
Feb 07 11:22:15.680010 dv-cinder-828085-4-iscsi neutron-server[102368]: INFO neutron.wsgi [req-ce2ed81b-9bbc-4a86-a0de-47551487a1cf req-d4a0f266-e7a6-4f52-87c5-70710fe99ce2 tempest-ServerRescueNegativeTestJSON-1383806472 tempest-ServerRescueNegativeTestJSON-1383806472-project] 10.222.0.52 "GET /v2.0/security-groups?id=82ebd769-f281-42e6-bb78-bf6395d3951a&fields=id&fields=name HTTP/1.1" status: 200 len: 286 time: 0.0923820
Feb 07 11:22:16.013132 dv-cinder-828085-4-iscsi neutron-server[102368]: DEBUG neutron.pecan_wsgi.hooks.policy_enforcement [req-6bee4bd9-6d96-4677-b5b2-0cc532e43b86 req-9ae5b512-06b9-44d4-8f77-923293cbe5ed tempest-DeleteServersTestJSON-951535241 tempest-DeleteServersTestJSON-951535241-project] Attributes excluded by policy engine: ['standard_attr_id', 'binding:profile', 'binding:host_id', 'binding:vif_type', 'binding:vif_details'] {{(pid=102368) _exclude_attributes_by_policy /opt/stack/neutron/neutron/pecan_wsgi/hooks/policy_enforcement.py:255}}
Feb 07 11:22:16.014833 dv-cinder-828085-4-iscsi neutron-server[102368]: INFO neutron.wsgi [req-6bee4bd9-6d96-4677-b5b2-0cc532e43b86 req-9ae5b512-06b9-44d4-8f77-923293cbe5ed tempest-DeleteServersTestJSON-951535241 tempest-DeleteServersTestJSON-951535241-project] 10.222.0.52 "GET /v2.0/ports?device_id=b5c75147-4631-45fb-b6db-b8ed72672447 HTTP/1.1" status: 200 len: 945 time: 0.0700636
Feb 07 11:22:16.078752 dv-cinder-828085-4-iscsi neutron-server[102368]: INFO neutron.wsgi [req-6bee4bd9-6d96-4677-b5b2-0cc532e43b86 req-0bd3c5a4-a264-47d9-91f2-b8b1a4cf997c tempest-DeleteServersTestJSON-951535241 tempest-DeleteServersTestJSON-951535241-project] 10.222.0.52 "GET /v2.0/security-groups?id=e76c323a-f017-4d2b-a246-6fe4952c9bb8&fields=id&fields=name HTTP/1.1" status: 200 len: 286 time: 0.0544374
Feb 07 11:22:16.835563 dv-cinder-828085-4-iscsi neutron-server[102367]: DEBUG neutron.pecan_wsgi.hooks.policy_enforcement [req-99802895-134f-4cdc-95e5-d33a631f0827 req-f4a03ef4-74e9-461b-b031-c0797a94b606 tempest-ServerRescueNegativeTestJSON-1383806472 tempest-ServerRescueNegativeTestJSON-1383806472-project] Attributes excluded by policy engine: ['standard_attr_id', 'binding:profile', 'binding:host_id', 'binding:vif_type', 'binding:vif_details'] {{(pid=102367) _exclude_attributes_by_policy /opt/stack/neutron/neutron/pecan_wsgi/hooks/policy_enforcement.py:255}}
Feb 07 11:22:16.838208 dv-cinder-828085-4-iscsi neutron-server[102367]: INFO neutron.wsgi [req-99802895-134f-4cdc-95e5-d33a631f0827 req-f4a03ef4-74e9-461b-b031-c0797a94b606 tempest-ServerRescueNegativeTestJSON-1383806472 tempest-ServerRescueNegativeTestJSON-1383806472-project] 10.222.0.52 "GET /v2.0/ports?device_id=130cdac5-06f3-4c04-90b2-dcac580f2ca9 HTTP/1.1" status: 200 len: 945 time: 0.0764620
Feb 07 11:22:16.889776 dv-cinder-828085-4-iscsi neutron-server[102367]: INFO neutron.wsgi [req-99802895-134f-4cdc-95e5-d33a631f0827 req-8d47f496-202c-4f5f-b919-b47a2cd56bb9 tempest-ServerRescueNegativeTestJSON-1383806472 tempest-ServerRescueNegativeTestJSON-1383806472-project] 10.222.0.52 "GET /v2.0/security-groups?id=82ebd769-f281-42e6-bb78-bf6395d3951a&fields=id&fields=name HTTP/1.1" status: 200 len: 286 time: 0.0450745
Feb 07 11:22:17.206636 dv-cinder-828085-4-iscsi neutron-server[102368]: DEBUG neutron.pecan_wsgi.hooks.policy_enforcement [req-c519bbdf-375c-4e26-9613-a6e00a7590fe req-8bcc5658-7d2a-4cad-86b9-c2160c29ea25 tempest-DeleteServersTestJSON-951535241 tempest-DeleteServersTestJSON-951535241-project] Attributes excluded by policy engine: ['standard_attr_id', 'binding:profile', 'binding:host_id', 'binding:vif_type', 'binding:vif_details'] {{(pid=102368) _exclude_attributes_by_policy /opt/stack/neutron/neutron/pecan_wsgi/hooks/policy_enforcement.py:255}}
Feb 07 11:22:17.208261 dv-cinder-828085-4-iscsi neutron-server[102368]: INFO neutron.wsgi [req-c519bbdf-375c-4e26-9613-a6e00a7590fe req-8bcc5658-7d2a-4cad-86b9-c2160c29ea25 tempest-DeleteServersTestJSON-951535241 tempest-DeleteServersTestJSON-951535241-project] 10.222.0.52 "GET /v2.0/ports?device_id=b5c75147-4631-45fb-b6db-b8ed72672447 HTTP/1.1" status: 200 len: 945 time: 0.0569105
Feb 07 11:22:17.259649 dv-cinder-828085-4-iscsi neutron-server[102368]: INFO neutron.wsgi [req-c519bbdf-375c-4e26-9613-a6e00a7590fe req-382566a8-2547-4e3b-bcd0-2ee3d15e9ab6 tempest-DeleteServersTestJSON-951535241 tempest-DeleteServersTestJSON-951535241-project] 10.222.0.52 "GET /v2.0/security-groups?id=e76c323a-f017-4d2b-a246-6fe4952c9bb8&fields=id&fields=name HTTP/1.1" status: 200 len: 286 time: 0.0454557
Feb 07 11:22:18.018264 dv-cinder-828085-4-iscsi neutron-server[102367]: DEBUG neutron.pecan_wsgi.hooks.policy_enforcement [req-5f8de487-c248-4050-ae78-068b93c99c50 req-c5748e50-ac74-4433-9021-b4334ccd2249 tempest-ServerRescueNegativeTestJSON-1383806472 tempest-ServerRescueNegativeTestJSON-1383806472-project] Attributes excluded by policy engine: ['standard_attr_id', 'binding:profile', 'binding:host_id', 'binding:vif_type', 'binding:vif_details'] {{(pid=102367) _exclude_attributes_by_policy /opt/stack/neutron/neutron/pecan_wsgi/hooks/policy_enforcement.py:255}}
Feb 07 11:22:18.019772 dv-cinder-828085-4-iscsi neutron-server[102367]: INFO neutron.wsgi [req-5f8de487-c248-4050-ae78-068b93c99c50 req-c5748e50-ac74-4433-9021-b4334ccd2249 tempest-ServerRescueNegativeTestJSON-1383806472 tempest-ServerRescueNegativeTestJSON-1383806472-project] 10.222.0.52 "GET /v2.0/ports?device_id=130cdac5-06f3-4c04-90b2-dcac580f2ca9 HTTP/1.1" status: 200 len: 945 time: 0.0599377
Feb 07 11:22:18.074045 dv-cinder-828085-4-iscsi neutron-server[102367]: INFO neutron.wsgi [req-5f8de487-c248-4050-ae78-068b93c99c50 req-9f59b252-05da-43f6-b593-4496da23f729 tempest-ServerRescueNegativeTestJSON-1383806472 tempest-ServerRescueNegativeTestJSON-1383806472-project] 10.222.0.52 "GET /v2.0/security-groups?id=82ebd769-f281-42e6-bb78-bf6395d3951a&fields=id&fields=name HTTP/1.1" status: 200 len: 286 time: 0.0475621
Feb 07 11:22:18.397926 dv-cinder-828085-4-iscsi neutron-server[102368]: DEBUG neutron.pecan_wsgi.hooks.policy_enforcement [req-7591aa4f-d1f1-4fa0-b6b0-51733878b5f6 req-8ea0073d-a89c-4d5e-adfe-24a6a25b27c2 tempest-DeleteServersTestJSON-951535241 tempest-DeleteServersTestJSON-951535241-project] Attributes excluded by policy engine: ['standard_attr_id', 'binding:profile', 'binding:host_id', 'binding:vif_type', 'binding:vif_details'] {{(pid=102368) _exclude_attributes_by_policy /opt/stack/neutron/neutron/pecan_wsgi/hooks/policy_enforcement.py:255}}
Feb 07 11:22:18.399585 dv-cinder-828085-4-iscsi neutron-server[102368]: INFO neutron.wsgi [req-7591aa4f-d1f1-4fa0-b6b0-51733878b5f6 req-8ea0073d-a89c-4d5e-adfe-24a6a25b27c2 tempest-DeleteServersTestJSON-951535241 tempest-DeleteServersTestJSON-951535241-project] 10.222.0.52 "GET /v2.0/ports?device_id=b5c75147-4631-45fb-b6db-b8ed72672447 HTTP/1.1" status: 200 len: 945 time: 0.0685449
Feb 07 11:22:18.449151 dv-cinder-828085-4-iscsi neutron-server[102368]: INFO neutron.wsgi [req-7591aa4f-d1f1-4fa0-b6b0-51733878b5f6 req-3618582b-9aa7-4168-ac43-d08d8dfea958 tempest-DeleteServersTestJSON-951535241 tempest-DeleteServersTestJSON-951535241-project] 10.222.0.52 "GET /v2.0/security-groups?id=e76c323a-f017-4d2b-a246-6fe4952c9bb8&fields=id&fields=name HTTP/1.1" status: 200 len: 286 time: 0.0432770
Feb 07 11:22:19.196711 dv-cinder-828085-4-iscsi neutron-server[102367]: DEBUG neutron.pecan_wsgi.hooks.policy_enforcement [req-878a4b76-5ab5-4ad5-be7f-07bc7604534d req-267c367a-3a8d-46ac-9c98-ce54ea82e9b6 tempest-ServerRescueNegativeTestJSON-1383806472 tempest-ServerRescueNegativeTestJSON-1383806472-project] Attributes excluded by policy engine: ['standard_attr_id', 'binding:profile', 'binding:host_id', 'binding:vif_type', 'binding:vif_details'] {{(pid=102367) _exclude_attributes_by_policy /opt/stack/neutron/neutron/pecan_wsgi/hooks/policy_enforcement.py:255}}
Feb 07 11:22:19.198299 dv-cinder-828085-4-iscsi neutron-server[102367]: INFO neutron.wsgi [req-878a4b76-5ab5-4ad5-be7f-07bc7604534d req-267c367a-3a8d-46ac-9c98-ce54ea82e9b6 tempest-ServerRescueNegativeTestJSON-1383806472 tempest-ServerRescueNegativeTestJSON-1383806472-project] 10.222.0.52 "GET /v2.0/ports?device_id=130cdac5-06f3-4c04-90b2-dcac580f2ca9 HTTP/1.1" status: 200 len: 945 time: 0.0526533
Feb 07 11:22:19.250718 dv-cinder-828085-4-iscsi neutron-server[102367]: INFO neutron.wsgi [req-878a4b76-5ab5-4ad5-be7f-07bc7604534d req-a7f4d36b-f6fc-4cb2-9001-69fbe66c967a tempest-ServerRescueNegativeTestJSON-1383806472 tempest-ServerRescueNegativeTestJSON-1383806472-project] 10.222.0.52 "GET /v2.0/security-groups?id=82ebd769-f281-42e6-bb78-bf6395d3951a&fields=id&fields=name HTTP/1.1" status: 200 len: 286 time: 0.0469153
Feb 07 11:22:19.578711 dv-cinder-828085-4-iscsi neutron-server[102368]: DEBUG neutron.pecan_wsgi.hooks.policy_enforcement [req-5bfb9523-91ab-46dc-8889-4cdcead56b3f req-88c729a2-2dac-42ef-8dff-be51ef985c2b tempest-DeleteServersTestJSON-951535241 tempest-DeleteServersTestJSON-951535241-project] Attributes excluded by policy engine: ['standard_attr_id', 'binding:profile', 'binding:host_id', 'binding:vif_type', 'binding:vif_details'] {{(pid=102368) _exclude_attributes_by_policy /opt/stack/neutron/neutron/pecan_wsgi/hooks/policy_enforcement.py:255}}
Feb 07 11:22:19.580233 dv-cinder-828085-4-iscsi neutron-server[102368]: INFO neutron.wsgi [req-5bfb9523-91ab-46dc-8889-4cdcead56b3f req-88c729a2-2dac-42ef-8dff-be51ef985c2b tempest-DeleteServersTestJSON-951535241 tempest-DeleteServersTestJSON-951535241-project] 10.222.0.52 "GET /v2.0/ports?device_id=b5c75147-4631-45fb-b6db-b8ed72672447 HTTP/1.1" status: 200 len: 945 time: 0.0596213
Feb 07 11:22:19.627981 dv-cinder-828085-4-iscsi neutron-server[102368]: INFO neutron.wsgi [req-5bfb9523-91ab-46dc-8889-4cdcead56b3f req-8709ea5b-abdb-4978-9ed3-03da162035e0 tempest-DeleteServersTestJSON-951535241 tempest-DeleteServersTestJSON-951535241-project] 10.222.0.52 "GET /v2.0/security-groups?id=e76c323a-f017-4d2b-a246-6fe4952c9bb8&fields=id&fields=name HTTP/1.1" status: 200 len: 286 time: 0.0422697
Feb 07 11:22:20.104605 dv-cinder-828085-4-iscsi neutron-server[102367]: DEBUG neutron.wsgi [-] (102367) accepted ('10.222.0.52', 51134) {{(pid=102367) server /usr/local/lib/python3.8/dist-packages/eventlet/wsgi.py:1004}}
Feb 07 11:22:20.211346 dv-cinder-828085-4-iscsi neutron-server[102367]: DEBUG neutron_lib.callbacks.manager [None req-f0b24f18-b043-4e7b-a73c-d5d1e0c47bc0 admin admin] Publish callbacks [] for security_group (None), before_create {{(pid=102367) _notify_loop /usr/local/lib/python3.8/dist-packages/neutron_lib/callbacks/manager.py:176}}
Feb 07 11:22:20.282558 dv-cinder-828085-4-iscsi neutron-server[102367]: DEBUG neutron_lib.callbacks.manager [None req-f0b24f18-b043-4e7b-a73c-d5d1e0c47bc0 admin admin] Publish callbacks [] for security_group (8e1db255-e92f-4d2e-88b8-06a83d8e837a), precommit_create {{(pid=102367) _notify_loop /usr/local/lib/python3.8/dist-packages/neutron_lib/callbacks/manager.py:176}}
Feb 07 11:22:20.287246 dv-cinder-828085-4-iscsi neutron-server[102367]: DEBUG neutron_lib.callbacks.manager [None req-f0b24f18-b043-4e7b-a73c-d5d1e0c47bc0 admin admin] Publish callbacks ['neutron.plugins.ml2.ovo_rpc._ObjectChangeHandler.handle_event-832752'] for security_group (8e1db255-e92f-4d2e-88b8-06a83d8e837a), after_create {{(pid=102367) _notify_loop /usr/local/lib/python3.8/dist-packages/neutron_lib/callbacks/manager.py:176}}
Feb 07 11:22:20.325104 dv-cinder-828085-4-iscsi neutron-server[102367]: INFO neutron.wsgi [None req-f0b24f18-b043-4e7b-a73c-d5d1e0c47bc0 admin admin] 10.222.0.52 "GET /v2.0/security-groups?tenant_id=394709e9dd944c5bbae6ca231dd7719a&name=default HTTP/1.1" status: 200 len: 2996 time: 0.2194071
Feb 07 11:22:20.327765 dv-cinder-828085-4-iscsi neutron-server[102368]: DEBUG neutron.wsgi [-] (102368) accepted ('10.222.0.52', 51140) {{(pid=102368) server /usr/local/lib/python3.8/dist-packages/eventlet/wsgi.py:1004}}
