Feb 07 11:21:08.012716 dv-cinder-828085-4-iscsi devstack@c-api.service[109376]: DEBUG cinder.volume.api [None req-4e58d190-a02f-40bd-871c-23b86fe5ddc8 tempest-VolumesTestJSON-1524020929 tempest-VolumesTestJSON-1524020929-project] Task 'cinder.volume.flows.api.create_volume.ExtractVolumeRequestTask;volume:create' (62d690fc-6141-45f2-9757-a3b1d4d12bf8) transitioned into state 'SUCCESS' from state 'RUNNING' with result '{'size': 1, 'snapshot_id': None, 'source_volid': None, 'volume_type': VolumeType(created_at=2022-02-07T11:11:41Z,deleted=False,deleted_at=None,description='Default Volume Type',extra_specs={},id=a6a45a08-3541-41ea-b2ff-56a6edc7dee1,is_public=True,name='__DEFAULT__',projects=[],qos_specs=,qos_specs_id=None,updated_at=2022-02-07T11:11:41Z), 'volume_type_id': 'a6a45a08-3541-41ea-b2ff-56a6edc7dee1', 'encryption_key_id': None, 'qos_specs': None, 'consistencygroup_id': None, 'cgsnapshot_id': None, 'group_id': None, 'replication_status': 'disabled', 'refresh_az': False, 'backup_id': None, 'multiattach': False, 'availability_zones': ['nova']}' {{(pid=109376) _task_receiver /usr/local/lib/python3.8/dist-packages/taskflow/listeners/logging.py:178}}
Feb 07 11:21:08.018751 dv-cinder-828085-4-iscsi devstack@c-api.service[109376]: DEBUG cinder.volume.api [None req-4e58d190-a02f-40bd-871c-23b86fe5ddc8 tempest-VolumesTestJSON-1524020929 tempest-VolumesTestJSON-1524020929-project] Task 'cinder.volume.flows.api.create_volume.QuotaReserveTask;volume:create' (1967db08-3a00-4a78-b7e8-1a1f03f1c0ef) transitioned into state 'RUNNING' from state 'PENDING' {{(pid=109376) _task_receiver /usr/local/lib/python3.8/dist-packages/taskflow/listeners/logging.py:190}}
Feb 07 11:21:08.120319 dv-cinder-828085-4-iscsi devstack@c-api.service[109376]: WARNING cinder.quota [None req-4e58d190-a02f-40bd-871c-23b86fe5ddc8 tempest-VolumesTestJSON-1524020929 tempest-VolumesTestJSON-1524020929-project] Deprecated: Default quota for resource: volumes___DEFAULT__ is set by the default quota flag: quota_volumes___DEFAULT__, it is now deprecated. Please use the default quota class for default quota.
Feb 07 11:21:08.123939 dv-cinder-828085-4-iscsi devstack@c-api.service[109376]: WARNING cinder.quota [None req-4e58d190-a02f-40bd-871c-23b86fe5ddc8 tempest-VolumesTestJSON-1524020929 tempest-VolumesTestJSON-1524020929-project] Deprecated: Default quota for resource: gigabytes___DEFAULT__ is set by the default quota flag: quota_gigabytes___DEFAULT__, it is now deprecated. Please use the default quota class for default quota.
Feb 07 11:21:08.149944 dv-cinder-828085-4-iscsi devstack@c-api.service[109376]: DEBUG cinder.quota [None req-4e58d190-a02f-40bd-871c-23b86fe5ddc8 tempest-VolumesTestJSON-1524020929 tempest-VolumesTestJSON-1524020929-project] Created reservations ['76e2ba54-b7af-4748-80d8-2748013fefbf', '6f2a108f-3e8c-4907-b7e1-2d241adac165', '3f886cbe-15e2-434c-8597-81fa3b861402', 'eae22977-f816-4f1e-8820-7f5d892ed09a'] {{(pid=109376) reserve /opt/stack/cinder/cinder/quota.py:755}}
Feb 07 11:21:08.151991 dv-cinder-828085-4-iscsi devstack@c-api.service[109376]: DEBUG cinder.volume.api [None req-4e58d190-a02f-40bd-871c-23b86fe5ddc8 tempest-VolumesTestJSON-1524020929 tempest-VolumesTestJSON-1524020929-project] Task 'cinder.volume.flows.api.create_volume.QuotaReserveTask;volume:create' (1967db08-3a00-4a78-b7e8-1a1f03f1c0ef) transitioned into state 'SUCCESS' from state 'RUNNING' with result '{'reservations': ['76e2ba54-b7af-4748-80d8-2748013fefbf', '6f2a108f-3e8c-4907-b7e1-2d241adac165', '3f886cbe-15e2-434c-8597-81fa3b861402', 'eae22977-f816-4f1e-8820-7f5d892ed09a']}' {{(pid=109376) _task_receiver /usr/local/lib/python3.8/dist-packages/taskflow/listeners/logging.py:178}}
Feb 07 11:21:08.155049 dv-cinder-828085-4-iscsi devstack@c-api.service[109376]: DEBUG cinder.volume.api [None req-4e58d190-a02f-40bd-871c-23b86fe5ddc8 tempest-VolumesTestJSON-1524020929 tempest-VolumesTestJSON-1524020929-project] Task 'cinder.volume.flows.api.create_volume.EntryCreateTask;volume:create' (676a5094-df2d-4678-842d-8ecc22985fdb) transitioned into state 'RUNNING' from state 'PENDING' {{(pid=109376) _task_receiver /usr/local/lib/python3.8/dist-packages/taskflow/listeners/logging.py:190}}
Feb 07 11:21:08.192708 dv-cinder-828085-4-iscsi devstack@c-api.service[109376]: DEBUG cinder.volume.api [None req-4e58d190-a02f-40bd-871c-23b86fe5ddc8 tempest-VolumesTestJSON-1524020929 tempest-VolumesTestJSON-1524020929-project] Task 'cinder.volume.flows.api.create_volume.EntryCreateTask;volume:create' (676a5094-df2d-4678-842d-8ecc22985fdb) transitioned into state 'SUCCESS' from state 'RUNNING' with result '{'volume_id': 'e33086a5-b7f7-4fd3-a595-521aaac3033d', 'volume_properties': VolumeProperties(attach_status='detached',availability_zone='nova',cgsnapshot_id=None,consistencygroup_id=None,display_description=None,display_name='tempest-VolumesTestJSON-volume-1835227936',encryption_key_id=None,group_id=None,group_type_id=,metadata={Type='work'},multiattach=False,project_id='53b27e9842d648e89ecbf06ad89f61e3',qos_specs=None,replication_status=,reservations=['76e2ba54-b7af-4748-80d8-2748013fefbf','6f2a108f-3e8c-4907-b7e1-2d241adac165','3f886cbe-15e2-434c-8597-81fa3b861402','eae22977-f816-4f1e-8820-7f5d892ed09a'],size=1,snapshot_id=None,source_replicaid=,source_volid=None,status='creating',user_id='21c4265c0449460590bfaef18f5ff695',volume_type_id=a6a45a08-3541-41ea-b2ff-56a6edc7dee1), 'volume': Volume(_name_id=None,admin_metadata=,attach_status='detached',availability_zone='nova',bootable=False,cluster=,cluster_name=None,consistencygroup=,consistencygroup_id=None,created_at=2022-02-07T11:21:08Z,deleted=False,deleted_at=None,display_description=None,display_name='tempest-VolumesTestJSON-volume-1835227936',ec2_id=None,encryption_key_id=None,glance_metadata=,group=,group_id=None,host=None,id=e33086a5-b7f7-4fd3-a595-521aaac3033d,launched_at=None,metadata={Type='work'},migration_status=None,multiattach=False,previous_status=None,project_id='53b27e9842d648e89ecbf06ad89f61e3',provider_auth=None,provider_geometry=None,provider_id=None,provider_location=None,replication_driver_data=None,replication_extended_status=None,replication_status=None,scheduled_at=None,service_uuid=None,shared_targets=True,size=1,snapshot_id=None,snapshots=,source_volid=None,status='creating',terminated_at=None,updated_at=None,use_quota=True,user_id='21c4265c0449460590bfaef18f5ff695',volume_attachment=VolumeAttachmentList,volume_type=VolumeType(a6a45a08-3541-41ea-b2ff-56a6edc7dee1),volume_type_id=a6a45a08-3541-41ea-b2ff-56a6edc7dee1)}' {{(pid=109376) _task_receiver /usr/local/lib/python3.8/dist-packages/taskflow/listeners/logging.py:178}}
Feb 07 11:21:08.194654 dv-cinder-828085-4-iscsi devstack@c-api.service[109376]: DEBUG cinder.volume.api [None req-4e58d190-a02f-40bd-871c-23b86fe5ddc8 tempest-VolumesTestJSON-1524020929 tempest-VolumesTestJSON-1524020929-project] Task 'cinder.volume.flows.api.create_volume.QuotaCommitTask;volume:create' (9ad101f7-2f68-4390-83cb-3e25f787444f) transitioned into state 'RUNNING' from state 'PENDING' {{(pid=109376) _task_receiver /usr/local/lib/python3.8/dist-packages/taskflow/listeners/logging.py:190}}
Feb 07 11:21:08.227454 dv-cinder-828085-4-iscsi devstack@c-api.service[109376]: DEBUG cinder.volume.api [None req-4e58d190-a02f-40bd-871c-23b86fe5ddc8 tempest-VolumesTestJSON-1524020929 tempest-VolumesTestJSON-1524020929-project] Task 'cinder.volume.flows.api.create_volume.QuotaCommitTask;volume:create' (9ad101f7-2f68-4390-83cb-3e25f787444f) transitioned into state 'SUCCESS' from state 'RUNNING' with result '{'volume_properties': VolumeProperties(attach_status='detached',availability_zone='nova',cgsnapshot_id=None,consistencygroup_id=None,display_description=None,display_name='tempest-VolumesTestJSON-volume-1835227936',encryption_key_id=None,group_id=None,group_type_id=,metadata={Type='work'},multiattach=False,project_id='53b27e9842d648e89ecbf06ad89f61e3',qos_specs=None,replication_status=,reservations=['76e2ba54-b7af-4748-80d8-2748013fefbf','6f2a108f-3e8c-4907-b7e1-2d241adac165','3f886cbe-15e2-434c-8597-81fa3b861402','eae22977-f816-4f1e-8820-7f5d892ed09a'],size=1,snapshot_id=None,source_replicaid=,source_volid=None,status='creating',user_id='21c4265c0449460590bfaef18f5ff695',volume_type_id=a6a45a08-3541-41ea-b2ff-56a6edc7dee1)}' {{(pid=109376) _task_receiver /usr/local/lib/python3.8/dist-packages/taskflow/listeners/logging.py:178}}
Feb 07 11:21:08.231655 dv-cinder-828085-4-iscsi devstack@c-api.service[109376]: DEBUG cinder.volume.api [None req-4e58d190-a02f-40bd-871c-23b86fe5ddc8 tempest-VolumesTestJSON-1524020929 tempest-VolumesTestJSON-1524020929-project] Task 'cinder.volume.flows.api.create_volume.VolumeCastTask;volume:create' (dfc3cf9d-78ed-4785-b016-7b2df9ca7185) transitioned into state 'RUNNING' from state 'PENDING' {{(pid=109376) _task_receiver /usr/local/lib/python3.8/dist-packages/taskflow/listeners/logging.py:190}}
Feb 07 11:21:08.271334 dv-cinder-828085-4-iscsi devstack@c-api.service[109376]: DEBUG cinder.volume.api [None req-4e58d190-a02f-40bd-871c-23b86fe5ddc8 tempest-VolumesTestJSON-1524020929 tempest-VolumesTestJSON-1524020929-project] Task 'cinder.volume.flows.api.create_volume.VolumeCastTask;volume:create' (dfc3cf9d-78ed-4785-b016-7b2df9ca7185) transitioned into state 'SUCCESS' from state 'RUNNING' with result 'None' {{(pid=109376) _task_receiver /usr/local/lib/python3.8/dist-packages/taskflow/listeners/logging.py:178}}
Feb 07 11:21:08.281539 dv-cinder-828085-4-iscsi devstack@c-api.service[109376]: DEBUG cinder.volume.api [None req-4e58d190-a02f-40bd-871c-23b86fe5ddc8 tempest-VolumesTestJSON-1524020929 tempest-VolumesTestJSON-1524020929-project] Flow 'volume_create_api' (f33ee656-002b-4310-9dbf-c1ebf6177c48) transitioned into state 'SUCCESS' from state 'RUNNING' {{(pid=109376) _flow_receiver /usr/local/lib/python3.8/dist-packages/taskflow/listeners/logging.py:141}}
Feb 07 11:21:08.282868 dv-cinder-828085-4-iscsi devstack@c-api.service[109376]: INFO cinder.volume.api [None req-4e58d190-a02f-40bd-871c-23b86fe5ddc8 tempest-VolumesTestJSON-1524020929 tempest-VolumesTestJSON-1524020929-project] Create volume request issued successfully.
Feb 07 11:21:08.309154 dv-cinder-828085-4-iscsi devstack@c-api.service[109376]: INFO cinder.api.openstack.wsgi [None req-4e58d190-a02f-40bd-871c-23b86fe5ddc8 tempest-VolumesTestJSON-1524020929 tempest-VolumesTestJSON-1524020929-project] http://10.222.0.52/volume/v3/53b27e9842d648e89ecbf06ad89f61e3/volumes returned with HTTP 202
Feb 07 11:21:08.324559 dv-cinder-828085-4-iscsi devstack@c-api.service[109376]: [pid: 109376|app: 0|req: 18/34] 10.222.0.52 () {60 vars in 1235 bytes} [Mon Feb 7 11:21:07 2022] POST /volume/v3/53b27e9842d648e89ecbf06ad89f61e3/volumes => generated 829 bytes in 496 msecs (HTTP/1.1 202) 7 headers in 291 bytes (2 switches on core 0)
Feb 07 11:21:08.329312 dv-cinder-828085-4-iscsi devstack@c-api.service[109377]: INFO cinder.api.openstack.wsgi [None req-a514b213-5397-43c4-b4ee-643b3e1cb5a6 tempest-VolumesTestJSON-1524020929 tempest-VolumesTestJSON-1524020929-project] GET http://10.222.0.52/volume/v3/53b27e9842d648e89ecbf06ad89f61e3/volumes/e33086a5-b7f7-4fd3-a595-521aaac3033d
Feb 07 11:21:08.329790 dv-cinder-828085-4-iscsi devstack@c-api.service[109377]: DEBUG cinder.api.openstack.wsgi [None req-a514b213-5397-43c4-b4ee-643b3e1cb5a6 tempest-VolumesTestJSON-1524020929 tempest-VolumesTestJSON-1524020929-project] Empty body provided in request {{(pid=109377) get_body /opt/stack/cinder/cinder/api/openstack/wsgi.py:715}}
Feb 07 11:21:08.330251 dv-cinder-828085-4-iscsi devstack@c-api.service[109377]: DEBUG cinder.api.openstack.wsgi [None req-a514b213-5397-43c4-b4ee-643b3e1cb5a6 tempest-VolumesTestJSON-1524020929 tempest-VolumesTestJSON-1524020929-project] Calling method 'show' {{(pid=109377) _process_stack /opt/stack/cinder/cinder/api/openstack/wsgi.py:868}}
Feb 07 11:21:08.344879 dv-cinder-828085-4-iscsi devstack@c-api.service[109377]: /usr/local/lib/python3.8/dist-packages/oslo_context/context.py:105: DeprecationWarning: Policy enforcement is depending on the value of is_admin. This key is deprecated. Please update your policy file to use the standard policy values.
Feb 07 11:21:08.344879 dv-cinder-828085-4-iscsi devstack@c-api.service[109377]: warnings.warn('Policy enforcement is depending on the value of '
Feb 07 11:21:08.352848 dv-cinder-828085-4-iscsi devstack@c-api.service[109377]: INFO cinder.volume.api [None req-a514b213-5397-43c4-b4ee-643b3e1cb5a6 tempest-VolumesTestJSON-1524020929 tempest-VolumesTestJSON-1524020929-project] Volume info retrieved successfully.
Feb 07 11:21:08.355183 dv-cinder-828085-4-iscsi devstack@c-api.service[109376]: INFO cinder.api.openstack.wsgi [None req-1b559f7e-202b-4b9e-8acd-3da56d01dcd8 tempest-GroupSnapshotsTest-847761476 tempest-GroupSnapshotsTest-847761476-project] GET http://10.222.0.52/volume/v3/eeb6283de9d6425bb6dbd79d1cffe5ec/groups/2eeffcb7-eff7-4aa9-9853-c50eb1f69e15
Feb 07 11:21:08.356257 dv-cinder-828085-4-iscsi devstack@c-api.service[109376]: DEBUG cinder.api.openstack.wsgi [None req-1b559f7e-202b-4b9e-8acd-3da56d01dcd8 tempest-GroupSnapshotsTest-847761476 tempest-GroupSnapshotsTest-847761476-project] Empty body provided in request {{(pid=109376) get_body /opt/stack/cinder/cinder/api/openstack/wsgi.py:715}}
Feb 07 11:21:08.356915 dv-cinder-828085-4-iscsi devstack@c-api.service[109376]: DEBUG cinder.api.openstack.wsgi [None req-1b559f7e-202b-4b9e-8acd-3da56d01dcd8 tempest-GroupSnapshotsTest-847761476 tempest-GroupSnapshotsTest-847761476-project] Calling method 'version_select' {{(pid=109376) _process_stack /opt/stack/cinder/cinder/api/openstack/wsgi.py:868}}
Feb 07 11:21:08.357264 dv-cinder-828085-4-iscsi devstack@c-api.service[109376]: DEBUG cinder.api.v3.groups [None req-1b559f7e-202b-4b9e-8acd-3da56d01dcd8 tempest-GroupSnapshotsTest-847761476 tempest-GroupSnapshotsTest-847761476-project] show called for member 2eeffcb7-eff7-4aa9-9853-c50eb1f69e15 {{(pid=109376) show /opt/stack/cinder/cinder/api/v3/groups.py:58}}
Feb 07 11:21:08.362793 dv-cinder-828085-4-iscsi devstack@c-api.service[109377]: INFO cinder.api.openstack.wsgi [None req-a514b213-5397-43c4-b4ee-643b3e1cb5a6 tempest-VolumesTestJSON-1524020929 tempest-VolumesTestJSON-1524020929-project] http://10.222.0.52/volume/v3/53b27e9842d648e89ecbf06ad89f61e3/volumes/e33086a5-b7f7-4fd3-a595-521aaac3033d returned with HTTP 200
Feb 07 11:21:08.370630 dv-cinder-828085-4-iscsi devstack@c-api.service[109376]: /usr/local/lib/python3.8/dist-packages/oslo_context/context.py:105: DeprecationWarning: Policy enforcement is depending on the value of is_admin. This key is deprecated. Please update your policy file to use the standard policy values.
Feb 07 11:21:08.370630 dv-cinder-828085-4-iscsi devstack@c-api.service[109376]: warnings.warn('Policy enforcement is depending on the value of '
Feb 07 11:21:08.372137 dv-cinder-828085-4-iscsi devstack@c-api.service[109377]: [pid: 109377|app: 0|req: 17/35] 10.222.0.52 () {58 vars in 1324 bytes} [Mon Feb 7 11:21:08 2022] GET /volume/v3/53b27e9842d648e89ecbf06ad89f61e3/volumes/e33086a5-b7f7-4fd3-a595-521aaac3033d => generated 897 bytes in 46 msecs (HTTP/1.1 200) 7 headers in 285 bytes (1 switches on core 0)
Feb 07 11:21:08.427719 dv-cinder-828085-4-iscsi devstack@c-api.service[109376]: INFO cinder.api.openstack.wsgi [None req-1b559f7e-202b-4b9e-8acd-3da56d01dcd8 tempest-GroupSnapshotsTest-847761476 tempest-GroupSnapshotsTest-847761476-project] http://10.222.0.52/volume/v3/eeb6283de9d6425bb6dbd79d1cffe5ec/groups/2eeffcb7-eff7-4aa9-9853-c50eb1f69e15 returned with HTTP 200
Feb 07 11:21:08.436663 dv-cinder-828085-4-iscsi devstack@c-api.service[109376]: [pid: 109376|app: 0|req: 19/36] 10.222.0.52 () {60 vars in 1362 bytes} [Mon Feb 7 11:21:08 2022] GET /volume/v3/eeb6283de9d6425bb6dbd79d1cffe5ec/groups/2eeffcb7-eff7-4aa9-9853-c50eb1f69e15 => generated 393 bytes in 85 msecs (HTTP/1.1 200) 7 headers in 286 bytes (2 switches on core 0)
Feb 07 11:21:08.438357 dv-cinder-828085-4-iscsi devstack@c-api.service[109377]: INFO cinder.api.openstack.wsgi [None req-8b940abd-1acb-49b3-866a-e836a7902ab5 tempest-GroupSnapshotsTest-847761476 tempest-GroupSnapshotsTest-847761476-project] POST http://10.222.0.52/volume/v3/eeb6283de9d6425bb6dbd79d1cffe5ec/volumes
Feb 07 11:21:08.439300 dv-cinder-828085-4-iscsi devstack@c-api.service[109377]: DEBUG cinder.api.openstack.wsgi [None req-8b940abd-1acb-49b3-866a-e836a7902ab5 tempest-GroupSnapshotsTest-847761476 tempest-GroupSnapshotsTest-847761476-project] Action: 'create', calling method: create, body: {"volume": {"volume_type": "47870cf0-141b-460f-a71a-41b79c63659b", "group_id": "2eeffcb7-eff7-4aa9-9853-c50eb1f69e15", "size": 1, "name": "tempest-GroupSnapshotsTest-Volume-471389827"}} {{(pid=109377) _process_stack /opt/stack/cinder/cinder/api/openstack/wsgi.py:866}}
Feb 07 11:21:08.440116 dv-cinder-828085-4-iscsi devstack@c-api.service[109377]: DEBUG cinder.api.v3.volumes [None req-8b940abd-1acb-49b3-866a-e836a7902ab5 tempest-GroupSnapshotsTest-847761476 tempest-GroupSnapshotsTest-847761476-project] Create volume request body: {'volume': {'volume_type': '47870cf0-141b-460f-a71a-41b79c63659b', 'group_id': '2eeffcb7-eff7-4aa9-9853-c50eb1f69e15', 'size': 1, 'name': 'tempest-GroupSnapshotsTest-Volume-471389827'}} {{(pid=109377) create /opt/stack/cinder/cinder/api/v3/volumes.py:298}}
Feb 07 11:21:08.450904 dv-cinder-828085-4-iscsi devstack@c-api.service[109376]: WARNING keystonemiddleware.auth_token [None req-1b559f7e-202b-4b9e-8acd-3da56d01dcd8 tempest-GroupSnapshotsTest-847761476 tempest-GroupSnapshotsTest-847761476-project] A valid token was submitted as a service token, but it was not a valid service token. This is incorrect but backwards compatible behaviour. This will be removed in future releases.
Feb 07 11:21:08.454368 dv-cinder-828085-4-iscsi devstack@c-api.service[109376]: INFO cinder.api.openstack.wsgi [req-d6482083-ef36-4531-b68b-616315812889 req-8d720739-0725-46de-bf45-bfb3466298d3 tempest-VolumesSnapshotsTestJSON-515673597 tempest-VolumesSnapshotsTestJSON-515673597-project] GET http://10.222.0.52/volume/v3/88149b06d6ce4d21a05797add01322d8/volumes/1a692698-1651-481e-9de8-2651841907a7
Feb 07 11:21:08.454828 dv-cinder-828085-4-iscsi devstack@c-api.service[109376]: DEBUG cinder.api.openstack.wsgi [req-d6482083-ef36-4531-b68b-616315812889 req-8d720739-0725-46de-bf45-bfb3466298d3 tempest-VolumesSnapshotsTestJSON-515673597 tempest-VolumesSnapshotsTestJSON-515673597-project] Empty body provided in request {{(pid=109376) get_body /opt/stack/cinder/cinder/api/openstack/wsgi.py:715}}
Feb 07 11:21:08.455301 dv-cinder-828085-4-iscsi devstack@c-api.service[109376]: DEBUG cinder.api.openstack.wsgi [req-d6482083-ef36-4531-b68b-616315812889 req-8d720739-0725-46de-bf45-bfb3466298d3 tempest-VolumesSnapshotsTestJSON-515673597 tempest-VolumesSnapshotsTestJSON-515673597-project] Calling method 'show' {{(pid=109376) _process_stack /opt/stack/cinder/cinder/api/openstack/wsgi.py:868}}
Feb 07 11:21:08.476620 dv-cinder-828085-4-iscsi devstack@c-api.service[109377]: /usr/local/lib/python3.8/dist-packages/oslo_context/context.py:105: DeprecationWarning: Policy enforcement is depending on the value of is_admin. This key is deprecated. Please update your policy file to use the standard policy values.
Feb 07 11:21:08.476620 dv-cinder-828085-4-iscsi devstack@c-api.service[109377]: warnings.warn('Policy enforcement is depending on the value of '
Feb 07 11:21:08.477675 dv-cinder-828085-4-iscsi devstack@c-api.service[109377]: INFO cinder.api.v3.volumes [None req-8b940abd-1acb-49b3-866a-e836a7902ab5 tempest-GroupSnapshotsTest-847761476 tempest-GroupSnapshotsTest-847761476-project] Create volume of 1 GB
Feb 07 11:21:08.495947 dv-cinder-828085-4-iscsi devstack@c-api.service[109376]: /usr/local/lib/python3.8/dist-packages/oslo_context/context.py:105: DeprecationWarning: Policy enforcement is depending on the value of is_admin. This key is deprecated. Please update your policy file to use the standard policy values.
Feb 07 11:21:08.495947 dv-cinder-828085-4-iscsi devstack@c-api.service[109376]: warnings.warn('Policy enforcement is depending on the value of '
Feb 07 11:21:08.526120 dv-cinder-828085-4-iscsi devstack@c-api.service[109376]: INFO cinder.volume.api [req-d6482083-ef36-4531-b68b-616315812889 req-8d720739-0725-46de-bf45-bfb3466298d3 tempest-VolumesSnapshotsTestJSON-515673597 tempest-VolumesSnapshotsTestJSON-515673597-project] Volume info retrieved successfully.
Feb 07 11:21:08.529451 dv-cinder-828085-4-iscsi devstack@c-api.service[109377]: INFO cinder.volume.api [None req-8b940abd-1acb-49b3-866a-e836a7902ab5 tempest-GroupSnapshotsTest-847761476 tempest-GroupSnapshotsTest-847761476-project] Availability Zones retrieved successfully.
Feb 07 11:21:08.552768 dv-cinder-828085-4-iscsi devstack@c-api.service[109376]: INFO cinder.api.openstack.wsgi [req-d6482083-ef36-4531-b68b-616315812889 req-8d720739-0725-46de-bf45-bfb3466298d3 tempest-VolumesSnapshotsTestJSON-515673597 tempest-VolumesSnapshotsTestJSON-515673597-project] http://10.222.0.52/volume/v3/88149b06d6ce4d21a05797add01322d8/volumes/1a692698-1651-481e-9de8-2651841907a7 returned with HTTP 200
Feb 07 11:21:08.557813 dv-cinder-828085-4-iscsi devstack@c-api.service[109377]: DEBUG cinder.volume.api [None req-8b940abd-1acb-49b3-866a-e836a7902ab5 tempest-GroupSnapshotsTest-847761476 tempest-GroupSnapshotsTest-847761476-project] Flow 'volume_create_api' (dd2d017c-88fd-467e-a3a4-4b64ef1c5fb4) transitioned into state 'RUNNING' from state 'PENDING' {{(pid=109377) _flow_receiver /usr/local/lib/python3.8/dist-packages/taskflow/listeners/logging.py:141}}
Feb 07 11:21:08.562494 dv-cinder-828085-4-iscsi devstack@c-api.service[109376]: [pid: 109376|app: 0|req: 20/37] 10.222.0.52 () {60 vars in 1578 bytes} [Mon Feb 7 11:21:08 2022] GET /volume/v3/88149b06d6ce4d21a05797add01322d8/volumes/1a692698-1651-481e-9de8-2651841907a7 => generated 916 bytes in 113 msecs (HTTP/1.1 200) 7 headers in 285 bytes (1 switches on core 0)
Feb 07 11:21:08.591400 dv-cinder-828085-4-iscsi devstack@c-api.service[109377]: DEBUG cinder.volume.api [None req-8b940abd-1acb-49b3-866a-e836a7902ab5 tempest-GroupSnapshotsTest-847761476 tempest-GroupSnapshotsTest-847761476-project] Task 'cinder.volume.flows.api.create_volume.ExtractVolumeRequestTask;volume:create' (f8ea051e-4f40-49f8-a941-c68cfcee9f0c) transitioned into state 'RUNNING' from state 'PENDING' {{(pid=109377) _task_receiver /usr/local/lib/python3.8/dist-packages/taskflow/listeners/logging.py:190}}
Feb 07 11:21:08.592975 dv-cinder-828085-4-iscsi devstack@c-api.service[109377]: /usr/local/lib/python3.8/dist-packages/oslo_context/context.py:105: DeprecationWarning: Policy enforcement is depending on the value of is_admin. This key is deprecated. Please update your policy file to use the standard policy values.
Feb 07 11:21:08.592975 dv-cinder-828085-4-iscsi devstack@c-api.service[109377]: warnings.warn('Policy enforcement is depending on the value of '
Feb 07 11:21:08.593964 dv-cinder-828085-4-iscsi devstack@c-api.service[109377]: DEBUG cinder.volume.flows.api.create_volume [None req-8b940abd-1acb-49b3-866a-e836a7902ab5 tempest-GroupSnapshotsTest-847761476 tempest-GroupSnapshotsTest-847761476-project] Validating volume size '1' using validate_int {{(pid=109377) _extract_size /opt/stack/cinder/cinder/volume/flows/api/create_volume.py:225}}
Feb 07 11:21:08.607937 dv-cinder-828085-4-iscsi devstack@c-api.service[109376]: INFO cinder.api.openstack.wsgi [req-985fa0c4-07ab-4202-a5b8-bc0ec75c7024 req-7b1874c7-b58d-4069-b997-12216e644954 tempest-VolumesSnapshotsTestJSON-515673597 tempest-VolumesSnapshotsTestJSON-515673597-project] POST http://10.222.0.52/volume/v3/88149b06d6ce4d21a05797add01322d8/snapshots
Feb 07 11:21:08.608708 dv-cinder-828085-4-iscsi devstack@c-api.service[109376]: DEBUG cinder.api.openstack.wsgi [req-985fa0c4-07ab-4202-a5b8-bc0ec75c7024 req-7b1874c7-b58d-4069-b997-12216e644954 tempest-VolumesSnapshotsTestJSON-515673597 tempest-VolumesSnapshotsTestJSON-515673597-project] Action: 'create', calling method: create, body: {"snapshot": {"volume_id": "1a692698-1651-481e-9de8-2651841907a7", "force": false, "name": "tempest-VolumesSnapshotsTestJSON-Snapshot-1583567254", "description": null, "metadata": {}}} {{(pid=109376) _process_stack /opt/stack/cinder/cinder/api/openstack/wsgi.py:866}}
Feb 07 11:21:08.640525 dv-cinder-828085-4-iscsi devstack@c-api.service[109376]: /usr/local/lib/python3.8/dist-packages/oslo_context/context.py:105: DeprecationWarning: Policy enforcement is depending on the value of is_admin. This key is deprecated. Please update your policy file to use the standard policy values.
Feb 07 11:21:08.640525 dv-cinder-828085-4-iscsi devstack@c-api.service[109376]: warnings.warn('Policy enforcement is depending on the value of '
Feb 07 11:21:08.641640 dv-cinder-828085-4-iscsi devstack@c-api.service[109376]: INFO cinder.volume.api [req-985fa0c4-07ab-4202-a5b8-bc0ec75c7024 req-7b1874c7-b58d-4069-b997-12216e644954 tempest-VolumesSnapshotsTestJSON-515673597 tempest-VolumesSnapshotsTestJSON-515673597-project] Volume info retrieved successfully.
Feb 07 11:21:08.648963 dv-cinder-828085-4-iscsi devstack@c-api.service[109376]: INFO cinder.api.v3.snapshots [req-985fa0c4-07ab-4202-a5b8-bc0ec75c7024 req-7b1874c7-b58d-4069-b997-12216e644954 tempest-VolumesSnapshotsTestJSON-515673597 tempest-VolumesSnapshotsTestJSON-515673597-project] Create snapshot from volume 1a692698-1651-481e-9de8-2651841907a7
Feb 07 11:21:08.656000 dv-cinder-828085-4-iscsi devstack@c-api.service[109377]: DEBUG cinder.volume.api [None req-8b940abd-1acb-49b3-866a-e836a7902ab5 tempest-GroupSnapshotsTest-847761476 tempest-GroupSnapshotsTest-847761476-project] Task 'cinder.volume.flows.api.create_volume.ExtractVolumeRequestTask;volume:create' (f8ea051e-4f40-49f8-a941-c68cfcee9f0c) transitioned into state 'SUCCESS' from state 'RUNNING' with result '{'size': 1, 'snapshot_id': None, 'source_volid': None, 'volume_type': VolumeType(created_at=2022-02-07T11:21:06Z,deleted=False,deleted_at=None,description=None,extra_specs={},id=47870cf0-141b-460f-a71a-41b79c63659b,is_public=True,name='tempest-GroupSnapshotsTest-volume-type-112571198',projects=[],qos_specs=,qos_specs_id=None,updated_at=None), 'volume_type_id': '47870cf0-141b-460f-a71a-41b79c63659b', 'encryption_key_id': None, 'qos_specs': None, 'consistencygroup_id': None, 'cgsnapshot_id': None, 'group_id': '2eeffcb7-eff7-4aa9-9853-c50eb1f69e15', 'replication_status': 'disabled', 'refresh_az': False, 'backup_id': None, 'multiattach': False, 'availability_zones': ['nova']}' {{(pid=109377) _task_receiver /usr/local/lib/python3.8/dist-packages/taskflow/listeners/logging.py:178}}
Feb 07 11:21:08.658493 dv-cinder-828085-4-iscsi devstack@c-api.service[109377]: DEBUG cinder.volume.api [None req-8b940abd-1acb-49b3-866a-e836a7902ab5 tempest-GroupSnapshotsTest-847761476 tempest-GroupSnapshotsTest-847761476-project] Task 'cinder.volume.flows.api.create_volume.QuotaReserveTask;volume:create' (31063f9b-2e62-4077-b7a4-f35722efa168) transitioned into state 'RUNNING' from state 'PENDING' {{(pid=109377) _task_receiver /usr/local/lib/python3.8/dist-packages/taskflow/listeners/logging.py:190}}
Feb 07 11:21:08.704021 dv-cinder-828085-4-iscsi devstack@c-api.service[109376]: WARNING cinder.quota [req-985fa0c4-07ab-4202-a5b8-bc0ec75c7024 req-7b1874c7-b58d-4069-b997-12216e644954 tempest-VolumesSnapshotsTestJSON-515673597 tempest-VolumesSnapshotsTestJSON-515673597-project] Deprecated: Default quota for resource: snapshots___DEFAULT__ is set by the default quota flag: quota_snapshots___DEFAULT__, it is now deprecated. Please use the default quota class for default quota.
Feb 07 11:21:08.722230 dv-cinder-828085-4-iscsi devstack@c-api.service[109377]: WARNING cinder.quota [None req-8b940abd-1acb-49b3-866a-e836a7902ab5 tempest-GroupSnapshotsTest-847761476 tempest-GroupSnapshotsTest-847761476-project] Deprecated: Default quota for resource: volumes_tempest-GroupSnapshotsTest-volume-type-112571198 is set by the default quota flag: quota_volumes_tempest-GroupSnapshotsTest-volume-type-112571198, it is now deprecated. Please use the default quota class for default quota.
Feb 07 11:21:08.723226 dv-cinder-828085-4-iscsi devstack@c-api.service[109377]: WARNING cinder.quota [None req-8b940abd-1acb-49b3-866a-e836a7902ab5 tempest-GroupSnapshotsTest-847761476 tempest-GroupSnapshotsTest-847761476-project] Deprecated: Default quota for resource: gigabytes_tempest-GroupSnapshotsTest-volume-type-112571198 is set by the default quota flag: quota_gigabytes_tempest-GroupSnapshotsTest-volume-type-112571198, it is now deprecated. Please use the default quota class for default quota.
Feb 07 11:21:08.827355 dv-cinder-828085-4-iscsi devstack@c-api.service[109376]: DEBUG cinder.quota [req-985fa0c4-07ab-4202-a5b8-bc0ec75c7024 req-7b1874c7-b58d-4069-b997-12216e644954 tempest-VolumesSnapshotsTestJSON-515673597 tempest-VolumesSnapshotsTestJSON-515673597-project] Created reservations ['a0a4b919-08b4-41f7-a1af-468ede0d1c2d', 'bbddb92c-7064-4dda-ae92-15cecf9c0cdf', '2f2a7b53-2f81-4511-bb71-168a299f4cbe', '6d9d7a07-8891-451d-95fa-d9ab8d76729e'] {{(pid=109376) reserve /opt/stack/cinder/cinder/quota.py:755}}
Feb 07 11:21:08.863513 dv-cinder-828085-4-iscsi devstack@c-api.service[109377]: DEBUG cinder.quota [None req-8b940abd-1acb-49b3-866a-e836a7902ab5 tempest-GroupSnapshotsTest-847761476 tempest-GroupSnapshotsTest-847761476-project] Created reservations ['290a6658-a7e3-4bd3-b63b-bd60a6f2990d', 'd47b5418-64dc-4970-88e7-05e716f9601b', 'c5caf6a9-6666-4360-b401-dba5475261db', 'fe0ac9ce-a145-49e0-822d-9abfc2c786d9'] {{(pid=109377) reserve /opt/stack/cinder/cinder/quota.py:755}}
Feb 07 11:21:08.869288 dv-cinder-828085-4-iscsi devstack@c-api.service[109377]: DEBUG cinder.volume.api [None req-8b940abd-1acb-49b3-866a-e836a7902ab5 tempest-GroupSnapshotsTest-847761476 tempest-GroupSnapshotsTest-847761476-project] Task 'cinder.volume.flows.api.create_volume.QuotaReserveTask;volume:create' (31063f9b-2e62-4077-b7a4-f35722efa168) transitioned into state 'SUCCESS' from state 'RUNNING' with result '{'reservations': ['290a6658-a7e3-4bd3-b63b-bd60a6f2990d', 'd47b5418-64dc-4970-88e7-05e716f9601b', 'c5caf6a9-6666-4360-b401-dba5475261db', 'fe0ac9ce-a145-49e0-822d-9abfc2c786d9']}' {{(pid=109377) _task_receiver /usr/local/lib/python3.8/dist-packages/taskflow/listeners/logging.py:178}}
Feb 07 11:21:08.877460 dv-cinder-828085-4-iscsi devstack@c-api.service[109377]: DEBUG cinder.volume.api [None req-8b940abd-1acb-49b3-866a-e836a7902ab5 tempest-GroupSnapshotsTest-847761476 tempest-GroupSnapshotsTest-847761476-project] Task 'cinder.volume.flows.api.create_volume.EntryCreateTask;volume:create' (05a993ac-058c-48d5-811e-175aed41aa4c) transitioned into state 'RUNNING' from state 'PENDING' {{(pid=109377) _task_receiver /usr/local/lib/python3.8/dist-packages/taskflow/listeners/logging.py:190}}
Feb 07 11:21:08.942185 dv-cinder-828085-4-iscsi devstack@c-api.service[109377]: DEBUG cinder.volume.api [None req-8b940abd-1acb-49b3-866a-e836a7902ab5 tempest-GroupSnapshotsTest-847761476 tempest-GroupSnapshotsTest-847761476-project] Task 'cinder.volume.flows.api.create_volume.EntryCreateTask;volume:create' (05a993ac-058c-48d5-811e-175aed41aa4c) transitioned into state 'SUCCESS' from state 'RUNNING' with result '{'volume_id': '461fcc93-68e5-47d7-8eb0-e28b402b41c7', 'volume_properties': VolumeProperties(attach_status='detached',availability_zone='nova',cgsnapshot_id=None,consistencygroup_id=None,display_description=None,display_name='tempest-GroupSnapshotsTest-Volume-471389827',encryption_key_id=None,group_id=2eeffcb7-eff7-4aa9-9853-c50eb1f69e15,group_type_id=,metadata={},multiattach=False,project_id='eeb6283de9d6425bb6dbd79d1cffe5ec',qos_specs=None,replication_status=,reservations=['290a6658-a7e3-4bd3-b63b-bd60a6f2990d','d47b5418-64dc-4970-88e7-05e716f9601b','c5caf6a9-6666-4360-b401-dba5475261db','fe0ac9ce-a145-49e0-822d-9abfc2c786d9'],size=1,snapshot_id=None,source_replicaid=,source_volid=None,status='creating',user_id='afbfbf4aaf844056957f97d1b6747e9f',volume_type_id=47870cf0-141b-460f-a71a-41b79c63659b), 'volume': Volume(_name_id=None,admin_metadata=,attach_status='detached',availability_zone='nova',bootable=False,cluster=,cluster_name=None,consistencygroup=,consistencygroup_id=None,created_at=2022-02-07T11:21:08Z,deleted=False,deleted_at=None,display_description=None,display_name='tempest-GroupSnapshotsTest-Volume-471389827',ec2_id=None,encryption_key_id=None,glance_metadata=,group=,group_id=2eeffcb7-eff7-4aa9-9853-c50eb1f69e15,host=None,id=461fcc93-68e5-47d7-8eb0-e28b402b41c7,launched_at=None,metadata={},migration_status=None,multiattach=False,previous_status=None,project_id='eeb6283de9d6425bb6dbd79d1cffe5ec',provider_auth=None,provider_geometry=None,provider_id=None,provider_location=None,replication_driver_data=None,replication_extended_status=None,replication_status=None,scheduled_at=None,service_uuid=None,shared_targets=True,size=1,snapshot_id=None,snapshots=,source_volid=None,status='creating',terminated_at=None,updated_at=None,use_quota=True,user_id='afbfbf4aaf844056957f97d1b6747e9f',volume_attachment=VolumeAttachmentList,volume_type=VolumeType(47870cf0-141b-460f-a71a-41b79c63659b),volume_type_id=47870cf0-141b-460f-a71a-41b79c63659b)}' {{(pid=109377) _task_receiver /usr/local/lib/python3.8/dist-packages/taskflow/listeners/logging.py:178}}
Feb 07 11:21:08.949944 dv-cinder-828085-4-iscsi devstack@c-api.service[109377]: DEBUG cinder.volume.api [None req-8b940abd-1acb-49b3-866a-e836a7902ab5 tempest-GroupSnapshotsTest-847761476 tempest-GroupSnapshotsTest-847761476-project] Task 'cinder.volume.flows.api.create_volume.QuotaCommitTask;volume:create' (79a20f12-3dbb-4da8-a5f1-d7ad3165392d) transitioned into state 'RUNNING' from state 'PENDING' {{(pid=109377) _task_receiver /usr/local/lib/python3.8/dist-packages/taskflow/listeners/logging.py:190}}
Feb 07 11:21:09.015575 dv-cinder-828085-4-iscsi devstack@c-api.service[109377]: DEBUG cinder.volume.api [None req-8b940abd-1acb-49b3-866a-e836a7902ab5 tempest-GroupSnapshotsTest-847761476 tempest-GroupSnapshotsTest-847761476-project] Task 'cinder.volume.flows.api.create_volume.QuotaCommitTask;volume:create' (79a20f12-3dbb-4da8-a5f1-d7ad3165392d) transitioned into state 'SUCCESS' from state 'RUNNING' with result '{'volume_properties': VolumeProperties(attach_status='detached',availability_zone='nova',cgsnapshot_id=None,consistencygroup_id=None,display_description=None,display_name='tempest-GroupSnapshotsTest-Volume-471389827',encryption_key_id=None,group_id=2eeffcb7-eff7-4aa9-9853-c50eb1f69e15,group_type_id=,metadata={},multiattach=False,project_id='eeb6283de9d6425bb6dbd79d1cffe5ec',qos_specs=None,replication_status=,reservations=['290a6658-a7e3-4bd3-b63b-bd60a6f2990d','d47b5418-64dc-4970-88e7-05e716f9601b','c5caf6a9-6666-4360-b401-dba5475261db','fe0ac9ce-a145-49e0-822d-9abfc2c786d9'],size=1,snapshot_id=None,source_replicaid=,source_volid=None,status='creating',user_id='afbfbf4aaf844056957f97d1b6747e9f',volume_type_id=47870cf0-141b-460f-a71a-41b79c63659b)}' {{(pid=109377) _task_receiver /usr/local/lib/python3.8/dist-packages/taskflow/listeners/logging.py:178}}
Feb 07 11:21:09.017782 dv-cinder-828085-4-iscsi devstack@c-api.service[109377]: DEBUG cinder.volume.api [None req-8b940abd-1acb-49b3-866a-e836a7902ab5 tempest-GroupSnapshotsTest-847761476 tempest-GroupSnapshotsTest-847761476-project] Task 'cinder.volume.flows.api.create_volume.VolumeCastTask;volume:create' (b9955b18-829e-4848-9d65-109367b4616d) transitioned into state 'RUNNING' from state 'PENDING' {{(pid=109377) _task_receiver /usr/local/lib/python3.8/dist-packages/taskflow/listeners/logging.py:190}}
Feb 07 11:21:09.062212 dv-cinder-828085-4-iscsi devstack@c-api.service[109377]: DEBUG cinder.volume.api [None req-8b940abd-1acb-49b3-866a-e836a7902ab5 tempest-GroupSnapshotsTest-847761476 tempest-GroupSnapshotsTest-847761476-project] Task 'cinder.volume.flows.api.create_volume.VolumeCastTask;volume:create' (b9955b18-829e-4848-9d65-109367b4616d) transitioned into state 'SUCCESS' from state 'RUNNING' with result 'None' {{(pid=109377) _task_receiver /usr/local/lib/python3.8/dist-packages/taskflow/listeners/logging.py:178}}
Feb 07 11:21:09.074088 dv-cinder-828085-4-iscsi devstack@c-api.service[109377]: DEBUG cinder.volume.api [None req-8b940abd-1acb-49b3-866a-e836a7902ab5 tempest-GroupSnapshotsTest-847761476 tempest-GroupSnapshotsTest-847761476-project] Flow 'volume_create_api' (dd2d017c-88fd-467e-a3a4-4b64ef1c5fb4) transitioned into state 'SUCCESS' from state 'RUNNING' {{(pid=109377) _flow_receiver /usr/local/lib/python3.8/dist-packages/taskflow/listeners/logging.py:141}}
Feb 07 11:21:09.079024 dv-cinder-828085-4-iscsi devstack@c-api.service[109377]: INFO cinder.volume.api [None req-8b940abd-1acb-49b3-866a-e836a7902ab5 tempest-GroupSnapshotsTest-847761476 tempest-GroupSnapshotsTest-847761476-project] Create volume request issued successfully.
Feb 07 11:21:09.087267 dv-cinder-828085-4-iscsi devstack@c-api.service[109377]: WARNING stevedore.named [None req-8b940abd-1acb-49b3-866a-e836a7902ab5 tempest-GroupSnapshotsTest-847761476 tempest-GroupSnapshotsTest-847761476-project] Could not load cinder.keymgr.conf_key_mgr.ConfKeyManager
Feb 07 11:21:09.088028 dv-cinder-828085-4-iscsi devstack@c-api.service[109377]: WARNING castellan.key_manager [None req-8b940abd-1acb-49b3-866a-e836a7902ab5 tempest-GroupSnapshotsTest-847761476 tempest-GroupSnapshotsTest-847761476-project] Deprecation Warning : cinder.keymgr.conf_key_mgr.ConfKeyManager is not a stevedore based driver, trying to load it as a class: stevedore.exception.NoMatches: No 'castellan.drivers' driver found, looking for 'cinder.keymgr.conf_key_mgr.ConfKeyManager'
Feb 07 11:21:09.109327 dv-cinder-828085-4-iscsi devstack@c-api.service[109377]: DEBUG oslo_db.sqlalchemy.engines [None req-8b940abd-1acb-49b3-866a-e836a7902ab5 tempest-GroupSnapshotsTest-847761476 tempest-GroupSnapshotsTest-847761476-project] MySQL server mode set to STRICT_TRANS_TABLES,STRICT_ALL_TABLES,NO_ZERO_IN_DATE,NO_ZERO_DATE,ERROR_FOR_DIVISION_BY_ZERO,TRADITIONAL,NO_ENGINE_SUBSTITUTION {{(pid=109377) _check_effective_sql_mode /usr/local/lib/python3.8/dist-packages/oslo_db/sqlalchemy/engines.py:314}}
Feb 07 11:21:09.127599 dv-cinder-828085-4-iscsi devstack@c-api.service[109377]: /usr/local/lib/python3.8/dist-packages/oslo_context/context.py:105: DeprecationWarning: Policy enforcement is depending on the value of is_admin. This key is deprecated. Please update your policy file to use the standard policy values.
Feb 07 11:21:09.127599 dv-cinder-828085-4-iscsi devstack@c-api.service[109377]: warnings.warn('Policy enforcement is depending on the value of '
Feb 07 11:21:09.166323 dv-cinder-828085-4-iscsi devstack@c-api.service[109377]: INFO cinder.api.openstack.wsgi [None req-8b940abd-1acb-49b3-866a-e836a7902ab5 tempest-GroupSnapshotsTest-847761476 tempest-GroupSnapshotsTest-847761476-project] http://10.222.0.52/volume/v3/eeb6283de9d6425bb6dbd79d1cffe5ec/volumes returned with HTTP 202
Feb 07 11:21:09.180451 dv-cinder-828085-4-iscsi devstack@c-api.service[109377]: [pid: 109377|app: 0|req: 18/38] 10.222.0.52 () {62 vars in 1276 bytes} [Mon Feb 7 11:21:08 2022] POST /volume/v3/eeb6283de9d6425bb6dbd79d1cffe5ec/volumes => generated 906 bytes in 736 msecs (HTTP/1.1 202) 7 headers in 292 bytes (2 switches on core 0)
Feb 07 11:21:09.198263 dv-cinder-828085-4-iscsi devstack@c-api.service[109377]: INFO cinder.api.openstack.wsgi [None req-044ad7e3-4b5f-4fdc-b839-f2cb591d7f4b tempest-GroupSnapshotsTest-847761476 tempest-GroupSnapshotsTest-847761476-project] GET http://10.222.0.52/volume/v3/eeb6283de9d6425bb6dbd79d1cffe5ec/volumes/461fcc93-68e5-47d7-8eb0-e28b402b41c7
Feb 07 11:21:09.199274 dv-cinder-828085-4-iscsi devstack@c-api.service[109377]: DEBUG cinder.api.openstack.wsgi [None req-044ad7e3-4b5f-4fdc-b839-f2cb591d7f4b tempest-GroupSnapshotsTest-847761476 tempest-GroupSnapshotsTest-847761476-project] Empty body provided in request {{(pid=109377) get_body /opt/stack/cinder/cinder/api/openstack/wsgi.py:715}}
Feb 07 11:21:09.200685 dv-cinder-828085-4-iscsi devstack@c-api.service[109377]: DEBUG cinder.api.openstack.wsgi [None req-044ad7e3-4b5f-4fdc-b839-f2cb591d7f4b tempest-GroupSnapshotsTest-847761476 tempest-GroupSnapshotsTest-847761476-project] Calling method 'show' {{(pid=109377) _process_stack /opt/stack/cinder/cinder/api/openstack/wsgi.py:868}}
Feb 07 11:21:09.235064 dv-cinder-828085-4-iscsi devstack@c-api.service[109377]: /usr/local/lib/python3.8/dist-packages/oslo_context/context.py:105: DeprecationWarning: Policy enforcement is depending on the value of is_admin. This key is deprecated. Please update your policy file to use the standard policy values.
Feb 07 11:21:09.235064 dv-cinder-828085-4-iscsi devstack@c-api.service[109377]: warnings.warn('Policy enforcement is depending on the value of '
Feb 07 11:21:09.258181 dv-cinder-828085-4-iscsi devstack@c-api.service[109377]: INFO cinder.volume.api [None req-044ad7e3-4b5f-4fdc-b839-f2cb591d7f4b tempest-GroupSnapshotsTest-847761476 tempest-GroupSnapshotsTest-847761476-project] Volume info retrieved successfully.
Feb 07 11:21:09.260286 dv-cinder-828085-4-iscsi devstack@c-api.service[109377]: WARNING stevedore.named [None req-044ad7e3-4b5f-4fdc-b839-f2cb591d7f4b tempest-GroupSnapshotsTest-847761476 tempest-GroupSnapshotsTest-847761476-project] Could not load cinder.keymgr.conf_key_mgr.ConfKeyManager
Feb 07 11:21:09.261031 dv-cinder-828085-4-iscsi devstack@c-api.service[109377]: WARNING castellan.key_manager [None req-044ad7e3-4b5f-4fdc-b839-f2cb591d7f4b tempest-GroupSnapshotsTest-847761476 tempest-GroupSnapshotsTest-847761476-project] Deprecation Warning : cinder.keymgr.conf_key_mgr.ConfKeyManager is not a stevedore based driver, trying to load it as a class: stevedore.exception.NoMatches: No 'castellan.drivers' driver found, looking for 'cinder.keymgr.conf_key_mgr.ConfKeyManager'
Feb 07 11:21:09.274672 dv-cinder-828085-4-iscsi devstack@c-api.service[109377]: DEBUG oslo_db.sqlalchemy.engines [None req-044ad7e3-4b5f-4fdc-b839-f2cb591d7f4b tempest-GroupSnapshotsTest-847761476 tempest-GroupSnapshotsTest-847761476-project] MySQL server mode set to STRICT_TRANS_TABLES,STRICT_ALL_TABLES,NO_ZERO_IN_DATE,NO_ZERO_DATE,ERROR_FOR_DIVISION_BY_ZERO,TRADITIONAL,NO_ENGINE_SUBSTITUTION {{(pid=109377) _check_effective_sql_mode /usr/local/lib/python3.8/dist-packages/oslo_db/sqlalchemy/engines.py:314}}
Feb 07 11:21:09.281963 dv-cinder-828085-4-iscsi devstack@c-api.service[109377]: /usr/local/lib/python3.8/dist-packages/oslo_context/context.py:105: DeprecationWarning: Policy enforcement is depending on the value of is_admin. This key is deprecated. Please update your policy file to use the standard policy values.
Feb 07 11:21:09.281963 dv-cinder-828085-4-iscsi devstack@c-api.service[109377]: warnings.warn('Policy enforcement is depending on the value of '
Feb 07 11:21:09.314167 dv-cinder-828085-4-iscsi devstack@c-api.service[109377]: INFO cinder.api.openstack.wsgi [None req-044ad7e3-4b5f-4fdc-b839-f2cb591d7f4b tempest-GroupSnapshotsTest-847761476 tempest-GroupSnapshotsTest-847761476-project] http://10.222.0.52/volume/v3/eeb6283de9d6425bb6dbd79d1cffe5ec/volumes/461fcc93-68e5-47d7-8eb0-e28b402b41c7 returned with HTTP 200
Feb 07 11:21:09.315133 dv-cinder-828085-4-iscsi devstack@c-api.service[109377]: [pid: 109377|app: 0|req: 19/39] 10.222.0.52 () {60 vars in 1365 bytes} [Mon Feb 7 11:21:09 2022] GET /volume/v3/eeb6283de9d6425bb6dbd79d1cffe5ec/volumes/461fcc93-68e5-47d7-8eb0-e28b402b41c7 => generated 974 bytes in 133 msecs (HTTP/1.1 200) 7 headers in 286 bytes (1 switches on core 0)
Feb 07 11:21:09.356857 dv-cinder-828085-4-iscsi devstack@c-api.service[109376]: INFO cinder.volume.api [req-985fa0c4-07ab-4202-a5b8-bc0ec75c7024 req-7b1874c7-b58d-4069-b997-12216e644954 tempest-VolumesSnapshotsTestJSON-515673597 tempest-VolumesSnapshotsTestJSON-515673597-project] Snapshot create request issued successfully.
Feb 07 11:21:09.360049 dv-cinder-828085-4-iscsi devstack@c-api.service[109376]: INFO cinder.api.openstack.wsgi [req-985fa0c4-07ab-4202-a5b8-bc0ec75c7024 req-7b1874c7-b58d-4069-b997-12216e644954 tempest-VolumesSnapshotsTestJSON-515673597 tempest-VolumesSnapshotsTestJSON-515673597-project] http://10.222.0.52/volume/v3/88149b06d6ce4d21a05797add01322d8/snapshots returned with HTTP 202
Feb 07 11:21:09.362297 dv-cinder-828085-4-iscsi devstack@c-api.service[109376]: [pid: 109376|app: 0|req: 21/40] 10.222.0.52 () {64 vars in 1527 bytes} [Mon Feb 7 11:21:08 2022] POST /volume/v3/88149b06d6ce4d21a05797add01322d8/snapshots => generated 311 bytes in 761 msecs (HTTP/1.1 202) 7 headers in 291 bytes (2 switches on core 0)
Feb 07 11:21:09.378709 dv-cinder-828085-4-iscsi devstack@c-api.service[109377]: INFO cinder.api.openstack.wsgi [None req-f9b0c693-cdbb-43d2-bf9d-37f56eac4ba1 tempest-VolumesTestJSON-1524020929 tempest-VolumesTestJSON-1524020929-project] GET http://10.222.0.52/volume/v3/53b27e9842d648e89ecbf06ad89f61e3/volumes/e33086a5-b7f7-4fd3-a595-521aaac3033d
Feb 07 11:21:09.379367 dv-cinder-828085-4-iscsi devstack@c-api.service[109377]: DEBUG cinder.api.openstack.wsgi [None req-f9b0c693-cdbb-43d2-bf9d-37f56eac4ba1 tempest-VolumesTestJSON-1524020929 tempest-VolumesTestJSON-1524020929-project] Empty body provided in request {{(pid=109377) get_body /opt/stack/cinder/cinder/api/openstack/wsgi.py:715}}
Feb 07 11:21:09.379883 dv-cinder-828085-4-iscsi devstack@c-api.service[109377]: DEBUG cinder.api.openstack.wsgi [None req-f9b0c693-cdbb-43d2-bf9d-37f56eac4ba1 tempest-VolumesTestJSON-1524020929 tempest-VolumesTestJSON-1524020929-project] Calling method 'show' {{(pid=109377) _process_stack /opt/stack/cinder/cinder/api/openstack/wsgi.py:868}}
Feb 07 11:21:09.408975 dv-cinder-828085-4-iscsi devstack@c-api.service[109376]: INFO cinder.api.openstack.wsgi [req-5ad10da2-b09a-41b2-af40-7df1f41e6e57 req-c210b898-9089-4854-b3f0-c0b67643f52f tempest-VolumesSnapshotsTestJSON-515673597 tempest-VolumesSnapshotsTestJSON-515673597-project] GET http://10.222.0.52/volume/v3/88149b06d6ce4d21a05797add01322d8/snapshots/7a25c7f8-f311-47a4-9e24-092467ed7121
Feb 07 11:21:09.410251 dv-cinder-828085-4-iscsi devstack@c-api.service[109376]: DEBUG cinder.api.openstack.wsgi [req-5ad10da2-b09a-41b2-af40-7df1f41e6e57 req-c210b898-9089-4854-b3f0-c0b67643f52f tempest-VolumesSnapshotsTestJSON-515673597 tempest-VolumesSnapshotsTestJSON-515673597-project] Empty body provided in request {{(pid=109376) get_body /opt/stack/cinder/cinder/api/openstack/wsgi.py:715}}
Feb 07 11:21:09.410982 dv-cinder-828085-4-iscsi devstack@c-api.service[109376]: DEBUG cinder.api.openstack.wsgi [req-5ad10da2-b09a-41b2-af40-7df1f41e6e57 req-c210b898-9089-4854-b3f0-c0b67643f52f tempest-VolumesSnapshotsTestJSON-515673597 tempest-VolumesSnapshotsTestJSON-515673597-project] Calling method 'show' {{(pid=109376) _process_stack /opt/stack/cinder/cinder/api/openstack/wsgi.py:868}}
Feb 07 11:21:09.414961 dv-cinder-828085-4-iscsi devstack@c-api.service[109377]: /usr/local/lib/python3.8/dist-packages/oslo_context/context.py:105: DeprecationWarning: Policy enforcement is depending on the value of is_admin. This key is deprecated. Please update your policy file to use the standard policy values.
Feb 07 11:21:09.414961 dv-cinder-828085-4-iscsi devstack@c-api.service[109377]: warnings.warn('Policy enforcement is depending on the value of '
Feb 07 11:21:09.429511 dv-cinder-828085-4-iscsi devstack@c-api.service[109376]: /usr/local/lib/python3.8/dist-packages/oslo_context/context.py:105: DeprecationWarning: Policy enforcement is depending on the value of is_admin. This key is deprecated. Please update your policy file to use the standard policy values.
Feb 07 11:21:09.429511 dv-cinder-828085-4-iscsi devstack@c-api.service[109376]: warnings.warn('Policy enforcement is depending on the value of '
Feb 07 11:21:09.432193 dv-cinder-828085-4-iscsi devstack@c-api.service[109376]: INFO cinder.volume.api [req-5ad10da2-b09a-41b2-af40-7df1f41e6e57 req-c210b898-9089-4854-b3f0-c0b67643f52f tempest-VolumesSnapshotsTestJSON-515673597 tempest-VolumesSnapshotsTestJSON-515673597-project] Snapshot retrieved successfully.
Feb 07 11:21:09.435560 dv-cinder-828085-4-iscsi devstack@c-api.service[109376]: INFO cinder.api.openstack.wsgi [req-5ad10da2-b09a-41b2-af40-7df1f41e6e57 req-c210b898-9089-4854-b3f0-c0b67643f52f tempest-VolumesSnapshotsTestJSON-515673597 tempest-VolumesSnapshotsTestJSON-515673597-project] http://10.222.0.52/volume/v3/88149b06d6ce4d21a05797add01322d8/snapshots/7a25c7f8-f311-47a4-9e24-092467ed7121 returned with HTTP 200
Feb 07 11:21:09.439362 dv-cinder-828085-4-iscsi devstack@c-api.service[109377]: INFO cinder.volume.api [None req-f9b0c693-cdbb-43d2-bf9d-37f56eac4ba1 tempest-VolumesTestJSON-1524020929 tempest-VolumesTestJSON-1524020929-project] Volume info retrieved successfully.
Feb 07 11:21:09.444686 dv-cinder-828085-4-iscsi devstack@c-api.service[109376]: [pid: 109376|app: 0|req: 22/41] 10.222.0.52 () {60 vars in 1584 bytes} [Mon Feb 7 11:21:09 2022] GET /volume/v3/88149b06d6ce4d21a05797add01322d8/snapshots/7a25c7f8-f311-47a4-9e24-092467ed7121 => generated 443 bytes in 44 msecs (HTTP/1.1 200) 7 headers in 285 bytes (1 switches on core 0)
Feb 07 11:21:09.452365 dv-cinder-828085-4-iscsi devstack@c-api.service[109377]: INFO cinder.api.openstack.wsgi [None req-f9b0c693-cdbb-43d2-bf9d-37f56eac4ba1 tempest-VolumesTestJSON-1524020929 tempest-VolumesTestJSON-1524020929-project] http://10.222.0.52/volume/v3/53b27e9842d648e89ecbf06ad89f61e3/volumes/e33086a5-b7f7-4fd3-a595-521aaac3033d returned with HTTP 200
Feb 07 11:21:09.453620 dv-cinder-828085-4-iscsi devstack@c-api.service[109377]: [pid: 109377|app: 0|req: 20/42] 10.222.0.52 () {58 vars in 1324 bytes} [Mon Feb 7 11:21:09 2022] GET /volume/v3/53b27e9842d648e89ecbf06ad89f61e3/volumes/e33086a5-b7f7-4fd3-a595-521aaac3033d => generated 922 bytes in 79 msecs (HTTP/1.1 200) 7 headers in 285 bytes (1 switches on core 0)
