Feb 07 11:21:52.682955 dv-cinder-828085-4-iscsi devstack@c-api.service[109377]: DEBUG cinder.api.v3.groups [None req-b14365f2-b4be-476c-952c-c8f13f54e6c9 tempest-GroupSnapshotsTest-847761476 tempest-GroupSnapshotsTest-847761476-project] show called for member 5a70510c-d3a1-459f-adb3-1578c1bc1961 {{(pid=109377) show /opt/stack/cinder/cinder/api/v3/groups.py:58}}
Feb 07 11:21:52.712785 dv-cinder-828085-4-iscsi devstack@c-api.service[109377]: /usr/local/lib/python3.8/dist-packages/oslo_context/context.py:105: DeprecationWarning: Policy enforcement is depending on the value of is_admin. This key is deprecated. Please update your policy file to use the standard policy values.
Feb 07 11:21:52.712785 dv-cinder-828085-4-iscsi devstack@c-api.service[109377]: warnings.warn('Policy enforcement is depending on the value of '
Feb 07 11:21:52.776923 dv-cinder-828085-4-iscsi devstack@c-api.service[109377]: INFO cinder.api.openstack.wsgi [None req-b14365f2-b4be-476c-952c-c8f13f54e6c9 tempest-GroupSnapshotsTest-847761476 tempest-GroupSnapshotsTest-847761476-project] http://10.222.0.52/volume/v3/eeb6283de9d6425bb6dbd79d1cffe5ec/groups/5a70510c-d3a1-459f-adb3-1578c1bc1961 returned with HTTP 200
Feb 07 11:21:52.778832 dv-cinder-828085-4-iscsi devstack@c-api.service[109377]: [pid: 109377|app: 0|req: 143/276] 10.222.0.52 () {60 vars in 1362 bytes} [Mon Feb 7 11:21:52 2022] GET /volume/v3/eeb6283de9d6425bb6dbd79d1cffe5ec/groups/5a70510c-d3a1-459f-adb3-1578c1bc1961 => generated 393 bytes in 109 msecs (HTTP/1.1 200) 7 headers in 286 bytes (1 switches on core 0)
Feb 07 11:21:52.794538 dv-cinder-828085-4-iscsi devstack@c-api.service[109376]: INFO cinder.api.openstack.wsgi [None req-e6724597-1cd3-404f-a208-aeb7dde38ac5 tempest-GroupSnapshotsTest-847761476 tempest-GroupSnapshotsTest-847761476-project] POST http://10.222.0.52/volume/v3/eeb6283de9d6425bb6dbd79d1cffe5ec/volumes
Feb 07 11:21:52.795750 dv-cinder-828085-4-iscsi devstack@c-api.service[109376]: DEBUG cinder.api.openstack.wsgi [None req-e6724597-1cd3-404f-a208-aeb7dde38ac5 tempest-GroupSnapshotsTest-847761476 tempest-GroupSnapshotsTest-847761476-project] Action: 'create', calling method: create, body: {"volume": {"volume_type": "588bd13b-bb5e-4de5-826c-8140b7418058", "group_id": "5a70510c-d3a1-459f-adb3-1578c1bc1961", "size": 1, "name": "tempest-GroupSnapshotsTest-Volume-1597283609"}} {{(pid=109376) _process_stack /opt/stack/cinder/cinder/api/openstack/wsgi.py:866}}
Feb 07 11:21:52.797568 dv-cinder-828085-4-iscsi devstack@c-api.service[109376]: DEBUG cinder.api.v3.volumes [None req-e6724597-1cd3-404f-a208-aeb7dde38ac5 tempest-GroupSnapshotsTest-847761476 tempest-GroupSnapshotsTest-847761476-project] Create volume request body: {'volume': {'volume_type': '588bd13b-bb5e-4de5-826c-8140b7418058', 'group_id': '5a70510c-d3a1-459f-adb3-1578c1bc1961', 'size': 1, 'name': 'tempest-GroupSnapshotsTest-Volume-1597283609'}} {{(pid=109376) create /opt/stack/cinder/cinder/api/v3/volumes.py:298}}
Feb 07 11:21:52.826460 dv-cinder-828085-4-iscsi devstack@c-api.service[109376]: /usr/local/lib/python3.8/dist-packages/oslo_context/context.py:105: DeprecationWarning: Policy enforcement is depending on the value of is_admin. This key is deprecated. Please update your policy file to use the standard policy values.
Feb 07 11:21:52.826460 dv-cinder-828085-4-iscsi devstack@c-api.service[109376]: warnings.warn('Policy enforcement is depending on the value of '
Feb 07 11:21:52.828555 dv-cinder-828085-4-iscsi devstack@c-api.service[109376]: INFO cinder.api.v3.volumes [None req-e6724597-1cd3-404f-a208-aeb7dde38ac5 tempest-GroupSnapshotsTest-847761476 tempest-GroupSnapshotsTest-847761476-project] Create volume of 1 GB
Feb 07 11:21:52.850427 dv-cinder-828085-4-iscsi devstack@c-api.service[109376]: INFO cinder.volume.api [None req-e6724597-1cd3-404f-a208-aeb7dde38ac5 tempest-GroupSnapshotsTest-847761476 tempest-GroupSnapshotsTest-847761476-project] Availability Zones retrieved successfully.
Feb 07 11:21:52.883049 dv-cinder-828085-4-iscsi devstack@c-api.service[109376]: DEBUG cinder.volume.api [None req-e6724597-1cd3-404f-a208-aeb7dde38ac5 tempest-GroupSnapshotsTest-847761476 tempest-GroupSnapshotsTest-847761476-project] Flow 'volume_create_api' (c33890c1-d301-43fe-85f3-ff20e96c04e3) transitioned into state 'RUNNING' from state 'PENDING' {{(pid=109376) _flow_receiver /usr/local/lib/python3.8/dist-packages/taskflow/listeners/logging.py:141}}
Feb 07 11:21:52.888849 dv-cinder-828085-4-iscsi devstack@c-api.service[109376]: DEBUG cinder.volume.api [None req-e6724597-1cd3-404f-a208-aeb7dde38ac5 tempest-GroupSnapshotsTest-847761476 tempest-GroupSnapshotsTest-847761476-project] Task 'cinder.volume.flows.api.create_volume.ExtractVolumeRequestTask;volume:create' (4fcdda53-269c-4621-bf14-cac8b8687205) transitioned into state 'RUNNING' from state 'PENDING' {{(pid=109376) _task_receiver /usr/local/lib/python3.8/dist-packages/taskflow/listeners/logging.py:190}}
Feb 07 11:21:52.892237 dv-cinder-828085-4-iscsi devstack@c-api.service[109376]: /usr/local/lib/python3.8/dist-packages/oslo_context/context.py:105: DeprecationWarning: Policy enforcement is depending on the value of is_admin. This key is deprecated. Please update your policy file to use the standard policy values.
Feb 07 11:21:52.892237 dv-cinder-828085-4-iscsi devstack@c-api.service[109376]: warnings.warn('Policy enforcement is depending on the value of '
Feb 07 11:21:52.894113 dv-cinder-828085-4-iscsi devstack@c-api.service[109376]: DEBUG cinder.volume.flows.api.create_volume [None req-e6724597-1cd3-404f-a208-aeb7dde38ac5 tempest-GroupSnapshotsTest-847761476 tempest-GroupSnapshotsTest-847761476-project] Validating volume size '1' using validate_int {{(pid=109376) _extract_size /opt/stack/cinder/cinder/volume/flows/api/create_volume.py:225}}
Feb 07 11:21:52.948290 dv-cinder-828085-4-iscsi devstack@c-api.service[109376]: DEBUG cinder.volume.api [None req-e6724597-1cd3-404f-a208-aeb7dde38ac5 tempest-GroupSnapshotsTest-847761476 tempest-GroupSnapshotsTest-847761476-project] Task 'cinder.volume.flows.api.create_volume.ExtractVolumeRequestTask;volume:create' (4fcdda53-269c-4621-bf14-cac8b8687205) transitioned into state 'SUCCESS' from state 'RUNNING' with result '{'size': 1, 'snapshot_id': None, 'source_volid': None, 'volume_type': VolumeType(created_at=2022-02-07T11:21:51Z,deleted=False,deleted_at=None,description=None,extra_specs={},id=588bd13b-bb5e-4de5-826c-8140b7418058,is_public=True,name='tempest-GroupSnapshotsTest-volume-type-1846424676',projects=[],qos_specs=,qos_specs_id=None,updated_at=None), 'volume_type_id': '588bd13b-bb5e-4de5-826c-8140b7418058', 'encryption_key_id': None, 'qos_specs': None, 'consistencygroup_id': None, 'cgsnapshot_id': None, 'group_id': '5a70510c-d3a1-459f-adb3-1578c1bc1961', 'replication_status': 'disabled', 'refresh_az': False, 'backup_id': None, 'multiattach': False, 'availability_zones': ['nova']}' {{(pid=109376) _task_receiver /usr/local/lib/python3.8/dist-packages/taskflow/listeners/logging.py:178}}
Feb 07 11:21:52.956465 dv-cinder-828085-4-iscsi devstack@c-api.service[109376]: DEBUG cinder.volume.api [None req-e6724597-1cd3-404f-a208-aeb7dde38ac5 tempest-GroupSnapshotsTest-847761476 tempest-GroupSnapshotsTest-847761476-project] Task 'cinder.volume.flows.api.create_volume.QuotaReserveTask;volume:create' (3722a231-62f7-4a91-815a-0a6aab7521f3) transitioned into state 'RUNNING' from state 'PENDING' {{(pid=109376) _task_receiver /usr/local/lib/python3.8/dist-packages/taskflow/listeners/logging.py:190}}
Feb 07 11:21:53.049363 dv-cinder-828085-4-iscsi devstack@c-api.service[109376]: WARNING cinder.quota [None req-e6724597-1cd3-404f-a208-aeb7dde38ac5 tempest-GroupSnapshotsTest-847761476 tempest-GroupSnapshotsTest-847761476-project] Deprecated: Default quota for resource: volumes_tempest-GroupSnapshotsTest-volume-type-1846424676 is set by the default quota flag: quota_volumes_tempest-GroupSnapshotsTest-volume-type-1846424676, it is now deprecated. Please use the default quota class for default quota.
Feb 07 11:21:53.053109 dv-cinder-828085-4-iscsi devstack@c-api.service[109376]: WARNING cinder.quota [None req-e6724597-1cd3-404f-a208-aeb7dde38ac5 tempest-GroupSnapshotsTest-847761476 tempest-GroupSnapshotsTest-847761476-project] Deprecated: Default quota for resource: gigabytes_tempest-GroupSnapshotsTest-volume-type-1846424676 is set by the default quota flag: quota_gigabytes_tempest-GroupSnapshotsTest-volume-type-1846424676, it is now deprecated. Please use the default quota class for default quota.
Feb 07 11:21:53.173956 dv-cinder-828085-4-iscsi devstack@c-api.service[109376]: DEBUG cinder.quota [None req-e6724597-1cd3-404f-a208-aeb7dde38ac5 tempest-GroupSnapshotsTest-847761476 tempest-GroupSnapshotsTest-847761476-project] Created reservations ['761905df-2930-4279-b7fe-1e3a27c666bd', 'd4d7a1c4-f838-44cc-a069-e50a596004b6', 'fdbbcd39-ecc0-49b2-9ea5-b958b4e4ffac', '6929c865-77ab-47e6-94b7-07e64d5c6a44'] {{(pid=109376) reserve /opt/stack/cinder/cinder/quota.py:755}}
Feb 07 11:21:53.179517 dv-cinder-828085-4-iscsi devstack@c-api.service[109376]: DEBUG cinder.volume.api [None req-e6724597-1cd3-404f-a208-aeb7dde38ac5 tempest-GroupSnapshotsTest-847761476 tempest-GroupSnapshotsTest-847761476-project] Task 'cinder.volume.flows.api.create_volume.QuotaReserveTask;volume:create' (3722a231-62f7-4a91-815a-0a6aab7521f3) transitioned into state 'SUCCESS' from state 'RUNNING' with result '{'reservations': ['761905df-2930-4279-b7fe-1e3a27c666bd', 'd4d7a1c4-f838-44cc-a069-e50a596004b6', 'fdbbcd39-ecc0-49b2-9ea5-b958b4e4ffac', '6929c865-77ab-47e6-94b7-07e64d5c6a44']}' {{(pid=109376) _task_receiver /usr/local/lib/python3.8/dist-packages/taskflow/listeners/logging.py:178}}
Feb 07 11:21:53.182973 dv-cinder-828085-4-iscsi devstack@c-api.service[109376]: DEBUG cinder.volume.api [None req-e6724597-1cd3-404f-a208-aeb7dde38ac5 tempest-GroupSnapshotsTest-847761476 tempest-GroupSnapshotsTest-847761476-project] Task 'cinder.volume.flows.api.create_volume.EntryCreateTask;volume:create' (cb5dc542-ec34-4ab2-a0f5-963608dfd471) transitioned into state 'RUNNING' from state 'PENDING' {{(pid=109376) _task_receiver /usr/local/lib/python3.8/dist-packages/taskflow/listeners/logging.py:190}}
Feb 07 11:21:53.264089 dv-cinder-828085-4-iscsi devstack@c-api.service[109376]: DEBUG cinder.volume.api [None req-e6724597-1cd3-404f-a208-aeb7dde38ac5 tempest-GroupSnapshotsTest-847761476 tempest-GroupSnapshotsTest-847761476-project] Task 'cinder.volume.flows.api.create_volume.EntryCreateTask;volume:create' (cb5dc542-ec34-4ab2-a0f5-963608dfd471) transitioned into state 'SUCCESS' from state 'RUNNING' with result '{'volume_id': 'dd264aa5-ada8-477f-982e-db4603537637', 'volume_properties': VolumeProperties(attach_status='detached',availability_zone='nova',cgsnapshot_id=None,consistencygroup_id=None,display_description=None,display_name='tempest-GroupSnapshotsTest-Volume-1597283609',encryption_key_id=None,group_id=5a70510c-d3a1-459f-adb3-1578c1bc1961,group_type_id=,metadata={},multiattach=False,project_id='eeb6283de9d6425bb6dbd79d1cffe5ec',qos_specs=None,replication_status=,reservations=['761905df-2930-4279-b7fe-1e3a27c666bd','d4d7a1c4-f838-44cc-a069-e50a596004b6','fdbbcd39-ecc0-49b2-9ea5-b958b4e4ffac','6929c865-77ab-47e6-94b7-07e64d5c6a44'],size=1,snapshot_id=None,source_replicaid=,source_volid=None,status='creating',user_id='afbfbf4aaf844056957f97d1b6747e9f',volume_type_id=588bd13b-bb5e-4de5-826c-8140b7418058), 'volume': Volume(_name_id=None,admin_metadata=,attach_status='detached',availability_zone='nova',bootable=False,cluster=,cluster_name=None,consistencygroup=,consistencygroup_id=None,created_at=2022-02-07T11:21:53Z,deleted=False,deleted_at=None,display_description=None,display_name='tempest-GroupSnapshotsTest-Volume-1597283609',ec2_id=None,encryption_key_id=None,glance_metadata=,group=,group_id=5a70510c-d3a1-459f-adb3-1578c1bc1961,host=None,id=dd264aa5-ada8-477f-982e-db4603537637,launched_at=None,metadata={},migration_status=None,multiattach=False,previous_status=None,project_id='eeb6283de9d6425bb6dbd79d1cffe5ec',provider_auth=None,provider_geometry=None,provider_id=None,provider_location=None,replication_driver_data=None,replication_extended_status=None,replication_status=None,scheduled_at=None,service_uuid=None,shared_targets=True,size=1,snapshot_id=None,snapshots=,source_volid=None,status='creating',terminated_at=None,updated_at=None,use_quota=True,user_id='afbfbf4aaf844056957f97d1b6747e9f',volume_attachment=VolumeAttachmentList,volume_type=VolumeType(588bd13b-bb5e-4de5-826c-8140b7418058),volume_type_id=588bd13b-bb5e-4de5-826c-8140b7418058)}' {{(pid=109376) _task_receiver /usr/local/lib/python3.8/dist-packages/taskflow/listeners/logging.py:178}}
Feb 07 11:21:53.267527 dv-cinder-828085-4-iscsi devstack@c-api.service[109376]: DEBUG cinder.volume.api [None req-e6724597-1cd3-404f-a208-aeb7dde38ac5 tempest-GroupSnapshotsTest-847761476 tempest-GroupSnapshotsTest-847761476-project] Task 'cinder.volume.flows.api.create_volume.QuotaCommitTask;volume:create' (80b224da-4a99-4ece-9f06-740a4f10a492) transitioned into state 'RUNNING' from state 'PENDING' {{(pid=109376) _task_receiver /usr/local/lib/python3.8/dist-packages/taskflow/listeners/logging.py:190}}
Feb 07 11:21:53.309246 dv-cinder-828085-4-iscsi devstack@c-api.service[109377]: INFO cinder.api.openstack.wsgi [None req-ada0d5d6-e441-4f8d-bf87-231c1e0b81c8 tempest-GroupsTest-182699701 tempest-GroupsTest-182699701-project] GET http://10.222.0.52/volume/v3/6fd88a431a394dd186599ef09c27e725/groups/13042477-dea0-4de8-9b4b-2bf73d00bef9
Feb 07 11:21:53.313366 dv-cinder-828085-4-iscsi devstack@c-api.service[109377]: DEBUG cinder.api.openstack.wsgi [None req-ada0d5d6-e441-4f8d-bf87-231c1e0b81c8 tempest-GroupsTest-182699701 tempest-GroupsTest-182699701-project] Empty body provided in request {{(pid=109377) get_body /opt/stack/cinder/cinder/api/openstack/wsgi.py:715}}
Feb 07 11:21:53.315115 dv-cinder-828085-4-iscsi devstack@c-api.service[109377]: DEBUG cinder.api.openstack.wsgi [None req-ada0d5d6-e441-4f8d-bf87-231c1e0b81c8 tempest-GroupsTest-182699701 tempest-GroupsTest-182699701-project] Calling method 'version_select' {{(pid=109377) _process_stack /opt/stack/cinder/cinder/api/openstack/wsgi.py:868}}
Feb 07 11:21:53.317427 dv-cinder-828085-4-iscsi devstack@c-api.service[109377]: DEBUG cinder.api.v3.groups [None req-ada0d5d6-e441-4f8d-bf87-231c1e0b81c8 tempest-GroupsTest-182699701 tempest-GroupsTest-182699701-project] show called for member 13042477-dea0-4de8-9b4b-2bf73d00bef9 {{(pid=109377) show /opt/stack/cinder/cinder/api/v3/groups.py:58}}
Feb 07 11:21:53.325783 dv-cinder-828085-4-iscsi devstack@c-api.service[109376]: DEBUG cinder.volume.api [None req-e6724597-1cd3-404f-a208-aeb7dde38ac5 tempest-GroupSnapshotsTest-847761476 tempest-GroupSnapshotsTest-847761476-project] Task 'cinder.volume.flows.api.create_volume.QuotaCommitTask;volume:create' (80b224da-4a99-4ece-9f06-740a4f10a492) transitioned into state 'SUCCESS' from state 'RUNNING' with result '{'volume_properties': VolumeProperties(attach_status='detached',availability_zone='nova',cgsnapshot_id=None,consistencygroup_id=None,display_description=None,display_name='tempest-GroupSnapshotsTest-Volume-1597283609',encryption_key_id=None,group_id=5a70510c-d3a1-459f-adb3-1578c1bc1961,group_type_id=,metadata={},multiattach=False,project_id='eeb6283de9d6425bb6dbd79d1cffe5ec',qos_specs=None,replication_status=,reservations=['761905df-2930-4279-b7fe-1e3a27c666bd','d4d7a1c4-f838-44cc-a069-e50a596004b6','fdbbcd39-ecc0-49b2-9ea5-b958b4e4ffac','6929c865-77ab-47e6-94b7-07e64d5c6a44'],size=1,snapshot_id=None,source_replicaid=,source_volid=None,status='creating',user_id='afbfbf4aaf844056957f97d1b6747e9f',volume_type_id=588bd13b-bb5e-4de5-826c-8140b7418058)}' {{(pid=109376) _task_receiver /usr/local/lib/python3.8/dist-packages/taskflow/listeners/logging.py:178}}
Feb 07 11:21:53.328911 dv-cinder-828085-4-iscsi devstack@c-api.service[109376]: DEBUG cinder.volume.api [None req-e6724597-1cd3-404f-a208-aeb7dde38ac5 tempest-GroupSnapshotsTest-847761476 tempest-GroupSnapshotsTest-847761476-project] Task 'cinder.volume.flows.api.create_volume.VolumeCastTask;volume:create' (670cc3c3-4fc0-4104-84c9-1ce986787e35) transitioned into state 'RUNNING' from state 'PENDING' {{(pid=109376) _task_receiver /usr/local/lib/python3.8/dist-packages/taskflow/listeners/logging.py:190}}
Feb 07 11:21:53.344002 dv-cinder-828085-4-iscsi devstack@c-api.service[109377]: INFO cinder.api.openstack.wsgi [None req-ada0d5d6-e441-4f8d-bf87-231c1e0b81c8 tempest-GroupsTest-182699701 tempest-GroupsTest-182699701-project] http://10.222.0.52/volume/v3/6fd88a431a394dd186599ef09c27e725/groups/13042477-dea0-4de8-9b4b-2bf73d00bef9 returned with HTTP 404
Feb 07 11:21:53.345663 dv-cinder-828085-4-iscsi devstack@c-api.service[109377]: [pid: 109377|app: 0|req: 144/277] 10.222.0.52 () {60 vars in 1362 bytes} [Mon Feb 7 11:21:53 2022] GET /volume/v3/6fd88a431a394dd186599ef09c27e725/groups/13042477-dea0-4de8-9b4b-2bf73d00bef9 => generated 108 bytes in 50 msecs (HTTP/1.1 404) 7 headers in 293 bytes (2 switches on core 0)
Feb 07 11:21:53.369629 dv-cinder-828085-4-iscsi devstack@c-api.service[109377]: INFO cinder.api.openstack.wsgi [None req-f11cec20-8007-47d7-8f99-c1422d2e75ce tempest-GroupsTest-182699701 tempest-GroupsTest-182699701-project] GET http://10.222.0.52/volume/v3/6fd88a431a394dd186599ef09c27e725/groups/detail
Feb 07 11:21:53.370469 dv-cinder-828085-4-iscsi devstack@c-api.service[109377]: DEBUG cinder.api.openstack.wsgi [None req-f11cec20-8007-47d7-8f99-c1422d2e75ce tempest-GroupsTest-182699701 tempest-GroupsTest-182699701-project] Empty body provided in request {{(pid=109377) get_body /opt/stack/cinder/cinder/api/openstack/wsgi.py:715}}
Feb 07 11:21:53.381712 dv-cinder-828085-4-iscsi devstack@c-api.service[109377]: DEBUG cinder.api.openstack.wsgi [None req-f11cec20-8007-47d7-8f99-c1422d2e75ce tempest-GroupsTest-182699701 tempest-GroupsTest-182699701-project] Calling method 'version_select' {{(pid=109377) _process_stack /opt/stack/cinder/cinder/api/openstack/wsgi.py:868}}
Feb 07 11:21:53.389693 dv-cinder-828085-4-iscsi devstack@c-api.service[109377]: /usr/local/lib/python3.8/dist-packages/oslo_context/context.py:105: DeprecationWarning: Policy enforcement is depending on the value of is_admin. This key is deprecated. Please update your policy file to use the standard policy values.
Feb 07 11:21:53.389693 dv-cinder-828085-4-iscsi devstack@c-api.service[109377]: warnings.warn('Policy enforcement is depending on the value of '
Feb 07 11:21:53.389941 dv-cinder-828085-4-iscsi devstack@c-api.service[109376]: DEBUG cinder.volume.api [None req-e6724597-1cd3-404f-a208-aeb7dde38ac5 tempest-GroupSnapshotsTest-847761476 tempest-GroupSnapshotsTest-847761476-project] Task 'cinder.volume.flows.api.create_volume.VolumeCastTask;volume:create' (670cc3c3-4fc0-4104-84c9-1ce986787e35) transitioned into state 'SUCCESS' from state 'RUNNING' with result 'None' {{(pid=109376) _task_receiver /usr/local/lib/python3.8/dist-packages/taskflow/listeners/logging.py:178}}
Feb 07 11:21:53.393929 dv-cinder-828085-4-iscsi devstack@c-api.service[109376]: DEBUG cinder.volume.api [None req-e6724597-1cd3-404f-a208-aeb7dde38ac5 tempest-GroupSnapshotsTest-847761476 tempest-GroupSnapshotsTest-847761476-project] Flow 'volume_create_api' (c33890c1-d301-43fe-85f3-ff20e96c04e3) transitioned into state 'SUCCESS' from state 'RUNNING' {{(pid=109376) _flow_receiver /usr/local/lib/python3.8/dist-packages/taskflow/listeners/logging.py:141}}
Feb 07 11:21:53.394933 dv-cinder-828085-4-iscsi devstack@c-api.service[109376]: INFO cinder.volume.api [None req-e6724597-1cd3-404f-a208-aeb7dde38ac5 tempest-GroupSnapshotsTest-847761476 tempest-GroupSnapshotsTest-847761476-project] Create volume request issued successfully.
Feb 07 11:21:53.407003 dv-cinder-828085-4-iscsi devstack@c-api.service[109376]: WARNING stevedore.named [None req-e6724597-1cd3-404f-a208-aeb7dde38ac5 tempest-GroupSnapshotsTest-847761476 tempest-GroupSnapshotsTest-847761476-project] Could not load cinder.keymgr.conf_key_mgr.ConfKeyManager
Feb 07 11:21:53.407400 dv-cinder-828085-4-iscsi devstack@c-api.service[109376]: WARNING castellan.key_manager [None req-e6724597-1cd3-404f-a208-aeb7dde38ac5 tempest-GroupSnapshotsTest-847761476 tempest-GroupSnapshotsTest-847761476-project] Deprecation Warning : cinder.keymgr.conf_key_mgr.ConfKeyManager is not a stevedore based driver, trying to load it as a class: stevedore.exception.NoMatches: No 'castellan.drivers' driver found, looking for 'cinder.keymgr.conf_key_mgr.ConfKeyManager'
Feb 07 11:21:53.415942 dv-cinder-828085-4-iscsi devstack@c-api.service[109377]: INFO cinder.api.openstack.wsgi [None req-f11cec20-8007-47d7-8f99-c1422d2e75ce tempest-GroupsTest-182699701 tempest-GroupsTest-182699701-project] http://10.222.0.52/volume/v3/6fd88a431a394dd186599ef09c27e725/groups/detail returned with HTTP 200
Feb 07 11:21:53.419963 dv-cinder-828085-4-iscsi devstack@c-api.service[109376]: DEBUG oslo_db.sqlalchemy.engines [None req-e6724597-1cd3-404f-a208-aeb7dde38ac5 tempest-GroupSnapshotsTest-847761476 tempest-GroupSnapshotsTest-847761476-project] MySQL server mode set to STRICT_TRANS_TABLES,STRICT_ALL_TABLES,NO_ZERO_IN_DATE,NO_ZERO_DATE,ERROR_FOR_DIVISION_BY_ZERO,TRADITIONAL,NO_ENGINE_SUBSTITUTION {{(pid=109376) _check_effective_sql_mode /usr/local/lib/python3.8/dist-packages/oslo_db/sqlalchemy/engines.py:314}}
Feb 07 11:21:53.430897 dv-cinder-828085-4-iscsi devstack@c-api.service[109377]: [pid: 109377|app: 0|req: 145/278] 10.222.0.52 () {60 vars in 1272 bytes} [Mon Feb 7 11:21:53 2022] GET /volume/v3/6fd88a431a394dd186599ef09c27e725/groups/detail => generated 14 bytes in 61 msecs (HTTP/1.1 200) 7 headers in 285 bytes (1 switches on core 0)
Feb 07 11:21:53.431149 dv-cinder-828085-4-iscsi devstack@c-api.service[109376]: /usr/local/lib/python3.8/dist-packages/oslo_context/context.py:105: DeprecationWarning: Policy enforcement is depending on the value of is_admin. This key is deprecated. Please update your policy file to use the standard policy values.
Feb 07 11:21:53.431149 dv-cinder-828085-4-iscsi devstack@c-api.service[109376]: warnings.warn('Policy enforcement is depending on the value of '
Feb 07 11:21:53.455480 dv-cinder-828085-4-iscsi devstack@c-api.service[109377]: INFO cinder.api.openstack.wsgi [None req-5491089c-7c8e-4910-87d3-0dab01b342b9 tempest-GroupsTest-182699701 tempest-GroupsTest-182699701-project] GET http://10.222.0.52/volume/v3/6fd88a431a394dd186599ef09c27e725/volumes/detail
Feb 07 11:21:53.456264 dv-cinder-828085-4-iscsi devstack@c-api.service[109377]: DEBUG cinder.api.openstack.wsgi [None req-5491089c-7c8e-4910-87d3-0dab01b342b9 tempest-GroupsTest-182699701 tempest-GroupsTest-182699701-project] Empty body provided in request {{(pid=109377) get_body /opt/stack/cinder/cinder/api/openstack/wsgi.py:715}}
Feb 07 11:21:53.464435 dv-cinder-828085-4-iscsi devstack@c-api.service[109377]: DEBUG cinder.api.openstack.wsgi [None req-5491089c-7c8e-4910-87d3-0dab01b342b9 tempest-GroupsTest-182699701 tempest-GroupsTest-182699701-project] Calling method 'detail' {{(pid=109377) _process_stack /opt/stack/cinder/cinder/api/openstack/wsgi.py:868}}
Feb 07 11:21:53.465865 dv-cinder-828085-4-iscsi devstack@c-api.service[109377]: DEBUG cinder.api.api_utils [None req-5491089c-7c8e-4910-87d3-0dab01b342b9 tempest-GroupsTest-182699701 tempest-GroupsTest-182699701-project] Removing options '' from query. {{(pid=109377) remove_invalid_filter_options /opt/stack/cinder/cinder/api/api_utils.py:73}}
Feb 07 11:21:53.468604 dv-cinder-828085-4-iscsi devstack@c-api.service[109377]: DEBUG cinder.volume.api [None req-5491089c-7c8e-4910-87d3-0dab01b342b9 tempest-GroupsTest-182699701 tempest-GroupsTest-182699701-project] Searching by: MultiDict([('no_migration_targets', True)]). {{(pid=109377) get_all /opt/stack/cinder/cinder/volume/api.py:661}}
Feb 07 11:21:53.470671 dv-cinder-828085-4-iscsi devstack@c-api.service[109376]: INFO cinder.api.openstack.wsgi [None req-e6724597-1cd3-404f-a208-aeb7dde38ac5 tempest-GroupSnapshotsTest-847761476 tempest-GroupSnapshotsTest-847761476-project] http://10.222.0.52/volume/v3/eeb6283de9d6425bb6dbd79d1cffe5ec/volumes returned with HTTP 202
Feb 07 11:21:53.471476 dv-cinder-828085-4-iscsi devstack@c-api.service[109376]: [pid: 109376|app: 0|req: 134/279] 10.222.0.52 () {62 vars in 1276 bytes} [Mon Feb 7 11:21:52 2022] POST /volume/v3/eeb6283de9d6425bb6dbd79d1cffe5ec/volumes => generated 908 bytes in 683 msecs (HTTP/1.1 202) 7 headers in 292 bytes (1 switches on core 0)
Feb 07 11:21:53.505444 dv-cinder-828085-4-iscsi devstack@c-api.service[109376]: INFO cinder.api.openstack.wsgi [None req-965612aa-0e32-4ccc-bba2-2e56fd140214 tempest-GroupSnapshotsTest-847761476 tempest-GroupSnapshotsTest-847761476-project] GET http://10.222.0.52/volume/v3/eeb6283de9d6425bb6dbd79d1cffe5ec/volumes/dd264aa5-ada8-477f-982e-db4603537637
Feb 07 11:21:53.513233 dv-cinder-828085-4-iscsi devstack@c-api.service[109376]: DEBUG cinder.api.openstack.wsgi [None req-965612aa-0e32-4ccc-bba2-2e56fd140214 tempest-GroupSnapshotsTest-847761476 tempest-GroupSnapshotsTest-847761476-project] Empty body provided in request {{(pid=109376) get_body /opt/stack/cinder/cinder/api/openstack/wsgi.py:715}}
Feb 07 11:21:53.514974 dv-cinder-828085-4-iscsi devstack@c-api.service[109376]: DEBUG cinder.api.openstack.wsgi [None req-965612aa-0e32-4ccc-bba2-2e56fd140214 tempest-GroupSnapshotsTest-847761476 tempest-GroupSnapshotsTest-847761476-project] Calling method 'show' {{(pid=109376) _process_stack /opt/stack/cinder/cinder/api/openstack/wsgi.py:868}}
Feb 07 11:21:53.596659 dv-cinder-828085-4-iscsi devstack@c-api.service[109376]: /usr/local/lib/python3.8/dist-packages/oslo_context/context.py:105: DeprecationWarning: Policy enforcement is depending on the value of is_admin. This key is deprecated. Please update your policy file to use the standard policy values.
Feb 07 11:21:53.596659 dv-cinder-828085-4-iscsi devstack@c-api.service[109376]: warnings.warn('Policy enforcement is depending on the value of '
Feb 07 11:21:53.632326 dv-cinder-828085-4-iscsi devstack@c-api.service[109376]: INFO cinder.volume.api [None req-965612aa-0e32-4ccc-bba2-2e56fd140214 tempest-GroupSnapshotsTest-847761476 tempest-GroupSnapshotsTest-847761476-project] Volume info retrieved successfully.
Feb 07 11:21:53.650121 dv-cinder-828085-4-iscsi devstack@c-api.service[109377]: INFO cinder.volume.api [None req-5491089c-7c8e-4910-87d3-0dab01b342b9 tempest-GroupsTest-182699701 tempest-GroupsTest-182699701-project] Get all volumes completed successfully.
Feb 07 11:21:53.660118 dv-cinder-828085-4-iscsi devstack@c-api.service[109376]: WARNING stevedore.named [None req-965612aa-0e32-4ccc-bba2-2e56fd140214 tempest-GroupSnapshotsTest-847761476 tempest-GroupSnapshotsTest-847761476-project] Could not load cinder.keymgr.conf_key_mgr.ConfKeyManager
Feb 07 11:21:53.665356 dv-cinder-828085-4-iscsi devstack@c-api.service[109376]: WARNING castellan.key_manager [None req-965612aa-0e32-4ccc-bba2-2e56fd140214 tempest-GroupSnapshotsTest-847761476 tempest-GroupSnapshotsTest-847761476-project] Deprecation Warning : cinder.keymgr.conf_key_mgr.ConfKeyManager is not a stevedore based driver, trying to load it as a class: stevedore.exception.NoMatches: No 'castellan.drivers' driver found, looking for 'cinder.keymgr.conf_key_mgr.ConfKeyManager'
Feb 07 11:21:53.670621 dv-cinder-828085-4-iscsi devstack@c-api.service[109377]: INFO cinder.api.openstack.wsgi [None req-5491089c-7c8e-4910-87d3-0dab01b342b9 tempest-GroupsTest-182699701 tempest-GroupsTest-182699701-project] http://10.222.0.52/volume/v3/6fd88a431a394dd186599ef09c27e725/volumes/detail returned with HTTP 200
Feb 07 11:21:53.690108 dv-cinder-828085-4-iscsi devstack@c-api.service[109377]: [pid: 109377|app: 0|req: 146/280] 10.222.0.52 () {60 vars in 1275 bytes} [Mon Feb 7 11:21:53 2022] GET /volume/v3/6fd88a431a394dd186599ef09c27e725/volumes/detail => generated 15 bytes in 258 msecs (HTTP/1.1 200) 7 headers in 285 bytes (1 switches on core 0)
Feb 07 11:21:53.707760 dv-cinder-828085-4-iscsi devstack@c-api.service[109376]: DEBUG oslo_db.sqlalchemy.engines [None req-965612aa-0e32-4ccc-bba2-2e56fd140214 tempest-GroupSnapshotsTest-847761476 tempest-GroupSnapshotsTest-847761476-project] MySQL server mode set to STRICT_TRANS_TABLES,STRICT_ALL_TABLES,NO_ZERO_IN_DATE,NO_ZERO_DATE,ERROR_FOR_DIVISION_BY_ZERO,TRADITIONAL,NO_ENGINE_SUBSTITUTION {{(pid=109376) _check_effective_sql_mode /usr/local/lib/python3.8/dist-packages/oslo_db/sqlalchemy/engines.py:314}}
Feb 07 11:21:53.727340 dv-cinder-828085-4-iscsi devstack@c-api.service[109377]: INFO cinder.api.openstack.wsgi [None req-5d7cb8c7-d23f-4733-bb59-01df49a4eed0 tempest-GroupsTest-182699701 tempest-GroupsTest-182699701-project] POST http://10.222.0.52/volume/v3/6fd88a431a394dd186599ef09c27e725/groups/13042477-dea0-4de8-9b4b-2bf73d00bef9/action
Feb 07 11:21:53.731487 dv-cinder-828085-4-iscsi devstack@c-api.service[109377]: DEBUG cinder.api.openstack.wsgi [None req-5d7cb8c7-d23f-4733-bb59-01df49a4eed0 tempest-GroupsTest-182699701 tempest-GroupsTest-182699701-project] Action body: b'{"delete": {"delete-volumes": true}}' {{(pid=109377) get_method /opt/stack/cinder/cinder/api/openstack/wsgi.py:983}}
Feb 07 11:21:53.732825 dv-cinder-828085-4-iscsi devstack@c-api.service[109377]: DEBUG cinder.api.openstack.wsgi [None req-5d7cb8c7-d23f-4733-bb59-01df49a4eed0 tempest-GroupsTest-182699701 tempest-GroupsTest-182699701-project] Action: 'action', calling method: delete_group, body: {"delete": {"delete-volumes": true}} {{(pid=109377) _process_stack /opt/stack/cinder/cinder/api/openstack/wsgi.py:866}}
Feb 07 11:21:53.736658 dv-cinder-828085-4-iscsi devstack@c-api.service[109377]: DEBUG cinder.api.v3.groups [None req-5d7cb8c7-d23f-4733-bb59-01df49a4eed0 tempest-GroupsTest-182699701 tempest-GroupsTest-182699701-project] delete called for group 13042477-dea0-4de8-9b4b-2bf73d00bef9 {{(pid=109377) _delete /opt/stack/cinder/cinder/api/v3/groups.py:117}}
Feb 07 11:21:53.737214 dv-cinder-828085-4-iscsi devstack@c-api.service[109377]: INFO cinder.api.v3.groups [None req-5d7cb8c7-d23f-4733-bb59-01df49a4eed0 tempest-GroupsTest-182699701 tempest-GroupsTest-182699701-project] Delete group with id: 13042477-dea0-4de8-9b4b-2bf73d00bef9
Feb 07 11:21:53.740102 dv-cinder-828085-4-iscsi devstack@c-api.service[109376]: /usr/local/lib/python3.8/dist-packages/oslo_context/context.py:105: DeprecationWarning: Policy enforcement is depending on the value of is_admin. This key is deprecated. Please update your policy file to use the standard policy values.
Feb 07 11:21:53.740102 dv-cinder-828085-4-iscsi devstack@c-api.service[109376]: warnings.warn('Policy enforcement is depending on the value of '
Feb 07 11:21:53.749794 dv-cinder-828085-4-iscsi devstack@c-api.service[109377]: INFO cinder.api.openstack.wsgi [None req-5d7cb8c7-d23f-4733-bb59-01df49a4eed0 tempest-GroupsTest-182699701 tempest-GroupsTest-182699701-project] http://10.222.0.52/volume/v3/6fd88a431a394dd186599ef09c27e725/groups/13042477-dea0-4de8-9b4b-2bf73d00bef9/action returned with HTTP 404
Feb 07 11:21:53.751615 dv-cinder-828085-4-iscsi devstack@c-api.service[109377]: [pid: 109377|app: 0|req: 147/281] 10.222.0.52 () {62 vars in 1404 bytes} [Mon Feb 7 11:21:53 2022] POST /volume/v3/6fd88a431a394dd186599ef09c27e725/groups/13042477-dea0-4de8-9b4b-2bf73d00bef9/action => generated 108 bytes in 57 msecs (HTTP/1.1 404) 7 headers in 293 bytes (1 switches on core 0)
Feb 07 11:21:53.763425 dv-cinder-828085-4-iscsi devstack@c-api.service[109377]: INFO cinder.api.openstack.wsgi [None req-fcb57a96-9b9a-4e6f-8f82-5c02db6527be tempest-GroupsTest-182699701 tempest-GroupsTest-182699701-project] GET http://10.222.0.52/volume/v3/6fd88a431a394dd186599ef09c27e725/volumes/detail
Feb 07 11:21:53.764719 dv-cinder-828085-4-iscsi devstack@c-api.service[109377]: DEBUG cinder.api.openstack.wsgi [None req-fcb57a96-9b9a-4e6f-8f82-5c02db6527be tempest-GroupsTest-182699701 tempest-GroupsTest-182699701-project] Empty body provided in request {{(pid=109377) get_body /opt/stack/cinder/cinder/api/openstack/wsgi.py:715}}
Feb 07 11:21:53.765547 dv-cinder-828085-4-iscsi devstack@c-api.service[109377]: DEBUG cinder.api.openstack.wsgi [None req-fcb57a96-9b9a-4e6f-8f82-5c02db6527be tempest-GroupsTest-182699701 tempest-GroupsTest-182699701-project] Calling method 'detail' {{(pid=109377) _process_stack /opt/stack/cinder/cinder/api/openstack/wsgi.py:868}}
Feb 07 11:21:53.770744 dv-cinder-828085-4-iscsi devstack@c-api.service[109376]: INFO cinder.api.openstack.wsgi [None req-965612aa-0e32-4ccc-bba2-2e56fd140214 tempest-GroupSnapshotsTest-847761476 tempest-GroupSnapshotsTest-847761476-project] http://10.222.0.52/volume/v3/eeb6283de9d6425bb6dbd79d1cffe5ec/volumes/dd264aa5-ada8-477f-982e-db4603537637 returned with HTTP 200
Feb 07 11:21:53.771912 dv-cinder-828085-4-iscsi devstack@c-api.service[109376]: [pid: 109376|app: 0|req: 135/282] 10.222.0.52 () {60 vars in 1365 bytes} [Mon Feb 7 11:21:53 2022] GET /volume/v3/eeb6283de9d6425bb6dbd79d1cffe5ec/volumes/dd264aa5-ada8-477f-982e-db4603537637 => generated 976 bytes in 279 msecs (HTTP/1.1 200) 7 headers in 286 bytes (1 switches on core 0)
Feb 07 11:21:53.779778 dv-cinder-828085-4-iscsi devstack@c-api.service[109377]: DEBUG cinder.api.api_utils [None req-fcb57a96-9b9a-4e6f-8f82-5c02db6527be tempest-GroupsTest-182699701 tempest-GroupsTest-182699701-project] Removing options '' from query. {{(pid=109377) remove_invalid_filter_options /opt/stack/cinder/cinder/api/api_utils.py:73}}
Feb 07 11:21:53.781804 dv-cinder-828085-4-iscsi devstack@c-api.service[109377]: DEBUG cinder.volume.api [None req-fcb57a96-9b9a-4e6f-8f82-5c02db6527be tempest-GroupsTest-182699701 tempest-GroupsTest-182699701-project] Searching by: MultiDict([('no_migration_targets', True)]). {{(pid=109377) get_all /opt/stack/cinder/cinder/volume/api.py:661}}
Feb 07 11:21:53.888539 dv-cinder-828085-4-iscsi devstack@c-api.service[109377]: INFO cinder.volume.api [None req-fcb57a96-9b9a-4e6f-8f82-5c02db6527be tempest-GroupsTest-182699701 tempest-GroupsTest-182699701-project] Get all volumes completed successfully.
Feb 07 11:21:53.898660 dv-cinder-828085-4-iscsi devstack@c-api.service[109377]: INFO cinder.api.openstack.wsgi [None req-fcb57a96-9b9a-4e6f-8f82-5c02db6527be tempest-GroupsTest-182699701 tempest-GroupsTest-182699701-project] http://10.222.0.52/volume/v3/6fd88a431a394dd186599ef09c27e725/volumes/detail returned with HTTP 200
Feb 07 11:21:53.901134 dv-cinder-828085-4-iscsi devstack@c-api.service[109377]: [pid: 109377|app: 0|req: 148/283] 10.222.0.52 () {60 vars in 1275 bytes} [Mon Feb 7 11:21:53 2022] GET /volume/v3/6fd88a431a394dd186599ef09c27e725/volumes/detail => generated 15 bytes in 143 msecs (HTTP/1.1 200) 7 headers in 285 bytes (1 switches on core 0)
Feb 07 11:21:53.928640 dv-cinder-828085-4-iscsi devstack@c-api.service[109376]: INFO cinder.api.openstack.wsgi [None req-49d8fc06-5fe8-4bec-9c0d-b63f68cb7932 tempest-GroupsTest-182699701 tempest-GroupsTest-182699701-project] POST http://10.222.0.52/volume/v3/6fd88a431a394dd186599ef09c27e725/groups/bcb7994b-b86c-4d3a-9f53-f47bcfe3ab12/action
Feb 07 11:21:53.930453 dv-cinder-828085-4-iscsi devstack@c-api.service[109376]: DEBUG cinder.api.openstack.wsgi [None req-49d8fc06-5fe8-4bec-9c0d-b63f68cb7932 tempest-GroupsTest-182699701 tempest-GroupsTest-182699701-project] Action body: b'{"delete": {"delete-volumes": true}}' {{(pid=109376) get_method /opt/stack/cinder/cinder/api/openstack/wsgi.py:983}}
Feb 07 11:21:53.931044 dv-cinder-828085-4-iscsi devstack@c-api.service[109376]: DEBUG cinder.api.openstack.wsgi [None req-49d8fc06-5fe8-4bec-9c0d-b63f68cb7932 tempest-GroupsTest-182699701 tempest-GroupsTest-182699701-project] Action: 'action', calling method: delete_group, body: {"delete": {"delete-volumes": true}} {{(pid=109376) _process_stack /opt/stack/cinder/cinder/api/openstack/wsgi.py:866}}
Feb 07 11:21:53.932458 dv-cinder-828085-4-iscsi devstack@c-api.service[109376]: DEBUG cinder.api.v3.groups [None req-49d8fc06-5fe8-4bec-9c0d-b63f68cb7932 tempest-GroupsTest-182699701 tempest-GroupsTest-182699701-project] delete called for group bcb7994b-b86c-4d3a-9f53-f47bcfe3ab12 {{(pid=109376) _delete /opt/stack/cinder/cinder/api/v3/groups.py:117}}
Feb 07 11:21:53.933029 dv-cinder-828085-4-iscsi devstack@c-api.service[109376]: INFO cinder.api.v3.groups [None req-49d8fc06-5fe8-4bec-9c0d-b63f68cb7932 tempest-GroupsTest-182699701 tempest-GroupsTest-182699701-project] Delete group with id: bcb7994b-b86c-4d3a-9f53-f47bcfe3ab12
Feb 07 11:21:53.942903 dv-cinder-828085-4-iscsi devstack@c-api.service[109376]: INFO cinder.api.openstack.wsgi [None req-49d8fc06-5fe8-4bec-9c0d-b63f68cb7932 tempest-GroupsTest-182699701 tempest-GroupsTest-182699701-project] http://10.222.0.52/volume/v3/6fd88a431a394dd186599ef09c27e725/groups/bcb7994b-b86c-4d3a-9f53-f47bcfe3ab12/action returned with HTTP 404
Feb 07 11:21:53.951299 dv-cinder-828085-4-iscsi devstack@c-api.service[109376]: [pid: 109376|app: 0|req: 136/284] 10.222.0.52 () {62 vars in 1404 bytes} [Mon Feb 7 11:21:53 2022] POST /volume/v3/6fd88a431a394dd186599ef09c27e725/groups/bcb7994b-b86c-4d3a-9f53-f47bcfe3ab12/action => generated 108 bytes in 30 msecs (HTTP/1.1 404) 7 headers in 293 bytes (1 switches on core 0)
Feb 07 11:21:53.958855 dv-cinder-828085-4-iscsi devstack@c-api.service[109377]: INFO cinder.api.openstack.wsgi [None req-34f97176-f746-4bbc-915c-d63eb8fa7358 tempest-GroupsTest-1889948611 tempest-GroupsTest-1889948611-project-admin] DELETE http://10.222.0.52/volume/v3/db00792c3403499e85273d8af7a60c2c/group_types/aefb5928-edf1-40d1-9c4b-eefbdf145863
Feb 07 11:21:53.959733 dv-cinder-828085-4-iscsi devstack@c-api.service[109377]: DEBUG cinder.api.openstack.wsgi [None req-34f97176-f746-4bbc-915c-d63eb8fa7358 tempest-GroupsTest-1889948611 tempest-GroupsTest-1889948611-project-admin] Empty body provided in request {{(pid=109377) get_body /opt/stack/cinder/cinder/api/openstack/wsgi.py:715}}
Feb 07 11:21:53.962152 dv-cinder-828085-4-iscsi devstack@c-api.service[109377]: DEBUG cinder.api.openstack.wsgi [None req-34f97176-f746-4bbc-915c-d63eb8fa7358 tempest-GroupsTest-1889948611 tempest-GroupsTest-1889948611-project-admin] Calling method 'version_select' {{(pid=109377) _process_stack /opt/stack/cinder/cinder/api/openstack/wsgi.py:868}}
Feb 07 11:21:54.024259 dv-cinder-828085-4-iscsi devstack@c-api.service[109377]: INFO cinder.api.openstack.wsgi [None req-34f97176-f746-4bbc-915c-d63eb8fa7358 tempest-GroupsTest-1889948611 tempest-GroupsTest-1889948611-project-admin] http://10.222.0.52/volume/v3/db00792c3403499e85273d8af7a60c2c/group_types/aefb5928-edf1-40d1-9c4b-eefbdf145863 returned with HTTP 202
Feb 07 11:21:54.029749 dv-cinder-828085-4-iscsi devstack@c-api.service[109377]: [pid: 109377|app: 0|req: 149/285] 10.222.0.52 () {60 vars in 1380 bytes} [Mon Feb 7 11:21:53 2022] DELETE /volume/v3/db00792c3403499e85273d8af7a60c2c/group_types/aefb5928-edf1-40d1-9c4b-eefbdf145863 => generated 0 bytes in 74 msecs (HTTP/1.1 202) 6 headers in 234 bytes (1 switches on core 0)
Feb 07 11:21:54.037088 dv-cinder-828085-4-iscsi devstack@c-api.service[109376]: INFO cinder.api.openstack.wsgi [None req-bc467c12-f8bc-4d81-9b9a-e39da64de85c tempest-GroupsTest-1889948611 tempest-GroupsTest-1889948611-project-admin] POST http://10.222.0.52/volume/v3/db00792c3403499e85273d8af7a60c2c/types
Feb 07 11:21:54.038315 dv-cinder-828085-4-iscsi devstack@c-api.service[109376]: DEBUG cinder.api.openstack.wsgi [None req-bc467c12-f8bc-4d81-9b9a-e39da64de85c tempest-GroupsTest-1889948611 tempest-GroupsTest-1889948611-project-admin] Action: 'create', calling method: _create, body: {"volume_type": {"name": "tempest-GroupsTest-volume-type-280702768"}} {{(pid=109376) _process_stack /opt/stack/cinder/cinder/api/openstack/wsgi.py:866}}
Feb 07 11:21:54.106282 dv-cinder-828085-4-iscsi devstack@c-api.service[109376]: INFO cinder.api.openstack.wsgi [None req-bc467c12-f8bc-4d81-9b9a-e39da64de85c tempest-GroupsTest-1889948611 tempest-GroupsTest-1889948611-project-admin] http://10.222.0.52/volume/v3/db00792c3403499e85273d8af7a60c2c/types returned with HTTP 200
Feb 07 11:21:54.114570 dv-cinder-828085-4-iscsi devstack@c-api.service[109376]: [pid: 109376|app: 0|req: 137/286] 10.222.0.52 () {60 vars in 1228 bytes} [Mon Feb 7 11:21:54 2022] POST /volume/v3/db00792c3403499e85273d8af7a60c2c/types => generated 215 bytes in 83 msecs (HTTP/1.1 200) 7 headers in 285 bytes (1 switches on core 0)
Feb 07 11:21:54.122191 dv-cinder-828085-4-iscsi devstack@c-api.service[109377]: INFO cinder.api.openstack.wsgi [None req-81b66d27-7792-49b5-9245-4558290ae361 tempest-GroupsTest-1889948611 tempest-GroupsTest-1889948611-project-admin] POST http://10.222.0.52/volume/v3/db00792c3403499e85273d8af7a60c2c/group_types
Feb 07 11:21:54.123121 dv-cinder-828085-4-iscsi devstack@c-api.service[109377]: DEBUG cinder.api.openstack.wsgi [None req-81b66d27-7792-49b5-9245-4558290ae361 tempest-GroupsTest-1889948611 tempest-GroupsTest-1889948611-project-admin] Action: 'create', calling method: version_select, body: {"group_type": {"name": "tempest-GroupsTest-group-type-1648019952"}} {{(pid=109377) _process_stack /opt/stack/cinder/cinder/api/openstack/wsgi.py:866}}
Feb 07 11:21:54.162909 dv-cinder-828085-4-iscsi devstack@c-api.service[109377]: INFO cinder.api.openstack.wsgi [None req-81b66d27-7792-49b5-9245-4558290ae361 tempest-GroupsTest-1889948611 tempest-GroupsTest-1889948611-project-admin] http://10.222.0.52/volume/v3/db00792c3403499e85273d8af7a60c2c/group_types returned with HTTP 202
Feb 07 11:21:54.165304 dv-cinder-828085-4-iscsi devstack@c-api.service[109377]: [pid: 109377|app: 0|req: 150/287] 10.222.0.52 () {62 vars in 1287 bytes} [Mon Feb 7 11:21:54 2022] POST /volume/v3/db00792c3403499e85273d8af7a60c2c/group_types => generated 173 bytes in 47 msecs (HTTP/1.1 202) 7 headers in 292 bytes (1 switches on core 0)
Feb 07 11:21:54.175068 dv-cinder-828085-4-iscsi devstack@c-api.service[109376]: INFO cinder.api.openstack.wsgi [None req-4afdea79-db74-4b5e-b93d-2dda74db016d tempest-GroupsTest-182699701 tempest-GroupsTest-182699701-project] POST http://10.222.0.52/volume/v3/6fd88a431a394dd186599ef09c27e725/groups
Feb 07 11:21:54.176429 dv-cinder-828085-4-iscsi devstack@c-api.service[109376]: DEBUG cinder.api.openstack.wsgi [None req-4afdea79-db74-4b5e-b93d-2dda74db016d tempest-GroupsTest-182699701 tempest-GroupsTest-182699701-project] Action: 'create', calling method: version_select, body: {"group": {"group_type": "400434e1-04bb-4220-b733-39b6e10c1b39", "volume_types": ["e794c97f-4a27-433a-94ba-1866a067f036"], "name": "tempest-GroupsTest-Group-1048242208"}} {{(pid=109376) _process_stack /opt/stack/cinder/cinder/api/openstack/wsgi.py:866}}
Feb 07 11:21:54.177432 dv-cinder-828085-4-iscsi devstack@c-api.service[109376]: DEBUG cinder.api.v3.groups [None req-4afdea79-db74-4b5e-b93d-2dda74db016d tempest-GroupsTest-182699701 tempest-GroupsTest-182699701-project] Creating new group {'group': {'group_type': '400434e1-04bb-4220-b733-39b6e10c1b39', 'volume_types': ['e794c97f-4a27-433a-94ba-1866a067f036'], 'name': 'tempest-GroupsTest-Group-1048242208'}} {{(pid=109376) create /opt/stack/cinder/cinder/api/v3/groups.py:190}}
Feb 07 11:21:54.187041 dv-cinder-828085-4-iscsi devstack@c-api.service[109376]: INFO cinder.api.v3.groups [None req-4afdea79-db74-4b5e-b93d-2dda74db016d tempest-GroupsTest-182699701 tempest-GroupsTest-182699701-project] Creating group tempest-GroupsTest-Group-1048242208.
Feb 07 11:21:54.217594 dv-cinder-828085-4-iscsi devstack@c-api.service[109376]: INFO cinder.volume.api [None req-4afdea79-db74-4b5e-b93d-2dda74db016d tempest-GroupsTest-182699701 tempest-GroupsTest-182699701-project] Availability Zones retrieved successfully.
Feb 07 11:21:54.294167 dv-cinder-828085-4-iscsi devstack@c-api.service[109376]: DEBUG cinder.quota [None req-4afdea79-db74-4b5e-b93d-2dda74db016d tempest-GroupsTest-182699701 tempest-GroupsTest-182699701-project] Created reservations ['cd2fd073-44e5-400d-a11b-c395a8bdf639'] {{(pid=109376) reserve /opt/stack/cinder/cinder/quota.py:755}}
Feb 07 11:21:54.382216 dv-cinder-828085-4-iscsi devstack@c-api.service[109376]: INFO cinder.api.openstack.wsgi [None req-4afdea79-db74-4b5e-b93d-2dda74db016d tempest-GroupsTest-182699701 tempest-GroupsTest-182699701-project] http://10.222.0.52/volume/v3/6fd88a431a394dd186599ef09c27e725/groups returned with HTTP 202
Feb 07 11:21:54.389017 dv-cinder-828085-4-iscsi devstack@c-api.service[109376]: [pid: 109376|app: 0|req: 138/288] 10.222.0.52 () {62 vars in 1273 bytes} [Mon Feb 7 11:21:54 2022] POST /volume/v3/6fd88a431a394dd186599ef09c27e725/groups => generated 104 bytes in 218 msecs (HTTP/1.1 202) 7 headers in 292 bytes (1 switches on core 0)
Feb 07 11:21:54.396352 dv-cinder-828085-4-iscsi devstack@c-api.service[109377]: INFO cinder.api.openstack.wsgi [None req-504655f2-cd50-485f-a2d3-35981e599c6a tempest-GroupsTest-182699701 tempest-GroupsTest-182699701-project] GET http://10.222.0.52/volume/v3/6fd88a431a394dd186599ef09c27e725/groups/aac9a958-a46e-409d-9422-080dfd955f68
Feb 07 11:21:54.397088 dv-cinder-828085-4-iscsi devstack@c-api.service[109377]: DEBUG cinder.api.openstack.wsgi [None req-504655f2-cd50-485f-a2d3-35981e599c6a tempest-GroupsTest-182699701 tempest-GroupsTest-182699701-project] Empty body provided in request {{(pid=109377) get_body /opt/stack/cinder/cinder/api/openstack/wsgi.py:715}}
Feb 07 11:21:54.397507 dv-cinder-828085-4-iscsi devstack@c-api.service[109377]: DEBUG cinder.api.openstack.wsgi [None req-504655f2-cd50-485f-a2d3-35981e599c6a tempest-GroupsTest-182699701 tempest-GroupsTest-182699701-project] Calling method 'version_select' {{(pid=109377) _process_stack /opt/stack/cinder/cinder/api/openstack/wsgi.py:868}}
Feb 07 11:21:54.398210 dv-cinder-828085-4-iscsi devstack@c-api.service[109377]: DEBUG cinder.api.v3.groups [None req-504655f2-cd50-485f-a2d3-35981e599c6a tempest-GroupsTest-182699701 tempest-GroupsTest-182699701-project] show called for member aac9a958-a46e-409d-9422-080dfd955f68 {{(pid=109377) show /opt/stack/cinder/cinder/api/v3/groups.py:58}}
Feb 07 11:21:54.405528 dv-cinder-828085-4-iscsi devstack@c-api.service[109377]: /usr/local/lib/python3.8/dist-packages/oslo_context/context.py:105: DeprecationWarning: Policy enforcement is depending on the value of is_admin. This key is deprecated. Please update your policy file to use the standard policy values.
Feb 07 11:21:54.405528 dv-cinder-828085-4-iscsi devstack@c-api.service[109377]: warnings.warn('Policy enforcement is depending on the value of '
Feb 07 11:21:54.427389 dv-cinder-828085-4-iscsi devstack@c-api.service[109377]: INFO cinder.api.openstack.wsgi [None req-504655f2-cd50-485f-a2d3-35981e599c6a tempest-GroupsTest-182699701 tempest-GroupsTest-182699701-project] http://10.222.0.52/volume/v3/6fd88a431a394dd186599ef09c27e725/groups/aac9a958-a46e-409d-9422-080dfd955f68 returned with HTTP 200
Feb 07 11:21:54.434894 dv-cinder-828085-4-iscsi devstack@c-api.service[109377]: [pid: 109377|app: 0|req: 151/289] 10.222.0.52 () {60 vars in 1362 bytes} [Mon Feb 7 11:21:54 2022] GET /volume/v3/6fd88a431a394dd186599ef09c27e725/groups/aac9a958-a46e-409d-9422-080dfd955f68 => generated 332 bytes in 36 msecs (HTTP/1.1 200) 7 headers in 286 bytes (1 switches on core 0)
Feb 07 11:21:54.794820 dv-cinder-828085-4-iscsi devstack@c-api.service[109376]: INFO cinder.api.openstack.wsgi [None req-ae959395-7d72-4cfd-9dbe-9c9e03cdc0ce tempest-GroupSnapshotsTest-847761476 tempest-GroupSnapshotsTest-847761476-project] GET http://10.222.0.52/volume/v3/eeb6283de9d6425bb6dbd79d1cffe5ec/volumes/dd264aa5-ada8-477f-982e-db4603537637
Feb 07 11:21:54.795937 dv-cinder-828085-4-iscsi devstack@c-api.service[109376]: DEBUG cinder.api.openstack.wsgi [None req-ae959395-7d72-4cfd-9dbe-9c9e03cdc0ce tempest-GroupSnapshotsTest-847761476 tempest-GroupSnapshotsTest-847761476-project] Empty body provided in request {{(pid=109376) get_body /opt/stack/cinder/cinder/api/openstack/wsgi.py:715}}
Feb 07 11:21:54.796417 dv-cinder-828085-4-iscsi devstack@c-api.service[109376]: DEBUG cinder.api.openstack.wsgi [None req-ae959395-7d72-4cfd-9dbe-9c9e03cdc0ce tempest-GroupSnapshotsTest-847761476 tempest-GroupSnapshotsTest-847761476-project] Calling method 'show' {{(pid=109376) _process_stack /opt/stack/cinder/cinder/api/openstack/wsgi.py:868}}
Feb 07 11:21:54.812532 dv-cinder-828085-4-iscsi devstack@c-api.service[109376]: /usr/local/lib/python3.8/dist-packages/oslo_context/context.py:105: DeprecationWarning: Policy enforcement is depending on the value of is_admin. This key is deprecated. Please update your policy file to use the standard policy values.
Feb 07 11:21:54.812532 dv-cinder-828085-4-iscsi devstack@c-api.service[109376]: warnings.warn('Policy enforcement is depending on the value of '
Feb 07 11:21:54.821059 dv-cinder-828085-4-iscsi devstack@c-api.service[109376]: INFO cinder.volume.api [None req-ae959395-7d72-4cfd-9dbe-9c9e03cdc0ce tempest-GroupSnapshotsTest-847761476 tempest-GroupSnapshotsTest-847761476-project] Volume info retrieved successfully.
Feb 07 11:21:54.822515 dv-cinder-828085-4-iscsi devstack@c-api.service[109376]: WARNING stevedore.named [None req-ae959395-7d72-4cfd-9dbe-9c9e03cdc0ce tempest-GroupSnapshotsTest-847761476 tempest-GroupSnapshotsTest-847761476-project] Could not load cinder.keymgr.conf_key_mgr.ConfKeyManager
Feb 07 11:21:54.822922 dv-cinder-828085-4-iscsi devstack@c-api.service[109376]: WARNING castellan.key_manager [None req-ae959395-7d72-4cfd-9dbe-9c9e03cdc0ce tempest-GroupSnapshotsTest-847761476 tempest-GroupSnapshotsTest-847761476-project] Deprecation Warning : cinder.keymgr.conf_key_mgr.ConfKeyManager is not a stevedore based driver, trying to load it as a class: stevedore.exception.NoMatches: No 'castellan.drivers' driver found, looking for 'cinder.keymgr.conf_key_mgr.ConfKeyManager'
