Feb 07 09:08:32.990943 dv-cinder-828085-3-smb neutron-server[103096]: DEBUG neutron.plugins.ml2.db [None req-7e2e6f5a-4192-4964-afdf-48b94df0e923 None None] get_ports_and_sgs() called for port_ids ['97e69f9a-626a-4055-8f3e-37a81fbeb106'] {{(pid=103096) get_ports_and_sgs /opt/stack/neutron/neutron/plugins/ml2/db.py:156}}
Feb 07 09:08:33.002185 dv-cinder-828085-3-smb neutron-server[103095]: DEBUG neutron_lib.callbacks.manager [req-ea3d477f-3726-4092-952c-6c4841b84466 req-c192c144-c357-4976-ab1b-fd930b4b363a tempest-AttachVolumeTestJSON-1895988003 tempest-AttachVolumeTestJSON-1895988003-project] Publish callbacks [] for port (170f1476-93b7-4251-addb-020eeca9e32a), precommit_create {{(pid=103095) _notify_loop /usr/local/lib/python3.8/dist-packages/neutron_lib/callbacks/manager.py:176}}
Feb 07 09:08:33.060838 dv-cinder-828085-3-smb neutron-server[103096]: DEBUG neutron.plugins.ml2.db [None req-7e2e6f5a-4192-4964-afdf-48b94df0e923 None None] get_ports_and_sgs() called for port_ids ['f4ebd11c-18a6-41ef-a49b-b9dac8121c40'] {{(pid=103096) get_ports_and_sgs /opt/stack/neutron/neutron/plugins/ml2/db.py:156}}
Feb 07 09:08:33.061303 dv-cinder-828085-3-smb neutron-server[103094]: DEBUG neutron.pecan_wsgi.hooks.policy_enforcement [req-b586a8b7-eff7-47c0-9e4d-6455973050a8 req-6598ed1d-6e2f-4652-8431-d6133ca36a6e tempest-AttachVolumeShelveTestJSON-626572900 tempest-AttachVolumeShelveTestJSON-626572900-project] Attributes excluded by policy engine: ['standard_attr_id', 'binding:profile', 'binding:host_id', 'binding:vif_type', 'binding:vif_details'] {{(pid=103094) _exclude_attributes_by_policy /opt/stack/neutron/neutron/pecan_wsgi/hooks/policy_enforcement.py:255}}
Feb 07 09:08:33.062916 dv-cinder-828085-3-smb neutron-server[103094]: INFO neutron.wsgi [req-b586a8b7-eff7-47c0-9e4d-6455973050a8 req-6598ed1d-6e2f-4652-8431-d6133ca36a6e tempest-AttachVolumeShelveTestJSON-626572900 tempest-AttachVolumeShelveTestJSON-626572900-project] 10.222.0.59 "GET /v2.0/ports?device_id=2fbde677-3e35-4a69-b325-5c48613e0af4 HTTP/1.1" status: 200 len: 944 time: 0.0570316
Feb 07 09:08:33.064244 dv-cinder-828085-3-smb neutron-server[103096]: DEBUG neutron.plugins.ml2.db [None req-7e2e6f5a-4192-4964-afdf-48b94df0e923 None None] get_ports_and_sgs() called for port_ids ['95f404ce-d5de-469d-9685-cd4f8036635b'] {{(pid=103096) get_ports_and_sgs /opt/stack/neutron/neutron/plugins/ml2/db.py:156}}
Feb 07 09:08:33.077493 dv-cinder-828085-3-smb neutron-server[103095]: DEBUG neutron_lib.callbacks.manager [req-24669907-df8b-4657-a475-bb1cdb198de7 req-c5ab0d89-69ba-4388-8453-b1e552bfb9a8 service neutron] Publish callbacks ['neutron.plugins.ml2.plugin.SecurityGroupServerNotifierRpcMixin._notify_sg_on_port_change-1772860', 'neutron.plugins.ml2.ovo_rpc._ObjectChangeHandler.handle_event-113309', 'neutron.api.rpc.agentnotifiers.dhcp_rpc_agent_api.DhcpAgentNotifyAPI._native_event_send_dhcp_notification-550311', 'neutron.db.l3_db.L3RpcNotifierMixin._notify_gateway_port_ip_changed-8730370848013', 'neutron.db.l3_dvrscheduler_db._notify_l3_agent_port_update-8730370508481', 'neutron.db.l3_hascheduler_db._notify_l3_agent_ha_port_update-8730370508499'] for port (fc685cc8-391d-43c1-a403-fd14eb19fdda), after_update {{(pid=103095) _notify_loop /usr/local/lib/python3.8/dist-packages/neutron_lib/callbacks/manager.py:176}}
Feb 07 09:08:33.115586 dv-cinder-828085-3-smb neutron-server[103095]: DEBUG neutron.pecan_wsgi.hooks.policy_enforcement [req-24669907-df8b-4657-a475-bb1cdb198de7 req-c5ab0d89-69ba-4388-8453-b1e552bfb9a8 service neutron] Attributes excluded by policy engine: ['standard_attr_id'] {{(pid=103095) _exclude_attributes_by_policy /opt/stack/neutron/neutron/pecan_wsgi/hooks/policy_enforcement.py:255}}
Feb 07 09:08:33.116155 dv-cinder-828085-3-smb neutron-server[103095]: DEBUG neutron_lib.callbacks.manager [req-24669907-df8b-4657-a475-bb1cdb198de7 req-c5ab0d89-69ba-4388-8453-b1e552bfb9a8 service neutron] Publish callbacks ['neutron.notifiers.nova.Notifier._send_nova_notification-235888', 'neutron.api.rpc.agentnotifiers.dhcp_rpc_agent_api.DhcpAgentNotifyAPI._send_dhcp_notification-550357'] for port (None), before_response {{(pid=103095) _notify_loop /usr/local/lib/python3.8/dist-packages/neutron_lib/callbacks/manager.py:176}}
Feb 07 09:08:33.117557 dv-cinder-828085-3-smb neutron-server[103095]: INFO neutron.wsgi [req-24669907-df8b-4657-a475-bb1cdb198de7 req-c5ab0d89-69ba-4388-8453-b1e552bfb9a8 service neutron] 10.222.0.43 "PUT /v2.0/ports/fc685cc8-391d-43c1-a403-fd14eb19fdda HTTP/1.1" status: 200 len: 1094 time: 1.5017114
Feb 07 09:08:33.118007 dv-cinder-828085-3-smb neutron-server[103095]: DEBUG neutron.notifiers.nova [-] Sending events: [{'name': 'network-changed', 'server_uuid': '2fbde677-3e35-4a69-b325-5c48613e0af4', 'tag': 'fc685cc8-391d-43c1-a403-fd14eb19fdda'}] {{(pid=103095) send_events /opt/stack/neutron/neutron/notifiers/nova.py:266}}
Feb 07 09:08:33.120968 dv-cinder-828085-3-smb neutron-server[103095]: DEBUG novaclient.v2.client [-] REQ: curl -g -i --cacert "/opt/stack/data/ca-bundle.pem" -X POST http://10.222.0.59/compute/v2.1/os-server-external-events -H "Accept: application/json" -H "Content-Type: application/json" -H "User-Agent: python-novaclient" -H "X-Auth-Token: {SHA256}617b8b10b925ef08b2f6372f88fe25d425b6a35849e8555a1df5dd03b565d005" -H "X-OpenStack-Nova-API-Version: 2.1" -H "X-OpenStack-Request-ID: req-964acd42-c4d8-4381-b7d7-e4c35ce46cdd" -d '{"events": [{"name": "network-changed", "server_uuid": "2fbde677-3e35-4a69-b325-5c48613e0af4", "tag": "fc685cc8-391d-43c1-a403-fd14eb19fdda"}]}' {{(pid=103095) _http_log_request /usr/local/lib/python3.8/dist-packages/keystoneauth1/session.py:519}}
Feb 07 09:08:33.135218 dv-cinder-828085-3-smb neutron-server[103094]: INFO neutron.wsgi [req-b586a8b7-eff7-47c0-9e4d-6455973050a8 req-0739e172-a1af-4a6a-8afc-e84efd60c856 tempest-AttachVolumeShelveTestJSON-626572900 tempest-AttachVolumeShelveTestJSON-626572900-project] 10.222.0.59 "GET /v2.0/security-groups?id=ca74cde1-d180-4994-8445-f1802093143b&fields=id&fields=name HTTP/1.1" status: 200 len: 312 time: 0.0644493
Feb 07 09:08:33.155853 dv-cinder-828085-3-smb neutron-server[103095]: DEBUG neutron_lib.callbacks.manager [req-ea3d477f-3726-4092-952c-6c4841b84466 req-c192c144-c357-4976-ab1b-fd930b4b363a tempest-AttachVolumeTestJSON-1895988003 tempest-AttachVolumeTestJSON-1895988003-project] Publish callbacks ['neutron.plugins.ml2.plugin.SecurityGroupServerNotifierRpcMixin._notify_sg_on_port_change-1772860', 'neutron.plugins.ml2.ovo_rpc._ObjectChangeHandler.handle_event-113309', 'neutron.api.rpc.agentnotifiers.dhcp_rpc_agent_api.DhcpAgentNotifyAPI._native_event_send_dhcp_notification-550311', 'neutron.db.l3_dvrscheduler_db._notify_l3_agent_new_port-8730370508463'] for port (170f1476-93b7-4251-addb-020eeca9e32a), after_create {{(pid=103095) _notify_loop /usr/local/lib/python3.8/dist-packages/neutron_lib/callbacks/manager.py:176}}
Feb 07 09:08:33.158372 dv-cinder-828085-3-smb neutron-server[103095]: DEBUG neutron.api.rpc.handlers.resources_rpc [None req-c5ab0d89-69ba-4388-8453-b1e552bfb9a8 service neutron] Pushing event updated for resources: {'Port': ['ID=fc685cc8-391d-43c1-a403-fd14eb19fdda,revision_number=3']} {{(pid=103095) push /opt/stack/neutron/neutron/api/rpc/handlers/resources_rpc.py:237}}
Feb 07 09:08:33.234366 dv-cinder-828085-3-smb neutron-server[103095]: DEBUG novaclient.v2.client [-] RESP: [200] Connection: close Content-Length: 179 Content-Type: application/json Date: Mon, 07 Feb 2022 09:08:33 GMT OpenStack-API-Version: compute 2.1 Server: Apache/2.4.41 (Ubuntu) Vary: OpenStack-API-Version,X-OpenStack-Nova-API-Version X-OpenStack-Nova-API-Version: 2.1 x-compute-request-id: req-23bf4d10-8261-49b3-9a30-65d0efa0ca7a x-openstack-request-id: req-23bf4d10-8261-49b3-9a30-65d0efa0ca7a {{(pid=103095) _http_log_response /usr/local/lib/python3.8/dist-packages/keystoneauth1/session.py:550}}
Feb 07 09:08:33.234697 dv-cinder-828085-3-smb neutron-server[103095]: DEBUG novaclient.v2.client [-] RESP BODY: {"events": [{"name": "network-changed", "server_uuid": "2fbde677-3e35-4a69-b325-5c48613e0af4", "tag": "fc685cc8-391d-43c1-a403-fd14eb19fdda", "status": "completed", "code": 200}]} {{(pid=103095) _http_log_response /usr/local/lib/python3.8/dist-packages/keystoneauth1/session.py:582}}
Feb 07 09:08:33.234954 dv-cinder-828085-3-smb neutron-server[103095]: DEBUG novaclient.v2.client [-] POST call to compute for http://10.222.0.59/compute/v2.1/os-server-external-events used request id req-23bf4d10-8261-49b3-9a30-65d0efa0ca7a {{(pid=103095) request /usr/local/lib/python3.8/dist-packages/keystoneauth1/session.py:954}}
Feb 07 09:08:33.236235 dv-cinder-828085-3-smb neutron-server[103095]: INFO neutron.notifiers.nova [-] Nova event response: {'name': 'network-changed', 'server_uuid': '2fbde677-3e35-4a69-b325-5c48613e0af4', 'tag': 'fc685cc8-391d-43c1-a403-fd14eb19fdda', 'status': 'completed', 'code': 200}
Feb 07 09:08:33.272165 dv-cinder-828085-3-smb neutron-server[103095]: DEBUG neutron.scheduler.dhcp_agent_scheduler [req-ea3d477f-3726-4092-952c-6c4841b84466 req-c192c144-c357-4976-ab1b-fd930b4b363a tempest-AttachVolumeTestJSON-1895988003 tempest-AttachVolumeTestJSON-1895988003-project] Network 362f30b5-fbb2-4338-8271-6ca58adb9194 is already hosted by enough agents. {{(pid=103095) _get_dhcp_agents_hosting_network /opt/stack/neutron/neutron/scheduler/dhcp_agent_scheduler.py:275}}
Feb 07 09:08:33.359724 dv-cinder-828085-3-smb neutron-server[103095]: DEBUG neutron.scheduler.base_scheduler [req-ea3d477f-3726-4092-952c-6c4841b84466 req-c192c144-c357-4976-ab1b-fd930b4b363a tempest-AttachVolumeTestJSON-1895988003 tempest-AttachVolumeTestJSON-1895988003-project] Resources bound (agent type, host, resource id): {{(pid=103095) schedule /opt/stack/neutron/neutron/scheduler/base_scheduler.py:57}}
Feb 07 09:08:33.362747 dv-cinder-828085-3-smb neutron-server[103095]: DEBUG neutron.db.l3_dvrscheduler_db [req-ea3d477f-3726-4092-952c-6c4841b84466 req-c192c144-c357-4976-ab1b-fd930b4b363a tempest-AttachVolumeTestJSON-1895988003 tempest-AttachVolumeTestJSON-1895988003-project] Received port after_create {{(pid=103095) _notify_l3_agent_new_port /opt/stack/neutron/neutron/db/l3_dvrscheduler_db.py:536}}
Feb 07 09:08:33.384079 dv-cinder-828085-3-smb neutron-server[103095]: DEBUG neutron.pecan_wsgi.hooks.policy_enforcement [req-ea3d477f-3726-4092-952c-6c4841b84466 req-c192c144-c357-4976-ab1b-fd930b4b363a tempest-AttachVolumeTestJSON-1895988003 tempest-AttachVolumeTestJSON-1895988003-project] Attributes excluded by policy engine: ['standard_attr_id', 'binding:profile', 'binding:host_id', 'binding:vif_type', 'binding:vif_details', 'network'] {{(pid=103095) _exclude_attributes_by_policy /opt/stack/neutron/neutron/pecan_wsgi/hooks/policy_enforcement.py:255}}
Feb 07 09:08:33.385911 dv-cinder-828085-3-smb neutron-server[103095]: DEBUG neutron_lib.callbacks.manager [req-ea3d477f-3726-4092-952c-6c4841b84466 req-c192c144-c357-4976-ab1b-fd930b4b363a tempest-AttachVolumeTestJSON-1895988003 tempest-AttachVolumeTestJSON-1895988003-project] Publish callbacks ['neutron.notifiers.nova.Notifier._send_nova_notification-235888', 'neutron.api.rpc.agentnotifiers.dhcp_rpc_agent_api.DhcpAgentNotifyAPI._send_dhcp_notification-550357'] for port (None), before_response {{(pid=103095) _notify_loop /usr/local/lib/python3.8/dist-packages/neutron_lib/callbacks/manager.py:176}}
Feb 07 09:08:33.476423 dv-cinder-828085-3-smb neutron-server[103095]: DEBUG neutron.api.rpc.handlers.resources_rpc [None req-c192c144-c357-4976-ab1b-fd930b4b363a tempest-AttachVolumeTestJSON-1895988003 tempest-AttachVolumeTestJSON-1895988003-project] Pushing event updated for resources: {'Port': ['ID=170f1476-93b7-4251-addb-020eeca9e32a,revision_number=1']} {{(pid=103095) push /opt/stack/neutron/neutron/api/rpc/handlers/resources_rpc.py:237}}
Feb 07 09:08:33.482391 dv-cinder-828085-3-smb neutron-server[103094]: DEBUG neutron.pecan_wsgi.hooks.policy_enforcement [req-9c628bff-ec48-49a1-b9a0-dfea7c321e98 req-3699c12c-4d38-41e5-ae62-88a6e196e5fd tempest-DeleteServersTestJSON-1919190969 tempest-DeleteServersTestJSON-1919190969-project] Attributes excluded by policy engine: ['standard_attr_id', 'binding:profile', 'binding:host_id', 'binding:vif_type', 'binding:vif_details'] {{(pid=103094) _exclude_attributes_by_policy /opt/stack/neutron/neutron/pecan_wsgi/hooks/policy_enforcement.py:255}}
Feb 07 09:08:33.493231 dv-cinder-828085-3-smb neutron-server[103095]: DEBUG neutron.pecan_wsgi.hooks.policy_enforcement [req-24669907-df8b-4657-a475-bb1cdb198de7 req-0432c105-a780-4ebd-983f-4829eb67be36 service neutron] Attributes excluded by policy engine: ['standard_attr_id'] {{(pid=103095) _exclude_attributes_by_policy /opt/stack/neutron/neutron/pecan_wsgi/hooks/policy_enforcement.py:255}}
Feb 07 09:08:33.495259 dv-cinder-828085-3-smb neutron-server[103095]: INFO neutron.wsgi [req-24669907-df8b-4657-a475-bb1cdb198de7 req-0432c105-a780-4ebd-983f-4829eb67be36 service neutron] 10.222.0.43 "GET /v2.0/ports?tenant_id=628623c91f5c44a7bc9aae63027a642e&device_id=2fbde677-3e35-4a69-b325-5c48613e0af4 HTTP/1.1" status: 200 len: 1128 time: 0.2349758
Feb 07 09:08:33.498648 dv-cinder-828085-3-smb neutron-server[103094]: INFO neutron.wsgi [req-9c628bff-ec48-49a1-b9a0-dfea7c321e98 req-3699c12c-4d38-41e5-ae62-88a6e196e5fd tempest-DeleteServersTestJSON-1919190969 tempest-DeleteServersTestJSON-1919190969-project] 10.222.0.59 "GET /v2.0/ports?device_id=e39f5339-8c6a-4123-921c-a26e1d6f9f20 HTTP/1.1" status: 200 len: 944 time: 0.0837631
Feb 07 09:08:33.555339 dv-cinder-828085-3-smb neutron-server[103095]: INFO neutron.wsgi [req-24669907-df8b-4657-a475-bb1cdb198de7 req-ac3986e2-4d78-491f-98d7-f6034d2b2fee service neutron] 10.222.0.43 "GET /v2.0/floatingips?fixed_ip_address=172.20.0.11&port_id=fc685cc8-391d-43c1-a403-fd14eb19fdda HTTP/1.1" status: 200 len: 217 time: 0.0502250
Feb 07 09:08:33.559874 dv-cinder-828085-3-smb neutron-server[103095]: INFO neutron.wsgi [req-ea3d477f-3726-4092-952c-6c4841b84466 req-c192c144-c357-4976-ab1b-fd930b4b363a tempest-AttachVolumeTestJSON-1895988003 tempest-AttachVolumeTestJSON-1895988003-project] 10.222.0.43 "POST /v2.0/ports HTTP/1.1" status: 201 len: 933 time: 1.5339880
Feb 07 09:08:33.609210 dv-cinder-828085-3-smb neutron-server[103095]: DEBUG neutron.api.v2.base [req-ea3d477f-3726-4092-952c-6c4841b84466 req-f9e562bc-29c3-4d27-8b76-c61043794ff2 service neutron] Request body: {'port': {'device_id': '3e63e123-6c16-4246-92c5-a5d65c4d85a8', 'device_owner': 'compute:nova', 'binding:host_id': 'hv-cinder-82808'}} {{(pid=103095) prepare_request_body /opt/stack/neutron/neutron/api/v2/base.py:729}}
Feb 07 09:08:33.643227 dv-cinder-828085-3-smb neutron-server[103094]: DEBUG neutron.pecan_wsgi.hooks.policy_enforcement [req-ad972b24-034d-4cb0-a44b-47f4986355bc req-2d8e3083-6a28-4446-a405-ab6b19dfe2d4 tempest-ServerRescueNegativeTestJSON-1145990284 tempest-ServerRescueNegativeTestJSON-1145990284-project] Attributes excluded by policy engine: ['standard_attr_id', 'binding:profile', 'binding:host_id', 'binding:vif_type', 'binding:vif_details'] {{(pid=103094) _exclude_attributes_by_policy /opt/stack/neutron/neutron/pecan_wsgi/hooks/policy_enforcement.py:255}}
Feb 07 09:08:33.645303 dv-cinder-828085-3-smb neutron-server[103094]: INFO neutron.wsgi [req-ad972b24-034d-4cb0-a44b-47f4986355bc req-2d8e3083-6a28-4446-a405-ab6b19dfe2d4 tempest-ServerRescueNegativeTestJSON-1145990284 tempest-ServerRescueNegativeTestJSON-1145990284-project] 10.222.0.59 "GET /v2.0/ports?device_id=3ef3490e-55fc-4c69-a53e-79bf5e60999a HTTP/1.1" status: 200 len: 944 time: 0.1124279
Feb 07 09:08:33.710897 dv-cinder-828085-3-smb neutron-server[103094]: INFO neutron.wsgi [req-9c628bff-ec48-49a1-b9a0-dfea7c321e98 req-11b914e3-183b-4c6d-a909-cdf70e1122d6 tempest-DeleteServersTestJSON-1919190969 tempest-DeleteServersTestJSON-1919190969-project] 10.222.0.59 "GET /v2.0/security-groups?id=dcd3cccb-0ec4-4d8d-8446-2c5e24017130&fields=id&fields=name HTTP/1.1" status: 200 len: 286 time: 0.2112610
Feb 07 09:08:33.726424 dv-cinder-828085-3-smb neutron-server[103095]: DEBUG neutron_lib.callbacks.manager [req-ea3d477f-3726-4092-952c-6c4841b84466 req-f9e562bc-29c3-4d27-8b76-c61043794ff2 service neutron] Publish callbacks ['neutron.plugins.ml2.plugin.SecurityGroupDbMixin._ensure_default_security_group_handler-1772944'] for port (170f1476-93b7-4251-addb-020eeca9e32a), before_update {{(pid=103095) _notify_loop /usr/local/lib/python3.8/dist-packages/neutron_lib/callbacks/manager.py:176}}
Feb 07 09:08:33.763133 dv-cinder-828085-3-smb neutron-server[103094]: INFO neutron.wsgi [req-ad972b24-034d-4cb0-a44b-47f4986355bc req-a6e79f22-03fb-423b-a96e-8ec61e74404f tempest-ServerRescueNegativeTestJSON-1145990284 tempest-ServerRescueNegativeTestJSON-1145990284-project] 10.222.0.59 "GET /v2.0/security-groups?id=3409b9d6-2f97-4648-a733-15d7f8702bbf&fields=id&fields=name HTTP/1.1" status: 200 len: 286 time: 0.1054580
Feb 07 09:08:33.800203 dv-cinder-828085-3-smb neutron-server[103095]: DEBUG neutron.pecan_wsgi.hooks.policy_enforcement [req-24669907-df8b-4657-a475-bb1cdb198de7 req-04413bbc-a999-4464-8ace-efcbad262f07 service neutron] Attributes excluded by policy engine: ['standard_attr_id', 'shared'] {{(pid=103095) _exclude_attributes_by_policy /opt/stack/neutron/neutron/pecan_wsgi/hooks/policy_enforcement.py:255}}
Feb 07 09:08:33.802563 dv-cinder-828085-3-smb neutron-server[103095]: INFO neutron.wsgi [req-24669907-df8b-4657-a475-bb1cdb198de7 req-04413bbc-a999-4464-8ace-efcbad262f07 service neutron] 10.222.0.43 "GET /v2.0/subnets?id=8df006e2-d248-4502-8198-eea18eed5960 HTTP/1.1" status: 200 len: 856 time: 0.2412329
Feb 07 09:08:33.886780 dv-cinder-828085-3-smb neutron-server[103094]: DEBUG neutron.pecan_wsgi.hooks.policy_enforcement [req-15420ff9-2737-4f9a-b679-baa919e1025c req-142aad67-07a6-4079-abc2-fc416ee37ec7 tempest-AttachVolumeTestJSON-1895988003 tempest-AttachVolumeTestJSON-1895988003-project] Attributes excluded by policy engine: ['standard_attr_id', 'binding:profile', 'binding:host_id', 'binding:vif_type', 'binding:vif_details'] {{(pid=103094) _exclude_attributes_by_policy /opt/stack/neutron/neutron/pecan_wsgi/hooks/policy_enforcement.py:255}}
Feb 07 09:08:33.901014 dv-cinder-828085-3-smb neutron-server[103094]: INFO neutron.wsgi [req-15420ff9-2737-4f9a-b679-baa919e1025c req-142aad67-07a6-4079-abc2-fc416ee37ec7 tempest-AttachVolumeTestJSON-1895988003 tempest-AttachVolumeTestJSON-1895988003-project] 10.222.0.59 "GET /v2.0/ports?device_id=3e63e123-6c16-4246-92c5-a5d65c4d85a8 HTTP/1.1" status: 200 len: 931 time: 0.0962334
Feb 07 09:08:33.953564 dv-cinder-828085-3-smb neutron-server[103095]: DEBUG neutron.pecan_wsgi.hooks.policy_enforcement [req-24669907-df8b-4657-a475-bb1cdb198de7 req-369cf57e-11dc-4093-8627-15ea48554dc0 service neutron] Attributes excluded by policy engine: ['standard_attr_id'] {{(pid=103095) _exclude_attributes_by_policy /opt/stack/neutron/neutron/pecan_wsgi/hooks/policy_enforcement.py:255}}
Feb 07 09:08:33.955280 dv-cinder-828085-3-smb neutron-server[103095]: INFO neutron.wsgi [req-24669907-df8b-4657-a475-bb1cdb198de7 req-369cf57e-11dc-4093-8627-15ea48554dc0 service neutron] 10.222.0.43 "GET /v2.0/ports?network_id=3b7f792d-8044-4d90-ad65-668360f82f99&device_owner=network%3Adhcp HTTP/1.1" status: 200 len: 1210 time: 0.1460671
Feb 07 09:08:33.993362 dv-cinder-828085-3-smb neutron-server[103094]: INFO neutron.wsgi [req-15420ff9-2737-4f9a-b679-baa919e1025c req-42229e1c-1224-4f7d-ba51-d5b7e709403d tempest-AttachVolumeTestJSON-1895988003 tempest-AttachVolumeTestJSON-1895988003-project] 10.222.0.59 "GET /v2.0/security-groups?id=298e1d09-cb31-41b1-a49c-bd4198a628de&fields=id&fields=name HTTP/1.1" status: 200 len: 311 time: 0.0832012
Feb 07 09:08:34.024795 dv-cinder-828085-3-smb neutron-server[103096]: DEBUG neutron.db.provisioning_blocks [None req-0f7e2bbd-1797-4683-abb7-ee2eb8cd518e None None] Provisioning complete for port 170f1476-93b7-4251-addb-020eeca9e32a triggered by entity DHCP. {{(pid=103096) provisioning_complete /opt/stack/neutron/neutron/db/provisioning_blocks.py:139}}
Feb 07 09:08:34.025405 dv-cinder-828085-3-smb neutron-server[103096]: DEBUG neutron_lib.callbacks.manager [None req-0f7e2bbd-1797-4683-abb7-ee2eb8cd518e None None] Publish callbacks ['neutron.plugins.ml2.plugin.Ml2Plugin._port_provisioned-1776839'] for port (170f1476-93b7-4251-addb-020eeca9e32a), provisioning_complete {{(pid=103096) _notify_loop /usr/local/lib/python3.8/dist-packages/neutron_lib/callbacks/manager.py:176}}
Feb 07 09:08:34.072521 dv-cinder-828085-3-smb neutron-server[103096]: DEBUG neutron.plugins.ml2.plugin [None req-0f7e2bbd-1797-4683-abb7-ee2eb8cd518e None None] Port 170f1476-93b7-4251-addb-020eeca9e32a cannot update to ACTIVE because it is not bound. {{(pid=103096) _port_provisioned /opt/stack/neutron/neutron/plugins/ml2/plugin.py:343}}
Feb 07 09:08:34.301590 dv-cinder-828085-3-smb neutron-server[103094]: DEBUG neutron.pecan_wsgi.hooks.policy_enforcement [req-66625bad-c4c3-4775-afe3-3d78f38b943e req-80c2b935-f16a-4886-8475-9884723e3f95 tempest-AttachVolumeShelveTestJSON-626572900 tempest-AttachVolumeShelveTestJSON-626572900-project] Attributes excluded by policy engine: ['standard_attr_id', 'binding:profile', 'binding:host_id', 'binding:vif_type', 'binding:vif_details'] {{(pid=103094) _exclude_attributes_by_policy /opt/stack/neutron/neutron/pecan_wsgi/hooks/policy_enforcement.py:255}}
Feb 07 09:08:34.309671 dv-cinder-828085-3-smb neutron-server[103094]: INFO neutron.wsgi [req-66625bad-c4c3-4775-afe3-3d78f38b943e req-80c2b935-f16a-4886-8475-9884723e3f95 tempest-AttachVolumeShelveTestJSON-626572900 tempest-AttachVolumeShelveTestJSON-626572900-project] 10.222.0.59 "GET /v2.0/ports?device_id=2fbde677-3e35-4a69-b325-5c48613e0af4 HTTP/1.1" status: 200 len: 944 time: 0.0794311
Feb 07 09:08:34.373392 dv-cinder-828085-3-smb neutron-server[103094]: INFO neutron.wsgi [req-66625bad-c4c3-4775-afe3-3d78f38b943e req-6798d6b0-434e-4f3b-ad5f-cffe70eb70ce tempest-AttachVolumeShelveTestJSON-626572900 tempest-AttachVolumeShelveTestJSON-626572900-project] 10.222.0.59 "GET /v2.0/security-groups?id=ca74cde1-d180-4994-8445-f1802093143b&fields=id&fields=name HTTP/1.1" status: 200 len: 312 time: 0.0609565
Feb 07 09:08:34.392099 dv-cinder-828085-3-smb neutron-server[103095]: INFO neutron.wsgi [req-24669907-df8b-4657-a475-bb1cdb198de7 req-76a80c0f-60bd-455f-b1fe-a0bd08fe37fa service neutron] 10.222.0.43 "GET /v2.0/networks/3b7f792d-8044-4d90-ad65-668360f82f99?fields=segments HTTP/1.1" status: 200 len: 212 time: 0.4008760
Feb 07 09:08:34.510583 dv-cinder-828085-3-smb neutron-server[103095]: DEBUG neutron.notifiers.nova [req-ea3d477f-3726-4092-952c-6c4841b84466 req-f9e562bc-29c3-4d27-8b76-c61043794ff2 service neutron] Ignoring state change previous_port_status: DOWN current_port_status: DOWN port_id 170f1476-93b7-4251-addb-020eeca9e32a {{(pid=103095) record_port_status_changed /opt/stack/neutron/neutron/notifiers/nova.py:228}}
Feb 07 09:08:34.520951 dv-cinder-828085-3-smb neutron-server[103095]: DEBUG neutron_lib.callbacks.manager [req-ea3d477f-3726-4092-952c-6c4841b84466 req-f9e562bc-29c3-4d27-8b76-c61043794ff2 service neutron] Publish callbacks [] for port (170f1476-93b7-4251-addb-020eeca9e32a), precommit_update {{(pid=103095) _notify_loop /usr/local/lib/python3.8/dist-packages/neutron_lib/callbacks/manager.py:176}}
Feb 07 09:08:34.549208 dv-cinder-828085-3-smb neutron-server[103095]: DEBUG neutron.db.provisioning_blocks [req-ea3d477f-3726-4092-952c-6c4841b84466 req-f9e562bc-29c3-4d27-8b76-c61043794ff2 service neutron] Transition to ACTIVE for port object 170f1476-93b7-4251-addb-020eeca9e32a will not be triggered until provisioned by entity L2. {{(pid=103095) add_provisioning_component /opt/stack/neutron/neutron/db/provisioning_blocks.py:73}}
Feb 07 09:08:34.551598 dv-cinder-828085-3-smb neutron-server[103095]: INFO neutron.wsgi [req-24669907-df8b-4657-a475-bb1cdb198de7 req-81f0f213-9147-47c7-8e26-263c1c93269a service neutron] 10.222.0.43 "GET /v2.0/networks/3b7f792d-8044-4d90-ad65-668360f82f99?fields=provider%3Aphysical_network&fields=provider%3Anetwork_type HTTP/1.1" status: 200 len: 281 time: 0.1472404
Feb 07 09:08:34.570952 dv-cinder-828085-3-smb neutron-server[103096]: DEBUG neutron_lib.callbacks.manager [None req-7e2e6f5a-4192-4964-afdf-48b94df0e923 None None] Publish callbacks ['neutron.services.segments.db._update_segment_host_mapping_for_agent-8730371066799', 'neutron.plugins.ml2.plugin.Ml2Plugin._retry_binding_revived_agents-1776809'] for agent (0e18cae0-db49-453c-a3cf-2a0bb5782ba3), after_update {{(pid=103096) _notify_loop /usr/local/lib/python3.8/dist-packages/neutron_lib/callbacks/manager.py:176}}
Feb 07 09:08:34.588745 dv-cinder-828085-3-smb neutron-server[103095]: DEBUG neutron_lib.callbacks.manager [req-ea3d477f-3726-4092-952c-6c4841b84466 req-f9e562bc-29c3-4d27-8b76-c61043794ff2 service neutron] Publish callbacks ['neutron.plugins.ml2.plugin.SecurityGroupServerNotifierRpcMixin._notify_sg_on_port_change-1772860', 'neutron.plugins.ml2.ovo_rpc._ObjectChangeHandler.handle_event-113309', 'neutron.api.rpc.agentnotifiers.dhcp_rpc_agent_api.DhcpAgentNotifyAPI._native_event_send_dhcp_notification-550311', 'neutron.db.l3_db.L3RpcNotifierMixin._notify_gateway_port_ip_changed-8730370848013', 'neutron.db.l3_dvrscheduler_db._notify_l3_agent_port_update-8730370508481', 'neutron.db.l3_hascheduler_db._notify_l3_agent_ha_port_update-8730370508499'] for port (170f1476-93b7-4251-addb-020eeca9e32a), after_update {{(pid=103095) _notify_loop /usr/local/lib/python3.8/dist-packages/neutron_lib/callbacks/manager.py:176}}
Feb 07 09:08:34.639255 dv-cinder-828085-3-smb neutron-server[103095]: DEBUG neutron.api.rpc.handlers.resources_rpc [None req-f9e562bc-29c3-4d27-8b76-c61043794ff2 service neutron] Pushing event updated for resources: {'Port': ['ID=170f1476-93b7-4251-addb-020eeca9e32a,revision_number=2']} {{(pid=103095) push /opt/stack/neutron/neutron/api/rpc/handlers/resources_rpc.py:237}}
Feb 07 09:08:34.707636 dv-cinder-828085-3-smb neutron-server[103095]: DEBUG neutron.plugins.ml2.managers [req-ea3d477f-3726-4092-952c-6c4841b84466 req-f9e562bc-29c3-4d27-8b76-c61043794ff2 service neutron] Attempting to bind port 170f1476-93b7-4251-addb-020eeca9e32a on host hv-cinder-82808 for vnic_type normal with profile {{(pid=103095) bind_port /opt/stack/neutron/neutron/plugins/ml2/managers.py:795}}
Feb 07 09:08:34.707762 dv-cinder-828085-3-smb neutron-server[103095]: DEBUG neutron.plugins.ml2.managers [req-ea3d477f-3726-4092-952c-6c4841b84466 req-f9e562bc-29c3-4d27-8b76-c61043794ff2 service neutron] Attempting to bind port 170f1476-93b7-4251-addb-020eeca9e32a by drivers openvswitch,hyperv on host hv-cinder-82808 at level 0 using segments [{'id': 'acef6ea4-40ce-4821-8c61-f4159b9b6da6', 'network_type': 'vlan', 'physical_network': 'physnet1', 'segmentation_id': 596, 'network_id': '362f30b5-fbb2-4338-8271-6ca58adb9194'}] {{(pid=103095) _bind_port_level /opt/stack/neutron/neutron/plugins/ml2/managers.py:820}}
Feb 07 09:08:34.708090 dv-cinder-828085-3-smb neutron-server[103095]: DEBUG neutron.plugins.ml2.drivers.mech_agent [req-ea3d477f-3726-4092-952c-6c4841b84466 req-f9e562bc-29c3-4d27-8b76-c61043794ff2 service neutron] Attempting to bind port 170f1476-93b7-4251-addb-020eeca9e32a on network 362f30b5-fbb2-4338-8271-6ca58adb9194 {{(pid=103095) bind_port /opt/stack/neutron/neutron/plugins/ml2/drivers/mech_agent.py:91}}
Feb 07 09:08:34.728542 dv-cinder-828085-3-smb neutron-server[103095]: DEBUG neutron.plugins.ml2.drivers.mech_agent [req-ea3d477f-3726-4092-952c-6c4841b84466 req-f9e562bc-29c3-4d27-8b76-c61043794ff2 service neutron] Port 170f1476-93b7-4251-addb-020eeca9e32a on network 362f30b5-fbb2-4338-8271-6ca58adb9194 not bound, no agent of type Open vSwitch agent registered on host hv-cinder-82808 {{(pid=103095) bind_port /opt/stack/neutron/neutron/plugins/ml2/drivers/mech_agent.py:103}}
Feb 07 09:08:34.729099 dv-cinder-828085-3-smb neutron-server[103095]: DEBUG neutron.plugins.ml2.drivers.mech_agent [req-ea3d477f-3726-4092-952c-6c4841b84466 req-f9e562bc-29c3-4d27-8b76-c61043794ff2 service neutron] Attempting to bind port 170f1476-93b7-4251-addb-020eeca9e32a on network 362f30b5-fbb2-4338-8271-6ca58adb9194 {{(pid=103095) bind_port /opt/stack/neutron/neutron/plugins/ml2/drivers/mech_agent.py:91}}
Feb 07 09:08:34.739113 dv-cinder-828085-3-smb neutron-server[103095]: DEBUG neutron.plugins.ml2.drivers.mech_agent [req-ea3d477f-3726-4092-952c-6c4841b84466 req-f9e562bc-29c3-4d27-8b76-c61043794ff2 service neutron] Checking agent: {'id': '0e18cae0-db49-453c-a3cf-2a0bb5782ba3', 'agent_type': 'HyperV agent', 'binary': 'neutron-hyperv-agent', 'topic': 'N/A', 'host': 'hv-cinder-82808', 'admin_state_up': True, 'created_at': datetime.datetime(2022, 2, 7, 9, 6, 4), 'started_at': datetime.datetime(2022, 2, 7, 9, 6, 4), 'heartbeat_timestamp': datetime.datetime(2022, 2, 7, 9, 8, 34), 'description': None, 'resources_synced': None, 'availability_zone': None, 'alive': True, 'configurations': {'vswitch_mappings': {'physnet1$': 'br-data'}}, 'resource_versions': {}} {{(pid=103095) bind_port /opt/stack/neutron/neutron/plugins/ml2/drivers/mech_agent.py:110}}
Feb 07 09:08:34.739459 dv-cinder-828085-3-smb neutron-server[103095]: DEBUG neutron.plugins.ml2.drivers.mech_agent [req-ea3d477f-3726-4092-952c-6c4841b84466 req-f9e562bc-29c3-4d27-8b76-c61043794ff2 service neutron] Checking segment: {'id': 'acef6ea4-40ce-4821-8c61-f4159b9b6da6', 'network_type': 'vlan', 'physical_network': 'physnet1', 'segmentation_id': 596, 'network_id': '362f30b5-fbb2-4338-8271-6ca58adb9194'} for mappings: {'physnet1$': 'br-data'} with network types: ['local', 'flat', 'vlan'] {{(pid=103095) check_segment_for_agent /opt/stack/neutron/neutron/plugins/ml2/drivers/mech_agent.py:373}}
Feb 07 09:08:34.739845 dv-cinder-828085-3-smb neutron-server[103095]: DEBUG neutron.plugins.ml2.drivers.mech_agent [req-ea3d477f-3726-4092-952c-6c4841b84466 req-f9e562bc-29c3-4d27-8b76-c61043794ff2 service neutron] Bound using segment: {'id': 'acef6ea4-40ce-4821-8c61-f4159b9b6da6', 'network_type': 'vlan', 'physical_network': 'physnet1', 'segmentation_id': 596, 'network_id': '362f30b5-fbb2-4338-8271-6ca58adb9194'} {{(pid=103095) bind_port /opt/stack/neutron/neutron/plugins/ml2/drivers/mech_agent.py:120}}
Feb 07 09:08:34.740468 dv-cinder-828085-3-smb neutron-server[103095]: DEBUG neutron.plugins.ml2.managers [req-ea3d477f-3726-4092-952c-6c4841b84466 req-f9e562bc-29c3-4d27-8b76-c61043794ff2 service neutron] Bound port: 170f1476-93b7-4251-addb-020eeca9e32a, host: hv-cinder-82808, vif_type: hyperv, vif_details: {"connectivity": "legacy", "port_filter": false}, binding_levels: [{'bound_driver': 'hyperv', 'bound_segment': {'id': 'acef6ea4-40ce-4821-8c61-f4159b9b6da6', 'network_type': 'vlan', 'physical_network': 'physnet1', 'segmentation_id': 596, 'network_id': '362f30b5-fbb2-4338-8271-6ca58adb9194'}}] {{(pid=103095) _bind_port_level /opt/stack/neutron/neutron/plugins/ml2/managers.py:932}}
Feb 07 09:08:34.741519 dv-cinder-828085-3-smb neutron-server[103095]: DEBUG neutron_lib.callbacks.manager [req-ea3d477f-3726-4092-952c-6c4841b84466 req-f9e562bc-29c3-4d27-8b76-c61043794ff2 service neutron] Publish callbacks ['neutron.plugins.ml2.plugin.SecurityGroupDbMixin._ensure_default_security_group_handler-1772944'] for port (170f1476-93b7-4251-addb-020eeca9e32a), before_update {{(pid=103095) _notify_loop /usr/local/lib/python3.8/dist-packages/neutron_lib/callbacks/manager.py:176}}
Feb 07 09:08:34.772150 dv-cinder-828085-3-smb neutron-server[103095]: DEBUG neutron.pecan_wsgi.hooks.policy_enforcement [req-964acd42-c4d8-4381-b7d7-e4c35ce46cdd req-0e3d127a-1fb5-41da-a21a-7a786a0aaa2c service neutron] Attributes excluded by policy engine: ['standard_attr_id'] {{(pid=103095) _exclude_attributes_by_policy /opt/stack/neutron/neutron/pecan_wsgi/hooks/policy_enforcement.py:255}}
Feb 07 09:08:34.774415 dv-cinder-828085-3-smb neutron-server[103095]: INFO neutron.wsgi [req-964acd42-c4d8-4381-b7d7-e4c35ce46cdd req-0e3d127a-1fb5-41da-a21a-7a786a0aaa2c service neutron] 10.222.0.43 "GET /v2.0/ports?tenant_id=628623c91f5c44a7bc9aae63027a642e&device_id=2fbde677-3e35-4a69-b325-5c48613e0af4 HTTP/1.1" status: 200 len: 1128 time: 0.1022377
Feb 07 09:08:34.864929 dv-cinder-828085-3-smb neutron-server[103094]: DEBUG neutron.pecan_wsgi.hooks.policy_enforcement [req-646eb9a2-cb01-4e1e-9d3f-1475b6783965 req-a8e93a89-3d0b-47f2-96f0-3cb23b9e8e0a tempest-DeleteServersTestJSON-1919190969 tempest-DeleteServersTestJSON-1919190969-project] Attributes excluded by policy engine: ['standard_attr_id', 'binding:profile', 'binding:host_id', 'binding:vif_type', 'binding:vif_details'] {{(pid=103094) _exclude_attributes_by_policy /opt/stack/neutron/neutron/pecan_wsgi/hooks/policy_enforcement.py:255}}
Feb 07 09:08:34.866493 dv-cinder-828085-3-smb neutron-server[103094]: INFO neutron.wsgi [req-646eb9a2-cb01-4e1e-9d3f-1475b6783965 req-a8e93a89-3d0b-47f2-96f0-3cb23b9e8e0a tempest-DeleteServersTestJSON-1919190969 tempest-DeleteServersTestJSON-1919190969-project] 10.222.0.59 "GET /v2.0/ports?device_id=e39f5339-8c6a-4123-921c-a26e1d6f9f20 HTTP/1.1" status: 200 len: 944 time: 0.0678291
Feb 07 09:08:34.919845 dv-cinder-828085-3-smb neutron-server[103095]: DEBUG neutron.plugins.ml2.db [req-ea3d477f-3726-4092-952c-6c4841b84466 req-f9e562bc-29c3-4d27-8b76-c61043794ff2 service neutron] For port 170f1476-93b7-4251-addb-020eeca9e32a, host hv-cinder-82808, cleared binding levels {{(pid=103095) clear_binding_levels /opt/stack/neutron/neutron/plugins/ml2/db.py:87}}
Feb 07 09:08:34.928756 dv-cinder-828085-3-smb neutron-server[103095]: DEBUG neutron.plugins.ml2.db [req-ea3d477f-3726-4092-952c-6c4841b84466 req-f9e562bc-29c3-4d27-8b76-c61043794ff2 service neutron] For port 170f1476-93b7-4251-addb-020eeca9e32a, host hv-cinder-82808, set binding levels [PortBindingLevel(driver='hyperv',host='hv-cinder-82808',level=0,port_id=170f1476-93b7-4251-addb-020eeca9e32a,segment=NetworkSegment(acef6ea4-40ce-4821-8c61-f4159b9b6da6),segment_id=acef6ea4-40ce-4821-8c61-f4159b9b6da6)] {{(pid=103095) set_binding_levels /opt/stack/neutron/neutron/plugins/ml2/db.py:59}}
Feb 07 09:08:34.981336 dv-cinder-828085-3-smb neutron-server[103095]: DEBUG neutron.pecan_wsgi.hooks.policy_enforcement [req-964acd42-c4d8-4381-b7d7-e4c35ce46cdd req-04b6a861-102d-4e57-b283-005a85bd5e7c service neutron] Attributes excluded by policy engine: ['standard_attr_id', 'vlan_transparent'] {{(pid=103095) _exclude_attributes_by_policy /opt/stack/neutron/neutron/pecan_wsgi/hooks/policy_enforcement.py:255}}
Feb 07 09:08:34.981439 dv-cinder-828085-3-smb neutron-server[103094]: INFO neutron.wsgi [req-646eb9a2-cb01-4e1e-9d3f-1475b6783965 req-84502eb3-f6c6-43dc-a2a2-5e6cc6e421dd tempest-DeleteServersTestJSON-1919190969 tempest-DeleteServersTestJSON-1919190969-project] 10.222.0.59 "GET /v2.0/security-groups?id=dcd3cccb-0ec4-4d8d-8446-2c5e24017130&fields=id&fields=name HTTP/1.1" status: 200 len: 286 time: 0.0981090
Feb 07 09:08:34.981540 dv-cinder-828085-3-smb neutron-server[103095]: INFO neutron.wsgi [req-964acd42-c4d8-4381-b7d7-e4c35ce46cdd req-04b6a861-102d-4e57-b283-005a85bd5e7c service neutron] 10.222.0.43 "GET /v2.0/networks?id=3b7f792d-8044-4d90-ad65-668360f82f99 HTTP/1.1" status: 200 len: 918 time: 0.1518540
Feb 07 09:08:34.983687 dv-cinder-828085-3-smb neutron-server[103094]: DEBUG neutron.pecan_wsgi.hooks.policy_enforcement [req-d16021e7-65f5-486b-842a-a4b3abe36403 req-f62d4091-2e4a-4893-a98e-9345536a2cfc tempest-ServerRescueNegativeTestJSON-1145990284 tempest-ServerRescueNegativeTestJSON-1145990284-project] Attributes excluded by policy engine: ['standard_attr_id', 'binding:profile', 'binding:host_id', 'binding:vif_type', 'binding:vif_details'] {{(pid=103094) _exclude_attributes_by_policy /opt/stack/neutron/neutron/pecan_wsgi/hooks/policy_enforcement.py:255}}
Feb 07 09:08:34.985504 dv-cinder-828085-3-smb neutron-server[103094]: INFO neutron.wsgi [req-d16021e7-65f5-486b-842a-a4b3abe36403 req-f62d4091-2e4a-4893-a98e-9345536a2cfc tempest-ServerRescueNegativeTestJSON-1145990284 tempest-ServerRescueNegativeTestJSON-1145990284-project] 10.222.0.59 "GET /v2.0/ports?device_id=3ef3490e-55fc-4c69-a53e-79bf5e60999a HTTP/1.1" status: 200 len: 944 time: 0.1296217
Feb 07 09:08:35.051262 dv-cinder-828085-3-smb neutron-server[103095]: INFO neutron.wsgi [req-964acd42-c4d8-4381-b7d7-e4c35ce46cdd req-ed69a4b0-a331-4c7c-8e11-9bfeb31f9022 service neutron] 10.222.0.43 "GET /v2.0/floatingips?fixed_ip_address=172.20.0.11&port_id=fc685cc8-391d-43c1-a403-fd14eb19fdda HTTP/1.1" status: 200 len: 217 time: 0.0599999
Feb 07 09:08:35.055443 dv-cinder-828085-3-smb neutron-server[103095]: DEBUG neutron_lib.callbacks.manager [req-ea3d477f-3726-4092-952c-6c4841b84466 req-f9e562bc-29c3-4d27-8b76-c61043794ff2 service neutron] Publish callbacks ['neutron.plugins.ml2.plugin.SecurityGroupServerNotifierRpcMixin._notify_sg_on_port_change-1772860', 'neutron.plugins.ml2.ovo_rpc._ObjectChangeHandler.handle_event-113309', 'neutron.api.rpc.agentnotifiers.dhcp_rpc_agent_api.DhcpAgentNotifyAPI._native_event_send_dhcp_notification-550311', 'neutron.db.l3_db.L3RpcNotifierMixin._notify_gateway_port_ip_changed-8730370848013', 'neutron.db.l3_dvrscheduler_db._notify_l3_agent_port_update-8730370508481', 'neutron.db.l3_hascheduler_db._notify_l3_agent_ha_port_update-8730370508499'] for port (170f1476-93b7-4251-addb-020eeca9e32a), after_update {{(pid=103095) _notify_loop /usr/local/lib/python3.8/dist-packages/neutron_lib/callbacks/manager.py:176}}
Feb 07 09:08:35.075719 dv-cinder-828085-3-smb neutron-server[103094]: INFO neutron.wsgi [req-d16021e7-65f5-486b-842a-a4b3abe36403 req-19025911-1158-43a4-a3de-e2d7a81c066d tempest-ServerRescueNegativeTestJSON-1145990284 tempest-ServerRescueNegativeTestJSON-1145990284-project] 10.222.0.59 "GET /v2.0/security-groups?id=3409b9d6-2f97-4648-a733-15d7f8702bbf&fields=id&fields=name HTTP/1.1" status: 200 len: 286 time: 0.0827024
Feb 07 09:08:35.116360 dv-cinder-828085-3-smb neutron-server[103095]: DEBUG neutron.pecan_wsgi.hooks.policy_enforcement [req-ea3d477f-3726-4092-952c-6c4841b84466 req-f9e562bc-29c3-4d27-8b76-c61043794ff2 service neutron] Attributes excluded by policy engine: ['standard_attr_id'] {{(pid=103095) _exclude_attributes_by_policy /opt/stack/neutron/neutron/pecan_wsgi/hooks/policy_enforcement.py:255}}
Feb 07 09:08:35.117079 dv-cinder-828085-3-smb neutron-server[103095]: DEBUG neutron_lib.callbacks.manager [req-ea3d477f-3726-4092-952c-6c4841b84466 req-f9e562bc-29c3-4d27-8b76-c61043794ff2 service neutron] Publish callbacks ['neutron.notifiers.nova.Notifier._send_nova_notification-235888', 'neutron.api.rpc.agentnotifiers.dhcp_rpc_agent_api.DhcpAgentNotifyAPI._send_dhcp_notification-550357'] for port (None), before_response {{(pid=103095) _notify_loop /usr/local/lib/python3.8/dist-packages/neutron_lib/callbacks/manager.py:176}}
Feb 07 09:08:35.118356 dv-cinder-828085-3-smb neutron-server[103096]: DEBUG neutron.plugins.ml2.rpc [None req-7e2e6f5a-4192-4964-afdf-48b94df0e923 None None] Device 97e69f9a-626a-4055-8f3e-37a81fbeb106 up at agent hyperv_hv-cinder-82808 {{(pid=103096) update_device_up /opt/stack/neutron/neutron/plugins/ml2/rpc.py:296}}
Feb 07 09:08:35.118816 dv-cinder-828085-3-smb neutron-server[103095]: INFO neutron.wsgi [req-ea3d477f-3726-4092-952c-6c4841b84466 req-f9e562bc-29c3-4d27-8b76-c61043794ff2 service neutron] 10.222.0.43 "PUT /v2.0/ports/170f1476-93b7-4251-addb-020eeca9e32a HTTP/1.1" status: 200 len: 1093 time: 1.5192931
Feb 07 09:08:35.147492 dv-cinder-828085-3-smb neutron-server[103094]: DEBUG neutron.pecan_wsgi.hooks.policy_enforcement [req-0bee8293-8465-4859-a086-8a162bd586e3 req-c170ae7c-47ed-4236-9c46-7ec2ecd4fb2e tempest-AttachVolumeTestJSON-1895988003 tempest-AttachVolumeTestJSON-1895988003-project] Attributes excluded by policy engine: ['standard_attr_id', 'binding:profile', 'binding:host_id', 'binding:vif_type', 'binding:vif_details'] {{(pid=103094) _exclude_attributes_by_policy /opt/stack/neutron/neutron/pecan_wsgi/hooks/policy_enforcement.py:255}}
Feb 07 09:08:35.150627 dv-cinder-828085-3-smb neutron-server[103094]: INFO neutron.wsgi [req-0bee8293-8465-4859-a086-8a162bd586e3 req-c170ae7c-47ed-4236-9c46-7ec2ecd4fb2e tempest-AttachVolumeTestJSON-1895988003 tempest-AttachVolumeTestJSON-1895988003-project] 10.222.0.59 "GET /v2.0/ports?device_id=3e63e123-6c16-4246-92c5-a5d65c4d85a8 HTTP/1.1" status: 200 len: 943 time: 0.0795903
Feb 07 09:08:35.202665 dv-cinder-828085-3-smb neutron-server[103095]: DEBUG neutron.api.rpc.handlers.resources_rpc [None req-f9e562bc-29c3-4d27-8b76-c61043794ff2 service neutron] Pushing event updated for resources: {'Port': ['ID=170f1476-93b7-4251-addb-020eeca9e32a,revision_number=3']} {{(pid=103095) push /opt/stack/neutron/neutron/api/rpc/handlers/resources_rpc.py:237}}
Feb 07 09:08:35.206652 dv-cinder-828085-3-smb neutron-server[103095]: DEBUG neutron.pecan_wsgi.hooks.policy_enforcement [req-964acd42-c4d8-4381-b7d7-e4c35ce46cdd req-94904222-2f12-456f-996c-ba53358924b7 service neutron] Attributes excluded by policy engine: ['standard_attr_id', 'shared'] {{(pid=103095) _exclude_attributes_by_policy /opt/stack/neutron/neutron/pecan_wsgi/hooks/policy_enforcement.py:255}}
Feb 07 09:08:35.208939 dv-cinder-828085-3-smb neutron-server[103095]: INFO neutron.wsgi [req-964acd42-c4d8-4381-b7d7-e4c35ce46cdd req-94904222-2f12-456f-996c-ba53358924b7 service neutron] 10.222.0.43 "GET /v2.0/subnets?id=8df006e2-d248-4502-8198-eea18eed5960 HTTP/1.1" status: 200 len: 856 time: 0.1457229
Feb 07 09:08:35.224368 dv-cinder-828085-3-smb neutron-server[103094]: INFO neutron.wsgi [req-0bee8293-8465-4859-a086-8a162bd586e3 req-c44c06c6-502c-47d9-932a-a44f444c0a7b tempest-AttachVolumeTestJSON-1895988003 tempest-AttachVolumeTestJSON-1895988003-project] 10.222.0.59 "GET /v2.0/security-groups?id=298e1d09-cb31-41b1-a49c-bd4198a628de&fields=id&fields=name HTTP/1.1" status: 200 len: 311 time: 0.0602050
Feb 07 09:08:35.257136 dv-cinder-828085-3-smb neutron-server[103095]: DEBUG neutron.notifiers.nova [-] Sending events: [{'name': 'network-changed', 'server_uuid': '3e63e123-6c16-4246-92c5-a5d65c4d85a8', 'tag': '170f1476-93b7-4251-addb-020eeca9e32a'}] {{(pid=103095) send_events /opt/stack/neutron/neutron/notifiers/nova.py:266}}
Feb 07 09:08:35.260361 dv-cinder-828085-3-smb neutron-server[103095]: DEBUG novaclient.v2.client [-] REQ: curl -g -i --cacert "/opt/stack/data/ca-bundle.pem" -X POST http://10.222.0.59/compute/v2.1/os-server-external-events -H "Accept: application/json" -H "Content-Type: application/json" -H "User-Agent: python-novaclient" -H "X-Auth-Token: {SHA256}617b8b10b925ef08b2f6372f88fe25d425b6a35849e8555a1df5dd03b565d005" -H "X-OpenStack-Nova-API-Version: 2.1" -H "X-OpenStack-Request-ID: req-76f73b65-8f81-4b76-8b79-5ef98d4ca8e1" -d '{"events": [{"name": "network-changed", "server_uuid": "3e63e123-6c16-4246-92c5-a5d65c4d85a8", "tag": "170f1476-93b7-4251-addb-020eeca9e32a"}]}' {{(pid=103095) _http_log_request /usr/local/lib/python3.8/dist-packages/keystoneauth1/session.py:519}}
Feb 07 09:08:35.267862 dv-cinder-828085-3-smb neutron-server[103096]: DEBUG neutron.db.provisioning_blocks [None req-7e2e6f5a-4192-4964-afdf-48b94df0e923 None None] Provisioning for port 97e69f9a-626a-4055-8f3e-37a81fbeb106 completed by entity L2. {{(pid=103096) provisioning_complete /opt/stack/neutron/neutron/db/provisioning_blocks.py:133}}
Feb 07 09:08:35.272802 dv-cinder-828085-3-smb neutron-server[103096]: DEBUG neutron.db.provisioning_blocks [None req-7e2e6f5a-4192-4964-afdf-48b94df0e923 None None] Provisioning complete for port 97e69f9a-626a-4055-8f3e-37a81fbeb106 triggered by entity L2. {{(pid=103096) provisioning_complete /opt/stack/neutron/neutron/db/provisioning_blocks.py:139}}
Feb 07 09:08:35.273520 dv-cinder-828085-3-smb neutron-server[103096]: DEBUG neutron_lib.callbacks.manager [None req-7e2e6f5a-4192-4964-afdf-48b94df0e923 None None] Publish callbacks ['neutron.plugins.ml2.plugin.Ml2Plugin._port_provisioned-1776839'] for port (97e69f9a-626a-4055-8f3e-37a81fbeb106), provisioning_complete {{(pid=103096) _notify_loop /usr/local/lib/python3.8/dist-packages/neutron_lib/callbacks/manager.py:176}}
Feb 07 09:08:35.310677 dv-cinder-828085-3-smb neutron-server[103095]: DEBUG novaclient.v2.client [-] RESP: [200] Connection: close Content-Length: 179 Content-Type: application/json Date: Mon, 07 Feb 2022 09:08:35 GMT OpenStack-API-Version: compute 2.1 Server: Apache/2.4.41 (Ubuntu) Vary: OpenStack-API-Version,X-OpenStack-Nova-API-Version X-OpenStack-Nova-API-Version: 2.1 x-compute-request-id: req-0306249f-8d5e-4759-921f-b7a47e2be2e8 x-openstack-request-id: req-0306249f-8d5e-4759-921f-b7a47e2be2e8 {{(pid=103095) _http_log_response /usr/local/lib/python3.8/dist-packages/keystoneauth1/session.py:550}}
Feb 07 09:08:35.310960 dv-cinder-828085-3-smb neutron-server[103095]: DEBUG novaclient.v2.client [-] RESP BODY: {"events": [{"name": "network-changed", "server_uuid": "3e63e123-6c16-4246-92c5-a5d65c4d85a8", "tag": "170f1476-93b7-4251-addb-020eeca9e32a", "status": "completed", "code": 200}]} {{(pid=103095) _http_log_response /usr/local/lib/python3.8/dist-packages/keystoneauth1/session.py:582}}
Feb 07 09:08:35.311236 dv-cinder-828085-3-smb neutron-server[103095]: DEBUG novaclient.v2.client [-] POST call to compute for http://10.222.0.59/compute/v2.1/os-server-external-events used request id req-0306249f-8d5e-4759-921f-b7a47e2be2e8 {{(pid=103095) request /usr/local/lib/python3.8/dist-packages/keystoneauth1/session.py:954}}
Feb 07 09:08:35.311617 dv-cinder-828085-3-smb neutron-server[103095]: INFO neutron.notifiers.nova [-] Nova event response: {'name': 'network-changed', 'server_uuid': '3e63e123-6c16-4246-92c5-a5d65c4d85a8', 'tag': '170f1476-93b7-4251-addb-020eeca9e32a', 'status': 'completed', 'code': 200}
Feb 07 09:08:35.326319 dv-cinder-828085-3-smb neutron-server[103095]: DEBUG neutron.pecan_wsgi.hooks.policy_enforcement [req-ea3d477f-3726-4092-952c-6c4841b84466 req-f79a93f2-5417-477d-975a-507e0b218852 service neutron] Attributes excluded by policy engine: ['standard_attr_id'] {{(pid=103095) _exclude_attributes_by_policy /opt/stack/neutron/neutron/pecan_wsgi/hooks/policy_enforcement.py:255}}
Feb 07 09:08:35.327667 dv-cinder-828085-3-smb neutron-server[103095]: INFO neutron.wsgi [req-ea3d477f-3726-4092-952c-6c4841b84466 req-f79a93f2-5417-477d-975a-507e0b218852 service neutron] 10.222.0.43 "GET /v2.0/ports?tenant_id=89934e15eee94374a8efb502d6c67060&device_id=3e63e123-6c16-4246-92c5-a5d65c4d85a8 HTTP/1.1" status: 200 len: 1127 time: 0.0644672
Feb 07 09:08:35.380289 dv-cinder-828085-3-smb neutron-server[103095]: DEBUG neutron.pecan_wsgi.hooks.policy_enforcement [req-964acd42-c4d8-4381-b7d7-e4c35ce46cdd req-c4e07b63-4ee3-4685-b7d3-0e655263aedc service neutron] Attributes excluded by policy engine: ['standard_attr_id'] {{(pid=103095) _exclude_attributes_by_policy /opt/stack/neutron/neutron/pecan_wsgi/hooks/policy_enforcement.py:255}}
Feb 07 09:08:35.381789 dv-cinder-828085-3-smb neutron-server[103095]: INFO neutron.wsgi [req-964acd42-c4d8-4381-b7d7-e4c35ce46cdd req-c4e07b63-4ee3-4685-b7d3-0e655263aedc service neutron] 10.222.0.43 "GET /v2.0/ports?network_id=3b7f792d-8044-4d90-ad65-668360f82f99&device_owner=network%3Adhcp HTTP/1.1" status: 200 len: 1210 time: 0.1620078
Feb 07 09:08:35.383201 dv-cinder-828085-3-smb neutron-server[103095]: INFO neutron.wsgi [req-ea3d477f-3726-4092-952c-6c4841b84466 req-2a7098b0-f26a-4945-a8cc-e318c1db7007 service neutron] 10.222.0.43 "GET /v2.0/floatingips?fixed_ip_address=172.20.0.5&port_id=170f1476-93b7-4251-addb-020eeca9e32a HTTP/1.1" status: 200 len: 217 time: 0.0472169
Feb 07 09:08:35.466041 dv-cinder-828085-3-smb neutron-server[103096]: DEBUG neutron.plugins.ml2.plugin [None req-7e2e6f5a-4192-4964-afdf-48b94df0e923 None None] Current status of the port 97e69f9a-626a-4055-8f3e-37a81fbeb106 is: BUILD; New status is: ACTIVE {{(pid=103096) _update_individual_port_db_status /opt/stack/neutron/neutron/plugins/ml2/plugin.py:2238}}
Feb 07 09:08:35.466548 dv-cinder-828085-3-smb neutron-server[103096]: DEBUG neutron_lib.callbacks.manager [None req-7e2e6f5a-4192-4964-afdf-48b94df0e923 None None] Publish callbacks ['neutron.plugins.ml2.plugin.SecurityGroupDbMixin._ensure_default_security_group_handler-1772944'] for port (97e69f9a-626a-4055-8f3e-37a81fbeb106), before_update {{(pid=103096) _notify_loop /usr/local/lib/python3.8/dist-packages/neutron_lib/callbacks/manager.py:176}}
Feb 07 09:08:35.499534 dv-cinder-828085-3-smb neutron-server[103095]: DEBUG neutron.pecan_wsgi.hooks.policy_enforcement [req-ea3d477f-3726-4092-952c-6c4841b84466 req-8a3bc0fa-d1a3-464f-b2fc-3ebf1fa1f922 service neutron] Attributes excluded by policy engine: ['standard_attr_id', 'shared'] {{(pid=103095) _exclude_attributes_by_policy /opt/stack/neutron/neutron/pecan_wsgi/hooks/policy_enforcement.py:255}}
Feb 07 09:08:35.501185 dv-cinder-828085-3-smb neutron-server[103095]: INFO neutron.wsgi [req-ea3d477f-3726-4092-952c-6c4841b84466 req-8a3bc0fa-d1a3-464f-b2fc-3ebf1fa1f922 service neutron] 10.222.0.43 "GET /v2.0/subnets?id=3bc4fd4d-fdc0-459e-91f8-8d1dc8a6fca9 HTTP/1.1" status: 200 len: 849 time: 0.1057429
Feb 07 09:08:35.518587 dv-cinder-828085-3-smb neutron-server[103096]: DEBUG neutron.notifiers.nova [-] Sending events: [{'server_uuid': 'e39f5339-8c6a-4123-921c-a26e1d6f9f20', 'name': 'network-vif-plugged', 'status': 'completed', 'tag': '97e69f9a-626a-4055-8f3e-37a81fbeb106'}] {{(pid=103096) send_events /opt/stack/neutron/neutron/notifiers/nova.py:266}}
Feb 07 09:08:35.553771 dv-cinder-828085-3-smb neutron-server[103095]: INFO neutron.wsgi [req-964acd42-c4d8-4381-b7d7-e4c35ce46cdd req-1c56f0b3-e100-46e2-a614-ee5d4719831c service neutron] 10.222.0.43 "GET /v2.0/networks/3b7f792d-8044-4d90-ad65-668360f82f99?fields=segments HTTP/1.1" status: 200 len: 212 time: 0.1597486
