Feb 07 02:40:50.508459 dv-cinder-828061-1-smb devstack@c-api.service[116106]: DEBUG cinder.api.openstack.wsgi [None req-17dcf87e-a05a-4d52-a6d9-4f1686d69e17 tempest-VolumesImageMetadata-1981210903 tempest-VolumesImageMetadata-1981210903-project] Calling method 'show' {{(pid=116106) _process_stack /opt/stack/cinder/cinder/api/openstack/wsgi.py:868}}
Feb 07 02:40:50.538138 dv-cinder-828061-1-smb devstack@c-api.service[116106]: /usr/local/lib/python3.8/dist-packages/oslo_context/context.py:105: DeprecationWarning: Policy enforcement is depending on the value of is_admin. This key is deprecated. Please update your policy file to use the standard policy values.
Feb 07 02:40:50.538138 dv-cinder-828061-1-smb devstack@c-api.service[116106]: warnings.warn('Policy enforcement is depending on the value of '
Feb 07 02:40:50.571851 dv-cinder-828061-1-smb devstack@c-api.service[116106]: INFO cinder.volume.api [None req-17dcf87e-a05a-4d52-a6d9-4f1686d69e17 tempest-VolumesImageMetadata-1981210903 tempest-VolumesImageMetadata-1981210903-project] Volume info retrieved successfully.
Feb 07 02:40:50.592240 dv-cinder-828061-1-smb devstack@c-api.service[116106]: INFO cinder.api.openstack.wsgi [None req-17dcf87e-a05a-4d52-a6d9-4f1686d69e17 tempest-VolumesImageMetadata-1981210903 tempest-VolumesImageMetadata-1981210903-project] http://10.222.0.18/volume/v3/14837e529e86421180327d900304f543/volumes/ec5db43a-a350-4eaf-8d0c-4c574a45d319 returned with HTTP 200
Feb 07 02:40:50.602761 dv-cinder-828061-1-smb devstack@c-api.service[116106]: [pid: 116106|app: 0|req: 232/479] 10.222.0.18 () {58 vars in 1324 bytes} [Mon Feb 7 02:40:50 2022] GET /volume/v3/14837e529e86421180327d900304f543/volumes/ec5db43a-a350-4eaf-8d0c-4c574a45d319 => generated 911 bytes in 102 msecs (HTTP/1.1 200) 7 headers in 285 bytes (1 switches on core 0)
Feb 07 02:40:50.632080 dv-cinder-828061-1-smb devstack@c-api.service[116105]: INFO cinder.api.openstack.wsgi [None req-067c4210-6bb5-41d9-908e-280fb83a8c1d tempest-VolumesTransfersTest-628765588 tempest-VolumesTransfersTest-628765588-project] POST http://10.222.0.18/volume/v3/f96d298bf6b649098e2267daf0c61a81/os-volume-transfer/9eabf510-2c4c-43cd-ba3a-4c60304701c1/accept
Feb 07 02:40:50.634033 dv-cinder-828061-1-smb devstack@c-api.service[116105]: DEBUG cinder.api.openstack.wsgi [None req-067c4210-6bb5-41d9-908e-280fb83a8c1d tempest-VolumesTransfersTest-628765588 tempest-VolumesTransfersTest-628765588-project] Action: 'accept', calling method: accept, body: {"accept": {"auth_key": "d918cbee8387e19c"}} {{(pid=116105) _process_stack /opt/stack/cinder/cinder/api/openstack/wsgi.py:866}}
Feb 07 02:40:50.635053 dv-cinder-828061-1-smb devstack@c-api.service[116105]: DEBUG cinder.api.contrib.volume_transfer [None req-067c4210-6bb5-41d9-908e-280fb83a8c1d tempest-VolumesTransfersTest-628765588 tempest-VolumesTransfersTest-628765588-project] Accepting volume transfer 9eabf510-2c4c-43cd-ba3a-4c60304701c1 {{(pid=116105) accept /opt/stack/cinder/cinder/api/contrib/volume_transfer.py:115}}
Feb 07 02:40:50.635975 dv-cinder-828061-1-smb devstack@c-api.service[116105]: INFO cinder.api.contrib.volume_transfer [None req-067c4210-6bb5-41d9-908e-280fb83a8c1d tempest-VolumesTransfersTest-628765588 tempest-VolumesTransfersTest-628765588-project] Accepting transfer 9eabf510-2c4c-43cd-ba3a-4c60304701c1
Feb 07 02:40:50.776604 dv-cinder-828061-1-smb devstack@c-api.service[116105]: DEBUG cinder.quota [None req-067c4210-6bb5-41d9-908e-280fb83a8c1d tempest-VolumesTransfersTest-628765588 tempest-VolumesTransfersTest-628765588-project] Created reservations ['544135b3-919d-4a19-ba7c-0f7814be3200', '9cf0fd7e-8db5-4566-9620-c8ac53d4a541', '6d1a1f8a-e37c-4485-9b61-463e61237c40', '9b9716ba-95cc-4193-844b-a41f31a2d5b5'] {{(pid=116105) reserve /opt/stack/cinder/cinder/quota.py:755}}
Feb 07 02:40:50.824009 dv-cinder-828061-1-smb devstack@c-api.service[116105]: DEBUG cinder.quota [None req-067c4210-6bb5-41d9-908e-280fb83a8c1d tempest-VolumesTransfersTest-628765588 tempest-VolumesTransfersTest-628765588-project] Created reservations ['7b5509a6-dbd5-498b-929f-cf4b50faab82', '0f153aa9-55b8-45fb-82c1-cb2ef7cc2a65', '5fd73ecb-1870-4f8d-8880-14105c1d308f', '725223b2-10a2-4ff0-bcaa-ac4bc11a1d4d'] {{(pid=116105) reserve /opt/stack/cinder/cinder/quota.py:755}}
Feb 07 02:40:50.893145 dv-cinder-828061-1-smb devstack@c-api.service[116105]: DEBUG cinder.quota [None req-067c4210-6bb5-41d9-908e-280fb83a8c1d tempest-VolumesTransfersTest-628765588 tempest-VolumesTransfersTest-628765588-project] Created reservations ['d587eb19-2565-4afd-88b3-5a092e9aef2d', '92e88b42-4f1e-4f7e-9786-5b8329bf385f', 'c5efc496-70dc-4df0-8043-98fe80f99cca', 'b900a57d-687c-45fe-a010-8bf45459336c'] {{(pid=116105) reserve /opt/stack/cinder/cinder/quota.py:755}}
Feb 07 02:40:50.916315 dv-cinder-828061-1-smb devstack@c-api.service[116106]: INFO cinder.api.openstack.wsgi [None req-04691b70-188e-481a-afa9-eedd88d83a83 tempest-VolumeQuotasNegativeTestJSON-2048276984 tempest-VolumeQuotasNegativeTestJSON-2048276984-project] GET http://10.222.0.18/volume/v3/d90c3ad34785475c9ea803c6c1f94b69/volumes/ad885a87-28a1-4bd3-81aa-1ab651c5d943
Feb 07 02:40:50.916776 dv-cinder-828061-1-smb devstack@c-api.service[116106]: DEBUG cinder.api.openstack.wsgi [None req-04691b70-188e-481a-afa9-eedd88d83a83 tempest-VolumeQuotasNegativeTestJSON-2048276984 tempest-VolumeQuotasNegativeTestJSON-2048276984-project] Empty body provided in request {{(pid=116106) get_body /opt/stack/cinder/cinder/api/openstack/wsgi.py:715}}
Feb 07 02:40:50.917365 dv-cinder-828061-1-smb devstack@c-api.service[116106]: DEBUG cinder.api.openstack.wsgi [None req-04691b70-188e-481a-afa9-eedd88d83a83 tempest-VolumeQuotasNegativeTestJSON-2048276984 tempest-VolumeQuotasNegativeTestJSON-2048276984-project] Calling method 'show' {{(pid=116106) _process_stack /opt/stack/cinder/cinder/api/openstack/wsgi.py:868}}
Feb 07 02:40:50.934466 dv-cinder-828061-1-smb devstack@c-api.service[116106]: INFO cinder.api.openstack.wsgi [None req-04691b70-188e-481a-afa9-eedd88d83a83 tempest-VolumeQuotasNegativeTestJSON-2048276984 tempest-VolumeQuotasNegativeTestJSON-2048276984-project] http://10.222.0.18/volume/v3/d90c3ad34785475c9ea803c6c1f94b69/volumes/ad885a87-28a1-4bd3-81aa-1ab651c5d943 returned with HTTP 404
Feb 07 02:40:50.939708 dv-cinder-828061-1-smb devstack@c-api.service[116106]: [pid: 116106|app: 0|req: 233/480] 10.222.0.18 () {58 vars in 1324 bytes} [Mon Feb 7 02:40:50 2022] GET /volume/v3/d90c3ad34785475c9ea803c6c1f94b69/volumes/ad885a87-28a1-4bd3-81aa-1ab651c5d943 => generated 109 bytes in 27 msecs (HTTP/1.1 404) 7 headers in 292 bytes (2 switches on core 0)
Feb 07 02:40:50.945867 dv-cinder-828061-1-smb devstack@c-api.service[116106]: INFO cinder.api.openstack.wsgi [None req-bd6b92a3-c06b-4509-a48f-133d3c136957 tempest-VolumeQuotasNegativeTestJSON-581930873 tempest-VolumeQuotasNegativeTestJSON-581930873-project-admin] PUT http://10.222.0.18/volume/v3/c7829385844a417596929c50d6d22822/os-quota-sets/d90c3ad34785475c9ea803c6c1f94b69
Feb 07 02:40:50.946833 dv-cinder-828061-1-smb devstack@c-api.service[116106]: DEBUG cinder.api.openstack.wsgi [None req-bd6b92a3-c06b-4509-a48f-133d3c136957 tempest-VolumeQuotasNegativeTestJSON-581930873 tempest-VolumeQuotasNegativeTestJSON-581930873-project-admin] Action: 'update', calling method: update, body: {"quota_set": {"volumes": 10, "per_volume_gigabytes": -1, "snapshots": 10, "gigabytes": 1000, "backups": 10, "backup_gigabytes": 1000}} {{(pid=116106) _process_stack /opt/stack/cinder/cinder/api/openstack/wsgi.py:866}}
Feb 07 02:40:50.973028 dv-cinder-828061-1-smb devstack@c-api.service[116105]: DEBUG cinder.quota [None req-067c4210-6bb5-41d9-908e-280fb83a8c1d tempest-VolumesTransfersTest-628765588 tempest-VolumesTransfersTest-628765588-project] Created reservations ['9d10329c-bec5-435a-a885-0f213061e6c5', '893f5308-e75a-46ed-bd48-1a71cb64ac37', 'ab7cc912-317f-4f80-995c-11953cba6fee', 'd91d415f-ad2f-4dfc-bdc6-d6565409a9eb'] {{(pid=116105) reserve /opt/stack/cinder/cinder/quota.py:755}}
Feb 07 02:40:51.033974 dv-cinder-828061-1-smb devstack@c-api.service[116105]: INFO cinder.volume.api [None req-067c4210-6bb5-41d9-908e-280fb83a8c1d tempest-VolumesTransfersTest-628765588 tempest-VolumesTransfersTest-628765588-project] Transfer volume completed successfully.
Feb 07 02:40:51.126289 dv-cinder-828061-1-smb devstack@c-api.service[116106]: INFO cinder.api.openstack.wsgi [None req-bd6b92a3-c06b-4509-a48f-133d3c136957 tempest-VolumeQuotasNegativeTestJSON-581930873 tempest-VolumeQuotasNegativeTestJSON-581930873-project-admin] http://10.222.0.18/volume/v3/c7829385844a417596929c50d6d22822/os-quota-sets/d90c3ad34785475c9ea803c6c1f94b69 returned with HTTP 200
Feb 07 02:40:51.127282 dv-cinder-828061-1-smb devstack@c-api.service[116106]: [pid: 116106|app: 0|req: 234/481] 10.222.0.18 () {60 vars in 1351 bytes} [Mon Feb 7 02:40:50 2022] PUT /volume/v3/c7829385844a417596929c50d6d22822/os-quota-sets/d90c3ad34785475c9ea803c6c1f94b69 => generated 319 bytes in 186 msecs (HTTP/1.1 200) 7 headers in 285 bytes (1 switches on core 0)
Feb 07 02:40:51.239011 dv-cinder-828061-1-smb devstack@c-api.service[116105]: INFO cinder.transfer.api [None req-067c4210-6bb5-41d9-908e-280fb83a8c1d tempest-VolumesTransfersTest-628765588 tempest-VolumesTransfersTest-628765588-project] Volume c078c1f4-21fd-46b2-aee8-4ace290bbb9f has been transferred.
Feb 07 02:40:51.261757 dv-cinder-828061-1-smb devstack@c-api.service[116105]: INFO cinder.api.openstack.wsgi [None req-067c4210-6bb5-41d9-908e-280fb83a8c1d tempest-VolumesTransfersTest-628765588 tempest-VolumesTransfersTest-628765588-project] http://10.222.0.18/volume/v3/f96d298bf6b649098e2267daf0c61a81/os-volume-transfer/9eabf510-2c4c-43cd-ba3a-4c60304701c1/accept returned with HTTP 202
Feb 07 02:40:51.268330 dv-cinder-828061-1-smb devstack@c-api.service[116105]: [pid: 116105|app: 0|req: 248/482] 10.222.0.18 () {60 vars in 1399 bytes} [Mon Feb 7 02:40:50 2022] POST /volume/v3/f96d298bf6b649098e2267daf0c61a81/os-volume-transfer/9eabf510-2c4c-43cd-ba3a-4c60304701c1/accept => generated 431 bytes in 926 msecs (HTTP/1.1 202) 7 headers in 291 bytes (1 switches on core 0)
Feb 07 02:40:51.273262 dv-cinder-828061-1-smb devstack@c-api.service[116106]: INFO cinder.api.openstack.wsgi [None req-9a403417-9c6e-4ffa-8581-e5e46aab12d4 tempest-VolumesTransfersTest-628765588 tempest-VolumesTransfersTest-628765588-project] GET http://10.222.0.18/volume/v3/f96d298bf6b649098e2267daf0c61a81/volumes/c078c1f4-21fd-46b2-aee8-4ace290bbb9f
Feb 07 02:40:51.273817 dv-cinder-828061-1-smb devstack@c-api.service[116106]: DEBUG cinder.api.openstack.wsgi [None req-9a403417-9c6e-4ffa-8581-e5e46aab12d4 tempest-VolumesTransfersTest-628765588 tempest-VolumesTransfersTest-628765588-project] Empty body provided in request {{(pid=116106) get_body /opt/stack/cinder/cinder/api/openstack/wsgi.py:715}}
Feb 07 02:40:51.274346 dv-cinder-828061-1-smb devstack@c-api.service[116106]: DEBUG cinder.api.openstack.wsgi [None req-9a403417-9c6e-4ffa-8581-e5e46aab12d4 tempest-VolumesTransfersTest-628765588 tempest-VolumesTransfersTest-628765588-project] Calling method 'show' {{(pid=116106) _process_stack /opt/stack/cinder/cinder/api/openstack/wsgi.py:868}}
Feb 07 02:40:51.288200 dv-cinder-828061-1-smb devstack@c-api.service[116105]: INFO cinder.api.openstack.wsgi [None req-16818189-433a-4eb8-8aa5-29cf0864de80 tempest-VolumesActionsTest-1418920376 tempest-VolumesActionsTest-1418920376-project] GET http://10.222.0.18/volume/v3/40a813e07cb843c8a0af4b595827d8c8/volumes/c2d4259a-5393-4230-bef4-d37546308176
Feb 07 02:40:51.289286 dv-cinder-828061-1-smb devstack@c-api.service[116105]: DEBUG cinder.api.openstack.wsgi [None req-16818189-433a-4eb8-8aa5-29cf0864de80 tempest-VolumesActionsTest-1418920376 tempest-VolumesActionsTest-1418920376-project] Empty body provided in request {{(pid=116105) get_body /opt/stack/cinder/cinder/api/openstack/wsgi.py:715}}
Feb 07 02:40:51.289286 dv-cinder-828061-1-smb devstack@c-api.service[116105]: DEBUG cinder.api.openstack.wsgi [None req-16818189-433a-4eb8-8aa5-29cf0864de80 tempest-VolumesActionsTest-1418920376 tempest-VolumesActionsTest-1418920376-project] Calling method 'show' {{(pid=116105) _process_stack /opt/stack/cinder/cinder/api/openstack/wsgi.py:868}}
Feb 07 02:40:51.297851 dv-cinder-828061-1-smb devstack@c-api.service[116106]: /usr/local/lib/python3.8/dist-packages/oslo_context/context.py:105: DeprecationWarning: Policy enforcement is depending on the value of is_admin. This key is deprecated. Please update your policy file to use the standard policy values.
Feb 07 02:40:51.297851 dv-cinder-828061-1-smb devstack@c-api.service[116106]: warnings.warn('Policy enforcement is depending on the value of '
Feb 07 02:40:51.309159 dv-cinder-828061-1-smb devstack@c-api.service[116106]: INFO cinder.volume.api [None req-9a403417-9c6e-4ffa-8581-e5e46aab12d4 tempest-VolumesTransfersTest-628765588 tempest-VolumesTransfersTest-628765588-project] Volume info retrieved successfully.
Feb 07 02:40:51.313274 dv-cinder-828061-1-smb devstack@c-api.service[116105]: /usr/local/lib/python3.8/dist-packages/oslo_context/context.py:105: DeprecationWarning: Policy enforcement is depending on the value of is_admin. This key is deprecated. Please update your policy file to use the standard policy values.
Feb 07 02:40:51.313274 dv-cinder-828061-1-smb devstack@c-api.service[116105]: warnings.warn('Policy enforcement is depending on the value of '
Feb 07 02:40:51.322222 dv-cinder-828061-1-smb devstack@c-api.service[116106]: INFO cinder.api.openstack.wsgi [None req-9a403417-9c6e-4ffa-8581-e5e46aab12d4 tempest-VolumesTransfersTest-628765588 tempest-VolumesTransfersTest-628765588-project] http://10.222.0.18/volume/v3/f96d298bf6b649098e2267daf0c61a81/volumes/c078c1f4-21fd-46b2-aee8-4ace290bbb9f returned with HTTP 200
Feb 07 02:40:51.324350 dv-cinder-828061-1-smb devstack@c-api.service[116106]: [pid: 116106|app: 0|req: 235/483] 10.222.0.18 () {58 vars in 1324 bytes} [Mon Feb 7 02:40:51 2022] GET /volume/v3/f96d298bf6b649098e2267daf0c61a81/volumes/c078c1f4-21fd-46b2-aee8-4ace290bbb9f => generated 913 bytes in 55 msecs (HTTP/1.1 200) 7 headers in 285 bytes (2 switches on core 0)
Feb 07 02:40:51.334795 dv-cinder-828061-1-smb devstack@c-api.service[116105]: INFO cinder.volume.api [None req-16818189-433a-4eb8-8aa5-29cf0864de80 tempest-VolumesActionsTest-1418920376 tempest-VolumesActionsTest-1418920376-project] Volume info retrieved successfully.
Feb 07 02:40:51.338581 dv-cinder-828061-1-smb devstack@c-api.service[116106]: INFO cinder.api.openstack.wsgi [None req-615c3499-9612-48c3-95b7-ff0234d75f9a tempest-VolumesTransfersTest-628765588 tempest-VolumesTransfersTest-628765588-project] GET http://10.222.0.18/volume/v3/f96d298bf6b649098e2267daf0c61a81/volumes/c078c1f4-21fd-46b2-aee8-4ace290bbb9f
Feb 07 02:40:51.339204 dv-cinder-828061-1-smb devstack@c-api.service[116106]: DEBUG cinder.api.openstack.wsgi [None req-615c3499-9612-48c3-95b7-ff0234d75f9a tempest-VolumesTransfersTest-628765588 tempest-VolumesTransfersTest-628765588-project] Empty body provided in request {{(pid=116106) get_body /opt/stack/cinder/cinder/api/openstack/wsgi.py:715}}
Feb 07 02:40:51.339838 dv-cinder-828061-1-smb devstack@c-api.service[116106]: DEBUG cinder.api.openstack.wsgi [None req-615c3499-9612-48c3-95b7-ff0234d75f9a tempest-VolumesTransfersTest-628765588 tempest-VolumesTransfersTest-628765588-project] Calling method 'show' {{(pid=116106) _process_stack /opt/stack/cinder/cinder/api/openstack/wsgi.py:868}}
Feb 07 02:40:51.345308 dv-cinder-828061-1-smb devstack@c-api.service[116105]: INFO cinder.api.openstack.wsgi [None req-16818189-433a-4eb8-8aa5-29cf0864de80 tempest-VolumesActionsTest-1418920376 tempest-VolumesActionsTest-1418920376-project] http://10.222.0.18/volume/v3/40a813e07cb843c8a0af4b595827d8c8/volumes/c2d4259a-5393-4230-bef4-d37546308176 returned with HTTP 200
Feb 07 02:40:51.356519 dv-cinder-828061-1-smb devstack@c-api.service[116105]: [pid: 116105|app: 0|req: 249/484] 10.222.0.18 () {58 vars in 1324 bytes} [Mon Feb 7 02:40:51 2022] GET /volume/v3/40a813e07cb843c8a0af4b595827d8c8/volumes/c2d4259a-5393-4230-bef4-d37546308176 => generated 910 bytes in 62 msecs (HTTP/1.1 200) 7 headers in 285 bytes (2 switches on core 0)
Feb 07 02:40:51.360808 dv-cinder-828061-1-smb devstack@c-api.service[116106]: /usr/local/lib/python3.8/dist-packages/oslo_context/context.py:105: DeprecationWarning: Policy enforcement is depending on the value of is_admin. This key is deprecated. Please update your policy file to use the standard policy values.
Feb 07 02:40:51.360808 dv-cinder-828061-1-smb devstack@c-api.service[116106]: warnings.warn('Policy enforcement is depending on the value of '
Feb 07 02:40:51.369238 dv-cinder-828061-1-smb devstack@c-api.service[116105]: INFO cinder.api.openstack.wsgi [None req-1a2a756c-0091-4dfa-9f34-2ebef43f301a tempest-VolumesActionsTest-1418920376 tempest-VolumesActionsTest-1418920376-project] POST http://10.222.0.18/volume/v3/40a813e07cb843c8a0af4b595827d8c8/volumes/c2d4259a-5393-4230-bef4-d37546308176/action
Feb 07 02:40:51.369966 dv-cinder-828061-1-smb devstack@c-api.service[116105]: DEBUG cinder.api.openstack.wsgi [None req-1a2a756c-0091-4dfa-9f34-2ebef43f301a tempest-VolumesActionsTest-1418920376 tempest-VolumesActionsTest-1418920376-project] Action body: b'{"os-attach": {"instance_uuid": "c1ec4569-4b79-4123-af6f-a14e230d614a", "mountpoint": "/dev/sdb"}}' {{(pid=116105) get_method /opt/stack/cinder/cinder/api/openstack/wsgi.py:983}}
Feb 07 02:40:51.370295 dv-cinder-828061-1-smb devstack@c-api.service[116105]: DEBUG cinder.api.openstack.wsgi [None req-1a2a756c-0091-4dfa-9f34-2ebef43f301a tempest-VolumesActionsTest-1418920376 tempest-VolumesActionsTest-1418920376-project] Action: 'action', calling method: _attach, body: {"os-attach": {"instance_uuid": "c1ec4569-4b79-4123-af6f-a14e230d614a", "mountpoint": "/dev/sdb"}} {{(pid=116105) _process_stack /opt/stack/cinder/cinder/api/openstack/wsgi.py:866}}
Feb 07 02:40:51.371345 dv-cinder-828061-1-smb devstack@c-api.service[116106]: INFO cinder.volume.api [None req-615c3499-9612-48c3-95b7-ff0234d75f9a tempest-VolumesTransfersTest-628765588 tempest-VolumesTransfersTest-628765588-project] Volume info retrieved successfully.
Feb 07 02:40:51.382716 dv-cinder-828061-1-smb devstack@c-api.service[116106]: INFO cinder.api.openstack.wsgi [None req-615c3499-9612-48c3-95b7-ff0234d75f9a tempest-VolumesTransfersTest-628765588 tempest-VolumesTransfersTest-628765588-project] http://10.222.0.18/volume/v3/f96d298bf6b649098e2267daf0c61a81/volumes/c078c1f4-21fd-46b2-aee8-4ace290bbb9f returned with HTTP 200
Feb 07 02:40:51.384266 dv-cinder-828061-1-smb devstack@c-api.service[116106]: [pid: 116106|app: 0|req: 236/485] 10.222.0.18 () {58 vars in 1324 bytes} [Mon Feb 7 02:40:51 2022] GET /volume/v3/f96d298bf6b649098e2267daf0c61a81/volumes/c078c1f4-21fd-46b2-aee8-4ace290bbb9f => generated 913 bytes in 50 msecs (HTTP/1.1 200) 7 headers in 285 bytes (1 switches on core 0)
Feb 07 02:40:51.392262 dv-cinder-828061-1-smb devstack@c-api.service[116105]: /usr/local/lib/python3.8/dist-packages/oslo_context/context.py:105: DeprecationWarning: Policy enforcement is depending on the value of is_admin. This key is deprecated. Please update your policy file to use the standard policy values.
Feb 07 02:40:51.392262 dv-cinder-828061-1-smb devstack@c-api.service[116105]: warnings.warn('Policy enforcement is depending on the value of '
Feb 07 02:40:51.393313 dv-cinder-828061-1-smb devstack@c-api.service[116105]: INFO cinder.volume.api [None req-1a2a756c-0091-4dfa-9f34-2ebef43f301a tempest-VolumesActionsTest-1418920376 tempest-VolumesActionsTest-1418920376-project] Volume info retrieved successfully.
Feb 07 02:40:51.401611 dv-cinder-828061-1-smb devstack@c-api.service[116106]: INFO cinder.api.openstack.wsgi [None req-1a48c53e-147e-475e-8b4c-1d036d1e0c5c tempest-VolumesTransfersTest-1890154643 tempest-VolumesTransfersTest-1890154643-project] DELETE http://10.222.0.18/volume/v3/5a495e2a1afa4f41a797fee42e21af72/os-volume-transfer/9eabf510-2c4c-43cd-ba3a-4c60304701c1
Feb 07 02:40:51.402331 dv-cinder-828061-1-smb devstack@c-api.service[116106]: DEBUG cinder.api.openstack.wsgi [None req-1a48c53e-147e-475e-8b4c-1d036d1e0c5c tempest-VolumesTransfersTest-1890154643 tempest-VolumesTransfersTest-1890154643-project] Empty body provided in request {{(pid=116106) get_body /opt/stack/cinder/cinder/api/openstack/wsgi.py:715}}
Feb 07 02:40:51.402966 dv-cinder-828061-1-smb devstack@c-api.service[116106]: DEBUG cinder.api.openstack.wsgi [None req-1a48c53e-147e-475e-8b4c-1d036d1e0c5c tempest-VolumesTransfersTest-1890154643 tempest-VolumesTransfersTest-1890154643-project] Calling method 'delete' {{(pid=116106) _process_stack /opt/stack/cinder/cinder/api/openstack/wsgi.py:868}}
Feb 07 02:40:51.403496 dv-cinder-828061-1-smb devstack@c-api.service[116106]: INFO cinder.api.contrib.volume_transfer [None req-1a48c53e-147e-475e-8b4c-1d036d1e0c5c tempest-VolumesTransfersTest-1890154643 tempest-VolumesTransfersTest-1890154643-project] Delete transfer with id: 9eabf510-2c4c-43cd-ba3a-4c60304701c1
Feb 07 02:40:51.409995 dv-cinder-828061-1-smb devstack@c-api.service[116106]: INFO cinder.api.openstack.wsgi [None req-1a48c53e-147e-475e-8b4c-1d036d1e0c5c tempest-VolumesTransfersTest-1890154643 tempest-VolumesTransfersTest-1890154643-project] http://10.222.0.18/volume/v3/5a495e2a1afa4f41a797fee42e21af72/os-volume-transfer/9eabf510-2c4c-43cd-ba3a-4c60304701c1 returned with HTTP 404
Feb 07 02:40:51.411577 dv-cinder-828061-1-smb devstack@c-api.service[116106]: [pid: 116106|app: 0|req: 237/486] 10.222.0.18 () {58 vars in 1360 bytes} [Mon Feb 7 02:40:51 2022] DELETE /volume/v3/5a495e2a1afa4f41a797fee42e21af72/os-volume-transfer/9eabf510-2c4c-43cd-ba3a-4c60304701c1 => generated 111 bytes in 18 msecs (HTTP/1.1 404) 7 headers in 292 bytes (2 switches on core 0)
Feb 07 02:40:51.422668 dv-cinder-828061-1-smb devstack@c-api.service[116105]: INFO cinder.volume.api [None req-1a2a756c-0091-4dfa-9f34-2ebef43f301a tempest-VolumesActionsTest-1418920376 tempest-VolumesActionsTest-1418920376-project] Update volume admin metadata completed successfully.
Feb 07 02:40:51.616040 dv-cinder-828061-1-smb devstack@c-api.service[116105]: INFO cinder.volume.api [None req-1a2a756c-0091-4dfa-9f34-2ebef43f301a tempest-VolumesActionsTest-1418920376 tempest-VolumesActionsTest-1418920376-project] Attach volume completed successfully.
Feb 07 02:40:51.617844 dv-cinder-828061-1-smb devstack@c-api.service[116105]: INFO cinder.api.openstack.wsgi [None req-1a2a756c-0091-4dfa-9f34-2ebef43f301a tempest-VolumesActionsTest-1418920376 tempest-VolumesActionsTest-1418920376-project] http://10.222.0.18/volume/v3/40a813e07cb843c8a0af4b595827d8c8/volumes/c2d4259a-5393-4230-bef4-d37546308176/action returned with HTTP 202
Feb 07 02:40:51.618874 dv-cinder-828061-1-smb devstack@c-api.service[116105]: [pid: 116105|app: 0|req: 250/487] 10.222.0.18 () {60 vars in 1366 bytes} [Mon Feb 7 02:40:51 2022] POST /volume/v3/40a813e07cb843c8a0af4b595827d8c8/volumes/c2d4259a-5393-4230-bef4-d37546308176/action => generated 0 bytes in 258 msecs (HTTP/1.1 202) 7 headers in 289 bytes (1 switches on core 0)
Feb 07 02:40:51.633982 dv-cinder-828061-1-smb devstack@c-api.service[116105]: INFO cinder.api.openstack.wsgi [None req-68b8c1a7-4bce-4711-9815-1a49af1c822e tempest-VolumesImageMetadata-1981210903 tempest-VolumesImageMetadata-1981210903-project] GET http://10.222.0.18/volume/v3/14837e529e86421180327d900304f543/volumes/ec5db43a-a350-4eaf-8d0c-4c574a45d319
Feb 07 02:40:51.635687 dv-cinder-828061-1-smb devstack@c-api.service[116105]: DEBUG cinder.api.openstack.wsgi [None req-68b8c1a7-4bce-4711-9815-1a49af1c822e tempest-VolumesImageMetadata-1981210903 tempest-VolumesImageMetadata-1981210903-project] Empty body provided in request {{(pid=116105) get_body /opt/stack/cinder/cinder/api/openstack/wsgi.py:715}}
Feb 07 02:40:51.636595 dv-cinder-828061-1-smb devstack@c-api.service[116105]: DEBUG cinder.api.openstack.wsgi [None req-68b8c1a7-4bce-4711-9815-1a49af1c822e tempest-VolumesImageMetadata-1981210903 tempest-VolumesImageMetadata-1981210903-project] Calling method 'show' {{(pid=116105) _process_stack /opt/stack/cinder/cinder/api/openstack/wsgi.py:868}}
Feb 07 02:40:51.662300 dv-cinder-828061-1-smb devstack@c-api.service[116105]: /usr/local/lib/python3.8/dist-packages/oslo_context/context.py:105: DeprecationWarning: Policy enforcement is depending on the value of is_admin. This key is deprecated. Please update your policy file to use the standard policy values.
Feb 07 02:40:51.662300 dv-cinder-828061-1-smb devstack@c-api.service[116105]: warnings.warn('Policy enforcement is depending on the value of '
Feb 07 02:40:51.669471 dv-cinder-828061-1-smb devstack@c-api.service[116106]: INFO cinder.api.openstack.wsgi [None req-5a0b803c-c588-46fc-a68f-af138679e3c6 tempest-VolumesTransfersTest-109081366 tempest-VolumesTransfersTest-109081366-project-admin] DELETE http://10.222.0.18/volume/v3/08e030cd9bc444ce9832d2c60fe8ef6b/volumes/c078c1f4-21fd-46b2-aee8-4ace290bbb9f
Feb 07 02:40:51.670402 dv-cinder-828061-1-smb devstack@c-api.service[116106]: DEBUG cinder.api.openstack.wsgi [None req-5a0b803c-c588-46fc-a68f-af138679e3c6 tempest-VolumesTransfersTest-109081366 tempest-VolumesTransfersTest-109081366-project-admin] Empty body provided in request {{(pid=116106) get_body /opt/stack/cinder/cinder/api/openstack/wsgi.py:715}}
Feb 07 02:40:51.671946 dv-cinder-828061-1-smb devstack@c-api.service[116105]: INFO cinder.volume.api [None req-68b8c1a7-4bce-4711-9815-1a49af1c822e tempest-VolumesImageMetadata-1981210903 tempest-VolumesImageMetadata-1981210903-project] Volume info retrieved successfully.
Feb 07 02:40:51.672072 dv-cinder-828061-1-smb devstack@c-api.service[116106]: DEBUG cinder.api.openstack.wsgi [None req-5a0b803c-c588-46fc-a68f-af138679e3c6 tempest-VolumesTransfersTest-109081366 tempest-VolumesTransfersTest-109081366-project-admin] Calling method 'delete' {{(pid=116106) _process_stack /opt/stack/cinder/cinder/api/openstack/wsgi.py:868}}
Feb 07 02:40:51.672615 dv-cinder-828061-1-smb devstack@c-api.service[116106]: INFO cinder.api.v3.volumes [None req-5a0b803c-c588-46fc-a68f-af138679e3c6 tempest-VolumesTransfersTest-109081366 tempest-VolumesTransfersTest-109081366-project-admin] Delete volume with id: c078c1f4-21fd-46b2-aee8-4ace290bbb9f
Feb 07 02:40:51.681567 dv-cinder-828061-1-smb devstack@c-api.service[116105]: INFO cinder.api.openstack.wsgi [None req-68b8c1a7-4bce-4711-9815-1a49af1c822e tempest-VolumesImageMetadata-1981210903 tempest-VolumesImageMetadata-1981210903-project] http://10.222.0.18/volume/v3/14837e529e86421180327d900304f543/volumes/ec5db43a-a350-4eaf-8d0c-4c574a45d319 returned with HTTP 200
Feb 07 02:40:51.682572 dv-cinder-828061-1-smb devstack@c-api.service[116105]: [pid: 116105|app: 0|req: 251/488] 10.222.0.18 () {58 vars in 1324 bytes} [Mon Feb 7 02:40:51 2022] GET /volume/v3/14837e529e86421180327d900304f543/volumes/ec5db43a-a350-4eaf-8d0c-4c574a45d319 => generated 911 bytes in 63 msecs (HTTP/1.1 200) 7 headers in 285 bytes (1 switches on core 0)
Feb 07 02:40:51.686310 dv-cinder-828061-1-smb devstack@c-api.service[116105]: INFO cinder.api.openstack.wsgi [None req-8231439a-26c4-41e0-815d-8f1f93279ec7 tempest-VolumesActionsTest-1418920376 tempest-VolumesActionsTest-1418920376-project] GET http://10.222.0.18/volume/v3/40a813e07cb843c8a0af4b595827d8c8/volumes/c2d4259a-5393-4230-bef4-d37546308176
Feb 07 02:40:51.686956 dv-cinder-828061-1-smb devstack@c-api.service[116105]: DEBUG cinder.api.openstack.wsgi [None req-8231439a-26c4-41e0-815d-8f1f93279ec7 tempest-VolumesActionsTest-1418920376 tempest-VolumesActionsTest-1418920376-project] Empty body provided in request {{(pid=116105) get_body /opt/stack/cinder/cinder/api/openstack/wsgi.py:715}}
Feb 07 02:40:51.687582 dv-cinder-828061-1-smb devstack@c-api.service[116105]: DEBUG cinder.api.openstack.wsgi [None req-8231439a-26c4-41e0-815d-8f1f93279ec7 tempest-VolumesActionsTest-1418920376 tempest-VolumesActionsTest-1418920376-project] Calling method 'show' {{(pid=116105) _process_stack /opt/stack/cinder/cinder/api/openstack/wsgi.py:868}}
Feb 07 02:40:51.690417 dv-cinder-828061-1-smb devstack@c-api.service[116106]: /usr/local/lib/python3.8/dist-packages/oslo_context/context.py:105: DeprecationWarning: Policy enforcement is depending on the value of is_admin. This key is deprecated. Please update your policy file to use the standard policy values.
Feb 07 02:40:51.690417 dv-cinder-828061-1-smb devstack@c-api.service[116106]: warnings.warn('Policy enforcement is depending on the value of '
Feb 07 02:40:51.691182 dv-cinder-828061-1-smb devstack@c-api.service[116106]: INFO cinder.volume.api [None req-5a0b803c-c588-46fc-a68f-af138679e3c6 tempest-VolumesTransfersTest-109081366 tempest-VolumesTransfersTest-109081366-project-admin] Volume info retrieved successfully.
Feb 07 02:40:51.741269 dv-cinder-828061-1-smb devstack@c-api.service[116106]: INFO cinder.volume.api [None req-5a0b803c-c588-46fc-a68f-af138679e3c6 tempest-VolumesTransfersTest-109081366 tempest-VolumesTransfersTest-109081366-project-admin] Delete volume request issued successfully.
Feb 07 02:40:51.741867 dv-cinder-828061-1-smb devstack@c-api.service[116106]: INFO cinder.api.openstack.wsgi [None req-5a0b803c-c588-46fc-a68f-af138679e3c6 tempest-VolumesTransfersTest-109081366 tempest-VolumesTransfersTest-109081366-project-admin] http://10.222.0.18/volume/v3/08e030cd9bc444ce9832d2c60fe8ef6b/volumes/c078c1f4-21fd-46b2-aee8-4ace290bbb9f returned with HTTP 202
Feb 07 02:40:51.747179 dv-cinder-828061-1-smb devstack@c-api.service[116106]: [pid: 116106|app: 0|req: 238/489] 10.222.0.18 () {58 vars in 1327 bytes} [Mon Feb 7 02:40:51 2022] DELETE /volume/v3/08e030cd9bc444ce9832d2c60fe8ef6b/volumes/c078c1f4-21fd-46b2-aee8-4ace290bbb9f => generated 0 bytes in 332 msecs (HTTP/1.1 202) 6 headers in 233 bytes (1 switches on core 0)
Feb 07 02:40:51.752939 dv-cinder-828061-1-smb devstack@c-api.service[116106]: INFO cinder.api.openstack.wsgi [None req-dbf87772-7428-47b8-b42a-7f998cb124fe tempest-VolumesTransfersTest-109081366 tempest-VolumesTransfersTest-109081366-project-admin] GET http://10.222.0.18/volume/v3/08e030cd9bc444ce9832d2c60fe8ef6b/volumes/c078c1f4-21fd-46b2-aee8-4ace290bbb9f
Feb 07 02:40:51.753662 dv-cinder-828061-1-smb devstack@c-api.service[116106]: DEBUG cinder.api.openstack.wsgi [None req-dbf87772-7428-47b8-b42a-7f998cb124fe tempest-VolumesTransfersTest-109081366 tempest-VolumesTransfersTest-109081366-project-admin] Empty body provided in request {{(pid=116106) get_body /opt/stack/cinder/cinder/api/openstack/wsgi.py:715}}
Feb 07 02:40:51.754249 dv-cinder-828061-1-smb devstack@c-api.service[116106]: DEBUG cinder.api.openstack.wsgi [None req-dbf87772-7428-47b8-b42a-7f998cb124fe tempest-VolumesTransfersTest-109081366 tempest-VolumesTransfersTest-109081366-project-admin] Calling method 'show' {{(pid=116106) _process_stack /opt/stack/cinder/cinder/api/openstack/wsgi.py:868}}
Feb 07 02:40:51.779160 dv-cinder-828061-1-smb devstack@c-api.service[116106]: /usr/local/lib/python3.8/dist-packages/oslo_context/context.py:105: DeprecationWarning: Policy enforcement is depending on the value of is_admin. This key is deprecated. Please update your policy file to use the standard policy values.
Feb 07 02:40:51.779160 dv-cinder-828061-1-smb devstack@c-api.service[116106]: warnings.warn('Policy enforcement is depending on the value of '
Feb 07 02:40:51.792104 dv-cinder-828061-1-smb devstack@c-api.service[116106]: INFO cinder.volume.api [None req-dbf87772-7428-47b8-b42a-7f998cb124fe tempest-VolumesTransfersTest-109081366 tempest-VolumesTransfersTest-109081366-project-admin] Volume info retrieved successfully.
Feb 07 02:40:51.806498 dv-cinder-828061-1-smb devstack@c-api.service[116106]: INFO cinder.api.openstack.wsgi [None req-dbf87772-7428-47b8-b42a-7f998cb124fe tempest-VolumesTransfersTest-109081366 tempest-VolumesTransfersTest-109081366-project-admin] http://10.222.0.18/volume/v3/08e030cd9bc444ce9832d2c60fe8ef6b/volumes/c078c1f4-21fd-46b2-aee8-4ace290bbb9f returned with HTTP 200
Feb 07 02:40:51.807309 dv-cinder-828061-1-smb devstack@c-api.service[116106]: [pid: 116106|app: 0|req: 239/490] 10.222.0.18 () {58 vars in 1324 bytes} [Mon Feb 7 02:40:51 2022] GET /volume/v3/08e030cd9bc444ce9832d2c60fe8ef6b/volumes/c078c1f4-21fd-46b2-aee8-4ace290bbb9f => generated 1078 bytes in 59 msecs (HTTP/1.1 200) 7 headers in 286 bytes (1 switches on core 0)
Feb 07 02:40:51.878157 dv-cinder-828061-1-smb devstack@c-api.service[116105]: /usr/local/lib/python3.8/dist-packages/oslo_context/context.py:105: DeprecationWarning: Policy enforcement is depending on the value of is_admin. This key is deprecated. Please update your policy file to use the standard policy values.
Feb 07 02:40:51.878157 dv-cinder-828061-1-smb devstack@c-api.service[116105]: warnings.warn('Policy enforcement is depending on the value of '
Feb 07 02:40:51.887350 dv-cinder-828061-1-smb devstack@c-api.service[116105]: INFO cinder.volume.api [None req-8231439a-26c4-41e0-815d-8f1f93279ec7 tempest-VolumesActionsTest-1418920376 tempest-VolumesActionsTest-1418920376-project] Volume info retrieved successfully.
Feb 07 02:40:51.899452 dv-cinder-828061-1-smb devstack@c-api.service[116105]: INFO cinder.api.openstack.wsgi [None req-8231439a-26c4-41e0-815d-8f1f93279ec7 tempest-VolumesActionsTest-1418920376 tempest-VolumesActionsTest-1418920376-project] http://10.222.0.18/volume/v3/40a813e07cb843c8a0af4b595827d8c8/volumes/c2d4259a-5393-4230-bef4-d37546308176 returned with HTTP 200
Feb 07 02:40:51.900929 dv-cinder-828061-1-smb devstack@c-api.service[116105]: [pid: 116105|app: 0|req: 252/491] 10.222.0.18 () {58 vars in 1324 bytes} [Mon Feb 7 02:40:51 2022] GET /volume/v3/40a813e07cb843c8a0af4b595827d8c8/volumes/c2d4259a-5393-4230-bef4-d37546308176 => generated 1244 bytes in 217 msecs (HTTP/1.1 200) 7 headers in 286 bytes (1 switches on core 0)
Feb 07 02:40:51.924054 dv-cinder-828061-1-smb devstack@c-api.service[116106]: INFO cinder.api.openstack.wsgi [None req-585acbf7-35ae-4226-bc93-3e2f1dde9ae6 tempest-VolumesActionsTest-1418920376 tempest-VolumesActionsTest-1418920376-project] GET http://10.222.0.18/volume/v3/40a813e07cb843c8a0af4b595827d8c8/volumes/c2d4259a-5393-4230-bef4-d37546308176
Feb 07 02:40:51.925116 dv-cinder-828061-1-smb devstack@c-api.service[116106]: DEBUG cinder.api.openstack.wsgi [None req-585acbf7-35ae-4226-bc93-3e2f1dde9ae6 tempest-VolumesActionsTest-1418920376 tempest-VolumesActionsTest-1418920376-project] Empty body provided in request {{(pid=116106) get_body /opt/stack/cinder/cinder/api/openstack/wsgi.py:715}}
Feb 07 02:40:51.925845 dv-cinder-828061-1-smb devstack@c-api.service[116106]: DEBUG cinder.api.openstack.wsgi [None req-585acbf7-35ae-4226-bc93-3e2f1dde9ae6 tempest-VolumesActionsTest-1418920376 tempest-VolumesActionsTest-1418920376-project] Calling method 'show' {{(pid=116106) _process_stack /opt/stack/cinder/cinder/api/openstack/wsgi.py:868}}
Feb 07 02:40:51.957810 dv-cinder-828061-1-smb devstack@c-api.service[116106]: /usr/local/lib/python3.8/dist-packages/oslo_context/context.py:105: DeprecationWarning: Policy enforcement is depending on the value of is_admin. This key is deprecated. Please update your policy file to use the standard policy values.
Feb 07 02:40:51.957810 dv-cinder-828061-1-smb devstack@c-api.service[116106]: warnings.warn('Policy enforcement is depending on the value of '
Feb 07 02:40:51.977747 dv-cinder-828061-1-smb devstack@c-api.service[116106]: INFO cinder.volume.api [None req-585acbf7-35ae-4226-bc93-3e2f1dde9ae6 tempest-VolumesActionsTest-1418920376 tempest-VolumesActionsTest-1418920376-project] Volume info retrieved successfully.
Feb 07 02:40:51.994590 dv-cinder-828061-1-smb devstack@c-api.service[116106]: INFO cinder.api.openstack.wsgi [None req-585acbf7-35ae-4226-bc93-3e2f1dde9ae6 tempest-VolumesActionsTest-1418920376 tempest-VolumesActionsTest-1418920376-project] http://10.222.0.18/volume/v3/40a813e07cb843c8a0af4b595827d8c8/volumes/c2d4259a-5393-4230-bef4-d37546308176 returned with HTTP 200
Feb 07 02:40:52.007296 dv-cinder-828061-1-smb devstack@c-api.service[116106]: [pid: 116106|app: 0|req: 240/492] 10.222.0.18 () {58 vars in 1324 bytes} [Mon Feb 7 02:40:51 2022] GET /volume/v3/40a813e07cb843c8a0af4b595827d8c8/volumes/c2d4259a-5393-4230-bef4-d37546308176 => generated 1244 bytes in 90 msecs (HTTP/1.1 200) 7 headers in 286 bytes (1 switches on core 0)
Feb 07 02:40:52.244315 dv-cinder-828061-1-smb devstack@c-api.service[116105]: INFO cinder.api.openstack.wsgi [None req-946f7b22-d2c7-43d8-97a2-55604bea5a79 tempest-VolumesActionsTest-1428675421 tempest-VolumesActionsTest-1428675421-project-admin] POST http://10.222.0.18/volume/v3/54a4eebb50a742308ae8c87785aa1aa6/volumes/c2d4259a-5393-4230-bef4-d37546308176/action
Feb 07 02:40:52.245029 dv-cinder-828061-1-smb devstack@c-api.service[116105]: DEBUG cinder.api.openstack.wsgi [None req-946f7b22-d2c7-43d8-97a2-55604bea5a79 tempest-VolumesActionsTest-1428675421 tempest-VolumesActionsTest-1428675421-project-admin] Action body: b'{"os-reset_status": {"status": "error"}}' {{(pid=116105) get_method /opt/stack/cinder/cinder/api/openstack/wsgi.py:983}}
Feb 07 02:40:52.245496 dv-cinder-828061-1-smb devstack@c-api.service[116105]: DEBUG cinder.api.openstack.wsgi [None req-946f7b22-d2c7-43d8-97a2-55604bea5a79 tempest-VolumesActionsTest-1428675421 tempest-VolumesActionsTest-1428675421-project-admin] Action: 'action', calling method: _reset_status, body: {"os-reset_status": {"status": "error"}} {{(pid=116105) _process_stack /opt/stack/cinder/cinder/api/openstack/wsgi.py:866}}
Feb 07 02:40:52.246445 dv-cinder-828061-1-smb devstack@c-api.service[116105]: DEBUG cinder.api.contrib.admin_actions [None req-946f7b22-d2c7-43d8-97a2-55604bea5a79 tempest-VolumesActionsTest-1428675421 tempest-VolumesActionsTest-1428675421-project-admin] Updating volume 'c2d4259a-5393-4230-bef4-d37546308176' with '{'status': 'error'}' {{(pid=116105) _reset_status /opt/stack/cinder/cinder/api/contrib/admin_actions.py:100}}
Feb 07 02:40:52.307147 dv-cinder-828061-1-smb devstack@c-api.service[116105]: /usr/local/lib/python3.8/dist-packages/oslo_context/context.py:105: DeprecationWarning: Policy enforcement is depending on the value of is_admin. This key is deprecated. Please update your policy file to use the standard policy values.
Feb 07 02:40:52.307147 dv-cinder-828061-1-smb devstack@c-api.service[116105]: warnings.warn('Policy enforcement is depending on the value of '
Feb 07 02:40:52.350942 dv-cinder-828061-1-smb devstack@c-api.service[116105]: INFO cinder.api.openstack.wsgi [None req-946f7b22-d2c7-43d8-97a2-55604bea5a79 tempest-VolumesActionsTest-1428675421 tempest-VolumesActionsTest-1428675421-project-admin] http://10.222.0.18/volume/v3/54a4eebb50a742308ae8c87785aa1aa6/volumes/c2d4259a-5393-4230-bef4-d37546308176/action returned with HTTP 202
Feb 07 02:40:52.351933 dv-cinder-828061-1-smb devstack@c-api.service[116105]: [pid: 116105|app: 0|req: 253/493] 10.222.0.18 () {60 vars in 1366 bytes} [Mon Feb 7 02:40:52 2022] POST /volume/v3/54a4eebb50a742308ae8c87785aa1aa6/volumes/c2d4259a-5393-4230-bef4-d37546308176/action => generated 0 bytes in 345 msecs (HTTP/1.1 202) 7 headers in 289 bytes (2 switches on core 0)
Feb 07 02:40:52.358907 dv-cinder-828061-1-smb devstack@c-api.service[116106]: INFO cinder.api.openstack.wsgi [None req-8b5005c3-44f8-4272-b28f-cda04162af94 tempest-VolumesActionsTest-1418920376 tempest-VolumesActionsTest-1418920376-project] GET http://10.222.0.18/volume/v3/40a813e07cb843c8a0af4b595827d8c8/volumes/c2d4259a-5393-4230-bef4-d37546308176
Feb 07 02:40:52.359345 dv-cinder-828061-1-smb devstack@c-api.service[116106]: DEBUG cinder.api.openstack.wsgi [None req-8b5005c3-44f8-4272-b28f-cda04162af94 tempest-VolumesActionsTest-1418920376 tempest-VolumesActionsTest-1418920376-project] Empty body provided in request {{(pid=116106) get_body /opt/stack/cinder/cinder/api/openstack/wsgi.py:715}}
Feb 07 02:40:52.359792 dv-cinder-828061-1-smb devstack@c-api.service[116106]: DEBUG cinder.api.openstack.wsgi [None req-8b5005c3-44f8-4272-b28f-cda04162af94 tempest-VolumesActionsTest-1418920376 tempest-VolumesActionsTest-1418920376-project] Calling method 'show' {{(pid=116106) _process_stack /opt/stack/cinder/cinder/api/openstack/wsgi.py:868}}
Feb 07 02:40:52.399708 dv-cinder-828061-1-smb devstack@c-api.service[116106]: /usr/local/lib/python3.8/dist-packages/oslo_context/context.py:105: DeprecationWarning: Policy enforcement is depending on the value of is_admin. This key is deprecated. Please update your policy file to use the standard policy values.
Feb 07 02:40:52.399708 dv-cinder-828061-1-smb devstack@c-api.service[116106]: warnings.warn('Policy enforcement is depending on the value of '
Feb 07 02:40:52.416543 dv-cinder-828061-1-smb devstack@c-api.service[116106]: INFO cinder.volume.api [None req-8b5005c3-44f8-4272-b28f-cda04162af94 tempest-VolumesActionsTest-1418920376 tempest-VolumesActionsTest-1418920376-project] Volume info retrieved successfully.
Feb 07 02:40:52.432209 dv-cinder-828061-1-smb devstack@c-api.service[116106]: INFO cinder.api.openstack.wsgi [None req-8b5005c3-44f8-4272-b28f-cda04162af94 tempest-VolumesActionsTest-1418920376 tempest-VolumesActionsTest-1418920376-project] http://10.222.0.18/volume/v3/40a813e07cb843c8a0af4b595827d8c8/volumes/c2d4259a-5393-4230-bef4-d37546308176 returned with HTTP 200
Feb 07 02:40:52.448089 dv-cinder-828061-1-smb devstack@c-api.service[116106]: [pid: 116106|app: 0|req: 241/494] 10.222.0.18 () {58 vars in 1324 bytes} [Mon Feb 7 02:40:52 2022] GET /volume/v3/40a813e07cb843c8a0af4b595827d8c8/volumes/c2d4259a-5393-4230-bef4-d37546308176 => generated 1243 bytes in 92 msecs (HTTP/1.1 200) 7 headers in 286 bytes (1 switches on core 0)
Feb 07 02:40:52.451519 dv-cinder-828061-1-smb devstack@c-api.service[116105]: INFO cinder.api.openstack.wsgi [None req-f993a7ed-8453-4a34-a6b3-01d3e8833456 tempest-VolumesActionsTest-1428675421 tempest-VolumesActionsTest-1428675421-project-admin] POST http://10.222.0.18/volume/v3/54a4eebb50a742308ae8c87785aa1aa6/volumes/c2d4259a-5393-4230-bef4-d37546308176/action
Feb 07 02:40:52.452284 dv-cinder-828061-1-smb devstack@c-api.service[116105]: DEBUG cinder.api.openstack.wsgi [None req-f993a7ed-8453-4a34-a6b3-01d3e8833456 tempest-VolumesActionsTest-1428675421 tempest-VolumesActionsTest-1428675421-project-admin] Action body: b'{"os-force_detach": {"connector": null, "attachment_id": "3cebd845-1bc3-4cdb-863a-70d57e1fe434"}}' {{(pid=116105) get_method /opt/stack/cinder/cinder/api/openstack/wsgi.py:983}}
Feb 07 02:40:52.452634 dv-cinder-828061-1-smb devstack@c-api.service[116105]: DEBUG cinder.api.openstack.wsgi [None req-f993a7ed-8453-4a34-a6b3-01d3e8833456 tempest-VolumesActionsTest-1428675421 tempest-VolumesActionsTest-1428675421-project-admin] Action: 'action', calling method: _force_detach, body: {"os-force_detach": {"connector": null, "attachment_id": "3cebd845-1bc3-4cdb-863a-70d57e1fe434"}} {{(pid=116105) _process_stack /opt/stack/cinder/cinder/api/openstack/wsgi.py:866}}
Feb 07 02:40:52.475326 dv-cinder-828061-1-smb devstack@c-api.service[116105]: /usr/local/lib/python3.8/dist-packages/oslo_context/context.py:105: DeprecationWarning: Policy enforcement is depending on the value of is_admin. This key is deprecated. Please update your policy file to use the standard policy values.
Feb 07 02:40:52.475326 dv-cinder-828061-1-smb devstack@c-api.service[116105]: warnings.warn('Policy enforcement is depending on the value of '
Feb 07 02:40:52.476505 dv-cinder-828061-1-smb devstack@c-api.service[116105]: INFO cinder.volume.api [None req-f993a7ed-8453-4a34-a6b3-01d3e8833456 tempest-VolumesActionsTest-1428675421 tempest-VolumesActionsTest-1428675421-project-admin] Volume info retrieved successfully.
Feb 07 02:40:52.528640 dv-cinder-828061-1-smb devstack@c-api.service[116105]: INFO cinder.volume.api [None req-f993a7ed-8453-4a34-a6b3-01d3e8833456 tempest-VolumesActionsTest-1428675421 tempest-VolumesActionsTest-1428675421-project-admin] Terminate volume connection completed successfully.
Feb 07 02:40:52.552881 dv-cinder-828061-1-smb devstack@c-api.service[116105]: DEBUG cinder.volume.api [None req-f993a7ed-8453-4a34-a6b3-01d3e8833456 tempest-VolumesActionsTest-1428675421 tempest-VolumesActionsTest-1428675421-project-admin] Attempted to unreserve volume that was not reserved, nothing to do. {{(pid=116105) unreserve_volume /opt/stack/cinder/cinder/volume/api.py:782}}
Feb 07 02:40:52.683968 dv-cinder-828061-1-smb devstack@c-api.service[116105]: INFO cinder.volume.api [None req-f993a7ed-8453-4a34-a6b3-01d3e8833456 tempest-VolumesActionsTest-1428675421 tempest-VolumesActionsTest-1428675421-project-admin] Detach volume completed successfully.
Feb 07 02:40:52.684631 dv-cinder-828061-1-smb devstack@c-api.service[116105]: INFO cinder.api.openstack.wsgi [None req-f993a7ed-8453-4a34-a6b3-01d3e8833456 tempest-VolumesActionsTest-1428675421 tempest-VolumesActionsTest-1428675421-project-admin] http://10.222.0.18/volume/v3/54a4eebb50a742308ae8c87785aa1aa6/volumes/c2d4259a-5393-4230-bef4-d37546308176/action returned with HTTP 202
Feb 07 02:40:52.688874 dv-cinder-828061-1-smb devstack@c-api.service[116105]: [pid: 116105|app: 0|req: 254/495] 10.222.0.18 () {60 vars in 1366 bytes} [Mon Feb 7 02:40:52 2022] POST /volume/v3/54a4eebb50a742308ae8c87785aa1aa6/volumes/c2d4259a-5393-4230-bef4-d37546308176/action => generated 0 bytes in 238 msecs (HTTP/1.1 202) 7 headers in 289 bytes (1 switches on core 0)
Feb 07 02:40:52.692259 dv-cinder-828061-1-smb devstack@c-api.service[116106]: INFO cinder.api.openstack.wsgi [None req-a4170626-08c4-489c-83b1-dee26875d101 tempest-VolumesActionsTest-1418920376 tempest-VolumesActionsTest-1418920376-project] GET http://10.222.0.18/volume/v3/40a813e07cb843c8a0af4b595827d8c8/volumes/c2d4259a-5393-4230-bef4-d37546308176
Feb 07 02:40:52.693341 dv-cinder-828061-1-smb devstack@c-api.service[116106]: DEBUG cinder.api.openstack.wsgi [None req-a4170626-08c4-489c-83b1-dee26875d101 tempest-VolumesActionsTest-1418920376 tempest-VolumesActionsTest-1418920376-project] Empty body provided in request {{(pid=116106) get_body /opt/stack/cinder/cinder/api/openstack/wsgi.py:715}}
Feb 07 02:40:52.693964 dv-cinder-828061-1-smb devstack@c-api.service[116106]: DEBUG cinder.api.openstack.wsgi [None req-a4170626-08c4-489c-83b1-dee26875d101 tempest-VolumesActionsTest-1418920376 tempest-VolumesActionsTest-1418920376-project] Calling method 'show' {{(pid=116106) _process_stack /opt/stack/cinder/cinder/api/openstack/wsgi.py:868}}
Feb 07 02:40:52.698561 dv-cinder-828061-1-smb devstack@c-api.service[116105]: INFO cinder.api.openstack.wsgi [None req-9c9d7418-9e52-4556-9cc1-c4e27aff7441 tempest-VolumesImageMetadata-1981210903 tempest-VolumesImageMetadata-1981210903-project] GET http://10.222.0.18/volume/v3/14837e529e86421180327d900304f543/volumes/ec5db43a-a350-4eaf-8d0c-4c574a45d319
Feb 07 02:40:52.698561 dv-cinder-828061-1-smb devstack@c-api.service[116105]: DEBUG cinder.api.openstack.wsgi [None req-9c9d7418-9e52-4556-9cc1-c4e27aff7441 tempest-VolumesImageMetadata-1981210903 tempest-VolumesImageMetadata-1981210903-project] Empty body provided in request {{(pid=116105) get_body /opt/stack/cinder/cinder/api/openstack/wsgi.py:715}}
Feb 07 02:40:52.698561 dv-cinder-828061-1-smb devstack@c-api.service[116105]: DEBUG cinder.api.openstack.wsgi [None req-9c9d7418-9e52-4556-9cc1-c4e27aff7441 tempest-VolumesImageMetadata-1981210903 tempest-VolumesImageMetadata-1981210903-project] Calling method 'show' {{(pid=116105) _process_stack /opt/stack/cinder/cinder/api/openstack/wsgi.py:868}}
Feb 07 02:40:52.708928 dv-cinder-828061-1-smb devstack@c-api.service[116106]: /usr/local/lib/python3.8/dist-packages/oslo_context/context.py:105: DeprecationWarning: Policy enforcement is depending on the value of is_admin. This key is deprecated. Please update your policy file to use the standard policy values.
Feb 07 02:40:52.708928 dv-cinder-828061-1-smb devstack@c-api.service[116106]: warnings.warn('Policy enforcement is depending on the value of '
Feb 07 02:40:52.718590 dv-cinder-828061-1-smb devstack@c-api.service[116106]: INFO cinder.volume.api [None req-a4170626-08c4-489c-83b1-dee26875d101 tempest-VolumesActionsTest-1418920376 tempest-VolumesActionsTest-1418920376-project] Volume info retrieved successfully.
Feb 07 02:40:52.728892 dv-cinder-828061-1-smb devstack@c-api.service[116105]: /usr/local/lib/python3.8/dist-packages/oslo_context/context.py:105: DeprecationWarning: Policy enforcement is depending on the value of is_admin. This key is deprecated. Please update your policy file to use the standard policy values.
Feb 07 02:40:52.728892 dv-cinder-828061-1-smb devstack@c-api.service[116105]: warnings.warn('Policy enforcement is depending on the value of '
Feb 07 02:40:52.747340 dv-cinder-828061-1-smb devstack@c-api.service[116105]: INFO cinder.volume.api [None req-9c9d7418-9e52-4556-9cc1-c4e27aff7441 tempest-VolumesImageMetadata-1981210903 tempest-VolumesImageMetadata-1981210903-project] Volume info retrieved successfully.
Feb 07 02:40:52.760800 dv-cinder-828061-1-smb devstack@c-api.service[116106]: INFO cinder.api.openstack.wsgi [None req-a4170626-08c4-489c-83b1-dee26875d101 tempest-VolumesActionsTest-1418920376 tempest-VolumesActionsTest-1418920376-project] http://10.222.0.18/volume/v3/40a813e07cb843c8a0af4b595827d8c8/volumes/c2d4259a-5393-4230-bef4-d37546308176 returned with HTTP 200
Feb 07 02:40:52.763486 dv-cinder-828061-1-smb devstack@c-api.service[116106]: [pid: 116106|app: 0|req: 242/496] 10.222.0.18 () {58 vars in 1324 bytes} [Mon Feb 7 02:40:52 2022] GET /volume/v3/40a813e07cb843c8a0af4b595827d8c8/volumes/c2d4259a-5393-4230-bef4-d37546308176 => generated 929 bytes in 74 msecs (HTTP/1.1 200) 7 headers in 285 bytes (2 switches on core 0)
