Feb 07 02:32:25.820296 dv-cinder-828061-1-iscsi devstack@n-api.service[108332]: DEBUG nova.api.openstack.wsgi_app [-] oslo_messaging_notifications.retry = -1 {{(pid=108332) log_opt_values /usr/local/lib/python3.8/dist-packages/oslo_config/cfg.py:2609}}
Feb 07 02:32:25.820613 dv-cinder-828061-1-iscsi devstack@n-api.service[108333]: DEBUG nova.api.openstack.wsgi_app [-] oslo_reports.log_dir = None {{(pid=108333) log_opt_values /usr/local/lib/python3.8/dist-packages/oslo_config/cfg.py:2609}}
Feb 07 02:32:25.820709 dv-cinder-828061-1-iscsi devstack@n-api.service[108332]: DEBUG nova.api.openstack.wsgi_app [-] oslo_messaging_notifications.topics = ['notifications'] {{(pid=108332) log_opt_values /usr/local/lib/python3.8/dist-packages/oslo_config/cfg.py:2609}}
Feb 07 02:32:25.820861 dv-cinder-828061-1-iscsi devstack@n-api.service[108333]: DEBUG nova.api.openstack.wsgi_app [-] ******************************************************************************** {{(pid=108333) log_opt_values /usr/local/lib/python3.8/dist-packages/oslo_config/cfg.py:2613}}
Feb 07 02:32:25.820958 dv-cinder-828061-1-iscsi devstack@n-api.service[108332]: DEBUG nova.api.openstack.wsgi_app [-] oslo_messaging_notifications.transport_url = **** {{(pid=108332) log_opt_values /usr/local/lib/python3.8/dist-packages/oslo_config/cfg.py:2609}}
Feb 07 02:32:25.821242 dv-cinder-828061-1-iscsi devstack@n-api.service[108332]: DEBUG nova.api.openstack.wsgi_app [-] oslo_reports.file_event_handler = None {{(pid=108332) log_opt_values /usr/local/lib/python3.8/dist-packages/oslo_config/cfg.py:2609}}
Feb 07 02:32:25.821560 dv-cinder-828061-1-iscsi devstack@n-api.service[108332]: DEBUG nova.api.openstack.wsgi_app [-] oslo_reports.file_event_handler_interval = 1 {{(pid=108332) log_opt_values /usr/local/lib/python3.8/dist-packages/oslo_config/cfg.py:2609}}
Feb 07 02:32:25.821867 dv-cinder-828061-1-iscsi devstack@n-api.service[108332]: DEBUG nova.api.openstack.wsgi_app [-] oslo_reports.log_dir = None {{(pid=108332) log_opt_values /usr/local/lib/python3.8/dist-packages/oslo_config/cfg.py:2609}}
Feb 07 02:32:25.822112 dv-cinder-828061-1-iscsi devstack@n-api.service[108332]: DEBUG nova.api.openstack.wsgi_app [-] ******************************************************************************** {{(pid=108332) log_opt_values /usr/local/lib/python3.8/dist-packages/oslo_config/cfg.py:2613}}
Feb 07 02:32:25.844406 dv-cinder-828061-1-iscsi devstack@n-api.service[108333]: DEBUG oslo_db.sqlalchemy.engines [None req-edae5066-27e2-49ae-b2be-6a7aa2b90c7c None None] MySQL server mode set to STRICT_TRANS_TABLES,STRICT_ALL_TABLES,NO_ZERO_IN_DATE,NO_ZERO_DATE,ERROR_FOR_DIVISION_BY_ZERO,TRADITIONAL,NO_ENGINE_SUBSTITUTION {{(pid=108333) _check_effective_sql_mode /usr/local/lib/python3.8/dist-packages/oslo_db/sqlalchemy/engines.py:314}}
Feb 07 02:32:25.845503 dv-cinder-828061-1-iscsi devstack@n-api.service[108332]: DEBUG oslo_db.sqlalchemy.engines [None req-5034fd2f-08b2-4192-ab86-2bf5ddcf5813 None None] MySQL server mode set to STRICT_TRANS_TABLES,STRICT_ALL_TABLES,NO_ZERO_IN_DATE,NO_ZERO_DATE,ERROR_FOR_DIVISION_BY_ZERO,TRADITIONAL,NO_ENGINE_SUBSTITUTION {{(pid=108332) _check_effective_sql_mode /usr/local/lib/python3.8/dist-packages/oslo_db/sqlalchemy/engines.py:314}}
Feb 07 02:32:25.905583 dv-cinder-828061-1-iscsi devstack@n-api.service[108333]: DEBUG nova.context [None req-edae5066-27e2-49ae-b2be-6a7aa2b90c7c None None] Found 2 cells: 00000000-0000-0000-0000-000000000000(cell0),0825750a-9ee4-4c59-b7d3-1057acdd6e1e(cell1) {{(pid=108333) load_cells /opt/stack/nova/nova/context.py:464}}
Feb 07 02:32:25.906600 dv-cinder-828061-1-iscsi devstack@n-api.service[108332]: DEBUG nova.context [None req-5034fd2f-08b2-4192-ab86-2bf5ddcf5813 None None] Found 2 cells: 00000000-0000-0000-0000-000000000000(cell0),0825750a-9ee4-4c59-b7d3-1057acdd6e1e(cell1) {{(pid=108332) load_cells /opt/stack/nova/nova/context.py:464}}
Feb 07 02:32:25.909784 dv-cinder-828061-1-iscsi devstack@n-api.service[108333]: DEBUG oslo_concurrency.lockutils [None req-edae5066-27e2-49ae-b2be-6a7aa2b90c7c None None] Lock "00000000-0000-0000-0000-000000000000" acquired by "nova.context.set_target_cell..get_or_set_cached_cell_and_set_connections" :: waited 0.000s {{(pid=108333) inner /usr/local/lib/python3.8/dist-packages/oslo_concurrency/lockutils.py:386}}
Feb 07 02:32:25.910903 dv-cinder-828061-1-iscsi devstack@n-api.service[108332]: DEBUG oslo_concurrency.lockutils [None req-5034fd2f-08b2-4192-ab86-2bf5ddcf5813 None None] Lock "00000000-0000-0000-0000-000000000000" acquired by "nova.context.set_target_cell..get_or_set_cached_cell_and_set_connections" :: waited 0.000s {{(pid=108332) inner /usr/local/lib/python3.8/dist-packages/oslo_concurrency/lockutils.py:386}}
Feb 07 02:32:25.911335 dv-cinder-828061-1-iscsi devstack@n-api.service[108333]: DEBUG oslo_concurrency.lockutils [None req-edae5066-27e2-49ae-b2be-6a7aa2b90c7c None None] Lock "00000000-0000-0000-0000-000000000000" "released" by "nova.context.set_target_cell..get_or_set_cached_cell_and_set_connections" :: held 0.002s {{(pid=108333) inner /usr/local/lib/python3.8/dist-packages/oslo_concurrency/lockutils.py:400}}
Feb 07 02:32:25.912149 dv-cinder-828061-1-iscsi devstack@n-api.service[108333]: DEBUG oslo_concurrency.lockutils [None req-edae5066-27e2-49ae-b2be-6a7aa2b90c7c None None] Lock "0825750a-9ee4-4c59-b7d3-1057acdd6e1e" acquired by "nova.context.set_target_cell..get_or_set_cached_cell_and_set_connections" :: waited 0.000s {{(pid=108333) inner /usr/local/lib/python3.8/dist-packages/oslo_concurrency/lockutils.py:386}}
Feb 07 02:32:25.912478 dv-cinder-828061-1-iscsi devstack@n-api.service[108332]: DEBUG oslo_concurrency.lockutils [None req-5034fd2f-08b2-4192-ab86-2bf5ddcf5813 None None] Lock "00000000-0000-0000-0000-000000000000" "released" by "nova.context.set_target_cell..get_or_set_cached_cell_and_set_connections" :: held 0.002s {{(pid=108332) inner /usr/local/lib/python3.8/dist-packages/oslo_concurrency/lockutils.py:400}}
Feb 07 02:32:25.913332 dv-cinder-828061-1-iscsi devstack@n-api.service[108332]: DEBUG oslo_concurrency.lockutils [None req-5034fd2f-08b2-4192-ab86-2bf5ddcf5813 None None] Lock "0825750a-9ee4-4c59-b7d3-1057acdd6e1e" acquired by "nova.context.set_target_cell..get_or_set_cached_cell_and_set_connections" :: waited 0.000s {{(pid=108332) inner /usr/local/lib/python3.8/dist-packages/oslo_concurrency/lockutils.py:386}}
Feb 07 02:32:25.914092 dv-cinder-828061-1-iscsi devstack@n-api.service[108333]: DEBUG oslo_concurrency.lockutils [None req-edae5066-27e2-49ae-b2be-6a7aa2b90c7c None None] Lock "0825750a-9ee4-4c59-b7d3-1057acdd6e1e" "released" by "nova.context.set_target_cell..get_or_set_cached_cell_and_set_connections" :: held 0.002s {{(pid=108333) inner /usr/local/lib/python3.8/dist-packages/oslo_concurrency/lockutils.py:400}}
Feb 07 02:32:25.915239 dv-cinder-828061-1-iscsi devstack@n-api.service[108332]: DEBUG oslo_concurrency.lockutils [None req-5034fd2f-08b2-4192-ab86-2bf5ddcf5813 None None] Lock "0825750a-9ee4-4c59-b7d3-1057acdd6e1e" "released" by "nova.context.set_target_cell..get_or_set_cached_cell_and_set_connections" :: held 0.002s {{(pid=108332) inner /usr/local/lib/python3.8/dist-packages/oslo_concurrency/lockutils.py:400}}
Feb 07 02:32:25.926439 dv-cinder-828061-1-iscsi devstack@n-api.service[108333]: DEBUG oslo_db.sqlalchemy.engines [None req-edae5066-27e2-49ae-b2be-6a7aa2b90c7c None None] MySQL server mode set to STRICT_TRANS_TABLES,STRICT_ALL_TABLES,NO_ZERO_IN_DATE,NO_ZERO_DATE,ERROR_FOR_DIVISION_BY_ZERO,TRADITIONAL,NO_ENGINE_SUBSTITUTION {{(pid=108333) _check_effective_sql_mode /usr/local/lib/python3.8/dist-packages/oslo_db/sqlalchemy/engines.py:314}}
Feb 07 02:32:25.927686 dv-cinder-828061-1-iscsi devstack@n-api.service[108332]: DEBUG oslo_db.sqlalchemy.engines [None req-5034fd2f-08b2-4192-ab86-2bf5ddcf5813 None None] MySQL server mode set to STRICT_TRANS_TABLES,STRICT_ALL_TABLES,NO_ZERO_IN_DATE,NO_ZERO_DATE,ERROR_FOR_DIVISION_BY_ZERO,TRADITIONAL,NO_ENGINE_SUBSTITUTION {{(pid=108332) _check_effective_sql_mode /usr/local/lib/python3.8/dist-packages/oslo_db/sqlalchemy/engines.py:314}}
Feb 07 02:32:25.930502 dv-cinder-828061-1-iscsi devstack@n-api.service[108332]: DEBUG oslo_db.sqlalchemy.engines [None req-5034fd2f-08b2-4192-ab86-2bf5ddcf5813 None None] MySQL server mode set to STRICT_TRANS_TABLES,STRICT_ALL_TABLES,NO_ZERO_IN_DATE,NO_ZERO_DATE,ERROR_FOR_DIVISION_BY_ZERO,TRADITIONAL,NO_ENGINE_SUBSTITUTION {{(pid=108332) _check_effective_sql_mode /usr/local/lib/python3.8/dist-packages/oslo_db/sqlalchemy/engines.py:314}}
Feb 07 02:32:25.933247 dv-cinder-828061-1-iscsi devstack@n-api.service[108333]: DEBUG oslo_db.sqlalchemy.engines [None req-edae5066-27e2-49ae-b2be-6a7aa2b90c7c None None] MySQL server mode set to STRICT_TRANS_TABLES,STRICT_ALL_TABLES,NO_ZERO_IN_DATE,NO_ZERO_DATE,ERROR_FOR_DIVISION_BY_ZERO,TRADITIONAL,NO_ENGINE_SUBSTITUTION {{(pid=108333) _check_effective_sql_mode /usr/local/lib/python3.8/dist-packages/oslo_db/sqlalchemy/engines.py:314}}
Feb 07 02:32:26.085755 dv-cinder-828061-1-iscsi devstack@n-api.service[108332]: DEBUG oslo_db.sqlalchemy.engines [None req-5034fd2f-08b2-4192-ab86-2bf5ddcf5813 None None] MySQL server mode set to STRICT_TRANS_TABLES,STRICT_ALL_TABLES,NO_ZERO_IN_DATE,NO_ZERO_DATE,ERROR_FOR_DIVISION_BY_ZERO,TRADITIONAL,NO_ENGINE_SUBSTITUTION {{(pid=108332) _check_effective_sql_mode /usr/local/lib/python3.8/dist-packages/oslo_db/sqlalchemy/engines.py:314}}
Feb 07 02:32:26.088620 dv-cinder-828061-1-iscsi devstack@n-api.service[108333]: DEBUG oslo_db.sqlalchemy.engines [None req-edae5066-27e2-49ae-b2be-6a7aa2b90c7c None None] MySQL server mode set to STRICT_TRANS_TABLES,STRICT_ALL_TABLES,NO_ZERO_IN_DATE,NO_ZERO_DATE,ERROR_FOR_DIVISION_BY_ZERO,TRADITIONAL,NO_ENGINE_SUBSTITUTION {{(pid=108333) _check_effective_sql_mode /usr/local/lib/python3.8/dist-packages/oslo_db/sqlalchemy/engines.py:314}}
Feb 07 02:32:26.425920 dv-cinder-828061-1-iscsi devstack@n-api.service[108333]: WARNING keystonemiddleware.auth_token [None req-edae5066-27e2-49ae-b2be-6a7aa2b90c7c None None] AuthToken middleware is set with keystone_authtoken.service_token_roles_required set to False. This is backwards compatible but deprecated behaviour. Please set this to True.
Feb 07 02:32:26.426121 dv-cinder-828061-1-iscsi devstack@n-api.service[108332]: WARNING keystonemiddleware.auth_token [None req-5034fd2f-08b2-4192-ab86-2bf5ddcf5813 None None] AuthToken middleware is set with keystone_authtoken.service_token_roles_required set to False. This is backwards compatible but deprecated behaviour. Please set this to True.
Feb 07 02:32:26.432508 dv-cinder-828061-1-iscsi devstack@n-api.service[108332]: WARNING keystonemiddleware.auth_token [None req-5034fd2f-08b2-4192-ab86-2bf5ddcf5813 None None] Configuring www_authenticate_uri to point to the public identity endpoint is required; clients may not be able to authenticate against an admin endpoint
Feb 07 02:32:26.432633 dv-cinder-828061-1-iscsi devstack@n-api.service[108333]: WARNING keystonemiddleware.auth_token [None req-edae5066-27e2-49ae-b2be-6a7aa2b90c7c None None] Configuring www_authenticate_uri to point to the public identity endpoint is required; clients may not be able to authenticate against an admin endpoint
Feb 07 02:32:26.768728 dv-cinder-828061-1-iscsi devstack@n-api.service[108332]: WARNING keystonemiddleware.auth_token [None req-5034fd2f-08b2-4192-ab86-2bf5ddcf5813 None None] AuthToken middleware is set with keystone_authtoken.service_token_roles_required set to False. This is backwards compatible but deprecated behaviour. Please set this to True.
Feb 07 02:32:26.771943 dv-cinder-828061-1-iscsi devstack@n-api.service[108333]: WARNING keystonemiddleware.auth_token [None req-edae5066-27e2-49ae-b2be-6a7aa2b90c7c None None] AuthToken middleware is set with keystone_authtoken.service_token_roles_required set to False. This is backwards compatible but deprecated behaviour. Please set this to True.
Feb 07 02:32:26.774041 dv-cinder-828061-1-iscsi devstack@n-api.service[108332]: WARNING keystonemiddleware.auth_token [None req-5034fd2f-08b2-4192-ab86-2bf5ddcf5813 None None] Configuring www_authenticate_uri to point to the public identity endpoint is required; clients may not be able to authenticate against an admin endpoint
Feb 07 02:32:26.777268 dv-cinder-828061-1-iscsi devstack@n-api.service[108333]: WARNING keystonemiddleware.auth_token [None req-edae5066-27e2-49ae-b2be-6a7aa2b90c7c None None] Configuring www_authenticate_uri to point to the public identity endpoint is required; clients may not be able to authenticate against an admin endpoint
Feb 07 02:32:26.779129 dv-cinder-828061-1-iscsi devstack@n-api.service[108332]: WSGI app 0 (mountpoint='') ready in 5 seconds on interpreter 0x55711ec399c0 pid: 108332 (default app)
Feb 07 02:32:26.781235 dv-cinder-828061-1-iscsi devstack@n-api.service[108332]: DEBUG nova.api.openstack.wsgi [None req-5034fd2f-08b2-4192-ab86-2bf5ddcf5813 None None] Calling method '>' {{(pid=108332) _process_stack /opt/stack/nova/nova/api/openstack/wsgi.py:513}}
Feb 07 02:32:26.782358 dv-cinder-828061-1-iscsi devstack@n-api.service[108333]: WSGI app 0 (mountpoint='') ready in 5 seconds on interpreter 0x55711ec399c0 pid: 108333 (default app)
Feb 07 02:32:26.782461 dv-cinder-828061-1-iscsi devstack@n-api.service[108332]: INFO nova.api.openstack.requestlog [None req-5034fd2f-08b2-4192-ab86-2bf5ddcf5813 None None] 10.222.0.15 "GET /compute/v2.1/" status: 200 len: 388 microversion: 2.1 time: 0.001716
Feb 07 02:32:26.782777 dv-cinder-828061-1-iscsi devstack@n-api.service[108332]: [pid: 108332|app: 0|req: 1/1] 10.222.0.15 () {50 vars in 788 bytes} [Mon Feb 7 02:32:26 2022] GET /compute/v2.1/ => generated 388 bytes in 3 msecs (HTTP/1.1 200) 9 headers in 357 bytes (1 switches on core 0)
Feb 07 02:33:51.357054 dv-cinder-828061-1-iscsi devstack@n-api.service[108333]: DEBUG nova.api.openstack.wsgi [None req-edae5066-27e2-49ae-b2be-6a7aa2b90c7c None None] Calling method '>' {{(pid=108333) _process_stack /opt/stack/nova/nova/api/openstack/wsgi.py:513}}
Feb 07 02:33:51.358281 dv-cinder-828061-1-iscsi devstack@n-api.service[108333]: INFO nova.api.openstack.requestlog [None req-edae5066-27e2-49ae-b2be-6a7aa2b90c7c None None] 10.222.0.15 "GET /compute/v2.1" status: 200 len: 388 microversion: 2.1 time: 0.002005
Feb 07 02:33:51.358690 dv-cinder-828061-1-iscsi devstack@n-api.service[108333]: [pid: 108333|app: 0|req: 1/2] 10.222.0.15 () {54 vars in 930 bytes} [Mon Feb 7 02:33:51 2022] GET /compute/v2.1 => generated 388 bytes in 4 msecs (HTTP/1.1 200) 9 headers in 357 bytes (1 switches on core 0)
Feb 07 02:33:51.793018 dv-cinder-828061-1-iscsi devstack@n-api.service[108332]: DEBUG nova.api.openstack.wsgi [None req-6e0f1901-660a-410f-8320-40b9e4c3c0b1 admin admin] Calling method '>' {{(pid=108332) _process_stack /opt/stack/nova/nova/api/openstack/wsgi.py:513}}
Feb 07 02:33:51.821558 dv-cinder-828061-1-iscsi devstack@n-api.service[108332]: INFO nova.api.openstack.requestlog [None req-6e0f1901-660a-410f-8320-40b9e4c3c0b1 admin admin] 10.222.0.15 "GET /compute/v2.1/flavors/detail?is_public=True" status: 200 len: 15 microversion: 2.61 time: 0.457058
Feb 07 02:33:51.822217 dv-cinder-828061-1-iscsi devstack@n-api.service[108332]: [pid: 108332|app: 0|req: 2/3] 10.222.0.15 () {60 vars in 1291 bytes} [Mon Feb 7 02:33:51 2022] GET /compute/v2.1/flavors/detail?is_public=True => generated 15 bytes in 458 msecs (HTTP/1.1 200) 9 headers in 358 bytes (1 switches on core 0)
Feb 07 02:33:54.095587 dv-cinder-828061-1-iscsi devstack@n-api.service[108333]: DEBUG nova.api.openstack.wsgi [None req-edae5066-27e2-49ae-b2be-6a7aa2b90c7c None None] Calling method '>' {{(pid=108333) _process_stack /opt/stack/nova/nova/api/openstack/wsgi.py:513}}
Feb 07 02:33:54.096780 dv-cinder-828061-1-iscsi devstack@n-api.service[108333]: INFO nova.api.openstack.requestlog [None req-edae5066-27e2-49ae-b2be-6a7aa2b90c7c None None] 10.222.0.15 "GET /compute/v2.1" status: 200 len: 388 microversion: 2.1 time: 0.001570
Feb 07 02:33:54.097403 dv-cinder-828061-1-iscsi devstack@n-api.service[108333]: [pid: 108333|app: 0|req: 2/4] 10.222.0.15 () {54 vars in 930 bytes} [Mon Feb 7 02:33:54 2022] GET /compute/v2.1 => generated 388 bytes in 3 msecs (HTTP/1.1 200) 9 headers in 357 bytes (1 switches on core 0)
Feb 07 02:33:54.159899 dv-cinder-828061-1-iscsi devstack@n-api.service[108332]: DEBUG nova.api.openstack.wsgi [None req-6f4c3e4e-653c-452f-b255-b207ae44d43d admin admin] Action: 'create', calling method: >, body: {"flavor": {"ram": 256, "os-flavor-access:is_public": true, "name": "cirros256", "rxtx_factor": 1.0, "vcpus": 1, "OS-FLV-EXT-DATA:ephemeral": 0, "disk": 1, "id": "c1", "swap": 0}} {{(pid=108332) _process_stack /opt/stack/nova/nova/api/openstack/wsgi.py:511}}
Feb 07 02:33:54.180225 dv-cinder-828061-1-iscsi devstack@n-api.service[108332]: /usr/local/lib/python3.8/dist-packages/oslo_policy/policy.py:1119: UserWarning: Policy "os_compute_api:os-flavor-manage:create": "rule:system_admin_api" failed scope check. The token used to make the request was project scoped but the policy requires ['system'] scope. This behavior may change in the future where using the intended scope is required
Feb 07 02:33:54.180225 dv-cinder-828061-1-iscsi devstack@n-api.service[108332]: warnings.warn(msg)
Feb 07 02:33:54.209503 dv-cinder-828061-1-iscsi devstack@n-api.service[108332]: INFO nova.api.openstack.requestlog [None req-6f4c3e4e-653c-452f-b255-b207ae44d43d admin admin] 10.222.0.15 "POST /compute/v2.1/flavors" status: 200 len: 407 microversion: 2.61 time: 0.106131
Feb 07 02:33:54.210056 dv-cinder-828061-1-iscsi devstack@n-api.service[108332]: [pid: 108332|app: 0|req: 3/5] 10.222.0.15 () {64 vars in 1282 bytes} [Mon Feb 7 02:33:54 2022] POST /compute/v2.1/flavors => generated 407 bytes in 107 msecs (HTTP/1.1 200) 9 headers in 359 bytes (2 switches on core 0)
Feb 07 02:33:54.430022 dv-cinder-828061-1-iscsi devstack@n-api.service[108333]: DEBUG nova.api.openstack.wsgi [None req-717a419a-b672-4ee7-a39e-eb3309dd96e5 admin admin] Action: 'create', calling method: >, body: {"extra_specs": {"hw_rng:allowed": "True"}} {{(pid=108333) _process_stack /opt/stack/nova/nova/api/openstack/wsgi.py:511}}
Feb 07 02:33:54.432398 dv-cinder-828061-1-iscsi devstack@n-api.service[108333]: /usr/local/lib/python3.8/dist-packages/oslo_policy/policy.py:1119: UserWarning: Policy "os_compute_api:os-flavor-extra-specs:create": "rule:system_admin_api" failed scope check. The token used to make the request was project scoped but the policy requires ['system'] scope. This behavior may change in the future where using the intended scope is required
Feb 07 02:33:54.432398 dv-cinder-828061-1-iscsi devstack@n-api.service[108333]: warnings.warn(msg)
Feb 07 02:33:54.478671 dv-cinder-828061-1-iscsi devstack@n-api.service[108333]: INFO nova.api.openstack.requestlog [None req-717a419a-b672-4ee7-a39e-eb3309dd96e5 admin admin] 10.222.0.15 "POST /compute/v2.1/flavors/c1/os-extra_specs" status: 200 len: 43 microversion: 2.61 time: 0.260462
Feb 07 02:33:54.479588 dv-cinder-828061-1-iscsi devstack@n-api.service[108333]: [pid: 108333|app: 0|req: 3/6] 10.222.0.15 () {64 vars in 1335 bytes} [Mon Feb 7 02:33:54 2022] POST /compute/v2.1/flavors/c1/os-extra_specs => generated 43 bytes in 262 msecs (HTTP/1.1 200) 9 headers in 358 bytes (2 switches on core 0)
Feb 07 02:33:56.772144 dv-cinder-828061-1-iscsi devstack@n-api.service[108332]: DEBUG nova.api.openstack.wsgi [None req-6f4c3e4e-653c-452f-b255-b207ae44d43d admin admin] Calling method '>' {{(pid=108332) _process_stack /opt/stack/nova/nova/api/openstack/wsgi.py:513}}
Feb 07 02:33:56.773141 dv-cinder-828061-1-iscsi devstack@n-api.service[108332]: INFO nova.api.openstack.requestlog [None req-6f4c3e4e-653c-452f-b255-b207ae44d43d admin admin] 10.222.0.15 "GET /compute/v2.1" status: 200 len: 388 microversion: 2.1 time: 0.001476
Feb 07 02:33:56.773706 dv-cinder-828061-1-iscsi devstack@n-api.service[108332]: [pid: 108332|app: 0|req: 4/7] 10.222.0.15 () {54 vars in 930 bytes} [Mon Feb 7 02:33:56 2022] GET /compute/v2.1 => generated 388 bytes in 2 msecs (HTTP/1.1 200) 9 headers in 357 bytes (1 switches on core 0)
Feb 07 02:33:56.878084 dv-cinder-828061-1-iscsi devstack@n-api.service[108333]: DEBUG nova.api.openstack.wsgi [None req-b5326679-7114-4d1c-a386-7f432b22a375 admin admin] Action: 'create', calling method: >, body: {"flavor": {"id": "d1", "OS-FLV-EXT-DATA:ephemeral": 0, "name": "ds512M", "ram": 512, "swap": 0, "os-flavor-access:is_public": true, "vcpus": 1, "rxtx_factor": 1.0, "disk": 5}} {{(pid=108333) _process_stack /opt/stack/nova/nova/api/openstack/wsgi.py:511}}
Feb 07 02:33:56.896282 dv-cinder-828061-1-iscsi devstack@n-api.service[108333]: /usr/local/lib/python3.8/dist-packages/oslo_policy/policy.py:1119: UserWarning: Policy "os_compute_api:os-flavor-manage:create": "rule:system_admin_api" failed scope check. The token used to make the request was project scoped but the policy requires ['system'] scope. This behavior may change in the future where using the intended scope is required
Feb 07 02:33:56.896282 dv-cinder-828061-1-iscsi devstack@n-api.service[108333]: warnings.warn(msg)
Feb 07 02:33:56.916196 dv-cinder-828061-1-iscsi devstack@n-api.service[108333]: INFO nova.api.openstack.requestlog [None req-b5326679-7114-4d1c-a386-7f432b22a375 admin admin] 10.222.0.15 "POST /compute/v2.1/flavors" status: 200 len: 404 microversion: 2.61 time: 0.137021
Feb 07 02:33:56.916793 dv-cinder-828061-1-iscsi devstack@n-api.service[108333]: [pid: 108333|app: 0|req: 4/8] 10.222.0.15 () {64 vars in 1282 bytes} [Mon Feb 7 02:33:56 2022] POST /compute/v2.1/flavors => generated 404 bytes in 138 msecs (HTTP/1.1 200) 9 headers in 359 bytes (2 switches on core 0)
Feb 07 02:33:56.928901 dv-cinder-828061-1-iscsi devstack@n-api.service[108332]: DEBUG nova.api.openstack.wsgi [None req-d7c13506-33d6-4fad-b767-ddafacc62922 admin admin] Action: 'create', calling method: >, body: {"extra_specs": {"hw_rng:allowed": "True"}} {{(pid=108332) _process_stack /opt/stack/nova/nova/api/openstack/wsgi.py:511}}
Feb 07 02:33:56.930346 dv-cinder-828061-1-iscsi devstack@n-api.service[108332]: /usr/local/lib/python3.8/dist-packages/oslo_policy/policy.py:1119: UserWarning: Policy "os_compute_api:os-flavor-extra-specs:create": "rule:system_admin_api" failed scope check. The token used to make the request was project scoped but the policy requires ['system'] scope. This behavior may change in the future where using the intended scope is required
Feb 07 02:33:56.930346 dv-cinder-828061-1-iscsi devstack@n-api.service[108332]: warnings.warn(msg)
Feb 07 02:33:56.962240 dv-cinder-828061-1-iscsi devstack@n-api.service[108332]: INFO nova.api.openstack.requestlog [None req-d7c13506-33d6-4fad-b767-ddafacc62922 admin admin] 10.222.0.15 "POST /compute/v2.1/flavors/d1/os-extra_specs" status: 200 len: 43 microversion: 2.61 time: 0.037047
Feb 07 02:33:56.963592 dv-cinder-828061-1-iscsi devstack@n-api.service[108332]: [pid: 108332|app: 0|req: 5/9] 10.222.0.15 () {64 vars in 1335 bytes} [Mon Feb 7 02:33:56 2022] POST /compute/v2.1/flavors/d1/os-extra_specs => generated 43 bytes in 39 msecs (HTTP/1.1 200) 9 headers in 358 bytes (1 switches on core 0)
Feb 07 02:33:59.224028 dv-cinder-828061-1-iscsi devstack@n-api.service[108333]: DEBUG nova.api.openstack.wsgi [None req-b5326679-7114-4d1c-a386-7f432b22a375 admin admin] Calling method '>' {{(pid=108333) _process_stack /opt/stack/nova/nova/api/openstack/wsgi.py:513}}
Feb 07 02:33:59.225071 dv-cinder-828061-1-iscsi devstack@n-api.service[108333]: INFO nova.api.openstack.requestlog [None req-b5326679-7114-4d1c-a386-7f432b22a375 admin admin] 10.222.0.15 "GET /compute/v2.1" status: 200 len: 388 microversion: 2.1 time: 0.001493
Feb 07 02:33:59.225468 dv-cinder-828061-1-iscsi devstack@n-api.service[108333]: [pid: 108333|app: 0|req: 5/10] 10.222.0.15 () {54 vars in 930 bytes} [Mon Feb 7 02:33:59 2022] GET /compute/v2.1 => generated 388 bytes in 2 msecs (HTTP/1.1 200) 9 headers in 357 bytes (1 switches on core 0)
Feb 07 02:33:59.285045 dv-cinder-828061-1-iscsi devstack@n-api.service[108332]: DEBUG nova.api.openstack.wsgi [None req-8850271a-28b2-424f-b0bb-71c10f6ec54f admin admin] Action: 'create', calling method: >, body: {"flavor": {"OS-FLV-EXT-DATA:ephemeral": 0, "rxtx_factor": 1.0, "id": "d2", "name": "ds1G", "swap": 0, "ram": 1024, "vcpus": 1, "disk": 10, "os-flavor-access:is_public": true}} {{(pid=108332) _process_stack /opt/stack/nova/nova/api/openstack/wsgi.py:511}}
Feb 07 02:33:59.307948 dv-cinder-828061-1-iscsi devstack@n-api.service[108332]: INFO nova.api.openstack.requestlog [None req-8850271a-28b2-424f-b0bb-71c10f6ec54f admin admin] 10.222.0.15 "POST /compute/v2.1/flavors" status: 200 len: 404 microversion: 2.61 time: 0.076396
Feb 07 02:33:59.308663 dv-cinder-828061-1-iscsi devstack@n-api.service[108332]: [pid: 108332|app: 0|req: 6/11] 10.222.0.15 () {64 vars in 1282 bytes} [Mon Feb 7 02:33:59 2022] POST /compute/v2.1/flavors => generated 404 bytes in 78 msecs (HTTP/1.1 200) 9 headers in 359 bytes (1 switches on core 0)
Feb 07 02:33:59.320849 dv-cinder-828061-1-iscsi devstack@n-api.service[108333]: DEBUG nova.api.openstack.wsgi [None req-9fe89331-f2eb-43b2-9137-bca133684a7a admin admin] Action: 'create', calling method: >, body: {"extra_specs": {"hw_rng:allowed": "True"}} {{(pid=108333) _process_stack /opt/stack/nova/nova/api/openstack/wsgi.py:511}}
Feb 07 02:33:59.350370 dv-cinder-828061-1-iscsi devstack@n-api.service[108333]: INFO nova.api.openstack.requestlog [None req-9fe89331-f2eb-43b2-9137-bca133684a7a admin admin] 10.222.0.15 "POST /compute/v2.1/flavors/d2/os-extra_specs" status: 200 len: 43 microversion: 2.61 time: 0.033425
Feb 07 02:33:59.351294 dv-cinder-828061-1-iscsi devstack@n-api.service[108333]: [pid: 108333|app: 0|req: 6/12] 10.222.0.15 () {64 vars in 1335 bytes} [Mon Feb 7 02:33:59 2022] POST /compute/v2.1/flavors/d2/os-extra_specs => generated 43 bytes in 35 msecs (HTTP/1.1 200) 9 headers in 358 bytes (1 switches on core 0)
Feb 07 02:34:01.634861 dv-cinder-828061-1-iscsi devstack@n-api.service[108332]: DEBUG nova.api.openstack.wsgi [None req-8850271a-28b2-424f-b0bb-71c10f6ec54f admin admin] Calling method '>' {{(pid=108332) _process_stack /opt/stack/nova/nova/api/openstack/wsgi.py:513}}
Feb 07 02:34:01.636241 dv-cinder-828061-1-iscsi devstack@n-api.service[108332]: INFO nova.api.openstack.requestlog [None req-8850271a-28b2-424f-b0bb-71c10f6ec54f admin admin] 10.222.0.15 "GET /compute/v2.1" status: 200 len: 388 microversion: 2.1 time: 0.001614
Feb 07 02:34:01.636819 dv-cinder-828061-1-iscsi devstack@n-api.service[108332]: [pid: 108332|app: 0|req: 7/13] 10.222.0.15 () {54 vars in 930 bytes} [Mon Feb 7 02:34:01 2022] GET /compute/v2.1 => generated 388 bytes in 3 msecs (HTTP/1.1 200) 9 headers in 357 bytes (1 switches on core 0)
Feb 07 02:34:01.697583 dv-cinder-828061-1-iscsi devstack@n-api.service[108333]: DEBUG nova.api.openstack.wsgi [None req-314d8dfd-2a08-4a0e-8ab5-15e56478c0d0 admin admin] Action: 'create', calling method: >, body: {"flavor": {"rxtx_factor": 1.0, "id": "d3", "disk": 10, "name": "ds2G", "vcpus": 2, "OS-FLV-EXT-DATA:ephemeral": 0, "os-flavor-access:is_public": true, "swap": 0, "ram": 2048}} {{(pid=108333) _process_stack /opt/stack/nova/nova/api/openstack/wsgi.py:511}}
Feb 07 02:34:01.716089 dv-cinder-828061-1-iscsi devstack@n-api.service[108333]: INFO nova.api.openstack.requestlog [None req-314d8dfd-2a08-4a0e-8ab5-15e56478c0d0 admin admin] 10.222.0.15 "POST /compute/v2.1/flavors" status: 200 len: 404 microversion: 2.61 time: 0.072918
Feb 07 02:34:01.716679 dv-cinder-828061-1-iscsi devstack@n-api.service[108333]: [pid: 108333|app: 0|req: 7/14] 10.222.0.15 () {64 vars in 1282 bytes} [Mon Feb 7 02:34:01 2022] POST /compute/v2.1/flavors => generated 404 bytes in 74 msecs (HTTP/1.1 200) 9 headers in 359 bytes (1 switches on core 0)
Feb 07 02:34:01.728769 dv-cinder-828061-1-iscsi devstack@n-api.service[108332]: DEBUG nova.api.openstack.wsgi [None req-8f0a7ea7-e38a-449a-9ae8-c75d0f93cd7a admin admin] Action: 'create', calling method: >, body: {"extra_specs": {"hw_rng:allowed": "True"}} {{(pid=108332) _process_stack /opt/stack/nova/nova/api/openstack/wsgi.py:511}}
Feb 07 02:34:01.756370 dv-cinder-828061-1-iscsi devstack@n-api.service[108332]: INFO nova.api.openstack.requestlog [None req-8f0a7ea7-e38a-449a-9ae8-c75d0f93cd7a admin admin] 10.222.0.15 "POST /compute/v2.1/flavors/d3/os-extra_specs" status: 200 len: 43 microversion: 2.61 time: 0.027869
Feb 07 02:34:01.756370 dv-cinder-828061-1-iscsi devstack@n-api.service[108332]: [pid: 108332|app: 0|req: 8/15] 10.222.0.15 () {64 vars in 1335 bytes} [Mon Feb 7 02:34:01 2022] POST /compute/v2.1/flavors/d3/os-extra_specs => generated 43 bytes in 29 msecs (HTTP/1.1 200) 9 headers in 358 bytes (2 switches on core 0)
Feb 07 02:34:04.063692 dv-cinder-828061-1-iscsi devstack@n-api.service[108333]: DEBUG nova.api.openstack.wsgi [None req-314d8dfd-2a08-4a0e-8ab5-15e56478c0d0 admin admin] Calling method '>' {{(pid=108333) _process_stack /opt/stack/nova/nova/api/openstack/wsgi.py:513}}
Feb 07 02:34:04.065140 dv-cinder-828061-1-iscsi devstack@n-api.service[108333]: INFO nova.api.openstack.requestlog [None req-314d8dfd-2a08-4a0e-8ab5-15e56478c0d0 admin admin] 10.222.0.15 "GET /compute/v2.1" status: 200 len: 388 microversion: 2.1 time: 0.001902
Feb 07 02:34:04.065672 dv-cinder-828061-1-iscsi devstack@n-api.service[108333]: [pid: 108333|app: 0|req: 8/16] 10.222.0.15 () {54 vars in 930 bytes} [Mon Feb 7 02:34:04 2022] GET /compute/v2.1 => generated 388 bytes in 3 msecs (HTTP/1.1 200) 9 headers in 357 bytes (1 switches on core 0)
Feb 07 02:34:04.125497 dv-cinder-828061-1-iscsi devstack@n-api.service[108332]: DEBUG nova.api.openstack.wsgi [None req-911404ac-9c09-499a-a6c3-21a09a5320f9 admin admin] Action: 'create', calling method: >, body: {"flavor": {"vcpus": 4, "ram": 4096, "rxtx_factor": 1.0, "disk": 20, "swap": 0, "os-flavor-access:is_public": true, "name": "ds4G", "OS-FLV-EXT-DATA:ephemeral": 0, "id": "d4"}} {{(pid=108332) _process_stack /opt/stack/nova/nova/api/openstack/wsgi.py:511}}
Feb 07 02:34:04.143878 dv-cinder-828061-1-iscsi devstack@n-api.service[108332]: INFO nova.api.openstack.requestlog [None req-911404ac-9c09-499a-a6c3-21a09a5320f9 admin admin] 10.222.0.15 "POST /compute/v2.1/flavors" status: 200 len: 404 microversion: 2.61 time: 0.071846
Feb 07 02:34:04.150052 dv-cinder-828061-1-iscsi devstack@n-api.service[108332]: [pid: 108332|app: 0|req: 9/17] 10.222.0.15 () {64 vars in 1282 bytes} [Mon Feb 7 02:34:04 2022] POST /compute/v2.1/flavors => generated 404 bytes in 78 msecs (HTTP/1.1 200) 9 headers in 359 bytes (1 switches on core 0)
Feb 07 02:34:04.156262 dv-cinder-828061-1-iscsi devstack@n-api.service[108333]: DEBUG nova.api.openstack.wsgi [None req-4ec0a38d-558a-43f3-8050-ac6aff9160d3 admin admin] Action: 'create', calling method: >, body: {"extra_specs": {"hw_rng:allowed": "True"}} {{(pid=108333) _process_stack /opt/stack/nova/nova/api/openstack/wsgi.py:511}}
Feb 07 02:34:04.178199 dv-cinder-828061-1-iscsi devstack@n-api.service[108333]: INFO nova.api.openstack.requestlog [None req-4ec0a38d-558a-43f3-8050-ac6aff9160d3 admin admin] 10.222.0.15 "POST /compute/v2.1/flavors/d4/os-extra_specs" status: 200 len: 43 microversion: 2.61 time: 0.025711
Feb 07 02:34:04.183657 dv-cinder-828061-1-iscsi devstack@n-api.service[108333]: [pid: 108333|app: 0|req: 9/18] 10.222.0.15 () {64 vars in 1335 bytes} [Mon Feb 7 02:34:04 2022] POST /compute/v2.1/flavors/d4/os-extra_specs => generated 43 bytes in 27 msecs (HTTP/1.1 200) 9 headers in 358 bytes (2 switches on core 0)
Feb 07 02:34:06.435729 dv-cinder-828061-1-iscsi devstack@n-api.service[108332]: DEBUG nova.api.openstack.wsgi [None req-911404ac-9c09-499a-a6c3-21a09a5320f9 admin admin] Calling method '>' {{(pid=108332) _process_stack /opt/stack/nova/nova/api/openstack/wsgi.py:513}}
Feb 07 02:34:06.436722 dv-cinder-828061-1-iscsi devstack@n-api.service[108332]: INFO nova.api.openstack.requestlog [None req-911404ac-9c09-499a-a6c3-21a09a5320f9 admin admin] 10.222.0.15 "GET /compute/v2.1" status: 200 len: 388 microversion: 2.1 time: 0.001450
Feb 07 02:34:06.437124 dv-cinder-828061-1-iscsi devstack@n-api.service[108332]: [pid: 108332|app: 0|req: 10/19] 10.222.0.15 () {54 vars in 930 bytes} [Mon Feb 7 02:34:06 2022] GET /compute/v2.1 => generated 388 bytes in 2 msecs (HTTP/1.1 200) 9 headers in 357 bytes (1 switches on core 0)
Feb 07 02:34:06.500744 dv-cinder-828061-1-iscsi devstack@n-api.service[108333]: DEBUG nova.api.openstack.wsgi [None req-78022e33-ca4a-44d3-a014-9707ce0737c9 admin admin] Calling method '>' {{(pid=108333) _process_stack /opt/stack/nova/nova/api/openstack/wsgi.py:513}}
Feb 07 02:34:06.523412 dv-cinder-828061-1-iscsi devstack@n-api.service[108333]: INFO nova.api.openstack.requestlog [None req-78022e33-ca4a-44d3-a014-9707ce0737c9 admin admin] 10.222.0.15 "GET /compute/v2.1/flavors/detail?is_public=True" status: 200 len: 2106 microversion: 2.61 time: 0.080284
Feb 07 02:34:06.523953 dv-cinder-828061-1-iscsi devstack@n-api.service[108333]: [pid: 108333|app: 0|req: 10/20] 10.222.0.15 () {60 vars in 1291 bytes} [Mon Feb 7 02:34:06 2022] GET /compute/v2.1/flavors/detail?is_public=True => generated 2106 bytes in 81 msecs (HTTP/1.1 200) 9 headers in 360 bytes (1 switches on core 0)
Feb 07 02:34:10.099098 dv-cinder-828061-1-iscsi devstack@n-api.service[108332]: DEBUG nova.api.openstack.wsgi [None req-911404ac-9c09-499a-a6c3-21a09a5320f9 admin admin] Calling method '>' {{(pid=108332) _process_stack /opt/stack/nova/nova/api/openstack/wsgi.py:513}}
Feb 07 02:34:10.100117 dv-cinder-828061-1-iscsi devstack@n-api.service[108332]: INFO nova.api.openstack.requestlog [None req-911404ac-9c09-499a-a6c3-21a09a5320f9 admin admin] 10.222.0.15 "GET /compute/v2.1" status: 200 len: 388 microversion: 2.1 time: 0.001445
Feb 07 02:34:10.100553 dv-cinder-828061-1-iscsi devstack@n-api.service[108332]: [pid: 108332|app: 0|req: 11/21] 10.222.0.15 () {54 vars in 930 bytes} [Mon Feb 7 02:34:10 2022] GET /compute/v2.1 => generated 388 bytes in 2 msecs (HTTP/1.1 200) 9 headers in 357 bytes (1 switches on core 0)
Feb 07 02:34:10.171898 dv-cinder-828061-1-iscsi devstack@n-api.service[108333]: DEBUG nova.api.openstack.wsgi [None req-d3a8cac3-3a91-442b-ac6d-9a3932de18b8 admin admin] Action: 'create', calling method: >, body: {"flavor": {"ram": 512, "OS-FLV-EXT-DATA:ephemeral": 0, "swap": 0, "os-flavor-access:is_public": true, "rxtx_factor": 1.0, "vcpus": 1, "disk": 1, "id": "1", "name": "m1.tiny"}} {{(pid=108333) _process_stack /opt/stack/nova/nova/api/openstack/wsgi.py:511}}
Feb 07 02:34:10.190173 dv-cinder-828061-1-iscsi devstack@n-api.service[108333]: INFO nova.api.openstack.requestlog [None req-d3a8cac3-3a91-442b-ac6d-9a3932de18b8 admin admin] 10.222.0.15 "POST /compute/v2.1/flavors" status: 200 len: 402 microversion: 2.61 time: 0.083388
Feb 07 02:34:10.190993 dv-cinder-828061-1-iscsi devstack@n-api.service[108333]: [pid: 108333|app: 0|req: 11/22] 10.222.0.15 () {64 vars in 1282 bytes} [Mon Feb 7 02:34:10 2022] POST /compute/v2.1/flavors => generated 402 bytes in 85 msecs (HTTP/1.1 200) 9 headers in 359 bytes (1 switches on core 0)
Feb 07 02:34:10.202563 dv-cinder-828061-1-iscsi devstack@n-api.service[108332]: DEBUG nova.api.openstack.wsgi [None req-e3565388-e48c-48ce-ac2c-08730ead79f1 admin admin] Action: 'create', calling method: >, body: {"extra_specs": {"hw_rng:allowed": "True"}} {{(pid=108332) _process_stack /opt/stack/nova/nova/api/openstack/wsgi.py:511}}
Feb 07 02:34:10.226241 dv-cinder-828061-1-iscsi devstack@n-api.service[108332]: INFO nova.api.openstack.requestlog [None req-e3565388-e48c-48ce-ac2c-08730ead79f1 admin admin] 10.222.0.15 "POST /compute/v2.1/flavors/1/os-extra_specs" status: 200 len: 43 microversion: 2.61 time: 0.027514
Feb 07 02:34:10.226833 dv-cinder-828061-1-iscsi devstack@n-api.service[108332]: [pid: 108332|app: 0|req: 12/23] 10.222.0.15 () {64 vars in 1332 bytes} [Mon Feb 7 02:34:10 2022] POST /compute/v2.1/flavors/1/os-extra_specs => generated 43 bytes in 29 msecs (HTTP/1.1 200) 9 headers in 358 bytes (1 switches on core 0)
Feb 07 02:34:12.499025 dv-cinder-828061-1-iscsi devstack@n-api.service[108333]: DEBUG nova.api.openstack.wsgi [None req-d3a8cac3-3a91-442b-ac6d-9a3932de18b8 admin admin] Calling method '>' {{(pid=108333) _process_stack /opt/stack/nova/nova/api/openstack/wsgi.py:513}}
Feb 07 02:34:12.500971 dv-cinder-828061-1-iscsi devstack@n-api.service[108333]: INFO nova.api.openstack.requestlog [None req-d3a8cac3-3a91-442b-ac6d-9a3932de18b8 admin admin] 10.222.0.15 "GET /compute/v2.1" status: 200 len: 388 microversion: 2.1 time: 0.002725
Feb 07 02:34:12.501785 dv-cinder-828061-1-iscsi devstack@n-api.service[108333]: [pid: 108333|app: 0|req: 12/24] 10.222.0.15 () {54 vars in 930 bytes} [Mon Feb 7 02:34:12 2022] GET /compute/v2.1 => generated 388 bytes in 5 msecs (HTTP/1.1 200) 9 headers in 357 bytes (1 switches on core 0)
Feb 07 02:34:12.559917 dv-cinder-828061-1-iscsi devstack@n-api.service[108332]: DEBUG nova.api.openstack.wsgi [None req-4142205b-64b3-4694-bfe0-0cc92411c406 admin admin] Action: 'create', calling method: >, body: {"flavor": {"os-flavor-access:is_public": true, "name": "m1.small", "rxtx_factor": 1.0, "vcpus": 1, "disk": 20, "id": "2", "ram": 2048, "swap": 0, "OS-FLV-EXT-DATA:ephemeral": 0}} {{(pid=108332) _process_stack /opt/stack/nova/nova/api/openstack/wsgi.py:511}}
Feb 07 02:34:12.577754 dv-cinder-828061-1-iscsi devstack@n-api.service[108332]: INFO nova.api.openstack.requestlog [None req-4142205b-64b3-4694-bfe0-0cc92411c406 admin admin] 10.222.0.15 "POST /compute/v2.1/flavors" status: 200 len: 405 microversion: 2.61 time: 0.069713
Feb 07 02:34:12.578305 dv-cinder-828061-1-iscsi devstack@n-api.service[108332]: [pid: 108332|app: 0|req: 13/25] 10.222.0.15 () {64 vars in 1282 bytes} [Mon Feb 7 02:34:12 2022] POST /compute/v2.1/flavors => generated 405 bytes in 71 msecs (HTTP/1.1 200) 9 headers in 359 bytes (1 switches on core 0)
Feb 07 02:34:12.590319 dv-cinder-828061-1-iscsi devstack@n-api.service[108333]: DEBUG nova.api.openstack.wsgi [None req-1812ba6c-e5d6-42b1-a5dd-c9da88fd5143 admin admin] Action: 'create', calling method: >, body: {"extra_specs": {"hw_rng:allowed": "True"}} {{(pid=108333) _process_stack /opt/stack/nova/nova/api/openstack/wsgi.py:511}}
Feb 07 02:34:12.612458 dv-cinder-828061-1-iscsi devstack@n-api.service[108333]: INFO nova.api.openstack.requestlog [None req-1812ba6c-e5d6-42b1-a5dd-c9da88fd5143 admin admin] 10.222.0.15 "POST /compute/v2.1/flavors/2/os-extra_specs" status: 200 len: 43 microversion: 2.61 time: 0.026186
Feb 07 02:34:12.613200 dv-cinder-828061-1-iscsi devstack@n-api.service[108333]: [pid: 108333|app: 0|req: 13/26] 10.222.0.15 () {64 vars in 1332 bytes} [Mon Feb 7 02:34:12 2022] POST /compute/v2.1/flavors/2/os-extra_specs => generated 43 bytes in 28 msecs (HTTP/1.1 200) 9 headers in 358 bytes (2 switches on core 0)
Feb 07 02:34:14.872599 dv-cinder-828061-1-iscsi devstack@n-api.service[108332]: DEBUG nova.api.openstack.wsgi [None req-4142205b-64b3-4694-bfe0-0cc92411c406 admin admin] Calling method '>' {{(pid=108332) _process_stack /opt/stack/nova/nova/api/openstack/wsgi.py:513}}
Feb 07 02:34:14.873669 dv-cinder-828061-1-iscsi devstack@n-api.service[108332]: INFO nova.api.openstack.requestlog [None req-4142205b-64b3-4694-bfe0-0cc92411c406 admin admin] 10.222.0.15 "GET /compute/v2.1" status: 200 len: 388 microversion: 2.1 time: 0.001460
Feb 07 02:34:14.874150 dv-cinder-828061-1-iscsi devstack@n-api.service[108332]: [pid: 108332|app: 0|req: 14/27] 10.222.0.15 () {54 vars in 930 bytes} [Mon Feb 7 02:34:14 2022] GET /compute/v2.1 => generated 388 bytes in 2 msecs (HTTP/1.1 200) 9 headers in 357 bytes (1 switches on core 0)
Feb 07 02:34:14.929563 dv-cinder-828061-1-iscsi devstack@n-api.service[108333]: DEBUG nova.api.openstack.wsgi [None req-46f133ed-8cd7-482f-815e-a0fd73248d66 admin admin] Action: 'create', calling method: >, body: {"flavor": {"vcpus": 2, "disk": 40, "swap": 0, "id": "3", "name": "m1.medium", "ram": 4096, "os-flavor-access:is_public": true, "rxtx_factor": 1.0, "OS-FLV-EXT-DATA:ephemeral": 0}} {{(pid=108333) _process_stack /opt/stack/nova/nova/api/openstack/wsgi.py:511}}
Feb 07 02:34:14.947796 dv-cinder-828061-1-iscsi devstack@n-api.service[108333]: INFO nova.api.openstack.requestlog [None req-46f133ed-8cd7-482f-815e-a0fd73248d66 admin admin] 10.222.0.15 "POST /compute/v2.1/flavors" status: 200 len: 406 microversion: 2.61 time: 0.067965
Feb 07 02:34:14.948352 dv-cinder-828061-1-iscsi devstack@n-api.service[108333]: [pid: 108333|app: 0|req: 14/28] 10.222.0.15 () {64 vars in 1282 bytes} [Mon Feb 7 02:34:14 2022] POST /compute/v2.1/flavors => generated 406 bytes in 69 msecs (HTTP/1.1 200) 9 headers in 359 bytes (2 switches on core 0)
Feb 07 02:34:14.960159 dv-cinder-828061-1-iscsi devstack@n-api.service[108332]: DEBUG nova.api.openstack.wsgi [None req-fbe2bb0b-23d2-437b-a907-5824980e0213 admin admin] Action: 'create', calling method: >, body: {"extra_specs": {"hw_rng:allowed": "True"}} {{(pid=108332) _process_stack /opt/stack/nova/nova/api/openstack/wsgi.py:511}}
Feb 07 02:34:14.982532 dv-cinder-828061-1-iscsi devstack@n-api.service[108332]: INFO nova.api.openstack.requestlog [None req-fbe2bb0b-23d2-437b-a907-5824980e0213 admin admin] 10.222.0.15 "POST /compute/v2.1/flavors/3/os-extra_specs" status: 200 len: 43 microversion: 2.61 time: 0.026016
Feb 07 02:34:14.983093 dv-cinder-828061-1-iscsi devstack@n-api.service[108332]: [pid: 108332|app: 0|req: 15/29] 10.222.0.15 () {64 vars in 1332 bytes} [Mon Feb 7 02:34:14 2022] POST /compute/v2.1/flavors/3/os-extra_specs => generated 43 bytes in 27 msecs (HTTP/1.1 200) 9 headers in 358 bytes (1 switches on core 0)
Feb 07 02:34:17.281743 dv-cinder-828061-1-iscsi devstack@n-api.service[108333]: DEBUG nova.api.openstack.wsgi [None req-46f133ed-8cd7-482f-815e-a0fd73248d66 admin admin] Calling method '>' {{(pid=108333) _process_stack /opt/stack/nova/nova/api/openstack/wsgi.py:513}}
Feb 07 02:34:17.283340 dv-cinder-828061-1-iscsi devstack@n-api.service[108333]: INFO nova.api.openstack.requestlog [None req-46f133ed-8cd7-482f-815e-a0fd73248d66 admin admin] 10.222.0.15 "GET /compute/v2.1" status: 200 len: 388 microversion: 2.1 time: 0.002026
Feb 07 02:34:17.288337 dv-cinder-828061-1-iscsi devstack@n-api.service[108333]: [pid: 108333|app: 0|req: 15/30] 10.222.0.15 () {54 vars in 930 bytes} [Mon Feb 7 02:34:17 2022] GET /compute/v2.1 => generated 388 bytes in 8 msecs (HTTP/1.1 200) 9 headers in 357 bytes (1 switches on core 0)
Feb 07 02:34:17.347582 dv-cinder-828061-1-iscsi devstack@n-api.service[108332]: DEBUG nova.api.openstack.wsgi [None req-b15b98b9-214f-4b20-92d1-2f7377277024 admin admin] Action: 'create', calling method: >, body: {"flavor": {"disk": 80, "os-flavor-access:is_public": true, "ram": 8192, "OS-FLV-EXT-DATA:ephemeral": 0, "name": "m1.large", "vcpus": 4, "swap": 0, "id": "4", "rxtx_factor": 1.0}} {{(pid=108332) _process_stack /opt/stack/nova/nova/api/openstack/wsgi.py:511}}
Feb 07 02:34:17.367271 dv-cinder-828061-1-iscsi devstack@n-api.service[108332]: INFO nova.api.openstack.requestlog [None req-b15b98b9-214f-4b20-92d1-2f7377277024 admin admin] 10.222.0.15 "POST /compute/v2.1/flavors" status: 200 len: 405 microversion: 2.61 time: 0.077612
Feb 07 02:34:17.367823 dv-cinder-828061-1-iscsi devstack@n-api.service[108332]: [pid: 108332|app: 0|req: 16/31] 10.222.0.15 () {64 vars in 1282 bytes} [Mon Feb 7 02:34:17 2022] POST /compute/v2.1/flavors => generated 405 bytes in 79 msecs (HTTP/1.1 200) 9 headers in 359 bytes (1 switches on core 0)
Feb 07 02:34:17.379297 dv-cinder-828061-1-iscsi devstack@n-api.service[108333]: DEBUG nova.api.openstack.wsgi [None req-a655fcc7-4147-4b5c-8450-3104707de39d admin admin] Action: 'create', calling method: >, body: {"extra_specs": {"hw_rng:allowed": "True"}} {{(pid=108333) _process_stack /opt/stack/nova/nova/api/openstack/wsgi.py:511}}
Feb 07 02:34:17.406085 dv-cinder-828061-1-iscsi devstack@n-api.service[108333]: INFO nova.api.openstack.requestlog [None req-a655fcc7-4147-4b5c-8450-3104707de39d admin admin] 10.222.0.15 "POST /compute/v2.1/flavors/4/os-extra_specs" status: 200 len: 43 microversion: 2.61 time: 0.030278
Feb 07 02:34:17.407056 dv-cinder-828061-1-iscsi devstack@n-api.service[108333]: [pid: 108333|app: 0|req: 16/32] 10.222.0.15 () {64 vars in 1332 bytes} [Mon Feb 7 02:34:17 2022] POST /compute/v2.1/flavors/4/os-extra_specs => generated 43 bytes in 32 msecs (HTTP/1.1 200) 9 headers in 358 bytes (1 switches on core 0)
Feb 07 02:34:19.696126 dv-cinder-828061-1-iscsi devstack@n-api.service[108332]: DEBUG nova.api.openstack.wsgi [None req-b15b98b9-214f-4b20-92d1-2f7377277024 admin admin] Calling method '>' {{(pid=108332) _process_stack /opt/stack/nova/nova/api/openstack/wsgi.py:513}}
Feb 07 02:34:19.697220 dv-cinder-828061-1-iscsi devstack@n-api.service[108332]: INFO nova.api.openstack.requestlog [None req-b15b98b9-214f-4b20-92d1-2f7377277024 admin admin] 10.222.0.15 "GET /compute/v2.1" status: 200 len: 388 microversion: 2.1 time: 0.001527
Feb 07 02:34:19.698145 dv-cinder-828061-1-iscsi devstack@n-api.service[108332]: [pid: 108332|app: 0|req: 17/33] 10.222.0.15 () {54 vars in 930 bytes} [Mon Feb 7 02:34:19 2022] GET /compute/v2.1 => generated 388 bytes in 3 msecs (HTTP/1.1 200) 9 headers in 357 bytes (1 switches on core 0)
Feb 07 02:34:19.759088 dv-cinder-828061-1-iscsi devstack@n-api.service[108333]: DEBUG nova.api.openstack.wsgi [None req-ac926ac4-6694-406f-bd0d-3ab5c42f242a admin admin] Action: 'create', calling method: >, body: {"flavor": {"disk": 160, "OS-FLV-EXT-DATA:ephemeral": 0, "os-flavor-access:is_public": true, "name": "m1.xlarge", "ram": 16384, "id": "5", "vcpus": 8, "rxtx_factor": 1.0, "swap": 0}} {{(pid=108333) _process_stack /opt/stack/nova/nova/api/openstack/wsgi.py:511}}
Feb 07 02:34:19.779256 dv-cinder-828061-1-iscsi devstack@n-api.service[108333]: INFO nova.api.openstack.requestlog [None req-ac926ac4-6694-406f-bd0d-3ab5c42f242a admin admin] 10.222.0.15 "POST /compute/v2.1/flavors" status: 200 len: 408 microversion: 2.61 time: 0.074787
Feb 07 02:34:19.780169 dv-cinder-828061-1-iscsi devstack@n-api.service[108333]: [pid: 108333|app: 0|req: 17/34] 10.222.0.15 () {64 vars in 1282 bytes} [Mon Feb 7 02:34:19 2022] POST /compute/v2.1/flavors => generated 408 bytes in 76 msecs (HTTP/1.1 200) 9 headers in 359 bytes (2 switches on core 0)
Feb 07 02:34:19.791567 dv-cinder-828061-1-iscsi devstack@n-api.service[108332]: DEBUG nova.api.openstack.wsgi [None req-10cad445-ee7e-497d-acd1-542fe232fbf3 admin admin] Action: 'create', calling method: >, body: {"extra_specs": {"hw_rng:allowed": "True"}} {{(pid=108332) _process_stack /opt/stack/nova/nova/api/openstack/wsgi.py:511}}
Feb 07 02:34:19.816024 dv-cinder-828061-1-iscsi devstack@n-api.service[108332]: INFO nova.api.openstack.requestlog [None req-10cad445-ee7e-497d-acd1-542fe232fbf3 admin admin] 10.222.0.15 "POST /compute/v2.1/flavors/5/os-extra_specs" status: 200 len: 43 microversion: 2.61 time: 0.028214
Feb 07 02:34:19.816924 dv-cinder-828061-1-iscsi devstack@n-api.service[108332]: [pid: 108332|app: 0|req: 18/35] 10.222.0.15 () {64 vars in 1332 bytes} [Mon Feb 7 02:34:19 2022] POST /compute/v2.1/flavors/5/os-extra_specs => generated 43 bytes in 30 msecs (HTTP/1.1 200) 9 headers in 358 bytes (1 switches on core 0)
Feb 07 02:34:41.635598 dv-cinder-828061-1-iscsi devstack@n-api.service[108333]: DEBUG nova.api.openstack.wsgi [None req-ac926ac4-6694-406f-bd0d-3ab5c42f242a admin admin] Calling method '>' {{(pid=108333) _process_stack /opt/stack/nova/nova/api/openstack/wsgi.py:513}}
Feb 07 02:34:41.636701 dv-cinder-828061-1-iscsi devstack@n-api.service[108333]: INFO nova.api.openstack.requestlog [None req-ac926ac4-6694-406f-bd0d-3ab5c42f242a admin admin] 10.222.0.15 "GET /compute/v2.1" status: 200 len: 388 microversion: 2.1 time: 0.001492
Feb 07 02:34:41.637095 dv-cinder-828061-1-iscsi devstack@n-api.service[108333]: [pid: 108333|app: 0|req: 18/36] 10.222.0.15 () {54 vars in 930 bytes} [Mon Feb 7 02:34:41 2022] GET /compute/v2.1 => generated 388 bytes in 2 msecs (HTTP/1.1 200) 9 headers in 357 bytes (1 switches on core 0)
Feb 07 02:34:41.693665 dv-cinder-828061-1-iscsi devstack@n-api.service[108332]: DEBUG nova.api.openstack.wsgi [None req-276c95aa-153e-439d-a166-0b0c11f6bd8c admin admin] Calling method '>' {{(pid=108332) _process_stack /opt/stack/nova/nova/api/openstack/wsgi.py:513}}
Feb 07 02:34:41.710172 dv-cinder-828061-1-iscsi devstack@n-api.service[108332]: INFO nova.api.openstack.requestlog [None req-276c95aa-153e-439d-a166-0b0c11f6bd8c admin admin] 10.222.0.15 "GET /compute/v2.1/flavors/detail?is_public=True" status: 200 len: 4202 microversion: 2.61 time: 0.067234
Feb 07 02:34:41.710698 dv-cinder-828061-1-iscsi devstack@n-api.service[108332]: [pid: 108332|app: 0|req: 19/37] 10.222.0.15 () {60 vars in 1291 bytes} [Mon Feb 7 02:34:41 2022] GET /compute/v2.1/flavors/detail?is_public=True => generated 4202 bytes in 68 msecs (HTTP/1.1 200) 9 headers in 360 bytes (2 switches on core 0)
Feb 07 02:34:43.086979 dv-cinder-828061-1-iscsi devstack@n-api.service[108333]: DEBUG nova.api.openstack.wsgi [None req-ac926ac4-6694-406f-bd0d-3ab5c42f242a admin admin] Calling method '>' {{(pid=108333) _process_stack /opt/stack/nova/nova/api/openstack/wsgi.py:513}}
Feb 07 02:34:43.088036 dv-cinder-828061-1-iscsi devstack@n-api.service[108333]: INFO nova.api.openstack.requestlog [None req-ac926ac4-6694-406f-bd0d-3ab5c42f242a admin admin] 10.222.0.15 "GET /compute/v2.1" status: 200 len: 388 microversion: 2.1 time: 0.001462
Feb 07 02:34:43.088456 dv-cinder-828061-1-iscsi devstack@n-api.service[108333]: [pid: 108333|app: 0|req: 19/38] 10.222.0.15 () {56 vars in 1074 bytes} [Mon Feb 7 02:34:43 2022] GET /compute/v2.1 => generated 388 bytes in 2 msecs (HTTP/1.1 200) 9 headers in 357 bytes (1 switches on core 0)
