Feb 15 05:00:35.981945 dv-cinder-828060-5-iscsi devstack@c-api.service[126697]: INFO cinder.api.openstack.wsgi [None req-d1d4b56d-fa90-472d-8dd4-d4331d7aae39 tempest-SnapshotsActionsTest-1304818440 tempest-SnapshotsActionsTest-1304818440-project] GET http://10.222.0.24/volume/v3/d1ae3fb51bea4e0baae0a17de7c876cd/snapshots/5af300d7-20f0-40af-b039-489179975402
Feb 15 05:00:35.982396 dv-cinder-828060-5-iscsi devstack@c-api.service[126697]: DEBUG cinder.api.openstack.wsgi [None req-d1d4b56d-fa90-472d-8dd4-d4331d7aae39 tempest-SnapshotsActionsTest-1304818440 tempest-SnapshotsActionsTest-1304818440-project] Empty body provided in request {{(pid=126697) get_body /opt/stack/cinder/cinder/api/openstack/wsgi.py:715}}
Feb 15 05:00:35.982870 dv-cinder-828060-5-iscsi devstack@c-api.service[126697]: DEBUG cinder.api.openstack.wsgi [None req-d1d4b56d-fa90-472d-8dd4-d4331d7aae39 tempest-SnapshotsActionsTest-1304818440 tempest-SnapshotsActionsTest-1304818440-project] Calling method 'show' {{(pid=126697) _process_stack /opt/stack/cinder/cinder/api/openstack/wsgi.py:868}}
Feb 15 05:00:35.992089 dv-cinder-828060-5-iscsi devstack@c-api.service[126697]: /usr/local/lib/python3.8/dist-packages/oslo_context/context.py:105: DeprecationWarning: Policy enforcement is depending on the value of is_admin. This key is deprecated. Please update your policy file to use the standard policy values.
Feb 15 05:00:35.992089 dv-cinder-828060-5-iscsi devstack@c-api.service[126697]: warnings.warn('Policy enforcement is depending on the value of '
Feb 15 05:00:35.992977 dv-cinder-828060-5-iscsi devstack@c-api.service[126697]: INFO cinder.volume.api [None req-d1d4b56d-fa90-472d-8dd4-d4331d7aae39 tempest-SnapshotsActionsTest-1304818440 tempest-SnapshotsActionsTest-1304818440-project] Snapshot retrieved successfully.
Feb 15 05:00:35.994747 dv-cinder-828060-5-iscsi devstack@c-api.service[126697]: INFO cinder.api.openstack.wsgi [None req-d1d4b56d-fa90-472d-8dd4-d4331d7aae39 tempest-SnapshotsActionsTest-1304818440 tempest-SnapshotsActionsTest-1304818440-project] http://10.222.0.24/volume/v3/d1ae3fb51bea4e0baae0a17de7c876cd/snapshots/5af300d7-20f0-40af-b039-489179975402 returned with HTTP 200
Feb 15 05:00:35.995492 dv-cinder-828060-5-iscsi devstack@c-api.service[126697]: [pid: 126697|app: 0|req: 218/476] 10.222.0.24 () {58 vars in 1330 bytes} [Tue Feb 15 05:00:35 2022] GET /volume/v3/d1ae3fb51bea4e0baae0a17de7c876cd/snapshots/5af300d7-20f0-40af-b039-489179975402 => generated 464 bytes in 19 msecs (HTTP/1.1 200) 7 headers in 285 bytes (1 switches on core 0)
Feb 15 05:00:36.067017 dv-cinder-828060-5-iscsi devstack@c-api.service[126698]: INFO cinder.api.openstack.wsgi [None req-7ce760d0-65bb-4c46-abed-b4e20c849ec1 tempest-VolumesActionsTest-1100232044 tempest-VolumesActionsTest-1100232044-project] GET http://10.222.0.24/volume/v3/8606bfdcbfda4edab40124cc36a1d8d6/volumes/e9b5baf1-9843-4131-a05f-19042bc8ebed
Feb 15 05:00:36.067457 dv-cinder-828060-5-iscsi devstack@c-api.service[126698]: DEBUG cinder.api.openstack.wsgi [None req-7ce760d0-65bb-4c46-abed-b4e20c849ec1 tempest-VolumesActionsTest-1100232044 tempest-VolumesActionsTest-1100232044-project] Empty body provided in request {{(pid=126698) get_body /opt/stack/cinder/cinder/api/openstack/wsgi.py:715}}
Feb 15 05:00:36.067906 dv-cinder-828060-5-iscsi devstack@c-api.service[126698]: DEBUG cinder.api.openstack.wsgi [None req-7ce760d0-65bb-4c46-abed-b4e20c849ec1 tempest-VolumesActionsTest-1100232044 tempest-VolumesActionsTest-1100232044-project] Calling method 'show' {{(pid=126698) _process_stack /opt/stack/cinder/cinder/api/openstack/wsgi.py:868}}
Feb 15 05:00:36.081520 dv-cinder-828060-5-iscsi devstack@c-api.service[126698]: /usr/local/lib/python3.8/dist-packages/oslo_context/context.py:105: DeprecationWarning: Policy enforcement is depending on the value of is_admin. This key is deprecated. Please update your policy file to use the standard policy values.
Feb 15 05:00:36.081520 dv-cinder-828060-5-iscsi devstack@c-api.service[126698]: warnings.warn('Policy enforcement is depending on the value of '
Feb 15 05:00:36.088257 dv-cinder-828060-5-iscsi devstack@c-api.service[126698]: INFO cinder.volume.api [None req-7ce760d0-65bb-4c46-abed-b4e20c849ec1 tempest-VolumesActionsTest-1100232044 tempest-VolumesActionsTest-1100232044-project] Volume info retrieved successfully.
Feb 15 05:00:36.090781 dv-cinder-828060-5-iscsi devstack@c-api.service[126697]: INFO cinder.api.openstack.wsgi [None req-80789870-52e5-4716-b5d3-8610a5545bf2 tempest-GroupSnapshotsTest-1817266207 tempest-GroupSnapshotsTest-1817266207-project] GET http://10.222.0.24/volume/v3/c2639932ca3b4e6b8693bf2740f8c267/volumes/8d6a613e-297e-4190-8076-c355c7e0db08
Feb 15 05:00:36.091254 dv-cinder-828060-5-iscsi devstack@c-api.service[126697]: DEBUG cinder.api.openstack.wsgi [None req-80789870-52e5-4716-b5d3-8610a5545bf2 tempest-GroupSnapshotsTest-1817266207 tempest-GroupSnapshotsTest-1817266207-project] Empty body provided in request {{(pid=126697) get_body /opt/stack/cinder/cinder/api/openstack/wsgi.py:715}}
Feb 15 05:00:36.091704 dv-cinder-828060-5-iscsi devstack@c-api.service[126697]: DEBUG cinder.api.openstack.wsgi [None req-80789870-52e5-4716-b5d3-8610a5545bf2 tempest-GroupSnapshotsTest-1817266207 tempest-GroupSnapshotsTest-1817266207-project] Calling method 'show' {{(pid=126697) _process_stack /opt/stack/cinder/cinder/api/openstack/wsgi.py:868}}
Feb 15 05:00:36.096850 dv-cinder-828060-5-iscsi devstack@c-api.service[126698]: INFO cinder.api.openstack.wsgi [None req-7ce760d0-65bb-4c46-abed-b4e20c849ec1 tempest-VolumesActionsTest-1100232044 tempest-VolumesActionsTest-1100232044-project] http://10.222.0.24/volume/v3/8606bfdcbfda4edab40124cc36a1d8d6/volumes/e9b5baf1-9843-4131-a05f-19042bc8ebed returned with HTTP 200
Feb 15 05:00:36.097635 dv-cinder-828060-5-iscsi devstack@c-api.service[126698]: [pid: 126698|app: 0|req: 259/477] 10.222.0.24 () {58 vars in 1324 bytes} [Tue Feb 15 05:00:36 2022] GET /volume/v3/8606bfdcbfda4edab40124cc36a1d8d6/volumes/e9b5baf1-9843-4131-a05f-19042bc8ebed => generated 910 bytes in 34 msecs (HTTP/1.1 200) 7 headers in 285 bytes (1 switches on core 0)
Feb 15 05:00:36.105219 dv-cinder-828060-5-iscsi devstack@c-api.service[126697]: /usr/local/lib/python3.8/dist-packages/oslo_context/context.py:105: DeprecationWarning: Policy enforcement is depending on the value of is_admin. This key is deprecated. Please update your policy file to use the standard policy values.
Feb 15 05:00:36.105219 dv-cinder-828060-5-iscsi devstack@c-api.service[126697]: warnings.warn('Policy enforcement is depending on the value of '
Feb 15 05:00:36.113020 dv-cinder-828060-5-iscsi devstack@c-api.service[126697]: INFO cinder.volume.api [None req-80789870-52e5-4716-b5d3-8610a5545bf2 tempest-GroupSnapshotsTest-1817266207 tempest-GroupSnapshotsTest-1817266207-project] Volume info retrieved successfully.
Feb 15 05:00:36.114471 dv-cinder-828060-5-iscsi devstack@c-api.service[126697]: WARNING stevedore.named [None req-80789870-52e5-4716-b5d3-8610a5545bf2 tempest-GroupSnapshotsTest-1817266207 tempest-GroupSnapshotsTest-1817266207-project] Could not load cinder.keymgr.conf_key_mgr.ConfKeyManager
Feb 15 05:00:36.114875 dv-cinder-828060-5-iscsi devstack@c-api.service[126697]: WARNING castellan.key_manager [None req-80789870-52e5-4716-b5d3-8610a5545bf2 tempest-GroupSnapshotsTest-1817266207 tempest-GroupSnapshotsTest-1817266207-project] Deprecation Warning : cinder.keymgr.conf_key_mgr.ConfKeyManager is not a stevedore based driver, trying to load it as a class: stevedore.exception.NoMatches: No 'castellan.drivers' driver found, looking for 'cinder.keymgr.conf_key_mgr.ConfKeyManager'
Feb 15 05:00:36.122732 dv-cinder-828060-5-iscsi devstack@c-api.service[126697]: DEBUG oslo_db.sqlalchemy.engines [None req-80789870-52e5-4716-b5d3-8610a5545bf2 tempest-GroupSnapshotsTest-1817266207 tempest-GroupSnapshotsTest-1817266207-project] MySQL server mode set to STRICT_TRANS_TABLES,STRICT_ALL_TABLES,NO_ZERO_IN_DATE,NO_ZERO_DATE,ERROR_FOR_DIVISION_BY_ZERO,TRADITIONAL,NO_ENGINE_SUBSTITUTION {{(pid=126697) _check_effective_sql_mode /usr/local/lib/python3.8/dist-packages/oslo_db/sqlalchemy/engines.py:314}}
Feb 15 05:00:36.128154 dv-cinder-828060-5-iscsi devstack@c-api.service[126697]: /usr/local/lib/python3.8/dist-packages/oslo_context/context.py:105: DeprecationWarning: Policy enforcement is depending on the value of is_admin. This key is deprecated. Please update your policy file to use the standard policy values.
Feb 15 05:00:36.128154 dv-cinder-828060-5-iscsi devstack@c-api.service[126697]: warnings.warn('Policy enforcement is depending on the value of '
Feb 15 05:00:36.141307 dv-cinder-828060-5-iscsi devstack@c-api.service[126697]: INFO cinder.api.openstack.wsgi [None req-80789870-52e5-4716-b5d3-8610a5545bf2 tempest-GroupSnapshotsTest-1817266207 tempest-GroupSnapshotsTest-1817266207-project] http://10.222.0.24/volume/v3/c2639932ca3b4e6b8693bf2740f8c267/volumes/8d6a613e-297e-4190-8076-c355c7e0db08 returned with HTTP 200
Feb 15 05:00:36.142039 dv-cinder-828060-5-iscsi devstack@c-api.service[126697]: [pid: 126697|app: 0|req: 219/478] 10.222.0.24 () {60 vars in 1365 bytes} [Tue Feb 15 05:00:36 2022] GET /volume/v3/c2639932ca3b4e6b8693bf2740f8c267/volumes/8d6a613e-297e-4190-8076-c355c7e0db08 => generated 999 bytes in 55 msecs (HTTP/1.1 200) 7 headers in 286 bytes (2 switches on core 0)
Feb 15 05:00:36.253679 dv-cinder-828060-5-iscsi devstack@c-api.service[126698]: INFO cinder.api.openstack.wsgi [None req-c1d3fbee-ad14-4d78-b443-21e6ea598197 tempest-DeleteServersTestJSON-1894518664 tempest-DeleteServersTestJSON-1894518664-project] GET http://10.222.0.24/volume/v3/8a7270034ec14285a0f682551e934d1d/volumes/1810b200-f30d-4a63-b486-42e37e94d1ef
Feb 15 05:00:36.254044 dv-cinder-828060-5-iscsi devstack@c-api.service[126698]: DEBUG cinder.api.openstack.wsgi [None req-c1d3fbee-ad14-4d78-b443-21e6ea598197 tempest-DeleteServersTestJSON-1894518664 tempest-DeleteServersTestJSON-1894518664-project] Empty body provided in request {{(pid=126698) get_body /opt/stack/cinder/cinder/api/openstack/wsgi.py:715}}
Feb 15 05:00:36.254486 dv-cinder-828060-5-iscsi devstack@c-api.service[126698]: DEBUG cinder.api.openstack.wsgi [None req-c1d3fbee-ad14-4d78-b443-21e6ea598197 tempest-DeleteServersTestJSON-1894518664 tempest-DeleteServersTestJSON-1894518664-project] Calling method 'show' {{(pid=126698) _process_stack /opt/stack/cinder/cinder/api/openstack/wsgi.py:868}}
Feb 15 05:00:36.272136 dv-cinder-828060-5-iscsi devstack@c-api.service[126698]: /usr/local/lib/python3.8/dist-packages/oslo_context/context.py:105: DeprecationWarning: Policy enforcement is depending on the value of is_admin. This key is deprecated. Please update your policy file to use the standard policy values.
Feb 15 05:00:36.272136 dv-cinder-828060-5-iscsi devstack@c-api.service[126698]: warnings.warn('Policy enforcement is depending on the value of '
Feb 15 05:00:36.278977 dv-cinder-828060-5-iscsi devstack@c-api.service[126698]: INFO cinder.volume.api [None req-c1d3fbee-ad14-4d78-b443-21e6ea598197 tempest-DeleteServersTestJSON-1894518664 tempest-DeleteServersTestJSON-1894518664-project] Volume info retrieved successfully.
Feb 15 05:00:36.287123 dv-cinder-828060-5-iscsi devstack@c-api.service[126698]: INFO cinder.api.openstack.wsgi [None req-c1d3fbee-ad14-4d78-b443-21e6ea598197 tempest-DeleteServersTestJSON-1894518664 tempest-DeleteServersTestJSON-1894518664-project] http://10.222.0.24/volume/v3/8a7270034ec14285a0f682551e934d1d/volumes/1810b200-f30d-4a63-b486-42e37e94d1ef returned with HTTP 200
Feb 15 05:00:36.287819 dv-cinder-828060-5-iscsi devstack@c-api.service[126698]: [pid: 126698|app: 0|req: 260/479] 10.222.0.24 () {58 vars in 1324 bytes} [Tue Feb 15 05:00:36 2022] GET /volume/v3/8a7270034ec14285a0f682551e934d1d/volumes/1810b200-f30d-4a63-b486-42e37e94d1ef => generated 914 bytes in 38 msecs (HTTP/1.1 200) 7 headers in 285 bytes (1 switches on core 0)
Feb 15 05:00:36.385439 dv-cinder-828060-5-iscsi devstack@c-api.service[126697]: INFO cinder.api.openstack.wsgi [None req-0886ea76-2397-4557-876f-47143d75050f tempest-AttachVolumeNegativeTest-1347160268 tempest-AttachVolumeNegativeTest-1347160268-project] GET http://10.222.0.24/volume/v3/6b979768200b4a259ffce5d5379c9b6b/volumes/c6a0b23a-a41b-42d2-a26d-0acdbbb8b7f7
Feb 15 05:00:36.385885 dv-cinder-828060-5-iscsi devstack@c-api.service[126697]: DEBUG cinder.api.openstack.wsgi [None req-0886ea76-2397-4557-876f-47143d75050f tempest-AttachVolumeNegativeTest-1347160268 tempest-AttachVolumeNegativeTest-1347160268-project] Empty body provided in request {{(pid=126697) get_body /opt/stack/cinder/cinder/api/openstack/wsgi.py:715}}
Feb 15 05:00:36.386333 dv-cinder-828060-5-iscsi devstack@c-api.service[126697]: DEBUG cinder.api.openstack.wsgi [None req-0886ea76-2397-4557-876f-47143d75050f tempest-AttachVolumeNegativeTest-1347160268 tempest-AttachVolumeNegativeTest-1347160268-project] Calling method 'show' {{(pid=126697) _process_stack /opt/stack/cinder/cinder/api/openstack/wsgi.py:868}}
Feb 15 05:00:36.403167 dv-cinder-828060-5-iscsi devstack@c-api.service[126697]: /usr/local/lib/python3.8/dist-packages/oslo_context/context.py:105: DeprecationWarning: Policy enforcement is depending on the value of is_admin. This key is deprecated. Please update your policy file to use the standard policy values.
Feb 15 05:00:36.403167 dv-cinder-828060-5-iscsi devstack@c-api.service[126697]: warnings.warn('Policy enforcement is depending on the value of '
Feb 15 05:00:36.410293 dv-cinder-828060-5-iscsi devstack@c-api.service[126697]: INFO cinder.volume.api [None req-0886ea76-2397-4557-876f-47143d75050f tempest-AttachVolumeNegativeTest-1347160268 tempest-AttachVolumeNegativeTest-1347160268-project] Volume info retrieved successfully.
Feb 15 05:00:36.418641 dv-cinder-828060-5-iscsi devstack@c-api.service[126697]: INFO cinder.api.openstack.wsgi [None req-0886ea76-2397-4557-876f-47143d75050f tempest-AttachVolumeNegativeTest-1347160268 tempest-AttachVolumeNegativeTest-1347160268-project] http://10.222.0.24/volume/v3/6b979768200b4a259ffce5d5379c9b6b/volumes/c6a0b23a-a41b-42d2-a26d-0acdbbb8b7f7 returned with HTTP 200
Feb 15 05:00:36.419936 dv-cinder-828060-5-iscsi devstack@c-api.service[126697]: [pid: 126697|app: 0|req: 220/480] 10.222.0.24 () {58 vars in 1324 bytes} [Tue Feb 15 05:00:36 2022] GET /volume/v3/6b979768200b4a259ffce5d5379c9b6b/volumes/c6a0b23a-a41b-42d2-a26d-0acdbbb8b7f7 => generated 916 bytes in 38 msecs (HTTP/1.1 200) 7 headers in 285 bytes (2 switches on core 0)
Feb 15 05:00:36.508869 dv-cinder-828060-5-iscsi devstack@c-api.service[126698]: INFO cinder.api.openstack.wsgi [None req-65c750bd-a352-42f4-b2eb-4207e21e1cb3 tempest-VolumesNegativeTest-1700324597 tempest-VolumesNegativeTest-1700324597-project] GET http://10.222.0.24/volume/v3/8a5159bab21f439387d77ae3ca4543d3/volumes/c2cdccbb-1557-4ff0-b835-20c8c3f68da4
Feb 15 05:00:36.509396 dv-cinder-828060-5-iscsi devstack@c-api.service[126698]: DEBUG cinder.api.openstack.wsgi [None req-65c750bd-a352-42f4-b2eb-4207e21e1cb3 tempest-VolumesNegativeTest-1700324597 tempest-VolumesNegativeTest-1700324597-project] Empty body provided in request {{(pid=126698) get_body /opt/stack/cinder/cinder/api/openstack/wsgi.py:715}}
Feb 15 05:00:36.509721 dv-cinder-828060-5-iscsi devstack@c-api.service[126698]: DEBUG cinder.api.openstack.wsgi [None req-65c750bd-a352-42f4-b2eb-4207e21e1cb3 tempest-VolumesNegativeTest-1700324597 tempest-VolumesNegativeTest-1700324597-project] Calling method 'show' {{(pid=126698) _process_stack /opt/stack/cinder/cinder/api/openstack/wsgi.py:868}}
Feb 15 05:00:36.522627 dv-cinder-828060-5-iscsi devstack@c-api.service[126698]: /usr/local/lib/python3.8/dist-packages/oslo_context/context.py:105: DeprecationWarning: Policy enforcement is depending on the value of is_admin. This key is deprecated. Please update your policy file to use the standard policy values.
Feb 15 05:00:36.522627 dv-cinder-828060-5-iscsi devstack@c-api.service[126698]: warnings.warn('Policy enforcement is depending on the value of '
Feb 15 05:00:36.529669 dv-cinder-828060-5-iscsi devstack@c-api.service[126698]: INFO cinder.volume.api [None req-65c750bd-a352-42f4-b2eb-4207e21e1cb3 tempest-VolumesNegativeTest-1700324597 tempest-VolumesNegativeTest-1700324597-project] Volume info retrieved successfully.
Feb 15 05:00:36.537847 dv-cinder-828060-5-iscsi devstack@c-api.service[126698]: INFO cinder.api.openstack.wsgi [None req-65c750bd-a352-42f4-b2eb-4207e21e1cb3 tempest-VolumesNegativeTest-1700324597 tempest-VolumesNegativeTest-1700324597-project] http://10.222.0.24/volume/v3/8a5159bab21f439387d77ae3ca4543d3/volumes/c2cdccbb-1557-4ff0-b835-20c8c3f68da4 returned with HTTP 200
Feb 15 05:00:36.538540 dv-cinder-828060-5-iscsi devstack@c-api.service[126698]: [pid: 126698|app: 0|req: 261/481] 10.222.0.24 () {58 vars in 1324 bytes} [Tue Feb 15 05:00:36 2022] GET /volume/v3/8a5159bab21f439387d77ae3ca4543d3/volumes/c2cdccbb-1557-4ff0-b835-20c8c3f68da4 => generated 912 bytes in 33 msecs (HTTP/1.1 200) 7 headers in 285 bytes (1 switches on core 0)
Feb 15 05:00:37.007103 dv-cinder-828060-5-iscsi devstack@c-api.service[126697]: INFO cinder.api.openstack.wsgi [None req-84749e0e-c738-4b5d-b131-6739bbea28f8 tempest-SnapshotsActionsTest-1304818440 tempest-SnapshotsActionsTest-1304818440-project] GET http://10.222.0.24/volume/v3/d1ae3fb51bea4e0baae0a17de7c876cd/snapshots/5af300d7-20f0-40af-b039-489179975402
Feb 15 05:00:37.007600 dv-cinder-828060-5-iscsi devstack@c-api.service[126697]: DEBUG cinder.api.openstack.wsgi [None req-84749e0e-c738-4b5d-b131-6739bbea28f8 tempest-SnapshotsActionsTest-1304818440 tempest-SnapshotsActionsTest-1304818440-project] Empty body provided in request {{(pid=126697) get_body /opt/stack/cinder/cinder/api/openstack/wsgi.py:715}}
Feb 15 05:00:37.008064 dv-cinder-828060-5-iscsi devstack@c-api.service[126697]: DEBUG cinder.api.openstack.wsgi [None req-84749e0e-c738-4b5d-b131-6739bbea28f8 tempest-SnapshotsActionsTest-1304818440 tempest-SnapshotsActionsTest-1304818440-project] Calling method 'show' {{(pid=126697) _process_stack /opt/stack/cinder/cinder/api/openstack/wsgi.py:868}}
Feb 15 05:00:37.015953 dv-cinder-828060-5-iscsi devstack@c-api.service[126697]: INFO cinder.api.openstack.wsgi [None req-84749e0e-c738-4b5d-b131-6739bbea28f8 tempest-SnapshotsActionsTest-1304818440 tempest-SnapshotsActionsTest-1304818440-project] http://10.222.0.24/volume/v3/d1ae3fb51bea4e0baae0a17de7c876cd/snapshots/5af300d7-20f0-40af-b039-489179975402 returned with HTTP 404
Feb 15 05:00:37.016826 dv-cinder-828060-5-iscsi devstack@c-api.service[126697]: [pid: 126697|app: 0|req: 221/482] 10.222.0.24 () {58 vars in 1330 bytes} [Tue Feb 15 05:00:37 2022] GET /volume/v3/d1ae3fb51bea4e0baae0a17de7c876cd/snapshots/5af300d7-20f0-40af-b039-489179975402 => generated 111 bytes in 14 msecs (HTTP/1.1 404) 7 headers in 292 bytes (1 switches on core 0)
Feb 15 05:00:37.024243 dv-cinder-828060-5-iscsi devstack@c-api.service[126698]: INFO cinder.api.openstack.wsgi [None req-01b8610a-7bfe-4296-b7ff-c5935f3e91c0 tempest-SnapshotsActionsTest-1331309265 tempest-SnapshotsActionsTest-1331309265-project-admin] POST http://10.222.0.24/volume/v3/2594007077984870a6cb307d35eb48f3/snapshots/f64926f4-130f-453e-bfa6-22c792a0066e/action
Feb 15 05:00:37.025073 dv-cinder-828060-5-iscsi devstack@c-api.service[126698]: DEBUG cinder.api.openstack.wsgi [None req-01b8610a-7bfe-4296-b7ff-c5935f3e91c0 tempest-SnapshotsActionsTest-1331309265 tempest-SnapshotsActionsTest-1331309265-project-admin] Action body: b'{"os-reset_status": {"status": "available"}}' {{(pid=126698) get_method /opt/stack/cinder/cinder/api/openstack/wsgi.py:983}}
Feb 15 05:00:37.025541 dv-cinder-828060-5-iscsi devstack@c-api.service[126698]: DEBUG cinder.api.openstack.wsgi [None req-01b8610a-7bfe-4296-b7ff-c5935f3e91c0 tempest-SnapshotsActionsTest-1331309265 tempest-SnapshotsActionsTest-1331309265-project-admin] Action: 'action', calling method: _reset_status, body: {"os-reset_status": {"status": "available"}} {{(pid=126698) _process_stack /opt/stack/cinder/cinder/api/openstack/wsgi.py:866}}
Feb 15 05:00:37.026321 dv-cinder-828060-5-iscsi devstack@c-api.service[126698]: DEBUG cinder.api.contrib.admin_actions [None req-01b8610a-7bfe-4296-b7ff-c5935f3e91c0 tempest-SnapshotsActionsTest-1331309265 tempest-SnapshotsActionsTest-1331309265-project-admin] Updating snapshot 'f64926f4-130f-453e-bfa6-22c792a0066e' with '{'status': 'available'}' {{(pid=126698) _reset_status /opt/stack/cinder/cinder/api/contrib/admin_actions.py:100}}
Feb 15 05:00:37.042286 dv-cinder-828060-5-iscsi devstack@c-api.service[126698]: /usr/local/lib/python3.8/dist-packages/oslo_context/context.py:105: DeprecationWarning: Policy enforcement is depending on the value of is_admin. This key is deprecated. Please update your policy file to use the standard policy values.
Feb 15 05:00:37.042286 dv-cinder-828060-5-iscsi devstack@c-api.service[126698]: warnings.warn('Policy enforcement is depending on the value of '
Feb 15 05:00:37.115059 dv-cinder-828060-5-iscsi devstack@c-api.service[126697]: INFO cinder.api.openstack.wsgi [None req-44142fbb-d668-4df0-b5f3-58ca69314846 tempest-VolumesActionsTest-1100232044 tempest-VolumesActionsTest-1100232044-project] GET http://10.222.0.24/volume/v3/8606bfdcbfda4edab40124cc36a1d8d6/volumes/e9b5baf1-9843-4131-a05f-19042bc8ebed
Feb 15 05:00:37.115503 dv-cinder-828060-5-iscsi devstack@c-api.service[126697]: DEBUG cinder.api.openstack.wsgi [None req-44142fbb-d668-4df0-b5f3-58ca69314846 tempest-VolumesActionsTest-1100232044 tempest-VolumesActionsTest-1100232044-project] Empty body provided in request {{(pid=126697) get_body /opt/stack/cinder/cinder/api/openstack/wsgi.py:715}}
Feb 15 05:00:37.115951 dv-cinder-828060-5-iscsi devstack@c-api.service[126697]: DEBUG cinder.api.openstack.wsgi [None req-44142fbb-d668-4df0-b5f3-58ca69314846 tempest-VolumesActionsTest-1100232044 tempest-VolumesActionsTest-1100232044-project] Calling method 'show' {{(pid=126697) _process_stack /opt/stack/cinder/cinder/api/openstack/wsgi.py:868}}
Feb 15 05:00:37.128417 dv-cinder-828060-5-iscsi devstack@c-api.service[126697]: INFO cinder.api.openstack.wsgi [None req-44142fbb-d668-4df0-b5f3-58ca69314846 tempest-VolumesActionsTest-1100232044 tempest-VolumesActionsTest-1100232044-project] http://10.222.0.24/volume/v3/8606bfdcbfda4edab40124cc36a1d8d6/volumes/e9b5baf1-9843-4131-a05f-19042bc8ebed returned with HTTP 404
Feb 15 05:00:37.129176 dv-cinder-828060-5-iscsi devstack@c-api.service[126697]: [pid: 126697|app: 0|req: 222/483] 10.222.0.24 () {58 vars in 1324 bytes} [Tue Feb 15 05:00:37 2022] GET /volume/v3/8606bfdcbfda4edab40124cc36a1d8d6/volumes/e9b5baf1-9843-4131-a05f-19042bc8ebed => generated 109 bytes in 17 msecs (HTTP/1.1 404) 7 headers in 292 bytes (2 switches on core 0)
Feb 15 05:00:37.138088 dv-cinder-828060-5-iscsi devstack@c-api.service[126697]: INFO cinder.api.openstack.wsgi [None req-e9233a5c-b0aa-4e1e-bdf3-ba71d9d77282 tempest-VolumesActionsTest-1100232044 tempest-VolumesActionsTest-1100232044-project] POST http://10.222.0.24/volume/v3/8606bfdcbfda4edab40124cc36a1d8d6/volumes
Feb 15 05:00:37.138688 dv-cinder-828060-5-iscsi devstack@c-api.service[126697]: DEBUG cinder.api.openstack.wsgi [None req-e9233a5c-b0aa-4e1e-bdf3-ba71d9d77282 tempest-VolumesActionsTest-1100232044 tempest-VolumesActionsTest-1100232044-project] Action: 'create', calling method: create, body: {"volume": {"size": 1, "name": "tempest-VolumesActionsTest-Volume-1617819873"}} {{(pid=126697) _process_stack /opt/stack/cinder/cinder/api/openstack/wsgi.py:866}}
Feb 15 05:00:37.139695 dv-cinder-828060-5-iscsi devstack@c-api.service[126697]: DEBUG cinder.api.v3.volumes [None req-e9233a5c-b0aa-4e1e-bdf3-ba71d9d77282 tempest-VolumesActionsTest-1100232044 tempest-VolumesActionsTest-1100232044-project] Create volume request body: {'volume': {'size': 1, 'name': 'tempest-VolumesActionsTest-Volume-1617819873'}} {{(pid=126697) create /opt/stack/cinder/cinder/api/v3/volumes.py:298}}
Feb 15 05:00:37.139998 dv-cinder-828060-5-iscsi devstack@c-api.service[126697]: INFO cinder.api.v3.volumes [None req-e9233a5c-b0aa-4e1e-bdf3-ba71d9d77282 tempest-VolumesActionsTest-1100232044 tempest-VolumesActionsTest-1100232044-project] Create volume of 1 GB
Feb 15 05:00:37.151121 dv-cinder-828060-5-iscsi devstack@c-api.service[126697]: INFO cinder.volume.api [None req-e9233a5c-b0aa-4e1e-bdf3-ba71d9d77282 tempest-VolumesActionsTest-1100232044 tempest-VolumesActionsTest-1100232044-project] Availability Zones retrieved successfully.
Feb 15 05:00:37.162357 dv-cinder-828060-5-iscsi devstack@c-api.service[126698]: INFO cinder.api.openstack.wsgi [None req-01b8610a-7bfe-4296-b7ff-c5935f3e91c0 tempest-SnapshotsActionsTest-1331309265 tempest-SnapshotsActionsTest-1331309265-project-admin] http://10.222.0.24/volume/v3/2594007077984870a6cb307d35eb48f3/snapshots/f64926f4-130f-453e-bfa6-22c792a0066e/action returned with HTTP 202
Feb 15 05:00:37.163545 dv-cinder-828060-5-iscsi devstack@c-api.service[126698]: [pid: 126698|app: 0|req: 262/484] 10.222.0.24 () {60 vars in 1372 bytes} [Tue Feb 15 05:00:37 2022] POST /volume/v3/2594007077984870a6cb307d35eb48f3/snapshots/f64926f4-130f-453e-bfa6-22c792a0066e/action => generated 0 bytes in 143 msecs (HTTP/1.1 202) 7 headers in 289 bytes (2 switches on core 0)
Feb 15 05:00:37.167152 dv-cinder-828060-5-iscsi devstack@c-api.service[126698]: INFO cinder.api.openstack.wsgi [None req-056f291e-91c9-4b9d-b6a6-4f756930b3f3 tempest-GroupSnapshotsTest-1817266207 tempest-GroupSnapshotsTest-1817266207-project] GET http://10.222.0.24/volume/v3/c2639932ca3b4e6b8693bf2740f8c267/volumes/8d6a613e-297e-4190-8076-c355c7e0db08
Feb 15 05:00:37.167869 dv-cinder-828060-5-iscsi devstack@c-api.service[126698]: DEBUG cinder.api.openstack.wsgi [None req-056f291e-91c9-4b9d-b6a6-4f756930b3f3 tempest-GroupSnapshotsTest-1817266207 tempest-GroupSnapshotsTest-1817266207-project] Empty body provided in request {{(pid=126698) get_body /opt/stack/cinder/cinder/api/openstack/wsgi.py:715}}
Feb 15 05:00:37.168389 dv-cinder-828060-5-iscsi devstack@c-api.service[126698]: DEBUG cinder.api.openstack.wsgi [None req-056f291e-91c9-4b9d-b6a6-4f756930b3f3 tempest-GroupSnapshotsTest-1817266207 tempest-GroupSnapshotsTest-1817266207-project] Calling method 'show' {{(pid=126698) _process_stack /opt/stack/cinder/cinder/api/openstack/wsgi.py:868}}
Feb 15 05:00:37.171831 dv-cinder-828060-5-iscsi devstack@c-api.service[126697]: DEBUG cinder.volume.api [None req-e9233a5c-b0aa-4e1e-bdf3-ba71d9d77282 tempest-VolumesActionsTest-1100232044 tempest-VolumesActionsTest-1100232044-project] Flow 'volume_create_api' (cf45317e-650e-4ec4-9b3e-2d38b8afee01) transitioned into state 'RUNNING' from state 'PENDING' {{(pid=126697) _flow_receiver /usr/local/lib/python3.8/dist-packages/taskflow/listeners/logging.py:141}}
Feb 15 05:00:37.174339 dv-cinder-828060-5-iscsi devstack@c-api.service[126697]: DEBUG cinder.volume.api [None req-e9233a5c-b0aa-4e1e-bdf3-ba71d9d77282 tempest-VolumesActionsTest-1100232044 tempest-VolumesActionsTest-1100232044-project] Task 'cinder.volume.flows.api.create_volume.ExtractVolumeRequestTask;volume:create' (c879f2b5-1bec-4be0-99f3-d10a965858b1) transitioned into state 'RUNNING' from state 'PENDING' {{(pid=126697) _task_receiver /usr/local/lib/python3.8/dist-packages/taskflow/listeners/logging.py:190}}
Feb 15 05:00:37.176914 dv-cinder-828060-5-iscsi devstack@c-api.service[126697]: DEBUG cinder.volume.flows.api.create_volume [None req-e9233a5c-b0aa-4e1e-bdf3-ba71d9d77282 tempest-VolumesActionsTest-1100232044 tempest-VolumesActionsTest-1100232044-project] Validating volume size '1' using validate_int {{(pid=126697) _extract_size /opt/stack/cinder/cinder/volume/flows/api/create_volume.py:225}}
Feb 15 05:00:37.186424 dv-cinder-828060-5-iscsi devstack@c-api.service[126698]: /usr/local/lib/python3.8/dist-packages/oslo_context/context.py:105: DeprecationWarning: Policy enforcement is depending on the value of is_admin. This key is deprecated. Please update your policy file to use the standard policy values.
Feb 15 05:00:37.186424 dv-cinder-828060-5-iscsi devstack@c-api.service[126698]: warnings.warn('Policy enforcement is depending on the value of '
Feb 15 05:00:37.198851 dv-cinder-828060-5-iscsi devstack@c-api.service[126698]: INFO cinder.volume.api [None req-056f291e-91c9-4b9d-b6a6-4f756930b3f3 tempest-GroupSnapshotsTest-1817266207 tempest-GroupSnapshotsTest-1817266207-project] Volume info retrieved successfully.
Feb 15 05:00:37.201262 dv-cinder-828060-5-iscsi devstack@c-api.service[126698]: WARNING stevedore.named [None req-056f291e-91c9-4b9d-b6a6-4f756930b3f3 tempest-GroupSnapshotsTest-1817266207 tempest-GroupSnapshotsTest-1817266207-project] Could not load cinder.keymgr.conf_key_mgr.ConfKeyManager
Feb 15 05:00:37.201940 dv-cinder-828060-5-iscsi devstack@c-api.service[126698]: WARNING castellan.key_manager [None req-056f291e-91c9-4b9d-b6a6-4f756930b3f3 tempest-GroupSnapshotsTest-1817266207 tempest-GroupSnapshotsTest-1817266207-project] Deprecation Warning : cinder.keymgr.conf_key_mgr.ConfKeyManager is not a stevedore based driver, trying to load it as a class: stevedore.exception.NoMatches: No 'castellan.drivers' driver found, looking for 'cinder.keymgr.conf_key_mgr.ConfKeyManager'
Feb 15 05:00:37.210191 dv-cinder-828060-5-iscsi devstack@c-api.service[126698]: DEBUG oslo_db.sqlalchemy.engines [None req-056f291e-91c9-4b9d-b6a6-4f756930b3f3 tempest-GroupSnapshotsTest-1817266207 tempest-GroupSnapshotsTest-1817266207-project] MySQL server mode set to STRICT_TRANS_TABLES,STRICT_ALL_TABLES,NO_ZERO_IN_DATE,NO_ZERO_DATE,ERROR_FOR_DIVISION_BY_ZERO,TRADITIONAL,NO_ENGINE_SUBSTITUTION {{(pid=126698) _check_effective_sql_mode /usr/local/lib/python3.8/dist-packages/oslo_db/sqlalchemy/engines.py:314}}
Feb 15 05:00:37.230859 dv-cinder-828060-5-iscsi devstack@c-api.service[126698]: /usr/local/lib/python3.8/dist-packages/oslo_context/context.py:105: DeprecationWarning: Policy enforcement is depending on the value of is_admin. This key is deprecated. Please update your policy file to use the standard policy values.
Feb 15 05:00:37.230859 dv-cinder-828060-5-iscsi devstack@c-api.service[126698]: warnings.warn('Policy enforcement is depending on the value of '
Feb 15 05:00:37.232584 dv-cinder-828060-5-iscsi devstack@c-api.service[126697]: DEBUG cinder.volume.api [None req-e9233a5c-b0aa-4e1e-bdf3-ba71d9d77282 tempest-VolumesActionsTest-1100232044 tempest-VolumesActionsTest-1100232044-project] Task 'cinder.volume.flows.api.create_volume.ExtractVolumeRequestTask;volume:create' (c879f2b5-1bec-4be0-99f3-d10a965858b1) transitioned into state 'SUCCESS' from state 'RUNNING' with result '{'size': 1, 'snapshot_id': None, 'source_volid': None, 'volume_type': VolumeType(created_at=2022-02-15T04:45:00Z,deleted=False,deleted_at=None,description='Default Volume Type',extra_specs={},id=777d43e2-20ba-4070-830b-94a9c94a55a2,is_public=True,name='__DEFAULT__',projects=[],qos_specs=,qos_specs_id=None,updated_at=2022-02-15T04:45:00Z), 'volume_type_id': '777d43e2-20ba-4070-830b-94a9c94a55a2', 'encryption_key_id': None, 'qos_specs': None, 'consistencygroup_id': None, 'cgsnapshot_id': None, 'group_id': None, 'replication_status': 'disabled', 'refresh_az': False, 'backup_id': None, 'multiattach': False, 'availability_zones': ['nova']}' {{(pid=126697) _task_receiver /usr/local/lib/python3.8/dist-packages/taskflow/listeners/logging.py:178}}
Feb 15 05:00:37.232686 dv-cinder-828060-5-iscsi devstack@c-api.service[126698]: INFO cinder.api.openstack.wsgi [None req-056f291e-91c9-4b9d-b6a6-4f756930b3f3 tempest-GroupSnapshotsTest-1817266207 tempest-GroupSnapshotsTest-1817266207-project] http://10.222.0.24/volume/v3/c2639932ca3b4e6b8693bf2740f8c267/volumes/8d6a613e-297e-4190-8076-c355c7e0db08 returned with HTTP 200
Feb 15 05:00:37.233989 dv-cinder-828060-5-iscsi devstack@c-api.service[126698]: [pid: 126698|app: 0|req: 263/485] 10.222.0.24 () {60 vars in 1365 bytes} [Tue Feb 15 05:00:37 2022] GET /volume/v3/c2639932ca3b4e6b8693bf2740f8c267/volumes/8d6a613e-297e-4190-8076-c355c7e0db08 => generated 998 bytes in 70 msecs (HTTP/1.1 200) 7 headers in 286 bytes (1 switches on core 0)
Feb 15 05:00:37.235680 dv-cinder-828060-5-iscsi devstack@c-api.service[126697]: DEBUG cinder.volume.api [None req-e9233a5c-b0aa-4e1e-bdf3-ba71d9d77282 tempest-VolumesActionsTest-1100232044 tempest-VolumesActionsTest-1100232044-project] Task 'cinder.volume.flows.api.create_volume.QuotaReserveTask;volume:create' (8b61660c-a72e-44ea-9757-291c6585d5ff) transitioned into state 'RUNNING' from state 'PENDING' {{(pid=126697) _task_receiver /usr/local/lib/python3.8/dist-packages/taskflow/listeners/logging.py:190}}
Feb 15 05:00:37.238460 dv-cinder-828060-5-iscsi devstack@c-api.service[126698]: INFO cinder.api.openstack.wsgi [None req-af18a1ec-66e0-4f34-bebc-4ba884dac717 tempest-SnapshotsActionsTest-1304818440 tempest-SnapshotsActionsTest-1304818440-project] GET http://10.222.0.24/volume/v3/d1ae3fb51bea4e0baae0a17de7c876cd/snapshots/f64926f4-130f-453e-bfa6-22c792a0066e
Feb 15 05:00:37.238950 dv-cinder-828060-5-iscsi devstack@c-api.service[126698]: DEBUG cinder.api.openstack.wsgi [None req-af18a1ec-66e0-4f34-bebc-4ba884dac717 tempest-SnapshotsActionsTest-1304818440 tempest-SnapshotsActionsTest-1304818440-project] Empty body provided in request {{(pid=126698) get_body /opt/stack/cinder/cinder/api/openstack/wsgi.py:715}}
Feb 15 05:00:37.239339 dv-cinder-828060-5-iscsi devstack@c-api.service[126698]: DEBUG cinder.api.openstack.wsgi [None req-af18a1ec-66e0-4f34-bebc-4ba884dac717 tempest-SnapshotsActionsTest-1304818440 tempest-SnapshotsActionsTest-1304818440-project] Calling method 'show' {{(pid=126698) _process_stack /opt/stack/cinder/cinder/api/openstack/wsgi.py:868}}
Feb 15 05:00:37.256354 dv-cinder-828060-5-iscsi devstack@c-api.service[126698]: /usr/local/lib/python3.8/dist-packages/oslo_context/context.py:105: DeprecationWarning: Policy enforcement is depending on the value of is_admin. This key is deprecated. Please update your policy file to use the standard policy values.
Feb 15 05:00:37.256354 dv-cinder-828060-5-iscsi devstack@c-api.service[126698]: warnings.warn('Policy enforcement is depending on the value of '
Feb 15 05:00:37.256354 dv-cinder-828060-5-iscsi devstack@c-api.service[126698]: INFO cinder.volume.api [None req-af18a1ec-66e0-4f34-bebc-4ba884dac717 tempest-SnapshotsActionsTest-1304818440 tempest-SnapshotsActionsTest-1304818440-project] Snapshot retrieved successfully.
Feb 15 05:00:37.256354 dv-cinder-828060-5-iscsi devstack@c-api.service[126698]: INFO cinder.api.openstack.wsgi [None req-af18a1ec-66e0-4f34-bebc-4ba884dac717 tempest-SnapshotsActionsTest-1304818440 tempest-SnapshotsActionsTest-1304818440-project] http://10.222.0.24/volume/v3/d1ae3fb51bea4e0baae0a17de7c876cd/snapshots/f64926f4-130f-453e-bfa6-22c792a0066e returned with HTTP 200
Feb 15 05:00:37.256354 dv-cinder-828060-5-iscsi devstack@c-api.service[126698]: [pid: 126698|app: 0|req: 264/486] 10.222.0.24 () {58 vars in 1330 bytes} [Tue Feb 15 05:00:37 2022] GET /volume/v3/d1ae3fb51bea4e0baae0a17de7c876cd/snapshots/f64926f4-130f-453e-bfa6-22c792a0066e => generated 464 bytes in 18 msecs (HTTP/1.1 200) 7 headers in 285 bytes (1 switches on core 0)
Feb 15 05:00:37.267228 dv-cinder-828060-5-iscsi devstack@c-api.service[126698]: INFO cinder.api.openstack.wsgi [None req-ebe9faa2-d682-4fc2-ac06-fe79dcbd26c1 tempest-SnapshotsActionsTest-1304818440 tempest-SnapshotsActionsTest-1304818440-project] POST http://10.222.0.24/volume/v3/d1ae3fb51bea4e0baae0a17de7c876cd/snapshots
Feb 15 05:00:37.267745 dv-cinder-828060-5-iscsi devstack@c-api.service[126698]: DEBUG cinder.api.openstack.wsgi [None req-ebe9faa2-d682-4fc2-ac06-fe79dcbd26c1 tempest-SnapshotsActionsTest-1304818440 tempest-SnapshotsActionsTest-1304818440-project] Action: 'create', calling method: create, body: {"snapshot": {"volume_id": "ff049f0d-c327-42dc-ae7f-1841a8e9ee4c", "name": "tempest-SnapshotsActionsTest-Snapshot-1656786933"}} {{(pid=126698) _process_stack /opt/stack/cinder/cinder/api/openstack/wsgi.py:866}}
Feb 15 05:00:37.287599 dv-cinder-828060-5-iscsi devstack@c-api.service[126698]: /usr/local/lib/python3.8/dist-packages/oslo_context/context.py:105: DeprecationWarning: Policy enforcement is depending on the value of is_admin. This key is deprecated. Please update your policy file to use the standard policy values.
Feb 15 05:00:37.287599 dv-cinder-828060-5-iscsi devstack@c-api.service[126698]: warnings.warn('Policy enforcement is depending on the value of '
Feb 15 05:00:37.287599 dv-cinder-828060-5-iscsi devstack@c-api.service[126698]: INFO cinder.volume.api [None req-ebe9faa2-d682-4fc2-ac06-fe79dcbd26c1 tempest-SnapshotsActionsTest-1304818440 tempest-SnapshotsActionsTest-1304818440-project] Volume info retrieved successfully.
Feb 15 05:00:37.287599 dv-cinder-828060-5-iscsi devstack@c-api.service[126698]: INFO cinder.api.v3.snapshots [None req-ebe9faa2-d682-4fc2-ac06-fe79dcbd26c1 tempest-SnapshotsActionsTest-1304818440 tempest-SnapshotsActionsTest-1304818440-project] Create snapshot from volume ff049f0d-c327-42dc-ae7f-1841a8e9ee4c
Feb 15 05:00:37.312978 dv-cinder-828060-5-iscsi devstack@c-api.service[126698]: WARNING cinder.quota [None req-ebe9faa2-d682-4fc2-ac06-fe79dcbd26c1 tempest-SnapshotsActionsTest-1304818440 tempest-SnapshotsActionsTest-1304818440-project] Deprecated: Default quota for resource: snapshots___DEFAULT__ is set by the default quota flag: quota_snapshots___DEFAULT__, it is now deprecated. Please use the default quota class for default quota.
Feb 15 05:00:37.385780 dv-cinder-828060-5-iscsi devstack@c-api.service[126697]: DEBUG cinder.quota [None req-e9233a5c-b0aa-4e1e-bdf3-ba71d9d77282 tempest-VolumesActionsTest-1100232044 tempest-VolumesActionsTest-1100232044-project] Created reservations ['0fad86e4-f2f6-4ed4-b925-329e489711be', '8a28c996-6902-482a-98a9-86940a0255e9', 'fc0852d8-d009-45b2-b1dd-ae123b5bc03a', 'e8066500-af06-4103-ad30-1902a46fa6ce'] {{(pid=126697) reserve /opt/stack/cinder/cinder/quota.py:755}}
Feb 15 05:00:37.387451 dv-cinder-828060-5-iscsi devstack@c-api.service[126697]: DEBUG cinder.volume.api [None req-e9233a5c-b0aa-4e1e-bdf3-ba71d9d77282 tempest-VolumesActionsTest-1100232044 tempest-VolumesActionsTest-1100232044-project] Task 'cinder.volume.flows.api.create_volume.QuotaReserveTask;volume:create' (8b61660c-a72e-44ea-9757-291c6585d5ff) transitioned into state 'SUCCESS' from state 'RUNNING' with result '{'reservations': ['0fad86e4-f2f6-4ed4-b925-329e489711be', '8a28c996-6902-482a-98a9-86940a0255e9', 'fc0852d8-d009-45b2-b1dd-ae123b5bc03a', 'e8066500-af06-4103-ad30-1902a46fa6ce']}' {{(pid=126697) _task_receiver /usr/local/lib/python3.8/dist-packages/taskflow/listeners/logging.py:178}}
Feb 15 05:00:37.389440 dv-cinder-828060-5-iscsi devstack@c-api.service[126697]: DEBUG cinder.volume.api [None req-e9233a5c-b0aa-4e1e-bdf3-ba71d9d77282 tempest-VolumesActionsTest-1100232044 tempest-VolumesActionsTest-1100232044-project] Task 'cinder.volume.flows.api.create_volume.EntryCreateTask;volume:create' (771fcbf7-d17a-4c9f-a72d-1483fb2497b6) transitioned into state 'RUNNING' from state 'PENDING' {{(pid=126697) _task_receiver /usr/local/lib/python3.8/dist-packages/taskflow/listeners/logging.py:190}}
Feb 15 05:00:37.410842 dv-cinder-828060-5-iscsi devstack@c-api.service[126698]: DEBUG cinder.quota [None req-ebe9faa2-d682-4fc2-ac06-fe79dcbd26c1 tempest-SnapshotsActionsTest-1304818440 tempest-SnapshotsActionsTest-1304818440-project] Created reservations ['057cb935-140a-4876-a1e5-5abad9fd6d4b', '52ee985b-56ce-48e5-ab4c-c31c2c184c37', '36ea7299-071d-462a-8079-e7cde94275b9', '6f7c03b1-e5a1-4ddd-850f-832186daac5e'] {{(pid=126698) reserve /opt/stack/cinder/cinder/quota.py:755}}
Feb 15 05:00:37.502965 dv-cinder-828060-5-iscsi devstack@c-api.service[126697]: DEBUG cinder.volume.api [None req-e9233a5c-b0aa-4e1e-bdf3-ba71d9d77282 tempest-VolumesActionsTest-1100232044 tempest-VolumesActionsTest-1100232044-project] Task 'cinder.volume.flows.api.create_volume.EntryCreateTask;volume:create' (771fcbf7-d17a-4c9f-a72d-1483fb2497b6) transitioned into state 'SUCCESS' from state 'RUNNING' with result '{'volume_id': 'c064f391-03ea-451e-8404-748e274a1441', 'volume_properties': VolumeProperties(attach_status='detached',availability_zone='nova',cgsnapshot_id=None,consistencygroup_id=None,display_description=None,display_name='tempest-VolumesActionsTest-Volume-1617819873',encryption_key_id=None,group_id=None,group_type_id=,metadata={},multiattach=False,project_id='8606bfdcbfda4edab40124cc36a1d8d6',qos_specs=None,replication_status=,reservations=['0fad86e4-f2f6-4ed4-b925-329e489711be','8a28c996-6902-482a-98a9-86940a0255e9','fc0852d8-d009-45b2-b1dd-ae123b5bc03a','e8066500-af06-4103-ad30-1902a46fa6ce'],size=1,snapshot_id=None,source_replicaid=,source_volid=None,status='creating',user_id='76a7818f9bc0492aa7b4c460fb907b46',volume_type_id=777d43e2-20ba-4070-830b-94a9c94a55a2), 'volume': Volume(_name_id=None,admin_metadata=,attach_status='detached',availability_zone='nova',bootable=False,cluster=,cluster_name=None,consistencygroup=,consistencygroup_id=None,created_at=2022-02-15T05:00:37Z,deleted=False,deleted_at=None,display_description=None,display_name='tempest-VolumesActionsTest-Volume-1617819873',ec2_id=None,encryption_key_id=None,glance_metadata=,group=,group_id=None,host=None,id=c064f391-03ea-451e-8404-748e274a1441,launched_at=None,metadata={},migration_status=None,multiattach=False,previous_status=None,project_id='8606bfdcbfda4edab40124cc36a1d8d6',provider_auth=None,provider_geometry=None,provider_id=None,provider_location=None,replication_driver_data=None,replication_extended_status=None,replication_status=None,scheduled_at=None,service_uuid=None,shared_targets=True,size=1,snapshot_id=None,snapshots=,source_volid=None,status='creating',terminated_at=None,updated_at=None,use_quota=True,user_id='76a7818f9bc0492aa7b4c460fb907b46',volume_attachment=VolumeAttachmentList,volume_type=VolumeType(777d43e2-20ba-4070-830b-94a9c94a55a2),volume_type_id=777d43e2-20ba-4070-830b-94a9c94a55a2)}' {{(pid=126697) _task_receiver /usr/local/lib/python3.8/dist-packages/taskflow/listeners/logging.py:178}}
Feb 15 05:00:37.504794 dv-cinder-828060-5-iscsi devstack@c-api.service[126697]: DEBUG cinder.volume.api [None req-e9233a5c-b0aa-4e1e-bdf3-ba71d9d77282 tempest-VolumesActionsTest-1100232044 tempest-VolumesActionsTest-1100232044-project] Task 'cinder.volume.flows.api.create_volume.QuotaCommitTask;volume:create' (3bdb3854-f547-4868-9b4b-1abc4ea4e111) transitioned into state 'RUNNING' from state 'PENDING' {{(pid=126697) _task_receiver /usr/local/lib/python3.8/dist-packages/taskflow/listeners/logging.py:190}}
Feb 15 05:00:37.622217 dv-cinder-828060-5-iscsi devstack@c-api.service[126697]: DEBUG cinder.volume.api [None req-e9233a5c-b0aa-4e1e-bdf3-ba71d9d77282 tempest-VolumesActionsTest-1100232044 tempest-VolumesActionsTest-1100232044-project] Task 'cinder.volume.flows.api.create_volume.QuotaCommitTask;volume:create' (3bdb3854-f547-4868-9b4b-1abc4ea4e111) transitioned into state 'SUCCESS' from state 'RUNNING' with result '{'volume_properties': VolumeProperties(attach_status='detached',availability_zone='nova',cgsnapshot_id=None,consistencygroup_id=None,display_description=None,display_name='tempest-VolumesActionsTest-Volume-1617819873',encryption_key_id=None,group_id=None,group_type_id=,metadata={},multiattach=False,project_id='8606bfdcbfda4edab40124cc36a1d8d6',qos_specs=None,replication_status=,reservations=['0fad86e4-f2f6-4ed4-b925-329e489711be','8a28c996-6902-482a-98a9-86940a0255e9','fc0852d8-d009-45b2-b1dd-ae123b5bc03a','e8066500-af06-4103-ad30-1902a46fa6ce'],size=1,snapshot_id=None,source_replicaid=,source_volid=None,status='creating',user_id='76a7818f9bc0492aa7b4c460fb907b46',volume_type_id=777d43e2-20ba-4070-830b-94a9c94a55a2)}' {{(pid=126697) _task_receiver /usr/local/lib/python3.8/dist-packages/taskflow/listeners/logging.py:178}}
Feb 15 05:00:37.624470 dv-cinder-828060-5-iscsi devstack@c-api.service[126697]: DEBUG cinder.volume.api [None req-e9233a5c-b0aa-4e1e-bdf3-ba71d9d77282 tempest-VolumesActionsTest-1100232044 tempest-VolumesActionsTest-1100232044-project] Task 'cinder.volume.flows.api.create_volume.VolumeCastTask;volume:create' (c4526225-1540-40a3-b270-e932079b8ec8) transitioned into state 'RUNNING' from state 'PENDING' {{(pid=126697) _task_receiver /usr/local/lib/python3.8/dist-packages/taskflow/listeners/logging.py:190}}
Feb 15 05:00:37.627324 dv-cinder-828060-5-iscsi devstack@c-api.service[126698]: DEBUG oslo_db.api [None req-ebe9faa2-d682-4fc2-ac06-fe79dcbd26c1 tempest-SnapshotsActionsTest-1304818440 tempest-SnapshotsActionsTest-1304818440-project] DB error: (pymysql.err.OperationalError) (1213, 'Deadlock found when trying to get lock; try restarting transaction')
Feb 15 05:00:37.627324 dv-cinder-828060-5-iscsi devstack@c-api.service[126698]: [SQL: SELECT reservations.created_at AS reservations_created_at, reservations.updated_at AS reservations_updated_at, reservations.deleted_at AS reservations_deleted_at, reservations.deleted AS reservations_deleted, reservations.id AS reservations_id, reservations.uuid AS reservations_uuid, reservations.usage_id AS reservations_usage_id, reservations.allocated_id AS reservations_allocated_id, reservations.project_id AS reservations_project_id, reservations.resource AS reservations_resource, reservations.delta AS reservations_delta, reservations.expire AS reservations_expire
Feb 15 05:00:37.627324 dv-cinder-828060-5-iscsi devstack@c-api.service[126698]: FROM reservations
Feb 15 05:00:37.627324 dv-cinder-828060-5-iscsi devstack@c-api.service[126698]: WHERE reservations.deleted = false AND reservations.uuid IN (%(uuid_1_1)s, %(uuid_1_2)s, %(uuid_1_3)s, %(uuid_1_4)s) FOR UPDATE]
Feb 15 05:00:37.627324 dv-cinder-828060-5-iscsi devstack@c-api.service[126698]: [parameters: {'uuid_1_1': '057cb935-140a-4876-a1e5-5abad9fd6d4b', 'uuid_1_2': '52ee985b-56ce-48e5-ab4c-c31c2c184c37', 'uuid_1_3': '36ea7299-071d-462a-8079-e7cde94275b9', 'uuid_1_4': '6f7c03b1-e5a1-4ddd-850f-832186daac5e'}]
Feb 15 05:00:37.627324 dv-cinder-828060-5-iscsi devstack@c-api.service[126698]: (Background on this error at: https://sqlalche.me/e/14/e3q8) {{(pid=126698) _is_exception_expected /usr/local/lib/python3.8/dist-packages/oslo_db/api.py:184}}
Feb 15 05:00:37.628150 dv-cinder-828060-5-iscsi devstack@c-api.service[126698]: DEBUG oslo_db.api [None req-ebe9faa2-d682-4fc2-ac06-fe79dcbd26c1 tempest-SnapshotsActionsTest-1304818440 tempest-SnapshotsActionsTest-1304818440-project] Performing DB retry for function cinder.db.sqlalchemy.api.reservation_commit {{(pid=126698) wrapper /usr/local/lib/python3.8/dist-packages/oslo_db/api.py:155}}
Feb 15 05:00:37.721245 dv-cinder-828060-5-iscsi devstack@c-api.service[126697]: DEBUG cinder.volume.api [None req-e9233a5c-b0aa-4e1e-bdf3-ba71d9d77282 tempest-VolumesActionsTest-1100232044 tempest-VolumesActionsTest-1100232044-project] Task 'cinder.volume.flows.api.create_volume.VolumeCastTask;volume:create' (c4526225-1540-40a3-b270-e932079b8ec8) transitioned into state 'SUCCESS' from state 'RUNNING' with result 'None' {{(pid=126697) _task_receiver /usr/local/lib/python3.8/dist-packages/taskflow/listeners/logging.py:178}}
Feb 15 05:00:37.723732 dv-cinder-828060-5-iscsi devstack@c-api.service[126697]: DEBUG cinder.volume.api [None req-e9233a5c-b0aa-4e1e-bdf3-ba71d9d77282 tempest-VolumesActionsTest-1100232044 tempest-VolumesActionsTest-1100232044-project] Flow 'volume_create_api' (cf45317e-650e-4ec4-9b3e-2d38b8afee01) transitioned into state 'SUCCESS' from state 'RUNNING' {{(pid=126697) _flow_receiver /usr/local/lib/python3.8/dist-packages/taskflow/listeners/logging.py:141}}
Feb 15 05:00:37.724431 dv-cinder-828060-5-iscsi devstack@c-api.service[126697]: INFO cinder.volume.api [None req-e9233a5c-b0aa-4e1e-bdf3-ba71d9d77282 tempest-VolumesActionsTest-1100232044 tempest-VolumesActionsTest-1100232044-project] Create volume request issued successfully.
Feb 15 05:00:37.725619 dv-cinder-828060-5-iscsi devstack@c-api.service[126697]: INFO cinder.api.openstack.wsgi [None req-e9233a5c-b0aa-4e1e-bdf3-ba71d9d77282 tempest-VolumesActionsTest-1100232044 tempest-VolumesActionsTest-1100232044-project] http://10.222.0.24/volume/v3/8606bfdcbfda4edab40124cc36a1d8d6/volumes returned with HTTP 202
Feb 15 05:00:37.727510 dv-cinder-828060-5-iscsi devstack@c-api.service[126697]: [pid: 126697|app: 0|req: 223/487] 10.222.0.24 () {60 vars in 1234 bytes} [Tue Feb 15 05:00:37 2022] POST /volume/v3/8606bfdcbfda4edab40124cc36a1d8d6/volumes => generated 818 bytes in 592 msecs (HTTP/1.1 202) 7 headers in 291 bytes (1 switches on core 0)
Feb 15 05:00:37.730730 dv-cinder-828060-5-iscsi devstack@c-api.service[126697]: INFO cinder.api.openstack.wsgi [None req-cabf35ef-4a83-4a65-b3ec-2f73ae7ebb64 tempest-DeleteServersTestJSON-1894518664 tempest-DeleteServersTestJSON-1894518664-project] GET http://10.222.0.24/volume/v3/8a7270034ec14285a0f682551e934d1d/volumes/1810b200-f30d-4a63-b486-42e37e94d1ef
Feb 15 05:00:37.731315 dv-cinder-828060-5-iscsi devstack@c-api.service[126697]: DEBUG cinder.api.openstack.wsgi [None req-cabf35ef-4a83-4a65-b3ec-2f73ae7ebb64 tempest-DeleteServersTestJSON-1894518664 tempest-DeleteServersTestJSON-1894518664-project] Empty body provided in request {{(pid=126697) get_body /opt/stack/cinder/cinder/api/openstack/wsgi.py:715}}
Feb 15 05:00:37.732457 dv-cinder-828060-5-iscsi devstack@c-api.service[126697]: DEBUG cinder.api.openstack.wsgi [None req-cabf35ef-4a83-4a65-b3ec-2f73ae7ebb64 tempest-DeleteServersTestJSON-1894518664 tempest-DeleteServersTestJSON-1894518664-project] Calling method 'show' {{(pid=126697) _process_stack /opt/stack/cinder/cinder/api/openstack/wsgi.py:868}}
Feb 15 05:00:37.750433 dv-cinder-828060-5-iscsi devstack@c-api.service[126697]: /usr/local/lib/python3.8/dist-packages/oslo_context/context.py:105: DeprecationWarning: Policy enforcement is depending on the value of is_admin. This key is deprecated. Please update your policy file to use the standard policy values.
