Feb 08 16:33:05.796196 dv-cinder-827860-2-iscsi devstack@n-api.service[108450]: DEBUG nova.api.openstack.wsgi_app [-] oslo_messaging_rabbit.ssl_key_file = {{(pid=108450) log_opt_values /usr/local/lib/python3.8/dist-packages/oslo_config/cfg.py:2609}}
Feb 08 16:33:05.796535 dv-cinder-827860-2-iscsi devstack@n-api.service[108450]: DEBUG nova.api.openstack.wsgi_app [-] oslo_messaging_rabbit.ssl_version = {{(pid=108450) log_opt_values /usr/local/lib/python3.8/dist-packages/oslo_config/cfg.py:2609}}
Feb 08 16:33:05.796888 dv-cinder-827860-2-iscsi devstack@n-api.service[108450]: DEBUG nova.api.openstack.wsgi_app [-] oslo_messaging_notifications.driver = ['messagingv2'] {{(pid=108450) log_opt_values /usr/local/lib/python3.8/dist-packages/oslo_config/cfg.py:2609}}
Feb 08 16:33:05.797211 dv-cinder-827860-2-iscsi devstack@n-api.service[108450]: DEBUG nova.api.openstack.wsgi_app [-] oslo_messaging_notifications.retry = -1 {{(pid=108450) log_opt_values /usr/local/lib/python3.8/dist-packages/oslo_config/cfg.py:2609}}
Feb 08 16:33:05.797872 dv-cinder-827860-2-iscsi devstack@n-api.service[108450]: DEBUG nova.api.openstack.wsgi_app [-] oslo_messaging_notifications.topics = ['notifications'] {{(pid=108450) log_opt_values /usr/local/lib/python3.8/dist-packages/oslo_config/cfg.py:2609}}
Feb 08 16:33:05.798225 dv-cinder-827860-2-iscsi devstack@n-api.service[108450]: DEBUG nova.api.openstack.wsgi_app [-] oslo_messaging_notifications.transport_url = **** {{(pid=108450) log_opt_values /usr/local/lib/python3.8/dist-packages/oslo_config/cfg.py:2609}}
Feb 08 16:33:05.798596 dv-cinder-827860-2-iscsi devstack@n-api.service[108450]: DEBUG nova.api.openstack.wsgi_app [-] oslo_reports.file_event_handler = None {{(pid=108450) log_opt_values /usr/local/lib/python3.8/dist-packages/oslo_config/cfg.py:2609}}
Feb 08 16:33:05.798998 dv-cinder-827860-2-iscsi devstack@n-api.service[108450]: DEBUG nova.api.openstack.wsgi_app [-] oslo_reports.file_event_handler_interval = 1 {{(pid=108450) log_opt_values /usr/local/lib/python3.8/dist-packages/oslo_config/cfg.py:2609}}
Feb 08 16:33:05.799318 dv-cinder-827860-2-iscsi devstack@n-api.service[108450]: DEBUG nova.api.openstack.wsgi_app [-] oslo_reports.log_dir = None {{(pid=108450) log_opt_values /usr/local/lib/python3.8/dist-packages/oslo_config/cfg.py:2609}}
Feb 08 16:33:05.799572 dv-cinder-827860-2-iscsi devstack@n-api.service[108450]: DEBUG nova.api.openstack.wsgi_app [-] ******************************************************************************** {{(pid=108450) log_opt_values /usr/local/lib/python3.8/dist-packages/oslo_config/cfg.py:2613}}
Feb 08 16:33:05.816947 dv-cinder-827860-2-iscsi devstack@n-api.service[108449]: DEBUG oslo_db.sqlalchemy.engines [None req-bbc5f526-1db2-4614-b090-19dbdd0e652c None None] MySQL server mode set to STRICT_TRANS_TABLES,STRICT_ALL_TABLES,NO_ZERO_IN_DATE,NO_ZERO_DATE,ERROR_FOR_DIVISION_BY_ZERO,TRADITIONAL,NO_ENGINE_SUBSTITUTION {{(pid=108449) _check_effective_sql_mode /usr/local/lib/python3.8/dist-packages/oslo_db/sqlalchemy/engines.py:314}}
Feb 08 16:33:05.822360 dv-cinder-827860-2-iscsi devstack@n-api.service[108450]: DEBUG oslo_db.sqlalchemy.engines [None req-6e6d9d1a-a559-4dc7-a65d-060377b84e92 None None] MySQL server mode set to STRICT_TRANS_TABLES,STRICT_ALL_TABLES,NO_ZERO_IN_DATE,NO_ZERO_DATE,ERROR_FOR_DIVISION_BY_ZERO,TRADITIONAL,NO_ENGINE_SUBSTITUTION {{(pid=108450) _check_effective_sql_mode /usr/local/lib/python3.8/dist-packages/oslo_db/sqlalchemy/engines.py:314}}
Feb 08 16:33:05.879813 dv-cinder-827860-2-iscsi devstack@n-api.service[108449]: DEBUG nova.context [None req-bbc5f526-1db2-4614-b090-19dbdd0e652c None None] Found 2 cells: 00000000-0000-0000-0000-000000000000(cell0),d3f377b9-f250-471d-9570-5d0606368cf5(cell1) {{(pid=108449) load_cells /opt/stack/nova/nova/context.py:464}}
Feb 08 16:33:05.884174 dv-cinder-827860-2-iscsi devstack@n-api.service[108449]: DEBUG oslo_concurrency.lockutils [None req-bbc5f526-1db2-4614-b090-19dbdd0e652c None None] Lock "00000000-0000-0000-0000-000000000000" acquired by "nova.context.set_target_cell..get_or_set_cached_cell_and_set_connections" :: waited 0.000s {{(pid=108449) inner /usr/local/lib/python3.8/dist-packages/oslo_concurrency/lockutils.py:386}}
Feb 08 16:33:05.885729 dv-cinder-827860-2-iscsi devstack@n-api.service[108450]: DEBUG nova.context [None req-6e6d9d1a-a559-4dc7-a65d-060377b84e92 None None] Found 2 cells: 00000000-0000-0000-0000-000000000000(cell0),d3f377b9-f250-471d-9570-5d0606368cf5(cell1) {{(pid=108450) load_cells /opt/stack/nova/nova/context.py:464}}
Feb 08 16:33:05.885848 dv-cinder-827860-2-iscsi devstack@n-api.service[108449]: DEBUG oslo_concurrency.lockutils [None req-bbc5f526-1db2-4614-b090-19dbdd0e652c None None] Lock "00000000-0000-0000-0000-000000000000" "released" by "nova.context.set_target_cell..get_or_set_cached_cell_and_set_connections" :: held 0.002s {{(pid=108449) inner /usr/local/lib/python3.8/dist-packages/oslo_concurrency/lockutils.py:400}}
Feb 08 16:33:05.886557 dv-cinder-827860-2-iscsi devstack@n-api.service[108449]: DEBUG oslo_concurrency.lockutils [None req-bbc5f526-1db2-4614-b090-19dbdd0e652c None None] Lock "d3f377b9-f250-471d-9570-5d0606368cf5" acquired by "nova.context.set_target_cell..get_or_set_cached_cell_and_set_connections" :: waited 0.000s {{(pid=108449) inner /usr/local/lib/python3.8/dist-packages/oslo_concurrency/lockutils.py:386}}
Feb 08 16:33:05.888521 dv-cinder-827860-2-iscsi devstack@n-api.service[108449]: DEBUG oslo_concurrency.lockutils [None req-bbc5f526-1db2-4614-b090-19dbdd0e652c None None] Lock "d3f377b9-f250-471d-9570-5d0606368cf5" "released" by "nova.context.set_target_cell..get_or_set_cached_cell_and_set_connections" :: held 0.002s {{(pid=108449) inner /usr/local/lib/python3.8/dist-packages/oslo_concurrency/lockutils.py:400}}
Feb 08 16:33:05.890208 dv-cinder-827860-2-iscsi devstack@n-api.service[108450]: DEBUG oslo_concurrency.lockutils [None req-6e6d9d1a-a559-4dc7-a65d-060377b84e92 None None] Lock "00000000-0000-0000-0000-000000000000" acquired by "nova.context.set_target_cell..get_or_set_cached_cell_and_set_connections" :: waited 0.000s {{(pid=108450) inner /usr/local/lib/python3.8/dist-packages/oslo_concurrency/lockutils.py:386}}
Feb 08 16:33:05.891815 dv-cinder-827860-2-iscsi devstack@n-api.service[108450]: DEBUG oslo_concurrency.lockutils [None req-6e6d9d1a-a559-4dc7-a65d-060377b84e92 None None] Lock "00000000-0000-0000-0000-000000000000" "released" by "nova.context.set_target_cell..get_or_set_cached_cell_and_set_connections" :: held 0.002s {{(pid=108450) inner /usr/local/lib/python3.8/dist-packages/oslo_concurrency/lockutils.py:400}}
Feb 08 16:33:05.892648 dv-cinder-827860-2-iscsi devstack@n-api.service[108450]: DEBUG oslo_concurrency.lockutils [None req-6e6d9d1a-a559-4dc7-a65d-060377b84e92 None None] Lock "d3f377b9-f250-471d-9570-5d0606368cf5" acquired by "nova.context.set_target_cell..get_or_set_cached_cell_and_set_connections" :: waited 0.000s {{(pid=108450) inner /usr/local/lib/python3.8/dist-packages/oslo_concurrency/lockutils.py:386}}
Feb 08 16:33:05.894674 dv-cinder-827860-2-iscsi devstack@n-api.service[108450]: DEBUG oslo_concurrency.lockutils [None req-6e6d9d1a-a559-4dc7-a65d-060377b84e92 None None] Lock "d3f377b9-f250-471d-9570-5d0606368cf5" "released" by "nova.context.set_target_cell..get_or_set_cached_cell_and_set_connections" :: held 0.002s {{(pid=108450) inner /usr/local/lib/python3.8/dist-packages/oslo_concurrency/lockutils.py:400}}
Feb 08 16:33:05.900904 dv-cinder-827860-2-iscsi devstack@n-api.service[108449]: DEBUG oslo_db.sqlalchemy.engines [None req-bbc5f526-1db2-4614-b090-19dbdd0e652c None None] MySQL server mode set to STRICT_TRANS_TABLES,STRICT_ALL_TABLES,NO_ZERO_IN_DATE,NO_ZERO_DATE,ERROR_FOR_DIVISION_BY_ZERO,TRADITIONAL,NO_ENGINE_SUBSTITUTION {{(pid=108449) _check_effective_sql_mode /usr/local/lib/python3.8/dist-packages/oslo_db/sqlalchemy/engines.py:314}}
Feb 08 16:33:05.903537 dv-cinder-827860-2-iscsi devstack@n-api.service[108449]: DEBUG oslo_db.sqlalchemy.engines [None req-bbc5f526-1db2-4614-b090-19dbdd0e652c None None] MySQL server mode set to STRICT_TRANS_TABLES,STRICT_ALL_TABLES,NO_ZERO_IN_DATE,NO_ZERO_DATE,ERROR_FOR_DIVISION_BY_ZERO,TRADITIONAL,NO_ENGINE_SUBSTITUTION {{(pid=108449) _check_effective_sql_mode /usr/local/lib/python3.8/dist-packages/oslo_db/sqlalchemy/engines.py:314}}
Feb 08 16:33:05.909237 dv-cinder-827860-2-iscsi devstack@n-api.service[108450]: DEBUG oslo_db.sqlalchemy.engines [None req-6e6d9d1a-a559-4dc7-a65d-060377b84e92 None None] MySQL server mode set to STRICT_TRANS_TABLES,STRICT_ALL_TABLES,NO_ZERO_IN_DATE,NO_ZERO_DATE,ERROR_FOR_DIVISION_BY_ZERO,TRADITIONAL,NO_ENGINE_SUBSTITUTION {{(pid=108450) _check_effective_sql_mode /usr/local/lib/python3.8/dist-packages/oslo_db/sqlalchemy/engines.py:314}}
Feb 08 16:33:05.912037 dv-cinder-827860-2-iscsi devstack@n-api.service[108450]: DEBUG oslo_db.sqlalchemy.engines [None req-6e6d9d1a-a559-4dc7-a65d-060377b84e92 None None] MySQL server mode set to STRICT_TRANS_TABLES,STRICT_ALL_TABLES,NO_ZERO_IN_DATE,NO_ZERO_DATE,ERROR_FOR_DIVISION_BY_ZERO,TRADITIONAL,NO_ENGINE_SUBSTITUTION {{(pid=108450) _check_effective_sql_mode /usr/local/lib/python3.8/dist-packages/oslo_db/sqlalchemy/engines.py:314}}
Feb 08 16:33:06.062551 dv-cinder-827860-2-iscsi devstack@n-api.service[108449]: DEBUG oslo_db.sqlalchemy.engines [None req-bbc5f526-1db2-4614-b090-19dbdd0e652c None None] MySQL server mode set to STRICT_TRANS_TABLES,STRICT_ALL_TABLES,NO_ZERO_IN_DATE,NO_ZERO_DATE,ERROR_FOR_DIVISION_BY_ZERO,TRADITIONAL,NO_ENGINE_SUBSTITUTION {{(pid=108449) _check_effective_sql_mode /usr/local/lib/python3.8/dist-packages/oslo_db/sqlalchemy/engines.py:314}}
Feb 08 16:33:06.072455 dv-cinder-827860-2-iscsi devstack@n-api.service[108450]: DEBUG oslo_db.sqlalchemy.engines [None req-6e6d9d1a-a559-4dc7-a65d-060377b84e92 None None] MySQL server mode set to STRICT_TRANS_TABLES,STRICT_ALL_TABLES,NO_ZERO_IN_DATE,NO_ZERO_DATE,ERROR_FOR_DIVISION_BY_ZERO,TRADITIONAL,NO_ENGINE_SUBSTITUTION {{(pid=108450) _check_effective_sql_mode /usr/local/lib/python3.8/dist-packages/oslo_db/sqlalchemy/engines.py:314}}
Feb 08 16:33:06.412481 dv-cinder-827860-2-iscsi devstack@n-api.service[108449]: WARNING keystonemiddleware.auth_token [None req-bbc5f526-1db2-4614-b090-19dbdd0e652c None None] AuthToken middleware is set with keystone_authtoken.service_token_roles_required set to False. This is backwards compatible but deprecated behaviour. Please set this to True.
Feb 08 16:33:06.415393 dv-cinder-827860-2-iscsi devstack@n-api.service[108450]: WARNING keystonemiddleware.auth_token [None req-6e6d9d1a-a559-4dc7-a65d-060377b84e92 None None] AuthToken middleware is set with keystone_authtoken.service_token_roles_required set to False. This is backwards compatible but deprecated behaviour. Please set this to True.
Feb 08 16:33:06.419725 dv-cinder-827860-2-iscsi devstack@n-api.service[108449]: WARNING keystonemiddleware.auth_token [None req-bbc5f526-1db2-4614-b090-19dbdd0e652c None None] Configuring www_authenticate_uri to point to the public identity endpoint is required; clients may not be able to authenticate against an admin endpoint
Feb 08 16:33:06.422211 dv-cinder-827860-2-iscsi devstack@n-api.service[108450]: WARNING keystonemiddleware.auth_token [None req-6e6d9d1a-a559-4dc7-a65d-060377b84e92 None None] Configuring www_authenticate_uri to point to the public identity endpoint is required; clients may not be able to authenticate against an admin endpoint
Feb 08 16:33:06.765080 dv-cinder-827860-2-iscsi devstack@n-api.service[108449]: WARNING keystonemiddleware.auth_token [None req-bbc5f526-1db2-4614-b090-19dbdd0e652c None None] AuthToken middleware is set with keystone_authtoken.service_token_roles_required set to False. This is backwards compatible but deprecated behaviour. Please set this to True.
Feb 08 16:33:06.769252 dv-cinder-827860-2-iscsi devstack@n-api.service[108450]: WARNING keystonemiddleware.auth_token [None req-6e6d9d1a-a559-4dc7-a65d-060377b84e92 None None] AuthToken middleware is set with keystone_authtoken.service_token_roles_required set to False. This is backwards compatible but deprecated behaviour. Please set this to True.
Feb 08 16:33:06.770299 dv-cinder-827860-2-iscsi devstack@n-api.service[108449]: WARNING keystonemiddleware.auth_token [None req-bbc5f526-1db2-4614-b090-19dbdd0e652c None None] Configuring www_authenticate_uri to point to the public identity endpoint is required; clients may not be able to authenticate against an admin endpoint
Feb 08 16:33:06.775171 dv-cinder-827860-2-iscsi devstack@n-api.service[108450]: WARNING keystonemiddleware.auth_token [None req-6e6d9d1a-a559-4dc7-a65d-060377b84e92 None None] Configuring www_authenticate_uri to point to the public identity endpoint is required; clients may not be able to authenticate against an admin endpoint
Feb 08 16:33:06.776012 dv-cinder-827860-2-iscsi devstack@n-api.service[108449]: WSGI app 0 (mountpoint='') ready in 5 seconds on interpreter 0x55855c7539c0 pid: 108449 (default app)
Feb 08 16:33:06.778096 dv-cinder-827860-2-iscsi devstack@n-api.service[108449]: DEBUG nova.api.openstack.wsgi [None req-bbc5f526-1db2-4614-b090-19dbdd0e652c None None] Calling method '>' {{(pid=108449) _process_stack /opt/stack/nova/nova/api/openstack/wsgi.py:513}}
Feb 08 16:33:06.779287 dv-cinder-827860-2-iscsi devstack@n-api.service[108449]: INFO nova.api.openstack.requestlog [None req-bbc5f526-1db2-4614-b090-19dbdd0e652c None None] 10.222.0.35 "GET /compute/v2.1/" status: 200 len: 388 microversion: 2.1 time: 0.001750
Feb 08 16:33:06.779688 dv-cinder-827860-2-iscsi devstack@n-api.service[108449]: [pid: 108449|app: 0|req: 1/1] 10.222.0.35 () {50 vars in 788 bytes} [Tue Feb 8 16:33:06 2022] GET /compute/v2.1/ => generated 388 bytes in 3 msecs (HTTP/1.1 200) 9 headers in 357 bytes (1 switches on core 0)
Feb 08 16:33:06.780448 dv-cinder-827860-2-iscsi devstack@n-api.service[108450]: WSGI app 0 (mountpoint='') ready in 5 seconds on interpreter 0x55855c7539c0 pid: 108450 (default app)
Feb 08 16:34:32.520641 dv-cinder-827860-2-iscsi devstack@n-api.service[108449]: DEBUG nova.api.openstack.wsgi [None req-bbc5f526-1db2-4614-b090-19dbdd0e652c None None] Calling method '>' {{(pid=108449) _process_stack /opt/stack/nova/nova/api/openstack/wsgi.py:513}}
Feb 08 16:34:32.522305 dv-cinder-827860-2-iscsi devstack@n-api.service[108449]: INFO nova.api.openstack.requestlog [None req-bbc5f526-1db2-4614-b090-19dbdd0e652c None None] 10.222.0.35 "GET /compute/v2.1" status: 200 len: 388 microversion: 2.1 time: 0.002995
Feb 08 16:34:32.534562 dv-cinder-827860-2-iscsi devstack@n-api.service[108449]: [pid: 108449|app: 0|req: 2/2] 10.222.0.35 () {54 vars in 930 bytes} [Tue Feb 8 16:34:32 2022] GET /compute/v2.1 => generated 388 bytes in 9 msecs (HTTP/1.1 200) 9 headers in 357 bytes (1 switches on core 0)
Feb 08 16:34:32.942612 dv-cinder-827860-2-iscsi devstack@n-api.service[108450]: DEBUG nova.api.openstack.wsgi [None req-9410d6e0-fe80-4bd1-a6f3-175e1b556916 admin admin] Calling method '>' {{(pid=108450) _process_stack /opt/stack/nova/nova/api/openstack/wsgi.py:513}}
Feb 08 16:34:32.971922 dv-cinder-827860-2-iscsi devstack@n-api.service[108450]: INFO nova.api.openstack.requestlog [None req-9410d6e0-fe80-4bd1-a6f3-175e1b556916 admin admin] 10.222.0.35 "GET /compute/v2.1/flavors/detail?is_public=True" status: 200 len: 15 microversion: 2.61 time: 0.442096
Feb 08 16:34:32.974460 dv-cinder-827860-2-iscsi devstack@n-api.service[108450]: [pid: 108450|app: 0|req: 1/3] 10.222.0.35 () {60 vars in 1291 bytes} [Tue Feb 8 16:34:32 2022] GET /compute/v2.1/flavors/detail?is_public=True => generated 15 bytes in 444 msecs (HTTP/1.1 200) 9 headers in 358 bytes (1 switches on core 0)
Feb 08 16:34:35.275271 dv-cinder-827860-2-iscsi devstack@n-api.service[108449]: DEBUG nova.api.openstack.wsgi [None req-bbc5f526-1db2-4614-b090-19dbdd0e652c None None] Calling method '>' {{(pid=108449) _process_stack /opt/stack/nova/nova/api/openstack/wsgi.py:513}}
Feb 08 16:34:35.276296 dv-cinder-827860-2-iscsi devstack@n-api.service[108449]: INFO nova.api.openstack.requestlog [None req-bbc5f526-1db2-4614-b090-19dbdd0e652c None None] 10.222.0.35 "GET /compute/v2.1" status: 200 len: 388 microversion: 2.1 time: 0.001425
Feb 08 16:34:35.276688 dv-cinder-827860-2-iscsi devstack@n-api.service[108449]: [pid: 108449|app: 0|req: 3/4] 10.222.0.35 () {54 vars in 930 bytes} [Tue Feb 8 16:34:35 2022] GET /compute/v2.1 => generated 388 bytes in 2 msecs (HTTP/1.1 200) 9 headers in 357 bytes (1 switches on core 0)
Feb 08 16:34:35.341793 dv-cinder-827860-2-iscsi devstack@n-api.service[108450]: DEBUG nova.api.openstack.wsgi [None req-9adb7ee9-ccaa-48e7-8713-99c88a5fde35 admin admin] Action: 'create', calling method: >, body: {"flavor": {"id": "c1", "OS-FLV-EXT-DATA:ephemeral": 0, "ram": 256, "os-flavor-access:is_public": true, "disk": 1, "rxtx_factor": 1.0, "vcpus": 1, "name": "cirros256", "swap": 0}} {{(pid=108450) _process_stack /opt/stack/nova/nova/api/openstack/wsgi.py:511}}
Feb 08 16:34:35.359869 dv-cinder-827860-2-iscsi devstack@n-api.service[108450]: /usr/local/lib/python3.8/dist-packages/oslo_policy/policy.py:1119: UserWarning: Policy "os_compute_api:os-flavor-manage:create": "rule:system_admin_api" failed scope check. The token used to make the request was project scoped but the policy requires ['system'] scope. This behavior may change in the future where using the intended scope is required
Feb 08 16:34:35.359869 dv-cinder-827860-2-iscsi devstack@n-api.service[108450]: warnings.warn(msg)
Feb 08 16:34:35.390688 dv-cinder-827860-2-iscsi devstack@n-api.service[108450]: INFO nova.api.openstack.requestlog [None req-9adb7ee9-ccaa-48e7-8713-99c88a5fde35 admin admin] 10.222.0.35 "POST /compute/v2.1/flavors" status: 200 len: 407 microversion: 2.61 time: 0.107969
Feb 08 16:34:35.397769 dv-cinder-827860-2-iscsi devstack@n-api.service[108450]: [pid: 108450|app: 0|req: 2/5] 10.222.0.35 () {64 vars in 1282 bytes} [Tue Feb 8 16:34:35 2022] POST /compute/v2.1/flavors => generated 407 bytes in 110 msecs (HTTP/1.1 200) 9 headers in 359 bytes (1 switches on core 0)
Feb 08 16:34:35.610698 dv-cinder-827860-2-iscsi devstack@n-api.service[108449]: DEBUG nova.api.openstack.wsgi [None req-394801ca-3648-46e5-af0a-5491231a2516 admin admin] Action: 'create', calling method: >, body: {"extra_specs": {"hw_rng:allowed": "True"}} {{(pid=108449) _process_stack /opt/stack/nova/nova/api/openstack/wsgi.py:511}}
Feb 08 16:34:35.613289 dv-cinder-827860-2-iscsi devstack@n-api.service[108449]: /usr/local/lib/python3.8/dist-packages/oslo_policy/policy.py:1119: UserWarning: Policy "os_compute_api:os-flavor-extra-specs:create": "rule:system_admin_api" failed scope check. The token used to make the request was project scoped but the policy requires ['system'] scope. This behavior may change in the future where using the intended scope is required
Feb 08 16:34:35.613289 dv-cinder-827860-2-iscsi devstack@n-api.service[108449]: warnings.warn(msg)
Feb 08 16:34:35.662713 dv-cinder-827860-2-iscsi devstack@n-api.service[108449]: INFO nova.api.openstack.requestlog [None req-394801ca-3648-46e5-af0a-5491231a2516 admin admin] 10.222.0.35 "POST /compute/v2.1/flavors/c1/os-extra_specs" status: 200 len: 43 microversion: 2.61 time: 0.263129
Feb 08 16:34:35.663476 dv-cinder-827860-2-iscsi devstack@n-api.service[108449]: [pid: 108449|app: 0|req: 4/6] 10.222.0.35 () {64 vars in 1335 bytes} [Tue Feb 8 16:34:35 2022] POST /compute/v2.1/flavors/c1/os-extra_specs => generated 43 bytes in 264 msecs (HTTP/1.1 200) 9 headers in 358 bytes (2 switches on core 0)
Feb 08 16:34:37.952079 dv-cinder-827860-2-iscsi devstack@n-api.service[108450]: DEBUG nova.api.openstack.wsgi [None req-9adb7ee9-ccaa-48e7-8713-99c88a5fde35 admin admin] Calling method '>' {{(pid=108450) _process_stack /opt/stack/nova/nova/api/openstack/wsgi.py:513}}
Feb 08 16:34:37.953036 dv-cinder-827860-2-iscsi devstack@n-api.service[108450]: INFO nova.api.openstack.requestlog [None req-9adb7ee9-ccaa-48e7-8713-99c88a5fde35 admin admin] 10.222.0.35 "GET /compute/v2.1" status: 200 len: 388 microversion: 2.1 time: 0.001522
Feb 08 16:34:37.953645 dv-cinder-827860-2-iscsi devstack@n-api.service[108450]: [pid: 108450|app: 0|req: 3/7] 10.222.0.35 () {54 vars in 930 bytes} [Tue Feb 8 16:34:37 2022] GET /compute/v2.1 => generated 388 bytes in 3 msecs (HTTP/1.1 200) 9 headers in 357 bytes (1 switches on core 0)
Feb 08 16:34:38.059104 dv-cinder-827860-2-iscsi devstack@n-api.service[108449]: DEBUG nova.api.openstack.wsgi [None req-3f1ed4fb-7b84-4a86-889f-298076b62c93 admin admin] Action: 'create', calling method: >, body: {"flavor": {"ram": 512, "disk": 5, "OS-FLV-EXT-DATA:ephemeral": 0, "swap": 0, "rxtx_factor": 1.0, "name": "ds512M", "vcpus": 1, "os-flavor-access:is_public": true, "id": "d1"}} {{(pid=108449) _process_stack /opt/stack/nova/nova/api/openstack/wsgi.py:511}}
Feb 08 16:34:38.077047 dv-cinder-827860-2-iscsi devstack@n-api.service[108449]: /usr/local/lib/python3.8/dist-packages/oslo_policy/policy.py:1119: UserWarning: Policy "os_compute_api:os-flavor-manage:create": "rule:system_admin_api" failed scope check. The token used to make the request was project scoped but the policy requires ['system'] scope. This behavior may change in the future where using the intended scope is required
Feb 08 16:34:38.077047 dv-cinder-827860-2-iscsi devstack@n-api.service[108449]: warnings.warn(msg)
Feb 08 16:34:38.097944 dv-cinder-827860-2-iscsi devstack@n-api.service[108449]: INFO nova.api.openstack.requestlog [None req-3f1ed4fb-7b84-4a86-889f-298076b62c93 admin admin] 10.222.0.35 "POST /compute/v2.1/flavors" status: 200 len: 404 microversion: 2.61 time: 0.137711
Feb 08 16:34:38.098510 dv-cinder-827860-2-iscsi devstack@n-api.service[108449]: [pid: 108449|app: 0|req: 5/8] 10.222.0.35 () {64 vars in 1282 bytes} [Tue Feb 8 16:34:37 2022] POST /compute/v2.1/flavors => generated 404 bytes in 139 msecs (HTTP/1.1 200) 9 headers in 359 bytes (1 switches on core 0)
Feb 08 16:34:38.110175 dv-cinder-827860-2-iscsi devstack@n-api.service[108450]: DEBUG nova.api.openstack.wsgi [None req-0c96b24f-5ed0-4d53-803b-5525364ced37 admin admin] Action: 'create', calling method: >, body: {"extra_specs": {"hw_rng:allowed": "True"}} {{(pid=108450) _process_stack /opt/stack/nova/nova/api/openstack/wsgi.py:511}}
Feb 08 16:34:38.111624 dv-cinder-827860-2-iscsi devstack@n-api.service[108450]: /usr/local/lib/python3.8/dist-packages/oslo_policy/policy.py:1119: UserWarning: Policy "os_compute_api:os-flavor-extra-specs:create": "rule:system_admin_api" failed scope check. The token used to make the request was project scoped but the policy requires ['system'] scope. This behavior may change in the future where using the intended scope is required
Feb 08 16:34:38.111624 dv-cinder-827860-2-iscsi devstack@n-api.service[108450]: warnings.warn(msg)
Feb 08 16:34:38.143625 dv-cinder-827860-2-iscsi devstack@n-api.service[108450]: INFO nova.api.openstack.requestlog [None req-0c96b24f-5ed0-4d53-803b-5525364ced37 admin admin] 10.222.0.35 "POST /compute/v2.1/flavors/d1/os-extra_specs" status: 200 len: 43 microversion: 2.61 time: 0.036980
Feb 08 16:34:38.144730 dv-cinder-827860-2-iscsi devstack@n-api.service[108450]: [pid: 108450|app: 0|req: 4/9] 10.222.0.35 () {64 vars in 1335 bytes} [Tue Feb 8 16:34:38 2022] POST /compute/v2.1/flavors/d1/os-extra_specs => generated 43 bytes in 39 msecs (HTTP/1.1 200) 9 headers in 358 bytes (2 switches on core 0)
Feb 08 16:34:40.413208 dv-cinder-827860-2-iscsi devstack@n-api.service[108449]: DEBUG nova.api.openstack.wsgi [None req-3f1ed4fb-7b84-4a86-889f-298076b62c93 admin admin] Calling method '>' {{(pid=108449) _process_stack /opt/stack/nova/nova/api/openstack/wsgi.py:513}}
Feb 08 16:34:40.414224 dv-cinder-827860-2-iscsi devstack@n-api.service[108449]: INFO nova.api.openstack.requestlog [None req-3f1ed4fb-7b84-4a86-889f-298076b62c93 admin admin] 10.222.0.35 "GET /compute/v2.1" status: 200 len: 388 microversion: 2.1 time: 0.001473
Feb 08 16:34:40.414948 dv-cinder-827860-2-iscsi devstack@n-api.service[108449]: [pid: 108449|app: 0|req: 6/10] 10.222.0.35 () {54 vars in 930 bytes} [Tue Feb 8 16:34:40 2022] GET /compute/v2.1 => generated 388 bytes in 3 msecs (HTTP/1.1 200) 9 headers in 357 bytes (1 switches on core 0)
Feb 08 16:34:40.480036 dv-cinder-827860-2-iscsi devstack@n-api.service[108450]: DEBUG nova.api.openstack.wsgi [None req-ab43e328-9410-4b1d-8da9-68a0233d25e5 admin admin] Action: 'create', calling method: >, body: {"flavor": {"disk": 10, "name": "ds1G", "rxtx_factor": 1.0, "id": "d2", "vcpus": 1, "os-flavor-access:is_public": true, "swap": 0, "ram": 1024, "OS-FLV-EXT-DATA:ephemeral": 0}} {{(pid=108450) _process_stack /opt/stack/nova/nova/api/openstack/wsgi.py:511}}
Feb 08 16:34:40.499123 dv-cinder-827860-2-iscsi devstack@n-api.service[108450]: INFO nova.api.openstack.requestlog [None req-ab43e328-9410-4b1d-8da9-68a0233d25e5 admin admin] 10.222.0.35 "POST /compute/v2.1/flavors" status: 200 len: 404 microversion: 2.61 time: 0.077705
Feb 08 16:34:40.499904 dv-cinder-827860-2-iscsi devstack@n-api.service[108450]: [pid: 108450|app: 0|req: 5/11] 10.222.0.35 () {64 vars in 1282 bytes} [Tue Feb 8 16:34:40 2022] POST /compute/v2.1/flavors => generated 404 bytes in 79 msecs (HTTP/1.1 200) 9 headers in 359 bytes (2 switches on core 0)
Feb 08 16:34:40.511797 dv-cinder-827860-2-iscsi devstack@n-api.service[108449]: DEBUG nova.api.openstack.wsgi [None req-9e03bf91-99b3-4b85-a74e-4f9e20bc12b3 admin admin] Action: 'create', calling method: >, body: {"extra_specs": {"hw_rng:allowed": "True"}} {{(pid=108449) _process_stack /opt/stack/nova/nova/api/openstack/wsgi.py:511}}
Feb 08 16:34:40.535679 dv-cinder-827860-2-iscsi devstack@n-api.service[108449]: INFO nova.api.openstack.requestlog [None req-9e03bf91-99b3-4b85-a74e-4f9e20bc12b3 admin admin] 10.222.0.35 "POST /compute/v2.1/flavors/d2/os-extra_specs" status: 200 len: 43 microversion: 2.61 time: 0.027328
Feb 08 16:34:40.544677 dv-cinder-827860-2-iscsi devstack@n-api.service[108449]: [pid: 108449|app: 0|req: 7/12] 10.222.0.35 () {64 vars in 1335 bytes} [Tue Feb 8 16:34:40 2022] POST /compute/v2.1/flavors/d2/os-extra_specs => generated 43 bytes in 32 msecs (HTTP/1.1 200) 9 headers in 358 bytes (1 switches on core 0)
Feb 08 16:34:42.890787 dv-cinder-827860-2-iscsi devstack@n-api.service[108450]: DEBUG nova.api.openstack.wsgi [None req-ab43e328-9410-4b1d-8da9-68a0233d25e5 admin admin] Calling method '>' {{(pid=108450) _process_stack /opt/stack/nova/nova/api/openstack/wsgi.py:513}}
Feb 08 16:34:42.891838 dv-cinder-827860-2-iscsi devstack@n-api.service[108450]: INFO nova.api.openstack.requestlog [None req-ab43e328-9410-4b1d-8da9-68a0233d25e5 admin admin] 10.222.0.35 "GET /compute/v2.1" status: 200 len: 388 microversion: 2.1 time: 0.001459
Feb 08 16:34:42.892253 dv-cinder-827860-2-iscsi devstack@n-api.service[108450]: [pid: 108450|app: 0|req: 6/13] 10.222.0.35 () {54 vars in 930 bytes} [Tue Feb 8 16:34:42 2022] GET /compute/v2.1 => generated 388 bytes in 3 msecs (HTTP/1.1 200) 9 headers in 357 bytes (1 switches on core 0)
Feb 08 16:34:42.962011 dv-cinder-827860-2-iscsi devstack@n-api.service[108449]: DEBUG nova.api.openstack.wsgi [None req-361da930-690d-4587-b6ae-b48d13c2ed66 admin admin] Action: 'create', calling method: >, body: {"flavor": {"vcpus": 2, "os-flavor-access:is_public": true, "rxtx_factor": 1.0, "id": "d3", "ram": 2048, "name": "ds2G", "OS-FLV-EXT-DATA:ephemeral": 0, "disk": 10, "swap": 0}} {{(pid=108449) _process_stack /opt/stack/nova/nova/api/openstack/wsgi.py:511}}
Feb 08 16:34:42.987018 dv-cinder-827860-2-iscsi devstack@n-api.service[108449]: INFO nova.api.openstack.requestlog [None req-361da930-690d-4587-b6ae-b48d13c2ed66 admin admin] 10.222.0.35 "POST /compute/v2.1/flavors" status: 200 len: 404 microversion: 2.61 time: 0.087841
Feb 08 16:34:42.987671 dv-cinder-827860-2-iscsi devstack@n-api.service[108449]: [pid: 108449|app: 0|req: 8/14] 10.222.0.35 () {64 vars in 1282 bytes} [Tue Feb 8 16:34:42 2022] POST /compute/v2.1/flavors => generated 404 bytes in 89 msecs (HTTP/1.1 200) 9 headers in 359 bytes (1 switches on core 0)
Feb 08 16:34:43.000525 dv-cinder-827860-2-iscsi devstack@n-api.service[108450]: DEBUG nova.api.openstack.wsgi [None req-746a2522-7d47-48f0-a7d5-0c5cccb7b60b admin admin] Action: 'create', calling method: >, body: {"extra_specs": {"hw_rng:allowed": "True"}} {{(pid=108450) _process_stack /opt/stack/nova/nova/api/openstack/wsgi.py:511}}
Feb 08 16:34:43.030952 dv-cinder-827860-2-iscsi devstack@n-api.service[108450]: INFO nova.api.openstack.requestlog [None req-746a2522-7d47-48f0-a7d5-0c5cccb7b60b admin admin] 10.222.0.35 "POST /compute/v2.1/flavors/d3/os-extra_specs" status: 200 len: 43 microversion: 2.61 time: 0.035154
Feb 08 16:34:43.031672 dv-cinder-827860-2-iscsi devstack@n-api.service[108450]: [pid: 108450|app: 0|req: 7/15] 10.222.0.35 () {64 vars in 1335 bytes} [Tue Feb 8 16:34:42 2022] POST /compute/v2.1/flavors/d3/os-extra_specs => generated 43 bytes in 36 msecs (HTTP/1.1 200) 9 headers in 358 bytes (2 switches on core 0)
Feb 08 16:34:45.493009 dv-cinder-827860-2-iscsi devstack@n-api.service[108449]: DEBUG nova.api.openstack.wsgi [None req-361da930-690d-4587-b6ae-b48d13c2ed66 admin admin] Calling method '>' {{(pid=108449) _process_stack /opt/stack/nova/nova/api/openstack/wsgi.py:513}}
Feb 08 16:34:45.494154 dv-cinder-827860-2-iscsi devstack@n-api.service[108449]: INFO nova.api.openstack.requestlog [None req-361da930-690d-4587-b6ae-b48d13c2ed66 admin admin] 10.222.0.35 "GET /compute/v2.1" status: 200 len: 388 microversion: 2.1 time: 0.001418
Feb 08 16:34:45.494558 dv-cinder-827860-2-iscsi devstack@n-api.service[108449]: [pid: 108449|app: 0|req: 9/16] 10.222.0.35 () {54 vars in 930 bytes} [Tue Feb 8 16:34:45 2022] GET /compute/v2.1 => generated 388 bytes in 2 msecs (HTTP/1.1 200) 9 headers in 357 bytes (1 switches on core 0)
Feb 08 16:34:45.554558 dv-cinder-827860-2-iscsi devstack@n-api.service[108450]: DEBUG nova.api.openstack.wsgi [None req-37049723-7811-4a3d-9471-008daaf7b2dd admin admin] Action: 'create', calling method: >, body: {"flavor": {"disk": 20, "rxtx_factor": 1.0, "swap": 0, "name": "ds4G", "id": "d4", "OS-FLV-EXT-DATA:ephemeral": 0, "vcpus": 4, "ram": 4096, "os-flavor-access:is_public": true}} {{(pid=108450) _process_stack /opt/stack/nova/nova/api/openstack/wsgi.py:511}}
Feb 08 16:34:45.574128 dv-cinder-827860-2-iscsi devstack@n-api.service[108450]: INFO nova.api.openstack.requestlog [None req-37049723-7811-4a3d-9471-008daaf7b2dd admin admin] 10.222.0.35 "POST /compute/v2.1/flavors" status: 200 len: 404 microversion: 2.61 time: 0.073186
Feb 08 16:34:45.574763 dv-cinder-827860-2-iscsi devstack@n-api.service[108450]: [pid: 108450|app: 0|req: 8/17] 10.222.0.35 () {64 vars in 1282 bytes} [Tue Feb 8 16:34:45 2022] POST /compute/v2.1/flavors => generated 404 bytes in 74 msecs (HTTP/1.1 200) 9 headers in 359 bytes (1 switches on core 0)
Feb 08 16:34:45.587505 dv-cinder-827860-2-iscsi devstack@n-api.service[108449]: DEBUG nova.api.openstack.wsgi [None req-0dfa0447-3244-4d7e-a3ac-53753e7b31c6 admin admin] Action: 'create', calling method: >, body: {"extra_specs": {"hw_rng:allowed": "True"}} {{(pid=108449) _process_stack /opt/stack/nova/nova/api/openstack/wsgi.py:511}}
Feb 08 16:34:45.612833 dv-cinder-827860-2-iscsi devstack@n-api.service[108449]: INFO nova.api.openstack.requestlog [None req-0dfa0447-3244-4d7e-a3ac-53753e7b31c6 admin admin] 10.222.0.35 "POST /compute/v2.1/flavors/d4/os-extra_specs" status: 200 len: 43 microversion: 2.61 time: 0.028600
Feb 08 16:34:45.613824 dv-cinder-827860-2-iscsi devstack@n-api.service[108449]: [pid: 108449|app: 0|req: 10/18] 10.222.0.35 () {64 vars in 1335 bytes} [Tue Feb 8 16:34:45 2022] POST /compute/v2.1/flavors/d4/os-extra_specs => generated 43 bytes in 31 msecs (HTTP/1.1 200) 9 headers in 358 bytes (1 switches on core 0)
Feb 08 16:34:47.913396 dv-cinder-827860-2-iscsi devstack@n-api.service[108450]: DEBUG nova.api.openstack.wsgi [None req-37049723-7811-4a3d-9471-008daaf7b2dd admin admin] Calling method '>' {{(pid=108450) _process_stack /opt/stack/nova/nova/api/openstack/wsgi.py:513}}
Feb 08 16:34:47.914396 dv-cinder-827860-2-iscsi devstack@n-api.service[108450]: INFO nova.api.openstack.requestlog [None req-37049723-7811-4a3d-9471-008daaf7b2dd admin admin] 10.222.0.35 "GET /compute/v2.1" status: 200 len: 388 microversion: 2.1 time: 0.001418
Feb 08 16:34:47.914955 dv-cinder-827860-2-iscsi devstack@n-api.service[108450]: [pid: 108450|app: 0|req: 9/19] 10.222.0.35 () {54 vars in 930 bytes} [Tue Feb 8 16:34:47 2022] GET /compute/v2.1 => generated 388 bytes in 2 msecs (HTTP/1.1 200) 9 headers in 357 bytes (1 switches on core 0)
Feb 08 16:34:47.979971 dv-cinder-827860-2-iscsi devstack@n-api.service[108449]: DEBUG nova.api.openstack.wsgi [None req-69be3ee5-5d2b-4ba7-b774-c589f5e8b5e1 admin admin] Calling method '>' {{(pid=108449) _process_stack /opt/stack/nova/nova/api/openstack/wsgi.py:513}}
Feb 08 16:34:48.002644 dv-cinder-827860-2-iscsi devstack@n-api.service[108449]: INFO nova.api.openstack.requestlog [None req-69be3ee5-5d2b-4ba7-b774-c589f5e8b5e1 admin admin] 10.222.0.35 "GET /compute/v2.1/flavors/detail?is_public=True" status: 200 len: 2106 microversion: 2.61 time: 0.081361
Feb 08 16:34:48.003332 dv-cinder-827860-2-iscsi devstack@n-api.service[108449]: [pid: 108449|app: 0|req: 11/20] 10.222.0.35 () {60 vars in 1291 bytes} [Tue Feb 8 16:34:47 2022] GET /compute/v2.1/flavors/detail?is_public=True => generated 2106 bytes in 83 msecs (HTTP/1.1 200) 9 headers in 360 bytes (1 switches on core 0)
Feb 08 16:34:50.795222 dv-cinder-827860-2-iscsi devstack@n-api.service[108450]: DEBUG nova.api.openstack.wsgi [None req-37049723-7811-4a3d-9471-008daaf7b2dd admin admin] Calling method '>' {{(pid=108450) _process_stack /opt/stack/nova/nova/api/openstack/wsgi.py:513}}
Feb 08 16:34:50.796688 dv-cinder-827860-2-iscsi devstack@n-api.service[108450]: INFO nova.api.openstack.requestlog [None req-37049723-7811-4a3d-9471-008daaf7b2dd admin admin] 10.222.0.35 "GET /compute/v2.1" status: 200 len: 388 microversion: 2.1 time: 0.002329
Feb 08 16:34:50.797098 dv-cinder-827860-2-iscsi devstack@n-api.service[108450]: [pid: 108450|app: 0|req: 10/21] 10.222.0.35 () {54 vars in 930 bytes} [Tue Feb 8 16:34:50 2022] GET /compute/v2.1 => generated 388 bytes in 3 msecs (HTTP/1.1 200) 9 headers in 357 bytes (1 switches on core 0)
Feb 08 16:34:50.858818 dv-cinder-827860-2-iscsi devstack@n-api.service[108449]: DEBUG nova.api.openstack.wsgi [None req-2f3d9bf9-3173-4017-91d5-a42ca00087cf admin admin] Action: 'create', calling method: >, body: {"flavor": {"name": "m1.tiny", "disk": 1, "OS-FLV-EXT-DATA:ephemeral": 0, "vcpus": 1, "swap": 0, "ram": 512, "os-flavor-access:is_public": true, "rxtx_factor": 1.0, "id": "1"}} {{(pid=108449) _process_stack /opt/stack/nova/nova/api/openstack/wsgi.py:511}}
Feb 08 16:34:50.876935 dv-cinder-827860-2-iscsi devstack@n-api.service[108449]: INFO nova.api.openstack.requestlog [None req-2f3d9bf9-3173-4017-91d5-a42ca00087cf admin admin] 10.222.0.35 "POST /compute/v2.1/flavors" status: 200 len: 402 microversion: 2.61 time: 0.073533
Feb 08 16:34:50.877473 dv-cinder-827860-2-iscsi devstack@n-api.service[108449]: [pid: 108449|app: 0|req: 12/22] 10.222.0.35 () {64 vars in 1282 bytes} [Tue Feb 8 16:34:50 2022] POST /compute/v2.1/flavors => generated 402 bytes in 75 msecs (HTTP/1.1 200) 9 headers in 359 bytes (1 switches on core 0)
Feb 08 16:34:50.890067 dv-cinder-827860-2-iscsi devstack@n-api.service[108450]: DEBUG nova.api.openstack.wsgi [None req-35dec935-ee61-444f-a8ef-526f4ab80c4a admin admin] Action: 'create', calling method: >, body: {"extra_specs": {"hw_rng:allowed": "True"}} {{(pid=108450) _process_stack /opt/stack/nova/nova/api/openstack/wsgi.py:511}}
Feb 08 16:34:50.913035 dv-cinder-827860-2-iscsi devstack@n-api.service[108450]: INFO nova.api.openstack.requestlog [None req-35dec935-ee61-444f-a8ef-526f4ab80c4a admin admin] 10.222.0.35 "POST /compute/v2.1/flavors/1/os-extra_specs" status: 200 len: 43 microversion: 2.61 time: 0.026764
Feb 08 16:34:50.913673 dv-cinder-827860-2-iscsi devstack@n-api.service[108450]: [pid: 108450|app: 0|req: 11/23] 10.222.0.35 () {64 vars in 1332 bytes} [Tue Feb 8 16:34:50 2022] POST /compute/v2.1/flavors/1/os-extra_specs => generated 43 bytes in 28 msecs (HTTP/1.1 200) 9 headers in 358 bytes (1 switches on core 0)
Feb 08 16:34:53.258185 dv-cinder-827860-2-iscsi devstack@n-api.service[108449]: DEBUG nova.api.openstack.wsgi [None req-2f3d9bf9-3173-4017-91d5-a42ca00087cf admin admin] Calling method '>' {{(pid=108449) _process_stack /opt/stack/nova/nova/api/openstack/wsgi.py:513}}
Feb 08 16:34:53.259187 dv-cinder-827860-2-iscsi devstack@n-api.service[108449]: INFO nova.api.openstack.requestlog [None req-2f3d9bf9-3173-4017-91d5-a42ca00087cf admin admin] 10.222.0.35 "GET /compute/v2.1" status: 200 len: 388 microversion: 2.1 time: 0.001483
Feb 08 16:34:53.259590 dv-cinder-827860-2-iscsi devstack@n-api.service[108449]: [pid: 108449|app: 0|req: 13/24] 10.222.0.35 () {54 vars in 930 bytes} [Tue Feb 8 16:34:53 2022] GET /compute/v2.1 => generated 388 bytes in 2 msecs (HTTP/1.1 200) 9 headers in 357 bytes (2 switches on core 0)
Feb 08 16:34:53.321359 dv-cinder-827860-2-iscsi devstack@n-api.service[108450]: DEBUG nova.api.openstack.wsgi [None req-b9b064b5-cd9d-499c-8f41-9b367283b440 admin admin] Action: 'create', calling method: >, body: {"flavor": {"os-flavor-access:is_public": true, "vcpus": 1, "disk": 20, "OS-FLV-EXT-DATA:ephemeral": 0, "ram": 2048, "name": "m1.small", "id": "2", "swap": 0, "rxtx_factor": 1.0}} {{(pid=108450) _process_stack /opt/stack/nova/nova/api/openstack/wsgi.py:511}}
Feb 08 16:34:53.344469 dv-cinder-827860-2-iscsi devstack@n-api.service[108450]: INFO nova.api.openstack.requestlog [None req-b9b064b5-cd9d-499c-8f41-9b367283b440 admin admin] 10.222.0.35 "POST /compute/v2.1/flavors" status: 200 len: 405 microversion: 2.61 time: 0.077846
Feb 08 16:34:53.345212 dv-cinder-827860-2-iscsi devstack@n-api.service[108450]: [pid: 108450|app: 0|req: 12/25] 10.222.0.35 () {64 vars in 1282 bytes} [Tue Feb 8 16:34:53 2022] POST /compute/v2.1/flavors => generated 405 bytes in 79 msecs (HTTP/1.1 200) 9 headers in 359 bytes (1 switches on core 0)
Feb 08 16:34:53.359769 dv-cinder-827860-2-iscsi devstack@n-api.service[108449]: DEBUG nova.api.openstack.wsgi [None req-bd7f782a-e5ad-4415-8993-bb2cc4f4d5fd admin admin] Action: 'create', calling method: >, body: {"extra_specs": {"hw_rng:allowed": "True"}} {{(pid=108449) _process_stack /opt/stack/nova/nova/api/openstack/wsgi.py:511}}
Feb 08 16:34:53.385408 dv-cinder-827860-2-iscsi devstack@n-api.service[108449]: INFO nova.api.openstack.requestlog [None req-bd7f782a-e5ad-4415-8993-bb2cc4f4d5fd admin admin] 10.222.0.35 "POST /compute/v2.1/flavors/2/os-extra_specs" status: 200 len: 43 microversion: 2.61 time: 0.029542
Feb 08 16:34:53.386152 dv-cinder-827860-2-iscsi devstack@n-api.service[108449]: [pid: 108449|app: 0|req: 14/26] 10.222.0.35 () {64 vars in 1332 bytes} [Tue Feb 8 16:34:53 2022] POST /compute/v2.1/flavors/2/os-extra_specs => generated 43 bytes in 31 msecs (HTTP/1.1 200) 9 headers in 358 bytes (1 switches on core 0)
Feb 08 16:34:55.695155 dv-cinder-827860-2-iscsi devstack@n-api.service[108450]: DEBUG nova.api.openstack.wsgi [None req-b9b064b5-cd9d-499c-8f41-9b367283b440 admin admin] Calling method '>' {{(pid=108450) _process_stack /opt/stack/nova/nova/api/openstack/wsgi.py:513}}
Feb 08 16:34:55.696228 dv-cinder-827860-2-iscsi devstack@n-api.service[108450]: INFO nova.api.openstack.requestlog [None req-b9b064b5-cd9d-499c-8f41-9b367283b440 admin admin] 10.222.0.35 "GET /compute/v2.1" status: 200 len: 388 microversion: 2.1 time: 0.001583
Feb 08 16:34:55.696633 dv-cinder-827860-2-iscsi devstack@n-api.service[108450]: [pid: 108450|app: 0|req: 13/27] 10.222.0.35 () {54 vars in 930 bytes} [Tue Feb 8 16:34:55 2022] GET /compute/v2.1 => generated 388 bytes in 2 msecs (HTTP/1.1 200) 9 headers in 357 bytes (1 switches on core 0)
Feb 08 16:34:55.755065 dv-cinder-827860-2-iscsi devstack@n-api.service[108449]: DEBUG nova.api.openstack.wsgi [None req-2a8446d3-c0ba-4c9b-b217-56a2dc904e6e admin admin] Action: 'create', calling method: >, body: {"flavor": {"rxtx_factor": 1.0, "id": "3", "swap": 0, "disk": 40, "OS-FLV-EXT-DATA:ephemeral": 0, "os-flavor-access:is_public": true, "ram": 4096, "vcpus": 2, "name": "m1.medium"}} {{(pid=108449) _process_stack /opt/stack/nova/nova/api/openstack/wsgi.py:511}}
Feb 08 16:34:55.773766 dv-cinder-827860-2-iscsi devstack@n-api.service[108449]: INFO nova.api.openstack.requestlog [None req-2a8446d3-c0ba-4c9b-b217-56a2dc904e6e admin admin] 10.222.0.35 "POST /compute/v2.1/flavors" status: 200 len: 406 microversion: 2.61 time: 0.071348
Feb 08 16:34:55.774311 dv-cinder-827860-2-iscsi devstack@n-api.service[108449]: [pid: 108449|app: 0|req: 15/28] 10.222.0.35 () {64 vars in 1282 bytes} [Tue Feb 8 16:34:55 2022] POST /compute/v2.1/flavors => generated 406 bytes in 72 msecs (HTTP/1.1 200) 9 headers in 359 bytes (1 switches on core 0)
Feb 08 16:34:55.786028 dv-cinder-827860-2-iscsi devstack@n-api.service[108450]: DEBUG nova.api.openstack.wsgi [None req-568088b9-0535-40b7-af9e-56cfd9e8cee0 admin admin] Action: 'create', calling method: >, body: {"extra_specs": {"hw_rng:allowed": "True"}} {{(pid=108450) _process_stack /opt/stack/nova/nova/api/openstack/wsgi.py:511}}
Feb 08 16:34:55.809167 dv-cinder-827860-2-iscsi devstack@n-api.service[108450]: INFO nova.api.openstack.requestlog [None req-568088b9-0535-40b7-af9e-56cfd9e8cee0 admin admin] 10.222.0.35 "POST /compute/v2.1/flavors/3/os-extra_specs" status: 200 len: 43 microversion: 2.61 time: 0.027046
Feb 08 16:34:55.809856 dv-cinder-827860-2-iscsi devstack@n-api.service[108450]: [pid: 108450|app: 0|req: 14/29] 10.222.0.35 () {64 vars in 1332 bytes} [Tue Feb 8 16:34:55 2022] POST /compute/v2.1/flavors/3/os-extra_specs => generated 43 bytes in 28 msecs (HTTP/1.1 200) 9 headers in 358 bytes (1 switches on core 0)
Feb 08 16:34:58.101920 dv-cinder-827860-2-iscsi devstack@n-api.service[108449]: DEBUG nova.api.openstack.wsgi [None req-2a8446d3-c0ba-4c9b-b217-56a2dc904e6e admin admin] Calling method '>' {{(pid=108449) _process_stack /opt/stack/nova/nova/api/openstack/wsgi.py:513}}
Feb 08 16:34:58.102930 dv-cinder-827860-2-iscsi devstack@n-api.service[108449]: INFO nova.api.openstack.requestlog [None req-2a8446d3-c0ba-4c9b-b217-56a2dc904e6e admin admin] 10.222.0.35 "GET /compute/v2.1" status: 200 len: 388 microversion: 2.1 time: 0.001439
Feb 08 16:34:58.103327 dv-cinder-827860-2-iscsi devstack@n-api.service[108449]: [pid: 108449|app: 0|req: 16/30] 10.222.0.35 () {54 vars in 930 bytes} [Tue Feb 8 16:34:58 2022] GET /compute/v2.1 => generated 388 bytes in 2 msecs (HTTP/1.1 200) 9 headers in 357 bytes (1 switches on core 0)
Feb 08 16:34:58.177209 dv-cinder-827860-2-iscsi devstack@n-api.service[108450]: DEBUG nova.api.openstack.wsgi [None req-ce84d6d0-f562-4c5b-a89a-666f38450bbe admin admin] Action: 'create', calling method: >, body: {"flavor": {"vcpus": 4, "id": "4", "name": "m1.large", "OS-FLV-EXT-DATA:ephemeral": 0, "ram": 8192, "swap": 0, "os-flavor-access:is_public": true, "disk": 80, "rxtx_factor": 1.0}} {{(pid=108450) _process_stack /opt/stack/nova/nova/api/openstack/wsgi.py:511}}
Feb 08 16:34:58.197643 dv-cinder-827860-2-iscsi devstack@n-api.service[108450]: INFO nova.api.openstack.requestlog [None req-ce84d6d0-f562-4c5b-a89a-666f38450bbe admin admin] 10.222.0.35 "POST /compute/v2.1/flavors" status: 200 len: 405 microversion: 2.61 time: 0.088152
Feb 08 16:34:58.198202 dv-cinder-827860-2-iscsi devstack@n-api.service[108450]: [pid: 108450|app: 0|req: 15/31] 10.222.0.35 () {64 vars in 1282 bytes} [Tue Feb 8 16:34:58 2022] POST /compute/v2.1/flavors => generated 405 bytes in 89 msecs (HTTP/1.1 200) 9 headers in 359 bytes (1 switches on core 0)
Feb 08 16:34:58.211287 dv-cinder-827860-2-iscsi devstack@n-api.service[108449]: DEBUG nova.api.openstack.wsgi [None req-50a3223e-73db-4785-861f-d7a1e18a90f2 admin admin] Action: 'create', calling method: >, body: {"extra_specs": {"hw_rng:allowed": "True"}} {{(pid=108449) _process_stack /opt/stack/nova/nova/api/openstack/wsgi.py:511}}
Feb 08 16:34:58.237802 dv-cinder-827860-2-iscsi devstack@n-api.service[108449]: INFO nova.api.openstack.requestlog [None req-50a3223e-73db-4785-861f-d7a1e18a90f2 admin admin] 10.222.0.35 "POST /compute/v2.1/flavors/4/os-extra_specs" status: 200 len: 43 microversion: 2.61 time: 0.029581
Feb 08 16:34:58.238477 dv-cinder-827860-2-iscsi devstack@n-api.service[108449]: [pid: 108449|app: 0|req: 17/32] 10.222.0.35 () {64 vars in 1332 bytes} [Tue Feb 8 16:34:58 2022] POST /compute/v2.1/flavors/4/os-extra_specs => generated 43 bytes in 32 msecs (HTTP/1.1 200) 9 headers in 358 bytes (1 switches on core 0)
Feb 08 16:35:00.572277 dv-cinder-827860-2-iscsi devstack@n-api.service[108450]: DEBUG nova.api.openstack.wsgi [None req-ce84d6d0-f562-4c5b-a89a-666f38450bbe admin admin] Calling method '>' {{(pid=108450) _process_stack /opt/stack/nova/nova/api/openstack/wsgi.py:513}}
Feb 08 16:35:00.573987 dv-cinder-827860-2-iscsi devstack@n-api.service[108450]: INFO nova.api.openstack.requestlog [None req-ce84d6d0-f562-4c5b-a89a-666f38450bbe admin admin] 10.222.0.35 "GET /compute/v2.1" status: 200 len: 388 microversion: 2.1 time: 0.002305
Feb 08 16:35:00.579607 dv-cinder-827860-2-iscsi devstack@n-api.service[108450]: [pid: 108450|app: 0|req: 16/33] 10.222.0.35 () {54 vars in 930 bytes} [Tue Feb 8 16:35:00 2022] GET /compute/v2.1 => generated 388 bytes in 8 msecs (HTTP/1.1 200) 9 headers in 357 bytes (1 switches on core 0)
Feb 08 16:35:00.685842 dv-cinder-827860-2-iscsi devstack@n-api.service[108449]: DEBUG nova.api.openstack.wsgi [None req-1f37844f-faa6-47d8-a23e-83e4e057c19f admin admin] Action: 'create', calling method: >, body: {"flavor": {"swap": 0, "name": "m1.xlarge", "id": "5", "os-flavor-access:is_public": true, "OS-FLV-EXT-DATA:ephemeral": 0, "rxtx_factor": 1.0, "ram": 16384, "vcpus": 8, "disk": 160}} {{(pid=108449) _process_stack /opt/stack/nova/nova/api/openstack/wsgi.py:511}}
Feb 08 16:35:00.707045 dv-cinder-827860-2-iscsi devstack@n-api.service[108449]: INFO nova.api.openstack.requestlog [None req-1f37844f-faa6-47d8-a23e-83e4e057c19f admin admin] 10.222.0.35 "POST /compute/v2.1/flavors" status: 200 len: 408 microversion: 2.61 time: 0.125457
Feb 08 16:35:00.707980 dv-cinder-827860-2-iscsi devstack@n-api.service[108449]: [pid: 108449|app: 0|req: 18/34] 10.222.0.35 () {64 vars in 1282 bytes} [Tue Feb 8 16:35:00 2022] POST /compute/v2.1/flavors => generated 408 bytes in 127 msecs (HTTP/1.1 200) 9 headers in 359 bytes (1 switches on core 0)
Feb 08 16:35:00.719002 dv-cinder-827860-2-iscsi devstack@n-api.service[108450]: DEBUG nova.api.openstack.wsgi [None req-cbfbcc5b-0504-4784-804d-3e6606824b5b admin admin] Action: 'create', calling method: >, body: {"extra_specs": {"hw_rng:allowed": "True"}} {{(pid=108450) _process_stack /opt/stack/nova/nova/api/openstack/wsgi.py:511}}
Feb 08 16:35:00.743367 dv-cinder-827860-2-iscsi devstack@n-api.service[108450]: INFO nova.api.openstack.requestlog [None req-cbfbcc5b-0504-4784-804d-3e6606824b5b admin admin] 10.222.0.35 "POST /compute/v2.1/flavors/5/os-extra_specs" status: 200 len: 43 microversion: 2.61 time: 0.027884
Feb 08 16:35:00.744456 dv-cinder-827860-2-iscsi devstack@n-api.service[108450]: [pid: 108450|app: 0|req: 17/35] 10.222.0.35 () {64 vars in 1332 bytes} [Tue Feb 8 16:35:00 2022] POST /compute/v2.1/flavors/5/os-extra_specs => generated 43 bytes in 29 msecs (HTTP/1.1 200) 9 headers in 358 bytes (1 switches on core 0)
Feb 08 16:35:23.168988 dv-cinder-827860-2-iscsi devstack@n-api.service[108449]: DEBUG nova.api.openstack.wsgi [None req-1f37844f-faa6-47d8-a23e-83e4e057c19f admin admin] Calling method '>' {{(pid=108449) _process_stack /opt/stack/nova/nova/api/openstack/wsgi.py:513}}
Feb 08 16:35:23.170295 dv-cinder-827860-2-iscsi devstack@n-api.service[108449]: INFO nova.api.openstack.requestlog [None req-1f37844f-faa6-47d8-a23e-83e4e057c19f admin admin] 10.222.0.35 "GET /compute/v2.1" status: 200 len: 388 microversion: 2.1 time: 0.001780
Feb 08 16:35:23.170724 dv-cinder-827860-2-iscsi devstack@n-api.service[108449]: [pid: 108449|app: 0|req: 19/36] 10.222.0.35 () {54 vars in 930 bytes} [Tue Feb 8 16:35:23 2022] GET /compute/v2.1 => generated 388 bytes in 3 msecs (HTTP/1.1 200) 9 headers in 357 bytes (1 switches on core 0)
Feb 08 16:35:23.227094 dv-cinder-827860-2-iscsi devstack@n-api.service[108450]: DEBUG nova.api.openstack.wsgi [None req-0faef047-c5f2-4005-958e-9fb61b525fb0 admin admin] Calling method '>' {{(pid=108450) _process_stack /opt/stack/nova/nova/api/openstack/wsgi.py:513}}
Feb 08 16:35:23.244625 dv-cinder-827860-2-iscsi devstack@n-api.service[108450]: INFO nova.api.openstack.requestlog [None req-0faef047-c5f2-4005-958e-9fb61b525fb0 admin admin] 10.222.0.35 "GET /compute/v2.1/flavors/detail?is_public=True" status: 200 len: 4202 microversion: 2.61 time: 0.067479
Feb 08 16:35:23.245157 dv-cinder-827860-2-iscsi devstack@n-api.service[108450]: [pid: 108450|app: 0|req: 18/37] 10.222.0.35 () {60 vars in 1291 bytes} [Tue Feb 8 16:35:23 2022] GET /compute/v2.1/flavors/detail?is_public=True => generated 4202 bytes in 69 msecs (HTTP/1.1 200) 9 headers in 360 bytes (1 switches on core 0)
Feb 08 16:35:24.626494 dv-cinder-827860-2-iscsi devstack@n-api.service[108449]: DEBUG nova.api.openstack.wsgi [None req-1f37844f-faa6-47d8-a23e-83e4e057c19f admin admin] Calling method '>' {{(pid=108449) _process_stack /opt/stack/nova/nova/api/openstack/wsgi.py:513}}
Feb 08 16:35:24.627497 dv-cinder-827860-2-iscsi devstack@n-api.service[108449]: INFO nova.api.openstack.requestlog [None req-1f37844f-faa6-47d8-a23e-83e4e057c19f admin admin] 10.222.0.35 "GET /compute/v2.1" status: 200 len: 388 microversion: 2.1 time: 0.001626
