Feb 04 14:03:35.460951 dv-cinder-827860-1-smb devstack@c-api.service[110101]: [pid: 110101|app: 0|req: 35/67] 10.222.0.45 () {60 vars in 1367 bytes} [Fri Feb 4 14:03:35 2022] GET /volume/v3/503173bd28ad48d2b303667bfa80e3e5/messages/b6b117b0-2ca9-464c-a62e-654c4697424b => generated 110 bytes in 17 msecs (HTTP/1.1 404) 7 headers in 292 bytes (1 switches on core 0)
Feb 04 14:03:35.493526 dv-cinder-827860-1-smb devstack@c-api.service[110101]: INFO cinder.api.openstack.wsgi [None req-8840660d-26d9-4a5c-8a5b-fb1c9a33f4f1 tempest-UserMessagesTest-1236029909 tempest-UserMessagesTest-1236029909-project-admin] POST http://10.222.0.45/volume/v3/92ba968aed7f4ca2884ac68576f83929/types
Feb 04 14:03:35.500248 dv-cinder-827860-1-smb devstack@c-api.service[110101]: DEBUG cinder.api.openstack.wsgi [None req-8840660d-26d9-4a5c-8a5b-fb1c9a33f4f1 tempest-UserMessagesTest-1236029909 tempest-UserMessagesTest-1236029909-project-admin] Action: 'create', calling method: _create, body: {"volume_type": {"name": "tempest-UserMessagesTest-volume-type-674591544", "extra_specs": {"storage_protocol": "tempest-storage_protocol-1488858201", "vendor_name": "tempest-vendor_name-1552866060"}}} {{(pid=110101) _process_stack /opt/stack/cinder/cinder/api/openstack/wsgi.py:866}}
Feb 04 14:03:35.788726 dv-cinder-827860-1-smb devstack@c-api.service[110100]: INFO cinder.api.openstack.wsgi [None req-d9bee762-ae3e-4a23-b1c6-ff6df77b7a82 tempest-GroupSnapshotsV319Test-2146663283 tempest-GroupSnapshotsV319Test-2146663283-project] http://10.222.0.45/volume/v3/822a6e41190846f9984790eb886bdf2d/group_snapshots/c82b9b61-d941-4be0-b9cf-9d308b4dec80 returned with HTTP 202
Feb 04 14:03:35.789763 dv-cinder-827860-1-smb devstack@c-api.service[110100]: [pid: 110100|app: 0|req: 33/68] 10.222.0.45 () {60 vars in 1392 bytes} [Fri Feb 4 14:03:35 2022] DELETE /volume/v3/822a6e41190846f9984790eb886bdf2d/group_snapshots/c82b9b61-d941-4be0-b9cf-9d308b4dec80 => generated 0 bytes in 596 msecs (HTTP/1.1 202) 6 headers in 234 bytes (1 switches on core 0)
Feb 04 14:03:35.799327 dv-cinder-827860-1-smb devstack@c-api.service[110100]: INFO cinder.api.openstack.wsgi [req-8b3d7edb-5c27-4991-9f7c-846c342e5739 req-e6ce5625-3b33-45e6-aa88-42ecf7d9f0d3 tempest-VolumesTestJSON-1197776894 tempest-VolumesTestJSON-1197776894-project] GET http://10.222.0.45/volume/v3/9b53b386da0842d2ab4bb47127c42a66/volumes/detail
Feb 04 14:03:35.799834 dv-cinder-827860-1-smb devstack@c-api.service[110100]: DEBUG cinder.api.openstack.wsgi [req-8b3d7edb-5c27-4991-9f7c-846c342e5739 req-e6ce5625-3b33-45e6-aa88-42ecf7d9f0d3 tempest-VolumesTestJSON-1197776894 tempest-VolumesTestJSON-1197776894-project] Empty body provided in request {{(pid=110100) get_body /opt/stack/cinder/cinder/api/openstack/wsgi.py:715}}
Feb 04 14:03:35.800234 dv-cinder-827860-1-smb devstack@c-api.service[110100]: DEBUG cinder.api.openstack.wsgi [req-8b3d7edb-5c27-4991-9f7c-846c342e5739 req-e6ce5625-3b33-45e6-aa88-42ecf7d9f0d3 tempest-VolumesTestJSON-1197776894 tempest-VolumesTestJSON-1197776894-project] Calling method 'detail' {{(pid=110100) _process_stack /opt/stack/cinder/cinder/api/openstack/wsgi.py:868}}
Feb 04 14:03:35.801466 dv-cinder-827860-1-smb devstack@c-api.service[110100]: DEBUG cinder.api.api_utils [req-8b3d7edb-5c27-4991-9f7c-846c342e5739 req-e6ce5625-3b33-45e6-aa88-42ecf7d9f0d3 tempest-VolumesTestJSON-1197776894 tempest-VolumesTestJSON-1197776894-project] Removing options '' from query. {{(pid=110100) remove_invalid_filter_options /opt/stack/cinder/cinder/api/api_utils.py:73}}
Feb 04 14:03:35.803170 dv-cinder-827860-1-smb devstack@c-api.service[110100]: /usr/local/lib/python3.8/dist-packages/oslo_context/context.py:105: DeprecationWarning: Policy enforcement is depending on the value of is_admin. This key is deprecated. Please update your policy file to use the standard policy values.
Feb 04 14:03:35.803170 dv-cinder-827860-1-smb devstack@c-api.service[110100]: warnings.warn('Policy enforcement is depending on the value of '
Feb 04 14:03:35.804454 dv-cinder-827860-1-smb devstack@c-api.service[110100]: DEBUG cinder.volume.api [req-8b3d7edb-5c27-4991-9f7c-846c342e5739 req-e6ce5625-3b33-45e6-aa88-42ecf7d9f0d3 tempest-VolumesTestJSON-1197776894 tempest-VolumesTestJSON-1197776894-project] Searching by: MultiDict([('no_migration_targets', True)]). {{(pid=110100) get_all /opt/stack/cinder/cinder/volume/api.py:661}}
Feb 04 14:03:35.852193 dv-cinder-827860-1-smb devstack@c-api.service[110101]: INFO cinder.api.openstack.wsgi [None req-8840660d-26d9-4a5c-8a5b-fb1c9a33f4f1 tempest-UserMessagesTest-1236029909 tempest-UserMessagesTest-1236029909-project-admin] http://10.222.0.45/volume/v3/92ba968aed7f4ca2884ac68576f83929/types returned with HTTP 200
Feb 04 14:03:35.862436 dv-cinder-827860-1-smb devstack@c-api.service[110101]: [pid: 110101|app: 0|req: 36/69] 10.222.0.45 () {60 vars in 1229 bytes} [Fri Feb 4 14:03:35 2022] POST /volume/v3/92ba968aed7f4ca2884ac68576f83929/types => generated 327 bytes in 383 msecs (HTTP/1.1 200) 7 headers in 285 bytes (1 switches on core 0)
Feb 04 14:03:35.882214 dv-cinder-827860-1-smb devstack@c-api.service[110101]: INFO cinder.api.openstack.wsgi [None req-b7b59082-8252-4cf0-9aee-f1157670451e tempest-GroupSnapshotsV319Test-2146663283 tempest-GroupSnapshotsV319Test-2146663283-project] GET http://10.222.0.45/volume/v3/822a6e41190846f9984790eb886bdf2d/volumes/detail
Feb 04 14:03:35.883248 dv-cinder-827860-1-smb devstack@c-api.service[110101]: DEBUG cinder.api.openstack.wsgi [None req-b7b59082-8252-4cf0-9aee-f1157670451e tempest-GroupSnapshotsV319Test-2146663283 tempest-GroupSnapshotsV319Test-2146663283-project] Empty body provided in request {{(pid=110101) get_body /opt/stack/cinder/cinder/api/openstack/wsgi.py:715}}
Feb 04 14:03:35.886310 dv-cinder-827860-1-smb devstack@c-api.service[110101]: DEBUG cinder.api.openstack.wsgi [None req-b7b59082-8252-4cf0-9aee-f1157670451e tempest-GroupSnapshotsV319Test-2146663283 tempest-GroupSnapshotsV319Test-2146663283-project] Calling method 'detail' {{(pid=110101) _process_stack /opt/stack/cinder/cinder/api/openstack/wsgi.py:868}}
Feb 04 14:03:35.892844 dv-cinder-827860-1-smb devstack@c-api.service[110101]: DEBUG cinder.api.api_utils [None req-b7b59082-8252-4cf0-9aee-f1157670451e tempest-GroupSnapshotsV319Test-2146663283 tempest-GroupSnapshotsV319Test-2146663283-project] Removing options '' from query. {{(pid=110101) remove_invalid_filter_options /opt/stack/cinder/cinder/api/api_utils.py:73}}
Feb 04 14:03:35.901681 dv-cinder-827860-1-smb devstack@c-api.service[110101]: DEBUG cinder.volume.api [None req-b7b59082-8252-4cf0-9aee-f1157670451e tempest-GroupSnapshotsV319Test-2146663283 tempest-GroupSnapshotsV319Test-2146663283-project] Searching by: MultiDict([('no_migration_targets', True)]). {{(pid=110101) get_all /opt/stack/cinder/cinder/volume/api.py:661}}
Feb 04 14:03:35.978581 dv-cinder-827860-1-smb devstack@c-api.service[110100]: INFO cinder.volume.api [req-8b3d7edb-5c27-4991-9f7c-846c342e5739 req-e6ce5625-3b33-45e6-aa88-42ecf7d9f0d3 tempest-VolumesTestJSON-1197776894 tempest-VolumesTestJSON-1197776894-project] Get all volumes completed successfully.
Feb 04 14:03:35.986046 dv-cinder-827860-1-smb devstack@c-api.service[110100]: /usr/local/lib/python3.8/dist-packages/oslo_context/context.py:105: DeprecationWarning: Policy enforcement is depending on the value of is_admin. This key is deprecated. Please update your policy file to use the standard policy values.
Feb 04 14:03:35.986046 dv-cinder-827860-1-smb devstack@c-api.service[110100]: warnings.warn('Policy enforcement is depending on the value of '
Feb 04 14:03:36.024926 dv-cinder-827860-1-smb devstack@c-api.service[110100]: INFO cinder.api.openstack.wsgi [req-8b3d7edb-5c27-4991-9f7c-846c342e5739 req-e6ce5625-3b33-45e6-aa88-42ecf7d9f0d3 tempest-VolumesTestJSON-1197776894 tempest-VolumesTestJSON-1197776894-project] http://10.222.0.45/volume/v3/9b53b386da0842d2ab4bb47127c42a66/volumes/detail returned with HTTP 200
Feb 04 14:03:36.026266 dv-cinder-827860-1-smb devstack@c-api.service[110100]: [pid: 110100|app: 0|req: 34/70] 10.222.0.45 () {60 vars in 1488 bytes} [Fri Feb 4 14:03:35 2022] GET /volume/v3/9b53b386da0842d2ab4bb47127c42a66/volumes/detail => generated 2747 bytes in 236 msecs (HTTP/1.1 200) 7 headers in 286 bytes (1 switches on core 0)
Feb 04 14:03:36.039916 dv-cinder-827860-1-smb devstack@c-api.service[110100]: INFO cinder.api.openstack.wsgi [None req-6d7a00d2-3099-42ca-a691-c65dbf88bbf7 tempest-UserMessagesTest-1622398326 tempest-UserMessagesTest-1622398326-project] POST http://10.222.0.45/volume/v3/503173bd28ad48d2b303667bfa80e3e5/volumes
Feb 04 14:03:36.040704 dv-cinder-827860-1-smb devstack@c-api.service[110100]: DEBUG cinder.api.openstack.wsgi [None req-6d7a00d2-3099-42ca-a691-c65dbf88bbf7 tempest-UserMessagesTest-1622398326 tempest-UserMessagesTest-1622398326-project] Action: 'create', calling method: create, body: {"volume": {"volume_type": "3a4825f1-be2e-4ab2-a078-32a662b0cfbb", "size": 1, "name": "tempest-UserMessagesTest-Volume-1133011500"}} {{(pid=110100) _process_stack /opt/stack/cinder/cinder/api/openstack/wsgi.py:866}}
Feb 04 14:03:36.054913 dv-cinder-827860-1-smb devstack@c-api.service[110100]: DEBUG cinder.api.v3.volumes [None req-6d7a00d2-3099-42ca-a691-c65dbf88bbf7 tempest-UserMessagesTest-1622398326 tempest-UserMessagesTest-1622398326-project] Create volume request body: {'volume': {'volume_type': '3a4825f1-be2e-4ab2-a078-32a662b0cfbb', 'size': 1, 'name': 'tempest-UserMessagesTest-Volume-1133011500'}} {{(pid=110100) create /opt/stack/cinder/cinder/api/v3/volumes.py:298}}
Feb 04 14:03:36.098536 dv-cinder-827860-1-smb devstack@c-api.service[110100]: INFO cinder.api.v3.volumes [None req-6d7a00d2-3099-42ca-a691-c65dbf88bbf7 tempest-UserMessagesTest-1622398326 tempest-UserMessagesTest-1622398326-project] Create volume of 1 GB
Feb 04 14:03:36.099916 dv-cinder-827860-1-smb devstack@c-api.service[110100]: /usr/local/lib/python3.8/dist-packages/oslo_context/context.py:105: DeprecationWarning: Policy enforcement is depending on the value of is_admin. This key is deprecated. Please update your policy file to use the standard policy values.
Feb 04 14:03:36.099916 dv-cinder-827860-1-smb devstack@c-api.service[110100]: warnings.warn('Policy enforcement is depending on the value of '
Feb 04 14:03:36.101000 dv-cinder-827860-1-smb devstack@c-api.service[110100]: INFO cinder.volume.api [None req-6d7a00d2-3099-42ca-a691-c65dbf88bbf7 tempest-UserMessagesTest-1622398326 tempest-UserMessagesTest-1622398326-project] Availability Zones retrieved successfully.
Feb 04 14:03:36.140054 dv-cinder-827860-1-smb devstack@c-api.service[110100]: DEBUG cinder.volume.api [None req-6d7a00d2-3099-42ca-a691-c65dbf88bbf7 tempest-UserMessagesTest-1622398326 tempest-UserMessagesTest-1622398326-project] Flow 'volume_create_api' (416cc11b-36fe-4c64-938e-22cd07dc98e4) transitioned into state 'RUNNING' from state 'PENDING' {{(pid=110100) _flow_receiver /usr/local/lib/python3.8/dist-packages/taskflow/listeners/logging.py:141}}
Feb 04 14:03:36.144990 dv-cinder-827860-1-smb devstack@c-api.service[110101]: INFO cinder.volume.api [None req-b7b59082-8252-4cf0-9aee-f1157670451e tempest-GroupSnapshotsV319Test-2146663283 tempest-GroupSnapshotsV319Test-2146663283-project] Get all volumes completed successfully.
Feb 04 14:03:36.146508 dv-cinder-827860-1-smb devstack@c-api.service[110100]: DEBUG cinder.volume.api [None req-6d7a00d2-3099-42ca-a691-c65dbf88bbf7 tempest-UserMessagesTest-1622398326 tempest-UserMessagesTest-1622398326-project] Task 'cinder.volume.flows.api.create_volume.ExtractVolumeRequestTask;volume:create' (110f888e-4594-42cf-b0d9-773ab77680c1) transitioned into state 'RUNNING' from state 'PENDING' {{(pid=110100) _task_receiver /usr/local/lib/python3.8/dist-packages/taskflow/listeners/logging.py:190}}
Feb 04 14:03:36.148343 dv-cinder-827860-1-smb devstack@c-api.service[110101]: WARNING stevedore.named [None req-b7b59082-8252-4cf0-9aee-f1157670451e tempest-GroupSnapshotsV319Test-2146663283 tempest-GroupSnapshotsV319Test-2146663283-project] Could not load cinder.keymgr.conf_key_mgr.ConfKeyManager
Feb 04 14:03:36.149093 dv-cinder-827860-1-smb devstack@c-api.service[110101]: WARNING castellan.key_manager [None req-b7b59082-8252-4cf0-9aee-f1157670451e tempest-GroupSnapshotsV319Test-2146663283 tempest-GroupSnapshotsV319Test-2146663283-project] Deprecation Warning : cinder.keymgr.conf_key_mgr.ConfKeyManager is not a stevedore based driver, trying to load it as a class: stevedore.exception.NoMatches: No 'castellan.drivers' driver found, looking for 'cinder.keymgr.conf_key_mgr.ConfKeyManager'
Feb 04 14:03:36.149438 dv-cinder-827860-1-smb devstack@c-api.service[110100]: DEBUG cinder.volume.flows.api.create_volume [None req-6d7a00d2-3099-42ca-a691-c65dbf88bbf7 tempest-UserMessagesTest-1622398326 tempest-UserMessagesTest-1622398326-project] Validating volume size '1' using validate_int {{(pid=110100) _extract_size /opt/stack/cinder/cinder/volume/flows/api/create_volume.py:225}}
Feb 04 14:03:36.175991 dv-cinder-827860-1-smb devstack@c-api.service[110101]: DEBUG oslo_db.sqlalchemy.engines [None req-b7b59082-8252-4cf0-9aee-f1157670451e tempest-GroupSnapshotsV319Test-2146663283 tempest-GroupSnapshotsV319Test-2146663283-project] MySQL server mode set to STRICT_TRANS_TABLES,STRICT_ALL_TABLES,NO_ZERO_IN_DATE,NO_ZERO_DATE,ERROR_FOR_DIVISION_BY_ZERO,TRADITIONAL,NO_ENGINE_SUBSTITUTION {{(pid=110101) _check_effective_sql_mode /usr/local/lib/python3.8/dist-packages/oslo_db/sqlalchemy/engines.py:314}}
Feb 04 14:03:36.187290 dv-cinder-827860-1-smb devstack@c-api.service[110101]: /usr/local/lib/python3.8/dist-packages/oslo_context/context.py:105: DeprecationWarning: Policy enforcement is depending on the value of is_admin. This key is deprecated. Please update your policy file to use the standard policy values.
Feb 04 14:03:36.187290 dv-cinder-827860-1-smb devstack@c-api.service[110101]: warnings.warn('Policy enforcement is depending on the value of '
Feb 04 14:03:36.215082 dv-cinder-827860-1-smb devstack@c-api.service[110100]: DEBUG cinder.volume.api [None req-6d7a00d2-3099-42ca-a691-c65dbf88bbf7 tempest-UserMessagesTest-1622398326 tempest-UserMessagesTest-1622398326-project] Task 'cinder.volume.flows.api.create_volume.ExtractVolumeRequestTask;volume:create' (110f888e-4594-42cf-b0d9-773ab77680c1) transitioned into state 'SUCCESS' from state 'RUNNING' with result '{'size': 1, 'snapshot_id': None, 'source_volid': None, 'volume_type': VolumeType(created_at=2022-02-04T14:03:36Z,deleted=False,deleted_at=None,description=None,extra_specs={storage_protocol='tempest-storage_protocol-1488858201',vendor_name='tempest-vendor_name-1552866060'},id=3a4825f1-be2e-4ab2-a078-32a662b0cfbb,is_public=True,name='tempest-UserMessagesTest-volume-type-674591544',projects=[],qos_specs=,qos_specs_id=None,updated_at=None), 'volume_type_id': '3a4825f1-be2e-4ab2-a078-32a662b0cfbb', 'encryption_key_id': None, 'qos_specs': None, 'consistencygroup_id': None, 'cgsnapshot_id': None, 'group_id': None, 'replication_status': 'disabled', 'refresh_az': False, 'backup_id': None, 'multiattach': False, 'availability_zones': ['nova']}' {{(pid=110100) _task_receiver /usr/local/lib/python3.8/dist-packages/taskflow/listeners/logging.py:178}}
Feb 04 14:03:36.217306 dv-cinder-827860-1-smb devstack@c-api.service[110100]: DEBUG cinder.volume.api [None req-6d7a00d2-3099-42ca-a691-c65dbf88bbf7 tempest-UserMessagesTest-1622398326 tempest-UserMessagesTest-1622398326-project] Task 'cinder.volume.flows.api.create_volume.QuotaReserveTask;volume:create' (8c9db476-ef2f-4219-a19e-79bd01c73e66) transitioned into state 'RUNNING' from state 'PENDING' {{(pid=110100) _task_receiver /usr/local/lib/python3.8/dist-packages/taskflow/listeners/logging.py:190}}
Feb 04 14:03:36.235969 dv-cinder-827860-1-smb devstack@c-api.service[110101]: INFO cinder.api.openstack.wsgi [None req-b7b59082-8252-4cf0-9aee-f1157670451e tempest-GroupSnapshotsV319Test-2146663283 tempest-GroupSnapshotsV319Test-2146663283-project] http://10.222.0.45/volume/v3/822a6e41190846f9984790eb886bdf2d/volumes/detail returned with HTTP 200
Feb 04 14:03:36.276285 dv-cinder-827860-1-smb devstack@c-api.service[110101]: [pid: 110101|app: 0|req: 37/71] 10.222.0.45 () {60 vars in 1275 bytes} [Fri Feb 4 14:03:35 2022] GET /volume/v3/822a6e41190846f9984790eb886bdf2d/volumes/detail => generated 1011 bytes in 413 msecs (HTTP/1.1 200) 7 headers in 287 bytes (1 switches on core 0)
Feb 04 14:03:36.288011 dv-cinder-827860-1-smb devstack@c-api.service[110100]: WARNING cinder.quota [None req-6d7a00d2-3099-42ca-a691-c65dbf88bbf7 tempest-UserMessagesTest-1622398326 tempest-UserMessagesTest-1622398326-project] Deprecated: Default quota for resource: volumes_tempest-UserMessagesTest-volume-type-674591544 is set by the default quota flag: quota_volumes_tempest-UserMessagesTest-volume-type-674591544, it is now deprecated. Please use the default quota class for default quota.
Feb 04 14:03:36.290187 dv-cinder-827860-1-smb devstack@c-api.service[110100]: WARNING cinder.quota [None req-6d7a00d2-3099-42ca-a691-c65dbf88bbf7 tempest-UserMessagesTest-1622398326 tempest-UserMessagesTest-1622398326-project] Deprecated: Default quota for resource: gigabytes_tempest-UserMessagesTest-volume-type-674591544 is set by the default quota flag: quota_gigabytes_tempest-UserMessagesTest-volume-type-674591544, it is now deprecated. Please use the default quota class for default quota.
Feb 04 14:03:36.301098 dv-cinder-827860-1-smb devstack@c-api.service[110101]: INFO cinder.api.openstack.wsgi [None req-6a5cbf61-e142-469d-b17e-0233fe382e41 tempest-GroupSnapshotsV319Test-2146663283 tempest-GroupSnapshotsV319Test-2146663283-project] GET http://10.222.0.45/volume/v3/822a6e41190846f9984790eb886bdf2d/snapshots/detail
Feb 04 14:03:36.301865 dv-cinder-827860-1-smb devstack@c-api.service[110101]: DEBUG cinder.api.openstack.wsgi [None req-6a5cbf61-e142-469d-b17e-0233fe382e41 tempest-GroupSnapshotsV319Test-2146663283 tempest-GroupSnapshotsV319Test-2146663283-project] Empty body provided in request {{(pid=110101) get_body /opt/stack/cinder/cinder/api/openstack/wsgi.py:715}}
Feb 04 14:03:36.304782 dv-cinder-827860-1-smb devstack@c-api.service[110101]: DEBUG cinder.api.openstack.wsgi [None req-6a5cbf61-e142-469d-b17e-0233fe382e41 tempest-GroupSnapshotsV319Test-2146663283 tempest-GroupSnapshotsV319Test-2146663283-project] Calling method 'detail' {{(pid=110101) _process_stack /opt/stack/cinder/cinder/api/openstack/wsgi.py:868}}
Feb 04 14:03:36.306991 dv-cinder-827860-1-smb devstack@c-api.service[110101]: DEBUG cinder.api.api_utils [None req-6a5cbf61-e142-469d-b17e-0233fe382e41 tempest-GroupSnapshotsV319Test-2146663283 tempest-GroupSnapshotsV319Test-2146663283-project] Removing options '' from query. {{(pid=110101) remove_invalid_filter_options /opt/stack/cinder/cinder/api/api_utils.py:73}}
Feb 04 14:03:36.331660 dv-cinder-827860-1-smb devstack@c-api.service[110101]: DEBUG cinder.db.sqlalchemy.api [None req-6a5cbf61-e142-469d-b17e-0233fe382e41 tempest-GroupSnapshotsV319Test-2146663283 tempest-GroupSnapshotsV319Test-2146663283-project] Building query based on filter {{(pid=110101) _process_snaps_filters /opt/stack/cinder/cinder/db/sqlalchemy/api.py:3156}}
Feb 04 14:03:36.386576 dv-cinder-827860-1-smb devstack@c-api.service[110101]: INFO cinder.volume.api [None req-6a5cbf61-e142-469d-b17e-0233fe382e41 tempest-GroupSnapshotsV319Test-2146663283 tempest-GroupSnapshotsV319Test-2146663283-project] Get all snapshots completed successfully.
Feb 04 14:03:36.399468 dv-cinder-827860-1-smb devstack@c-api.service[110101]: /usr/local/lib/python3.8/dist-packages/oslo_context/context.py:105: DeprecationWarning: Policy enforcement is depending on the value of is_admin. This key is deprecated. Please update your policy file to use the standard policy values.
Feb 04 14:03:36.399468 dv-cinder-827860-1-smb devstack@c-api.service[110101]: warnings.warn('Policy enforcement is depending on the value of '
Feb 04 14:03:36.400844 dv-cinder-827860-1-smb devstack@c-api.service[110101]: INFO cinder.api.openstack.wsgi [None req-6a5cbf61-e142-469d-b17e-0233fe382e41 tempest-GroupSnapshotsV319Test-2146663283 tempest-GroupSnapshotsV319Test-2146663283-project] http://10.222.0.45/volume/v3/822a6e41190846f9984790eb886bdf2d/snapshots/detail returned with HTTP 200
Feb 04 14:03:36.409718 dv-cinder-827860-1-smb devstack@c-api.service[110101]: [pid: 110101|app: 0|req: 38/72] 10.222.0.45 () {58 vars in 1240 bytes} [Fri Feb 4 14:03:36 2022] GET /volume/v3/822a6e41190846f9984790eb886bdf2d/snapshots/detail => generated 541 bytes in 117 msecs (HTTP/1.1 200) 7 headers in 285 bytes (1 switches on core 0)
Feb 04 14:03:36.431015 dv-cinder-827860-1-smb devstack@c-api.service[110101]: INFO cinder.api.openstack.wsgi [req-146cb976-5e3e-4abf-a149-fab42ad0daa7 req-ea9cdfc9-8a54-4bf8-9181-f311eff56f3b tempest-VolumesTestJSON-1197776894 tempest-VolumesTestJSON-1197776894-project] GET http://10.222.0.45/volume/v3/9b53b386da0842d2ab4bb47127c42a66/volumes/detail
Feb 04 14:03:36.432917 dv-cinder-827860-1-smb devstack@c-api.service[110101]: DEBUG cinder.api.openstack.wsgi [req-146cb976-5e3e-4abf-a149-fab42ad0daa7 req-ea9cdfc9-8a54-4bf8-9181-f311eff56f3b tempest-VolumesTestJSON-1197776894 tempest-VolumesTestJSON-1197776894-project] Empty body provided in request {{(pid=110101) get_body /opt/stack/cinder/cinder/api/openstack/wsgi.py:715}}
Feb 04 14:03:36.433429 dv-cinder-827860-1-smb devstack@c-api.service[110101]: DEBUG cinder.api.openstack.wsgi [req-146cb976-5e3e-4abf-a149-fab42ad0daa7 req-ea9cdfc9-8a54-4bf8-9181-f311eff56f3b tempest-VolumesTestJSON-1197776894 tempest-VolumesTestJSON-1197776894-project] Calling method 'detail' {{(pid=110101) _process_stack /opt/stack/cinder/cinder/api/openstack/wsgi.py:868}}
Feb 04 14:03:36.434030 dv-cinder-827860-1-smb devstack@c-api.service[110101]: DEBUG cinder.api.api_utils [req-146cb976-5e3e-4abf-a149-fab42ad0daa7 req-ea9cdfc9-8a54-4bf8-9181-f311eff56f3b tempest-VolumesTestJSON-1197776894 tempest-VolumesTestJSON-1197776894-project] Removing options '' from query. {{(pid=110101) remove_invalid_filter_options /opt/stack/cinder/cinder/api/api_utils.py:73}}
Feb 04 14:03:36.444431 dv-cinder-827860-1-smb devstack@c-api.service[110101]: DEBUG cinder.volume.api [req-146cb976-5e3e-4abf-a149-fab42ad0daa7 req-ea9cdfc9-8a54-4bf8-9181-f311eff56f3b tempest-VolumesTestJSON-1197776894 tempest-VolumesTestJSON-1197776894-project] Searching by: MultiDict([('no_migration_targets', True)]). {{(pid=110101) get_all /opt/stack/cinder/cinder/volume/api.py:661}}
Feb 04 14:03:36.534165 dv-cinder-827860-1-smb devstack@c-api.service[110100]: DEBUG cinder.quota [None req-6d7a00d2-3099-42ca-a691-c65dbf88bbf7 tempest-UserMessagesTest-1622398326 tempest-UserMessagesTest-1622398326-project] Created reservations ['a31fb411-65ee-4bfc-a6b0-9c0f6b3cb881', 'c74dd0d4-8236-4769-8b35-40e114ab5f31', '1f673c8f-68f7-455f-a4cf-168575ce58b8', 'ecd9db79-2e8f-4846-9dcb-59543bd35909'] {{(pid=110100) reserve /opt/stack/cinder/cinder/quota.py:755}}
Feb 04 14:03:36.538378 dv-cinder-827860-1-smb devstack@c-api.service[110100]: DEBUG cinder.volume.api [None req-6d7a00d2-3099-42ca-a691-c65dbf88bbf7 tempest-UserMessagesTest-1622398326 tempest-UserMessagesTest-1622398326-project] Task 'cinder.volume.flows.api.create_volume.QuotaReserveTask;volume:create' (8c9db476-ef2f-4219-a19e-79bd01c73e66) transitioned into state 'SUCCESS' from state 'RUNNING' with result '{'reservations': ['a31fb411-65ee-4bfc-a6b0-9c0f6b3cb881', 'c74dd0d4-8236-4769-8b35-40e114ab5f31', '1f673c8f-68f7-455f-a4cf-168575ce58b8', 'ecd9db79-2e8f-4846-9dcb-59543bd35909']}' {{(pid=110100) _task_receiver /usr/local/lib/python3.8/dist-packages/taskflow/listeners/logging.py:178}}
Feb 04 14:03:36.543518 dv-cinder-827860-1-smb devstack@c-api.service[110100]: DEBUG cinder.volume.api [None req-6d7a00d2-3099-42ca-a691-c65dbf88bbf7 tempest-UserMessagesTest-1622398326 tempest-UserMessagesTest-1622398326-project] Task 'cinder.volume.flows.api.create_volume.EntryCreateTask;volume:create' (f052d7aa-96cf-46ac-a28f-1149fd8538f6) transitioned into state 'RUNNING' from state 'PENDING' {{(pid=110100) _task_receiver /usr/local/lib/python3.8/dist-packages/taskflow/listeners/logging.py:190}}
Feb 04 14:03:36.611548 dv-cinder-827860-1-smb devstack@c-api.service[110101]: INFO cinder.volume.api [req-146cb976-5e3e-4abf-a149-fab42ad0daa7 req-ea9cdfc9-8a54-4bf8-9181-f311eff56f3b tempest-VolumesTestJSON-1197776894 tempest-VolumesTestJSON-1197776894-project] Get all volumes completed successfully.
Feb 04 14:03:36.616394 dv-cinder-827860-1-smb devstack@c-api.service[110101]: /usr/local/lib/python3.8/dist-packages/oslo_context/context.py:105: DeprecationWarning: Policy enforcement is depending on the value of is_admin. This key is deprecated. Please update your policy file to use the standard policy values.
Feb 04 14:03:36.616394 dv-cinder-827860-1-smb devstack@c-api.service[110101]: warnings.warn('Policy enforcement is depending on the value of '
Feb 04 14:03:36.632035 dv-cinder-827860-1-smb devstack@c-api.service[110101]: INFO cinder.api.openstack.wsgi [req-146cb976-5e3e-4abf-a149-fab42ad0daa7 req-ea9cdfc9-8a54-4bf8-9181-f311eff56f3b tempest-VolumesTestJSON-1197776894 tempest-VolumesTestJSON-1197776894-project] http://10.222.0.45/volume/v3/9b53b386da0842d2ab4bb47127c42a66/volumes/detail returned with HTTP 200
Feb 04 14:03:36.665083 dv-cinder-827860-1-smb devstack@c-api.service[110101]: [pid: 110101|app: 0|req: 39/73] 10.222.0.45 () {60 vars in 1488 bytes} [Fri Feb 4 14:03:36 2022] GET /volume/v3/9b53b386da0842d2ab4bb47127c42a66/volumes/detail => generated 2747 bytes in 235 msecs (HTTP/1.1 200) 7 headers in 286 bytes (1 switches on core 0)
Feb 04 14:03:36.687636 dv-cinder-827860-1-smb devstack@c-api.service[110101]: INFO cinder.api.openstack.wsgi [None req-25b42c1e-f2ae-44c2-9a2f-8e40dcd7cda5 tempest-GroupSnapshotsV319Test-2146663283 tempest-GroupSnapshotsV319Test-2146663283-project] GET http://10.222.0.45/volume/v3/822a6e41190846f9984790eb886bdf2d/snapshots/5c0ad291-b04c-4208-a87d-77bed902a8c9
Feb 04 14:03:36.688336 dv-cinder-827860-1-smb devstack@c-api.service[110101]: DEBUG cinder.api.openstack.wsgi [None req-25b42c1e-f2ae-44c2-9a2f-8e40dcd7cda5 tempest-GroupSnapshotsV319Test-2146663283 tempest-GroupSnapshotsV319Test-2146663283-project] Empty body provided in request {{(pid=110101) get_body /opt/stack/cinder/cinder/api/openstack/wsgi.py:715}}
Feb 04 14:03:36.688810 dv-cinder-827860-1-smb devstack@c-api.service[110101]: DEBUG cinder.api.openstack.wsgi [None req-25b42c1e-f2ae-44c2-9a2f-8e40dcd7cda5 tempest-GroupSnapshotsV319Test-2146663283 tempest-GroupSnapshotsV319Test-2146663283-project] Calling method 'show' {{(pid=110101) _process_stack /opt/stack/cinder/cinder/api/openstack/wsgi.py:868}}
Feb 04 14:03:36.730548 dv-cinder-827860-1-smb devstack@c-api.service[110100]: DEBUG cinder.volume.api [None req-6d7a00d2-3099-42ca-a691-c65dbf88bbf7 tempest-UserMessagesTest-1622398326 tempest-UserMessagesTest-1622398326-project] Task 'cinder.volume.flows.api.create_volume.EntryCreateTask;volume:create' (f052d7aa-96cf-46ac-a28f-1149fd8538f6) transitioned into state 'SUCCESS' from state 'RUNNING' with result '{'volume_id': '81d44e68-af31-44d2-bc66-b1c3b66c0980', 'volume_properties': VolumeProperties(attach_status='detached',availability_zone='nova',cgsnapshot_id=None,consistencygroup_id=None,display_description=None,display_name='tempest-UserMessagesTest-Volume-1133011500',encryption_key_id=None,group_id=None,group_type_id=,metadata={},multiattach=False,project_id='503173bd28ad48d2b303667bfa80e3e5',qos_specs=None,replication_status=,reservations=['a31fb411-65ee-4bfc-a6b0-9c0f6b3cb881','c74dd0d4-8236-4769-8b35-40e114ab5f31','1f673c8f-68f7-455f-a4cf-168575ce58b8','ecd9db79-2e8f-4846-9dcb-59543bd35909'],size=1,snapshot_id=None,source_replicaid=,source_volid=None,status='creating',user_id='4100f301560244fca333a52b09ab7805',volume_type_id=3a4825f1-be2e-4ab2-a078-32a662b0cfbb), 'volume': Volume(_name_id=None,admin_metadata=,attach_status='detached',availability_zone='nova',bootable=False,cluster=,cluster_name=None,consistencygroup=,consistencygroup_id=None,created_at=2022-02-04T14:03:36Z,deleted=False,deleted_at=None,display_description=None,display_name='tempest-UserMessagesTest-Volume-1133011500',ec2_id=None,encryption_key_id=None,glance_metadata=,group=,group_id=None,host=None,id=81d44e68-af31-44d2-bc66-b1c3b66c0980,launched_at=None,metadata={},migration_status=None,multiattach=False,previous_status=None,project_id='503173bd28ad48d2b303667bfa80e3e5',provider_auth=None,provider_geometry=None,provider_id=None,provider_location=None,replication_driver_data=None,replication_extended_status=None,replication_status=None,scheduled_at=None,service_uuid=None,shared_targets=True,size=1,snapshot_id=None,snapshots=,source_volid=None,status='creating',terminated_at=None,updated_at=None,use_quota=True,user_id='4100f301560244fca333a52b09ab7805',volume_attachment=VolumeAttachmentList,volume_type=VolumeType(3a4825f1-be2e-4ab2-a078-32a662b0cfbb),volume_type_id=3a4825f1-be2e-4ab2-a078-32a662b0cfbb)}' {{(pid=110100) _task_receiver /usr/local/lib/python3.8/dist-packages/taskflow/listeners/logging.py:178}}
Feb 04 14:03:36.730860 dv-cinder-827860-1-smb devstack@c-api.service[110101]: /usr/local/lib/python3.8/dist-packages/oslo_context/context.py:105: DeprecationWarning: Policy enforcement is depending on the value of is_admin. This key is deprecated. Please update your policy file to use the standard policy values.
Feb 04 14:03:36.730860 dv-cinder-827860-1-smb devstack@c-api.service[110101]: warnings.warn('Policy enforcement is depending on the value of '
Feb 04 14:03:36.731911 dv-cinder-827860-1-smb devstack@c-api.service[110101]: INFO cinder.volume.api [None req-25b42c1e-f2ae-44c2-9a2f-8e40dcd7cda5 tempest-GroupSnapshotsV319Test-2146663283 tempest-GroupSnapshotsV319Test-2146663283-project] Snapshot retrieved successfully.
Feb 04 14:03:36.733820 dv-cinder-827860-1-smb devstack@c-api.service[110101]: INFO cinder.api.openstack.wsgi [None req-25b42c1e-f2ae-44c2-9a2f-8e40dcd7cda5 tempest-GroupSnapshotsV319Test-2146663283 tempest-GroupSnapshotsV319Test-2146663283-project] http://10.222.0.45/volume/v3/822a6e41190846f9984790eb886bdf2d/snapshots/5c0ad291-b04c-4208-a87d-77bed902a8c9 returned with HTTP 200
Feb 04 14:03:36.735942 dv-cinder-827860-1-smb devstack@c-api.service[110101]: [pid: 110101|app: 0|req: 40/74] 10.222.0.45 () {58 vars in 1330 bytes} [Fri Feb 4 14:03:36 2022] GET /volume/v3/822a6e41190846f9984790eb886bdf2d/snapshots/5c0ad291-b04c-4208-a87d-77bed902a8c9 => generated 537 bytes in 61 msecs (HTTP/1.1 200) 7 headers in 285 bytes (1 switches on core 0)
Feb 04 14:03:36.740798 dv-cinder-827860-1-smb devstack@c-api.service[110100]: DEBUG cinder.volume.api [None req-6d7a00d2-3099-42ca-a691-c65dbf88bbf7 tempest-UserMessagesTest-1622398326 tempest-UserMessagesTest-1622398326-project] Task 'cinder.volume.flows.api.create_volume.QuotaCommitTask;volume:create' (dad0aa05-1833-4694-ba03-c58489562f7a) transitioned into state 'RUNNING' from state 'PENDING' {{(pid=110100) _task_receiver /usr/local/lib/python3.8/dist-packages/taskflow/listeners/logging.py:190}}
Feb 04 14:03:36.754980 dv-cinder-827860-1-smb devstack@c-api.service[110101]: INFO cinder.api.openstack.wsgi [req-69f1d647-11a4-4ba8-8a2d-96441ca9e354 req-5d3c0182-6812-4a21-8608-8316af9ff6d1 tempest-VolumesTestJSON-1197776894 tempest-VolumesTestJSON-1197776894-project] GET http://10.222.0.45/volume/v3/9b53b386da0842d2ab4bb47127c42a66/volumes/detail
Feb 04 14:03:36.754980 dv-cinder-827860-1-smb devstack@c-api.service[110101]: DEBUG cinder.api.openstack.wsgi [req-69f1d647-11a4-4ba8-8a2d-96441ca9e354 req-5d3c0182-6812-4a21-8608-8316af9ff6d1 tempest-VolumesTestJSON-1197776894 tempest-VolumesTestJSON-1197776894-project] Empty body provided in request {{(pid=110101) get_body /opt/stack/cinder/cinder/api/openstack/wsgi.py:715}}
Feb 04 14:03:36.754980 dv-cinder-827860-1-smb devstack@c-api.service[110101]: DEBUG cinder.api.openstack.wsgi [req-69f1d647-11a4-4ba8-8a2d-96441ca9e354 req-5d3c0182-6812-4a21-8608-8316af9ff6d1 tempest-VolumesTestJSON-1197776894 tempest-VolumesTestJSON-1197776894-project] Calling method 'detail' {{(pid=110101) _process_stack /opt/stack/cinder/cinder/api/openstack/wsgi.py:868}}
Feb 04 14:03:36.754980 dv-cinder-827860-1-smb devstack@c-api.service[110101]: DEBUG cinder.api.api_utils [req-69f1d647-11a4-4ba8-8a2d-96441ca9e354 req-5d3c0182-6812-4a21-8608-8316af9ff6d1 tempest-VolumesTestJSON-1197776894 tempest-VolumesTestJSON-1197776894-project] Removing options '' from query. {{(pid=110101) remove_invalid_filter_options /opt/stack/cinder/cinder/api/api_utils.py:73}}
Feb 04 14:03:36.757734 dv-cinder-827860-1-smb devstack@c-api.service[110101]: DEBUG cinder.volume.api [req-69f1d647-11a4-4ba8-8a2d-96441ca9e354 req-5d3c0182-6812-4a21-8608-8316af9ff6d1 tempest-VolumesTestJSON-1197776894 tempest-VolumesTestJSON-1197776894-project] Searching by: MultiDict([('no_migration_targets', True)]). {{(pid=110101) get_all /opt/stack/cinder/cinder/volume/api.py:661}}
Feb 04 14:03:36.822744 dv-cinder-827860-1-smb devstack@c-api.service[110101]: INFO cinder.volume.api [req-69f1d647-11a4-4ba8-8a2d-96441ca9e354 req-5d3c0182-6812-4a21-8608-8316af9ff6d1 tempest-VolumesTestJSON-1197776894 tempest-VolumesTestJSON-1197776894-project] Get all volumes completed successfully.
Feb 04 14:03:36.826144 dv-cinder-827860-1-smb devstack@c-api.service[110101]: /usr/local/lib/python3.8/dist-packages/oslo_context/context.py:105: DeprecationWarning: Policy enforcement is depending on the value of is_admin. This key is deprecated. Please update your policy file to use the standard policy values.
Feb 04 14:03:36.826144 dv-cinder-827860-1-smb devstack@c-api.service[110101]: warnings.warn('Policy enforcement is depending on the value of '
Feb 04 14:03:36.836251 dv-cinder-827860-1-smb devstack@c-api.service[110101]: INFO cinder.api.openstack.wsgi [req-69f1d647-11a4-4ba8-8a2d-96441ca9e354 req-5d3c0182-6812-4a21-8608-8316af9ff6d1 tempest-VolumesTestJSON-1197776894 tempest-VolumesTestJSON-1197776894-project] http://10.222.0.45/volume/v3/9b53b386da0842d2ab4bb47127c42a66/volumes/detail returned with HTTP 200
Feb 04 14:03:36.862910 dv-cinder-827860-1-smb devstack@c-api.service[110101]: [pid: 110101|app: 0|req: 41/75] 10.222.0.45 () {60 vars in 1488 bytes} [Fri Feb 4 14:03:36 2022] GET /volume/v3/9b53b386da0842d2ab4bb47127c42a66/volumes/detail => generated 2747 bytes in 126 msecs (HTTP/1.1 200) 7 headers in 286 bytes (1 switches on core 0)
Feb 04 14:03:36.880326 dv-cinder-827860-1-smb devstack@c-api.service[110101]: INFO cinder.api.openstack.wsgi [None req-fd3e59a4-bb46-4583-8676-2b3d1a3ac1e9 tempest-VolumesTestJSON-1197776894 tempest-VolumesTestJSON-1197776894-project] DELETE http://10.222.0.45/volume/v3/9b53b386da0842d2ab4bb47127c42a66/volumes/34c56564-badc-478e-a475-d3ae57ced8aa
Feb 04 14:03:36.883607 dv-cinder-827860-1-smb devstack@c-api.service[110101]: DEBUG cinder.api.openstack.wsgi [None req-fd3e59a4-bb46-4583-8676-2b3d1a3ac1e9 tempest-VolumesTestJSON-1197776894 tempest-VolumesTestJSON-1197776894-project] Empty body provided in request {{(pid=110101) get_body /opt/stack/cinder/cinder/api/openstack/wsgi.py:715}}
Feb 04 14:03:36.884232 dv-cinder-827860-1-smb devstack@c-api.service[110101]: DEBUG cinder.api.openstack.wsgi [None req-fd3e59a4-bb46-4583-8676-2b3d1a3ac1e9 tempest-VolumesTestJSON-1197776894 tempest-VolumesTestJSON-1197776894-project] Calling method 'delete' {{(pid=110101) _process_stack /opt/stack/cinder/cinder/api/openstack/wsgi.py:868}}
Feb 04 14:03:36.884713 dv-cinder-827860-1-smb devstack@c-api.service[110101]: INFO cinder.api.v3.volumes [None req-fd3e59a4-bb46-4583-8676-2b3d1a3ac1e9 tempest-VolumesTestJSON-1197776894 tempest-VolumesTestJSON-1197776894-project] Delete volume with id: 34c56564-badc-478e-a475-d3ae57ced8aa
Feb 04 14:03:36.895817 dv-cinder-827860-1-smb devstack@c-api.service[110100]: DEBUG cinder.volume.api [None req-6d7a00d2-3099-42ca-a691-c65dbf88bbf7 tempest-UserMessagesTest-1622398326 tempest-UserMessagesTest-1622398326-project] Task 'cinder.volume.flows.api.create_volume.QuotaCommitTask;volume:create' (dad0aa05-1833-4694-ba03-c58489562f7a) transitioned into state 'SUCCESS' from state 'RUNNING' with result '{'volume_properties': VolumeProperties(attach_status='detached',availability_zone='nova',cgsnapshot_id=None,consistencygroup_id=None,display_description=None,display_name='tempest-UserMessagesTest-Volume-1133011500',encryption_key_id=None,group_id=None,group_type_id=,metadata={},multiattach=False,project_id='503173bd28ad48d2b303667bfa80e3e5',qos_specs=None,replication_status=,reservations=['a31fb411-65ee-4bfc-a6b0-9c0f6b3cb881','c74dd0d4-8236-4769-8b35-40e114ab5f31','1f673c8f-68f7-455f-a4cf-168575ce58b8','ecd9db79-2e8f-4846-9dcb-59543bd35909'],size=1,snapshot_id=None,source_replicaid=,source_volid=None,status='creating',user_id='4100f301560244fca333a52b09ab7805',volume_type_id=3a4825f1-be2e-4ab2-a078-32a662b0cfbb)}' {{(pid=110100) _task_receiver /usr/local/lib/python3.8/dist-packages/taskflow/listeners/logging.py:178}}
Feb 04 14:03:36.897960 dv-cinder-827860-1-smb devstack@c-api.service[110100]: DEBUG cinder.volume.api [None req-6d7a00d2-3099-42ca-a691-c65dbf88bbf7 tempest-UserMessagesTest-1622398326 tempest-UserMessagesTest-1622398326-project] Task 'cinder.volume.flows.api.create_volume.VolumeCastTask;volume:create' (f5795fc5-ae95-4264-8383-b5b8bf1303ea) transitioned into state 'RUNNING' from state 'PENDING' {{(pid=110100) _task_receiver /usr/local/lib/python3.8/dist-packages/taskflow/listeners/logging.py:190}}
Feb 04 14:03:36.922726 dv-cinder-827860-1-smb devstack@c-api.service[110101]: /usr/local/lib/python3.8/dist-packages/oslo_context/context.py:105: DeprecationWarning: Policy enforcement is depending on the value of is_admin. This key is deprecated. Please update your policy file to use the standard policy values.
Feb 04 14:03:36.922726 dv-cinder-827860-1-smb devstack@c-api.service[110101]: warnings.warn('Policy enforcement is depending on the value of '
Feb 04 14:03:36.926447 dv-cinder-827860-1-smb devstack@c-api.service[110101]: INFO cinder.volume.api [None req-fd3e59a4-bb46-4583-8676-2b3d1a3ac1e9 tempest-VolumesTestJSON-1197776894 tempest-VolumesTestJSON-1197776894-project] Volume info retrieved successfully.
Feb 04 14:03:37.035821 dv-cinder-827860-1-smb devstack@c-api.service[110100]: DEBUG cinder.volume.api [None req-6d7a00d2-3099-42ca-a691-c65dbf88bbf7 tempest-UserMessagesTest-1622398326 tempest-UserMessagesTest-1622398326-project] Task 'cinder.volume.flows.api.create_volume.VolumeCastTask;volume:create' (f5795fc5-ae95-4264-8383-b5b8bf1303ea) transitioned into state 'SUCCESS' from state 'RUNNING' with result 'None' {{(pid=110100) _task_receiver /usr/local/lib/python3.8/dist-packages/taskflow/listeners/logging.py:178}}
Feb 04 14:03:37.048754 dv-cinder-827860-1-smb devstack@c-api.service[110100]: DEBUG cinder.volume.api [None req-6d7a00d2-3099-42ca-a691-c65dbf88bbf7 tempest-UserMessagesTest-1622398326 tempest-UserMessagesTest-1622398326-project] Flow 'volume_create_api' (416cc11b-36fe-4c64-938e-22cd07dc98e4) transitioned into state 'SUCCESS' from state 'RUNNING' {{(pid=110100) _flow_receiver /usr/local/lib/python3.8/dist-packages/taskflow/listeners/logging.py:141}}
Feb 04 14:03:37.049524 dv-cinder-827860-1-smb devstack@c-api.service[110100]: INFO cinder.volume.api [None req-6d7a00d2-3099-42ca-a691-c65dbf88bbf7 tempest-UserMessagesTest-1622398326 tempest-UserMessagesTest-1622398326-project] Create volume request issued successfully.
Feb 04 14:03:37.057615 dv-cinder-827860-1-smb devstack@c-api.service[110100]: INFO cinder.api.openstack.wsgi [None req-6d7a00d2-3099-42ca-a691-c65dbf88bbf7 tempest-UserMessagesTest-1622398326 tempest-UserMessagesTest-1622398326-project] http://10.222.0.45/volume/v3/503173bd28ad48d2b303667bfa80e3e5/volumes returned with HTTP 202
Feb 04 14:03:37.065891 dv-cinder-827860-1-smb devstack@c-api.service[110100]: [pid: 110100|app: 0|req: 35/76] 10.222.0.45 () {62 vars in 1275 bytes} [Fri Feb 4 14:03:36 2022] POST /volume/v3/503173bd28ad48d2b303667bfa80e3e5/volumes => generated 851 bytes in 1039 msecs (HTTP/1.1 202) 7 headers in 291 bytes (1 switches on core 0)
Feb 04 14:03:37.086340 dv-cinder-827860-1-smb devstack@c-api.service[110100]: INFO cinder.api.openstack.wsgi [None req-c62b999b-4bf2-4703-9a61-dc7eb636901d tempest-UserMessagesTest-1622398326 tempest-UserMessagesTest-1622398326-project] GET http://10.222.0.45/volume/v3/503173bd28ad48d2b303667bfa80e3e5/volumes/81d44e68-af31-44d2-bc66-b1c3b66c0980
Feb 04 14:03:37.087254 dv-cinder-827860-1-smb devstack@c-api.service[110100]: DEBUG cinder.api.openstack.wsgi [None req-c62b999b-4bf2-4703-9a61-dc7eb636901d tempest-UserMessagesTest-1622398326 tempest-UserMessagesTest-1622398326-project] Empty body provided in request {{(pid=110100) get_body /opt/stack/cinder/cinder/api/openstack/wsgi.py:715}}
Feb 04 14:03:37.088922 dv-cinder-827860-1-smb devstack@c-api.service[110100]: DEBUG cinder.api.openstack.wsgi [None req-c62b999b-4bf2-4703-9a61-dc7eb636901d tempest-UserMessagesTest-1622398326 tempest-UserMessagesTest-1622398326-project] Calling method 'show' {{(pid=110100) _process_stack /opt/stack/cinder/cinder/api/openstack/wsgi.py:868}}
Feb 04 14:03:37.117313 dv-cinder-827860-1-smb devstack@c-api.service[110100]: /usr/local/lib/python3.8/dist-packages/oslo_context/context.py:105: DeprecationWarning: Policy enforcement is depending on the value of is_admin. This key is deprecated. Please update your policy file to use the standard policy values.
Feb 04 14:03:37.117313 dv-cinder-827860-1-smb devstack@c-api.service[110100]: warnings.warn('Policy enforcement is depending on the value of '
Feb 04 14:03:37.129462 dv-cinder-827860-1-smb devstack@c-api.service[110100]: INFO cinder.volume.api [None req-c62b999b-4bf2-4703-9a61-dc7eb636901d tempest-UserMessagesTest-1622398326 tempest-UserMessagesTest-1622398326-project] Volume info retrieved successfully.
Feb 04 14:03:37.145096 dv-cinder-827860-1-smb devstack@c-api.service[110100]: INFO cinder.api.openstack.wsgi [None req-c62b999b-4bf2-4703-9a61-dc7eb636901d tempest-UserMessagesTest-1622398326 tempest-UserMessagesTest-1622398326-project] http://10.222.0.45/volume/v3/503173bd28ad48d2b303667bfa80e3e5/volumes/81d44e68-af31-44d2-bc66-b1c3b66c0980 returned with HTTP 200
Feb 04 14:03:37.147789 dv-cinder-827860-1-smb devstack@c-api.service[110100]: [pid: 110100|app: 0|req: 36/77] 10.222.0.45 () {60 vars in 1364 bytes} [Fri Feb 4 14:03:37 2022] GET /volume/v3/503173bd28ad48d2b303667bfa80e3e5/volumes/81d44e68-af31-44d2-bc66-b1c3b66c0980 => generated 919 bytes in 74 msecs (HTTP/1.1 200) 7 headers in 285 bytes (2 switches on core 0)
Feb 04 14:03:37.223754 dv-cinder-827860-1-smb devstack@c-api.service[110101]: INFO cinder.volume.api [None req-fd3e59a4-bb46-4583-8676-2b3d1a3ac1e9 tempest-VolumesTestJSON-1197776894 tempest-VolumesTestJSON-1197776894-project] Delete volume request issued successfully.
Feb 04 14:03:37.224428 dv-cinder-827860-1-smb devstack@c-api.service[110101]: INFO cinder.api.openstack.wsgi [None req-fd3e59a4-bb46-4583-8676-2b3d1a3ac1e9 tempest-VolumesTestJSON-1197776894 tempest-VolumesTestJSON-1197776894-project] http://10.222.0.45/volume/v3/9b53b386da0842d2ab4bb47127c42a66/volumes/34c56564-badc-478e-a475-d3ae57ced8aa returned with HTTP 202
Feb 04 14:03:37.225314 dv-cinder-827860-1-smb devstack@c-api.service[110101]: [pid: 110101|app: 0|req: 42/78] 10.222.0.45 () {58 vars in 1327 bytes} [Fri Feb 4 14:03:36 2022] DELETE /volume/v3/9b53b386da0842d2ab4bb47127c42a66/volumes/34c56564-badc-478e-a475-d3ae57ced8aa => generated 0 bytes in 362 msecs (HTTP/1.1 202) 6 headers in 233 bytes (1 switches on core 0)
Feb 04 14:03:37.233050 dv-cinder-827860-1-smb devstack@c-api.service[110100]: INFO cinder.api.openstack.wsgi [None req-21910e02-057a-4415-a225-e62e3d5d26cc tempest-VolumesTestJSON-1197776894 tempest-VolumesTestJSON-1197776894-project] GET http://10.222.0.45/volume/v3/9b53b386da0842d2ab4bb47127c42a66/volumes/34c56564-badc-478e-a475-d3ae57ced8aa
Feb 04 14:03:37.233812 dv-cinder-827860-1-smb devstack@c-api.service[110100]: DEBUG cinder.api.openstack.wsgi [None req-21910e02-057a-4415-a225-e62e3d5d26cc tempest-VolumesTestJSON-1197776894 tempest-VolumesTestJSON-1197776894-project] Empty body provided in request {{(pid=110100) get_body /opt/stack/cinder/cinder/api/openstack/wsgi.py:715}}
Feb 04 14:03:37.234516 dv-cinder-827860-1-smb devstack@c-api.service[110100]: DEBUG cinder.api.openstack.wsgi [None req-21910e02-057a-4415-a225-e62e3d5d26cc tempest-VolumesTestJSON-1197776894 tempest-VolumesTestJSON-1197776894-project] Calling method 'show' {{(pid=110100) _process_stack /opt/stack/cinder/cinder/api/openstack/wsgi.py:868}}
Feb 04 14:03:37.273187 dv-cinder-827860-1-smb devstack@c-api.service[110100]: /usr/local/lib/python3.8/dist-packages/oslo_context/context.py:105: DeprecationWarning: Policy enforcement is depending on the value of is_admin. This key is deprecated. Please update your policy file to use the standard policy values.
Feb 04 14:03:37.273187 dv-cinder-827860-1-smb devstack@c-api.service[110100]: warnings.warn('Policy enforcement is depending on the value of '
Feb 04 14:03:37.282189 dv-cinder-827860-1-smb devstack@c-api.service[110100]: INFO cinder.volume.api [None req-21910e02-057a-4415-a225-e62e3d5d26cc tempest-VolumesTestJSON-1197776894 tempest-VolumesTestJSON-1197776894-project] Volume info retrieved successfully.
Feb 04 14:03:37.295753 dv-cinder-827860-1-smb devstack@c-api.service[110100]: INFO cinder.api.openstack.wsgi [None req-21910e02-057a-4415-a225-e62e3d5d26cc tempest-VolumesTestJSON-1197776894 tempest-VolumesTestJSON-1197776894-project] http://10.222.0.45/volume/v3/9b53b386da0842d2ab4bb47127c42a66/volumes/34c56564-badc-478e-a475-d3ae57ced8aa returned with HTTP 200
Feb 04 14:03:37.297410 dv-cinder-827860-1-smb devstack@c-api.service[110100]: [pid: 110100|app: 0|req: 37/79] 10.222.0.45 () {58 vars in 1324 bytes} [Fri Feb 4 14:03:37 2022] GET /volume/v3/9b53b386da0842d2ab4bb47127c42a66/volumes/34c56564-badc-478e-a475-d3ae57ced8aa => generated 920 bytes in 68 msecs (HTTP/1.1 200) 7 headers in 285 bytes (1 switches on core 0)
Feb 04 14:03:37.529726 dv-cinder-827860-1-smb devstack@c-api.service[110101]: INFO cinder.api.openstack.wsgi [None req-8ff0a6b6-4206-48f9-92be-dd64ddf85bc2 tempest-GroupSnapshotsTest-1433346629 tempest-GroupSnapshotsTest-1433346629-project-admin] POST http://10.222.0.45/volume/v3/005deb4228c141ffb07e97cc70d21cba/types
Feb 04 14:03:37.530758 dv-cinder-827860-1-smb devstack@c-api.service[110101]: DEBUG cinder.api.openstack.wsgi [None req-8ff0a6b6-4206-48f9-92be-dd64ddf85bc2 tempest-GroupSnapshotsTest-1433346629 tempest-GroupSnapshotsTest-1433346629-project-admin] Action: 'create', calling method: _create, body: {"volume_type": {"name": "tempest-GroupSnapshotsTest-volume-type-577626836"}} {{(pid=110101) _process_stack /opt/stack/cinder/cinder/api/openstack/wsgi.py:866}}
Feb 04 14:03:37.659478 dv-cinder-827860-1-smb devstack@c-api.service[110101]: INFO cinder.api.openstack.wsgi [None req-8ff0a6b6-4206-48f9-92be-dd64ddf85bc2 tempest-GroupSnapshotsTest-1433346629 tempest-GroupSnapshotsTest-1433346629-project-admin] http://10.222.0.45/volume/v3/005deb4228c141ffb07e97cc70d21cba/types returned with HTTP 200
Feb 04 14:03:37.661791 dv-cinder-827860-1-smb devstack@c-api.service[110101]: [pid: 110101|app: 0|req: 43/80] 10.222.0.45 () {60 vars in 1228 bytes} [Fri Feb 4 14:03:37 2022] POST /volume/v3/005deb4228c141ffb07e97cc70d21cba/types => generated 223 bytes in 310 msecs (HTTP/1.1 200) 7 headers in 285 bytes (1 switches on core 0)
Feb 04 14:03:37.672628 dv-cinder-827860-1-smb devstack@c-api.service[110100]: INFO cinder.api.openstack.wsgi [None req-b26655b6-3274-4d1b-841e-2b5dfb689796 tempest-GroupSnapshotsTest-1433346629 tempest-GroupSnapshotsTest-1433346629-project-admin] POST http://10.222.0.45/volume/v3/005deb4228c141ffb07e97cc70d21cba/group_types
Feb 04 14:03:37.676158 dv-cinder-827860-1-smb devstack@c-api.service[110100]: DEBUG cinder.api.openstack.wsgi [None req-b26655b6-3274-4d1b-841e-2b5dfb689796 tempest-GroupSnapshotsTest-1433346629 tempest-GroupSnapshotsTest-1433346629-project-admin] Action: 'create', calling method: version_select, body: {"group_type": {"name": "tempest-GroupSnapshotsTest-group-type-975943468"}} {{(pid=110100) _process_stack /opt/stack/cinder/cinder/api/openstack/wsgi.py:866}}
Feb 04 14:03:37.758377 dv-cinder-827860-1-smb devstack@c-api.service[110101]: INFO cinder.api.openstack.wsgi [None req-edc40acd-51e6-4064-b78f-510d47518963 tempest-GroupSnapshotsV319Test-2146663283 tempest-GroupSnapshotsV319Test-2146663283-project] GET http://10.222.0.45/volume/v3/822a6e41190846f9984790eb886bdf2d/snapshots/5c0ad291-b04c-4208-a87d-77bed902a8c9
Feb 04 14:03:37.759311 dv-cinder-827860-1-smb devstack@c-api.service[110101]: DEBUG cinder.api.openstack.wsgi [None req-edc40acd-51e6-4064-b78f-510d47518963 tempest-GroupSnapshotsV319Test-2146663283 tempest-GroupSnapshotsV319Test-2146663283-project] Empty body provided in request {{(pid=110101) get_body /opt/stack/cinder/cinder/api/openstack/wsgi.py:715}}
Feb 04 14:03:37.759973 dv-cinder-827860-1-smb devstack@c-api.service[110101]: DEBUG cinder.api.openstack.wsgi [None req-edc40acd-51e6-4064-b78f-510d47518963 tempest-GroupSnapshotsV319Test-2146663283 tempest-GroupSnapshotsV319Test-2146663283-project] Calling method 'show' {{(pid=110101) _process_stack /opt/stack/cinder/cinder/api/openstack/wsgi.py:868}}
Feb 04 14:03:37.786234 dv-cinder-827860-1-smb devstack@c-api.service[110101]: INFO cinder.api.openstack.wsgi [None req-edc40acd-51e6-4064-b78f-510d47518963 tempest-GroupSnapshotsV319Test-2146663283 tempest-GroupSnapshotsV319Test-2146663283-project] http://10.222.0.45/volume/v3/822a6e41190846f9984790eb886bdf2d/snapshots/5c0ad291-b04c-4208-a87d-77bed902a8c9 returned with HTTP 404
