Feb 03 02:56:31.324330 dv-cinder-827581-1-iscsi devstack@n-api.service[116385]: DEBUG nova.api.openstack.wsgi [None req-c2d3e3c7-8862-4b13-a688-6157e251561b tempest-VolumesSnapshotsTestJSON-1984814037 tempest-VolumesSnapshotsTestJSON-1984814037-project] Action: 'create', calling method: .version_select at 0x7ff99eee2dc0>, body: {"volume": {"size": 1, "display_name": "tempest-VolumesSnapshotsTestJSON-volume-1081023382"}} {{(pid=116385) _process_stack /opt/stack/nova/nova/api/openstack/wsgi.py:511}}
Feb 03 02:56:31.821034 dv-cinder-827581-1-iscsi devstack@n-api.service[116386]: DEBUG nova.api.openstack.wsgi [None req-a7edefe0-ade3-4a6b-b8ea-bee67f889117 tempest-VolumesGetTestJSON-180290230 tempest-VolumesGetTestJSON-180290230-project] Action: 'create', calling method: .version_select at 0x7ff99eee1dc0>, body: {"volume": {"size": 1, "display_name": "tempest-VolumesGetTestJSON-Volume-877079515", "metadata": {"Type": "work"}}} {{(pid=116386) _process_stack /opt/stack/nova/nova/api/openstack/wsgi.py:511}}
Feb 03 02:56:33.143604 dv-cinder-827581-1-iscsi devstack@n-api.service[116385]: INFO nova.api.openstack.requestlog [None req-c2d3e3c7-8862-4b13-a688-6157e251561b tempest-VolumesSnapshotsTestJSON-1984814037 tempest-VolumesSnapshotsTestJSON-1984814037-project] 10.222.0.31 "POST /compute/v2.1/os-volumes" status: 200 len: 345 microversion: 2.1 time: 3.194322
Feb 03 02:56:33.144907 dv-cinder-827581-1-iscsi devstack@n-api.service[116385]: [pid: 116385|app: 0|req: 1/1] 10.222.0.31 () {60 vars in 1154 bytes} [Thu Feb 3 02:56:29 2022] POST /compute/v2.1/os-volumes => generated 345 bytes in 3197 msecs (HTTP/1.1 200) 10 headers in 448 bytes (1 switches on core 0)
Feb 03 02:56:33.313314 dv-cinder-827581-1-iscsi devstack@n-api.service[116385]: DEBUG nova.api.openstack.wsgi [None req-bdcadf6d-75fe-4420-9bd6-9b0334094082 tempest-DeleteServersTestJSON-289698609 tempest-DeleteServersTestJSON-289698609-project] Action: 'create', calling method: >, body: {"server": {"name": "tempest-DeleteServersTestJSON-server-102339879", "imageRef": "99f55a0d-eb47-4fb8-930e-eefa2d0dd1ce", "flavorRef": "452", "networks": [{"uuid": "9723d542-6d8e-49e5-9dba-f02cc45de9c9"}]}} {{(pid=116385) _process_stack /opt/stack/nova/nova/api/openstack/wsgi.py:511}}
Feb 03 02:56:33.509305 dv-cinder-827581-1-iscsi devstack@n-api.service[116385]: DEBUG nova.network.neutron [None req-bdcadf6d-75fe-4420-9bd6-9b0334094082 tempest-DeleteServersTestJSON-289698609 tempest-DeleteServersTestJSON-289698609-project] validate_networks() for [('9723d542-6d8e-49e5-9dba-f02cc45de9c9', None, None, None, None, None)] {{(pid=116385) validate_networks /opt/stack/nova/nova/network/neutron.py:2482}}
Feb 03 02:56:33.902375 dv-cinder-827581-1-iscsi devstack@n-api.service[116386]: INFO nova.api.openstack.requestlog [None req-a7edefe0-ade3-4a6b-b8ea-bee67f889117 tempest-VolumesGetTestJSON-180290230 tempest-VolumesGetTestJSON-180290230-project] 10.222.0.31 "POST /compute/v2.1/os-volumes" status: 200 len: 352 microversion: 2.1 time: 3.422812
Feb 03 02:56:33.903129 dv-cinder-827581-1-iscsi devstack@n-api.service[116386]: [pid: 116386|app: 0|req: 1/2] 10.222.0.31 () {60 vars in 1155 bytes} [Thu Feb 3 02:56:30 2022] POST /compute/v2.1/os-volumes => generated 352 bytes in 3425 msecs (HTTP/1.1 200) 10 headers in 448 bytes (1 switches on core 0)
Feb 03 02:56:34.012372 dv-cinder-827581-1-iscsi devstack@n-api.service[116386]: DEBUG nova.api.openstack.wsgi [None req-1d744956-d2fc-4676-8bd3-47db729a035c tempest-AttachVolumeNegativeTest-859496072 tempest-AttachVolumeNegativeTest-859496072-project] Action: 'create', calling method: >, body: {"server": {"name": "tempest-AttachVolumeNegativeTest-server-1039167817", "imageRef": "99f55a0d-eb47-4fb8-930e-eefa2d0dd1ce", "flavorRef": "452", "networks": [{"uuid": "126c5997-2080-4b93-9c71-959073b0550c"}]}} {{(pid=116386) _process_stack /opt/stack/nova/nova/api/openstack/wsgi.py:511}}
Feb 03 02:56:34.221939 dv-cinder-827581-1-iscsi devstack@n-api.service[116386]: DEBUG nova.network.neutron [None req-1d744956-d2fc-4676-8bd3-47db729a035c tempest-AttachVolumeNegativeTest-859496072 tempest-AttachVolumeNegativeTest-859496072-project] validate_networks() for [('126c5997-2080-4b93-9c71-959073b0550c', None, None, None, None, None)] {{(pid=116386) validate_networks /opt/stack/nova/nova/network/neutron.py:2482}}
Feb 03 02:56:35.438041 dv-cinder-827581-1-iscsi devstack@n-api.service[116385]: DEBUG nova.virt.hardware [None req-bdcadf6d-75fe-4420-9bd6-9b0334094082 tempest-DeleteServersTestJSON-289698609 tempest-DeleteServersTestJSON-289698609-project] Flavor limits 0:0:0 {{(pid=116385) get_cpu_topology_constraints /opt/stack/nova/nova/virt/hardware.py:343}}
Feb 03 02:56:35.438641 dv-cinder-827581-1-iscsi devstack@n-api.service[116385]: DEBUG nova.virt.hardware [None req-bdcadf6d-75fe-4420-9bd6-9b0334094082 tempest-DeleteServersTestJSON-289698609 tempest-DeleteServersTestJSON-289698609-project] Image limits 0:0:0 {{(pid=116385) get_cpu_topology_constraints /opt/stack/nova/nova/virt/hardware.py:347}}
Feb 03 02:56:35.438968 dv-cinder-827581-1-iscsi devstack@n-api.service[116385]: DEBUG nova.virt.hardware [None req-bdcadf6d-75fe-4420-9bd6-9b0334094082 tempest-DeleteServersTestJSON-289698609 tempest-DeleteServersTestJSON-289698609-project] Flavor pref 0:0:0 {{(pid=116385) get_cpu_topology_constraints /opt/stack/nova/nova/virt/hardware.py:383}}
Feb 03 02:56:35.439500 dv-cinder-827581-1-iscsi devstack@n-api.service[116385]: DEBUG nova.virt.hardware [None req-bdcadf6d-75fe-4420-9bd6-9b0334094082 tempest-DeleteServersTestJSON-289698609 tempest-DeleteServersTestJSON-289698609-project] Image pref 0:0:0 {{(pid=116385) get_cpu_topology_constraints /opt/stack/nova/nova/virt/hardware.py:387}}
Feb 03 02:56:35.439909 dv-cinder-827581-1-iscsi devstack@n-api.service[116385]: DEBUG nova.virt.hardware [None req-bdcadf6d-75fe-4420-9bd6-9b0334094082 tempest-DeleteServersTestJSON-289698609 tempest-DeleteServersTestJSON-289698609-project] Chose sockets=0, cores=0, threads=0; limits were sockets=65536, cores=65536, threads=65536 {{(pid=116385) get_cpu_topology_constraints /opt/stack/nova/nova/virt/hardware.py:425}}
Feb 03 02:56:35.487135 dv-cinder-827581-1-iscsi devstack@n-api.service[116385]: DEBUG oslo_concurrency.lockutils [None req-bdcadf6d-75fe-4420-9bd6-9b0334094082 tempest-DeleteServersTestJSON-289698609 tempest-DeleteServersTestJSON-289698609-project] Lock "00000000-0000-0000-0000-000000000000" acquired by "nova.context.set_target_cell..get_or_set_cached_cell_and_set_connections" :: waited 0.000s {{(pid=116385) inner /usr/local/lib/python3.8/dist-packages/oslo_concurrency/lockutils.py:386}}
Feb 03 02:56:35.487577 dv-cinder-827581-1-iscsi devstack@n-api.service[116385]: DEBUG oslo_concurrency.lockutils [None req-bdcadf6d-75fe-4420-9bd6-9b0334094082 tempest-DeleteServersTestJSON-289698609 tempest-DeleteServersTestJSON-289698609-project] Lock "00000000-0000-0000-0000-000000000000" "released" by "nova.context.set_target_cell..get_or_set_cached_cell_and_set_connections" :: held 0.001s {{(pid=116385) inner /usr/local/lib/python3.8/dist-packages/oslo_concurrency/lockutils.py:400}}
Feb 03 02:56:35.494347 dv-cinder-827581-1-iscsi devstack@n-api.service[116385]: DEBUG oslo_concurrency.lockutils [None req-bdcadf6d-75fe-4420-9bd6-9b0334094082 tempest-DeleteServersTestJSON-289698609 tempest-DeleteServersTestJSON-289698609-project] Lock "40cf0a47-7e1e-4d6b-9709-06f3170571bd" acquired by "nova.context.set_target_cell..get_or_set_cached_cell_and_set_connections" :: waited 0.000s {{(pid=116385) inner /usr/local/lib/python3.8/dist-packages/oslo_concurrency/lockutils.py:386}}
Feb 03 02:56:35.494792 dv-cinder-827581-1-iscsi devstack@n-api.service[116385]: DEBUG oslo_concurrency.lockutils [None req-bdcadf6d-75fe-4420-9bd6-9b0334094082 tempest-DeleteServersTestJSON-289698609 tempest-DeleteServersTestJSON-289698609-project] Lock "40cf0a47-7e1e-4d6b-9709-06f3170571bd" "released" by "nova.context.set_target_cell..get_or_set_cached_cell_and_set_connections" :: held 0.001s {{(pid=116385) inner /usr/local/lib/python3.8/dist-packages/oslo_concurrency/lockutils.py:400}}
Feb 03 02:56:35.499615 dv-cinder-827581-1-iscsi devstack@n-api.service[116386]: DEBUG nova.virt.hardware [None req-1d744956-d2fc-4676-8bd3-47db729a035c tempest-AttachVolumeNegativeTest-859496072 tempest-AttachVolumeNegativeTest-859496072-project] Flavor limits 0:0:0 {{(pid=116386) get_cpu_topology_constraints /opt/stack/nova/nova/virt/hardware.py:343}}
Feb 03 02:56:35.500145 dv-cinder-827581-1-iscsi devstack@n-api.service[116386]: DEBUG nova.virt.hardware [None req-1d744956-d2fc-4676-8bd3-47db729a035c tempest-AttachVolumeNegativeTest-859496072 tempest-AttachVolumeNegativeTest-859496072-project] Image limits 0:0:0 {{(pid=116386) get_cpu_topology_constraints /opt/stack/nova/nova/virt/hardware.py:347}}
Feb 03 02:56:35.500883 dv-cinder-827581-1-iscsi devstack@n-api.service[116386]: DEBUG nova.virt.hardware [None req-1d744956-d2fc-4676-8bd3-47db729a035c tempest-AttachVolumeNegativeTest-859496072 tempest-AttachVolumeNegativeTest-859496072-project] Flavor pref 0:0:0 {{(pid=116386) get_cpu_topology_constraints /opt/stack/nova/nova/virt/hardware.py:383}}
Feb 03 02:56:35.501306 dv-cinder-827581-1-iscsi devstack@n-api.service[116386]: DEBUG nova.virt.hardware [None req-1d744956-d2fc-4676-8bd3-47db729a035c tempest-AttachVolumeNegativeTest-859496072 tempest-AttachVolumeNegativeTest-859496072-project] Image pref 0:0:0 {{(pid=116386) get_cpu_topology_constraints /opt/stack/nova/nova/virt/hardware.py:387}}
Feb 03 02:56:35.502652 dv-cinder-827581-1-iscsi devstack@n-api.service[116386]: DEBUG nova.virt.hardware [None req-1d744956-d2fc-4676-8bd3-47db729a035c tempest-AttachVolumeNegativeTest-859496072 tempest-AttachVolumeNegativeTest-859496072-project] Chose sockets=0, cores=0, threads=0; limits were sockets=65536, cores=65536, threads=65536 {{(pid=116386) get_cpu_topology_constraints /opt/stack/nova/nova/virt/hardware.py:425}}
Feb 03 02:56:35.537833 dv-cinder-827581-1-iscsi devstack@n-api.service[116386]: DEBUG oslo_concurrency.lockutils [None req-1d744956-d2fc-4676-8bd3-47db729a035c tempest-AttachVolumeNegativeTest-859496072 tempest-AttachVolumeNegativeTest-859496072-project] Lock "00000000-0000-0000-0000-000000000000" acquired by "nova.context.set_target_cell..get_or_set_cached_cell_and_set_connections" :: waited 0.000s {{(pid=116386) inner /usr/local/lib/python3.8/dist-packages/oslo_concurrency/lockutils.py:386}}
Feb 03 02:56:35.538662 dv-cinder-827581-1-iscsi devstack@n-api.service[116386]: DEBUG oslo_concurrency.lockutils [None req-1d744956-d2fc-4676-8bd3-47db729a035c tempest-AttachVolumeNegativeTest-859496072 tempest-AttachVolumeNegativeTest-859496072-project] Lock "00000000-0000-0000-0000-000000000000" "released" by "nova.context.set_target_cell..get_or_set_cached_cell_and_set_connections" :: held 0.008s {{(pid=116386) inner /usr/local/lib/python3.8/dist-packages/oslo_concurrency/lockutils.py:400}}
Feb 03 02:56:35.542653 dv-cinder-827581-1-iscsi devstack@n-api.service[116386]: DEBUG oslo_concurrency.lockutils [None req-1d744956-d2fc-4676-8bd3-47db729a035c tempest-AttachVolumeNegativeTest-859496072 tempest-AttachVolumeNegativeTest-859496072-project] Lock "40cf0a47-7e1e-4d6b-9709-06f3170571bd" acquired by "nova.context.set_target_cell..get_or_set_cached_cell_and_set_connections" :: waited 0.000s {{(pid=116386) inner /usr/local/lib/python3.8/dist-packages/oslo_concurrency/lockutils.py:386}}
Feb 03 02:56:35.545316 dv-cinder-827581-1-iscsi devstack@n-api.service[116386]: DEBUG oslo_concurrency.lockutils [None req-1d744956-d2fc-4676-8bd3-47db729a035c tempest-AttachVolumeNegativeTest-859496072 tempest-AttachVolumeNegativeTest-859496072-project] Lock "40cf0a47-7e1e-4d6b-9709-06f3170571bd" "released" by "nova.context.set_target_cell..get_or_set_cached_cell_and_set_connections" :: held 0.003s {{(pid=116386) inner /usr/local/lib/python3.8/dist-packages/oslo_concurrency/lockutils.py:400}}
Feb 03 02:56:35.574771 dv-cinder-827581-1-iscsi devstack@n-api.service[116385]: DEBUG nova.quota [None req-bdcadf6d-75fe-4420-9bd6-9b0334094082 tempest-DeleteServersTestJSON-289698609 tempest-DeleteServersTestJSON-289698609-project] Getting quotas for project a2f534df59e149f8b14cd7406f932b2d. Resources: {'cores', 'ram', 'instances'} {{(pid=116385) _get_quotas /opt/stack/nova/nova/quota.py:387}}
Feb 03 02:56:35.594327 dv-cinder-827581-1-iscsi devstack@n-api.service[116385]: DEBUG nova.quota [None req-bdcadf6d-75fe-4420-9bd6-9b0334094082 tempest-DeleteServersTestJSON-289698609 tempest-DeleteServersTestJSON-289698609-project] Getting quotas for user 3b69c633ad9a496f924f8f2479eea06d and project a2f534df59e149f8b14cd7406f932b2d. Resources: {'cores', 'ram', 'instances'} {{(pid=116385) _get_quotas /opt/stack/nova/nova/quota.py:377}}
Feb 03 02:56:35.619209 dv-cinder-827581-1-iscsi devstack@n-api.service[116385]: DEBUG nova.compute.api [None req-bdcadf6d-75fe-4420-9bd6-9b0334094082 tempest-DeleteServersTestJSON-289698609 tempest-DeleteServersTestJSON-289698609-project] Going to run 1 instances... {{(pid=116385) _provision_instances /opt/stack/nova/nova/compute/api.py:1350}}
Feb 03 02:56:35.624653 dv-cinder-827581-1-iscsi devstack@n-api.service[116385]: DEBUG nova.compute.api [None req-bdcadf6d-75fe-4420-9bd6-9b0334094082 tempest-DeleteServersTestJSON-289698609 tempest-DeleteServersTestJSON-289698609-project] [instance: 34add2e5-8d7d-42c6-8f4c-e7a60fb27183] block_device_mapping [BlockDeviceMapping(attachment_id=,boot_index=0,connection_info=None,created_at=,delete_on_termination=True,deleted=,deleted_at=,destination_type='local',device_name=None,device_type='disk',disk_bus=None,guest_format=None,id=,image_id='99f55a0d-eb47-4fb8-930e-eefa2d0dd1ce',instance=,instance_uuid=,no_device=False,snapshot_id=None,source_type='image',tag=None,updated_at=,uuid=,volume_id=None,volume_size=None,volume_type=None)] {{(pid=116385) _bdm_validate_set_size_and_instance /opt/stack/nova/nova/compute/api.py:1757}}
Feb 03 02:56:35.684437 dv-cinder-827581-1-iscsi devstack@n-api.service[116386]: DEBUG nova.quota [None req-1d744956-d2fc-4676-8bd3-47db729a035c tempest-AttachVolumeNegativeTest-859496072 tempest-AttachVolumeNegativeTest-859496072-project] Getting quotas for project ff777728bb704feeabf264e753679daa. Resources: {'cores', 'ram', 'instances'} {{(pid=116386) _get_quotas /opt/stack/nova/nova/quota.py:387}}
Feb 03 02:56:35.700541 dv-cinder-827581-1-iscsi devstack@n-api.service[116386]: DEBUG nova.quota [None req-1d744956-d2fc-4676-8bd3-47db729a035c tempest-AttachVolumeNegativeTest-859496072 tempest-AttachVolumeNegativeTest-859496072-project] Getting quotas for user 087b5f4f3891413b8b7fa727768c09a4 and project ff777728bb704feeabf264e753679daa. Resources: {'cores', 'ram', 'instances'} {{(pid=116386) _get_quotas /opt/stack/nova/nova/quota.py:377}}
Feb 03 02:56:35.754092 dv-cinder-827581-1-iscsi devstack@n-api.service[116386]: DEBUG nova.compute.api [None req-1d744956-d2fc-4676-8bd3-47db729a035c tempest-AttachVolumeNegativeTest-859496072 tempest-AttachVolumeNegativeTest-859496072-project] Going to run 1 instances... {{(pid=116386) _provision_instances /opt/stack/nova/nova/compute/api.py:1350}}
Feb 03 02:56:35.771254 dv-cinder-827581-1-iscsi devstack@n-api.service[116386]: DEBUG nova.compute.api [None req-1d744956-d2fc-4676-8bd3-47db729a035c tempest-AttachVolumeNegativeTest-859496072 tempest-AttachVolumeNegativeTest-859496072-project] [instance: 933b2272-897b-43bc-8ba0-252edeef0170] block_device_mapping [BlockDeviceMapping(attachment_id=,boot_index=0,connection_info=None,created_at=,delete_on_termination=True,deleted=,deleted_at=,destination_type='local',device_name=None,device_type='disk',disk_bus=None,guest_format=None,id=,image_id='99f55a0d-eb47-4fb8-930e-eefa2d0dd1ce',instance=,instance_uuid=,no_device=False,snapshot_id=None,source_type='image',tag=None,updated_at=,uuid=,volume_id=None,volume_size=None,volume_type=None)] {{(pid=116386) _bdm_validate_set_size_and_instance /opt/stack/nova/nova/compute/api.py:1757}}
Feb 03 02:56:35.790122 dv-cinder-827581-1-iscsi devstack@n-api.service[116385]: INFO nova.api.openstack.requestlog [None req-bdcadf6d-75fe-4420-9bd6-9b0334094082 tempest-DeleteServersTestJSON-289698609 tempest-DeleteServersTestJSON-289698609-project] 10.222.0.31 "POST /compute/v2.1/servers" status: 202 len: 380 microversion: 2.1 time: 2.643728
Feb 03 02:56:35.801147 dv-cinder-827581-1-iscsi devstack@n-api.service[116385]: [pid: 116385|app: 0|req: 2/3] 10.222.0.31 () {60 vars in 1146 bytes} [Thu Feb 3 02:56:33 2022] POST /compute/v2.1/servers => generated 380 bytes in 2655 msecs (HTTP/1.1 202) 10 headers in 451 bytes (1 switches on core 0)
Feb 03 02:56:35.806506 dv-cinder-827581-1-iscsi devstack@n-api.service[116385]: DEBUG nova.api.openstack.wsgi [None req-c95cc139-6cc7-411d-8e3f-7fdc2c34d12b tempest-VolumesSnapshotsTestJSON-1984814037 tempest-VolumesSnapshotsTestJSON-1984814037-project] Calling method '.version_select at 0x7ff99e4520d0>' {{(pid=116385) _process_stack /opt/stack/nova/nova/api/openstack/wsgi.py:513}}
Feb 03 02:56:35.978453 dv-cinder-827581-1-iscsi devstack@n-api.service[116385]: INFO nova.api.openstack.requestlog [None req-c95cc139-6cc7-411d-8e3f-7fdc2c34d12b tempest-VolumesSnapshotsTestJSON-1984814037 tempest-VolumesSnapshotsTestJSON-1984814037-project] 10.222.0.31 "GET /compute/v2.1/os-volumes/c3e1b906-b672-4fb9-b4c4-0ee437fcff0b" status: 200 len: 346 microversion: 2.1 time: 0.175716
Feb 03 02:56:35.986477 dv-cinder-827581-1-iscsi devstack@n-api.service[116385]: [pid: 116385|app: 0|req: 3/4] 10.222.0.31 () {58 vars in 1244 bytes} [Thu Feb 3 02:56:35 2022] GET /compute/v2.1/os-volumes/c3e1b906-b672-4fb9-b4c4-0ee437fcff0b => generated 346 bytes in 184 msecs (HTTP/1.1 200) 9 headers in 357 bytes (1 switches on core 0)
Feb 03 02:56:35.991109 dv-cinder-827581-1-iscsi devstack@n-api.service[116385]: DEBUG nova.api.openstack.wsgi [None req-2659691a-4e2f-4731-b0ac-bacd61975aed tempest-VolumesGetTestJSON-180290230 tempest-VolumesGetTestJSON-180290230-project] Calling method '.version_select at 0x7ff99e452ca0>' {{(pid=116385) _process_stack /opt/stack/nova/nova/api/openstack/wsgi.py:513}}
Feb 03 02:56:36.030925 dv-cinder-827581-1-iscsi devstack@n-api.service[116386]: INFO nova.api.openstack.requestlog [None req-1d744956-d2fc-4676-8bd3-47db729a035c tempest-AttachVolumeNegativeTest-859496072 tempest-AttachVolumeNegativeTest-859496072-project] 10.222.0.31 "POST /compute/v2.1/servers" status: 202 len: 380 microversion: 2.1 time: 2.126260
Feb 03 02:56:36.031596 dv-cinder-827581-1-iscsi devstack@n-api.service[116386]: [pid: 116386|app: 0|req: 2/5] 10.222.0.31 () {60 vars in 1146 bytes} [Thu Feb 3 02:56:33 2022] POST /compute/v2.1/servers => generated 380 bytes in 2128 msecs (HTTP/1.1 202) 10 headers in 451 bytes (1 switches on core 0)
Feb 03 02:56:36.041875 dv-cinder-827581-1-iscsi devstack@n-api.service[116386]: DEBUG nova.api.openstack.wsgi [None req-490c9714-7eb5-49a8-b5f0-181c3a77a865 tempest-DeleteServersTestJSON-289698609 tempest-DeleteServersTestJSON-289698609-project] Calling method '>' {{(pid=116386) _process_stack /opt/stack/nova/nova/api/openstack/wsgi.py:513}}
Feb 03 02:56:36.059213 dv-cinder-827581-1-iscsi devstack@n-api.service[116386]: DEBUG nova.compute.api [None req-490c9714-7eb5-49a8-b5f0-181c3a77a865 tempest-DeleteServersTestJSON-289698609 tempest-DeleteServersTestJSON-289698609-project] [instance: 34add2e5-8d7d-42c6-8f4c-e7a60fb27183] Fetching instance by UUID {{(pid=116386) get /opt/stack/nova/nova/compute/api.py:2865}}
Feb 03 02:56:36.095902 dv-cinder-827581-1-iscsi devstack@n-api.service[116385]: INFO nova.api.openstack.requestlog [None req-2659691a-4e2f-4731-b0ac-bacd61975aed tempest-VolumesGetTestJSON-180290230 tempest-VolumesGetTestJSON-180290230-project] 10.222.0.31 "GET /compute/v2.1/os-volumes/71c8d62a-25fa-48d2-b313-c3d71f734763" status: 200 len: 353 microversion: 2.1 time: 0.108199
Feb 03 02:56:36.096495 dv-cinder-827581-1-iscsi devstack@n-api.service[116385]: [pid: 116385|app: 0|req: 4/6] 10.222.0.31 () {58 vars in 1244 bytes} [Thu Feb 3 02:56:35 2022] GET /compute/v2.1/os-volumes/71c8d62a-25fa-48d2-b313-c3d71f734763 => generated 353 bytes in 109 msecs (HTTP/1.1 200) 9 headers in 357 bytes (1 switches on core 0)
Feb 03 02:56:36.101013 dv-cinder-827581-1-iscsi devstack@n-api.service[116385]: DEBUG nova.api.openstack.wsgi [None req-5d10a899-0fe8-4f93-a943-ef015e7a7032 tempest-VolumesSnapshotsTestJSON-1984814037 tempest-VolumesSnapshotsTestJSON-1984814037-project] Action: 'create', calling method: .version_select at 0x7ff99e442f70>, body: {"snapshot": {"volume_id": "c3e1b906-b672-4fb9-b4c4-0ee437fcff0b", "display_name": "tempest-VolumesSnapshotsTestJSON-Snapshot-918437443"}} {{(pid=116385) _process_stack /opt/stack/nova/nova/api/openstack/wsgi.py:511}}
Feb 03 02:56:36.693314 dv-cinder-827581-1-iscsi devstack@n-api.service[116386]: DEBUG nova.policy [None req-490c9714-7eb5-49a8-b5f0-181c3a77a865 tempest-DeleteServersTestJSON-289698609 tempest-DeleteServersTestJSON-289698609-project] Policy check for os_compute_api:os-extended-server-attributes failed with credentials {'is_admin': False, 'user_id': '3b69c633ad9a496f924f8f2479eea06d', 'user_domain_id': 'default', 'system_scope': None, 'domain_id': None, 'project_id': 'a2f534df59e149f8b14cd7406f932b2d', 'project_domain_id': 'default', 'roles': ['member', 'reader'], 'is_admin_project': True, 'service_user_id': None, 'service_user_domain_id': None, 'service_project_id': None, 'service_project_domain_id': None, 'service_roles': []} {{(pid=116386) authorize /opt/stack/nova/nova/policy.py:199}}
Feb 03 02:56:36.731170 dv-cinder-827581-1-iscsi devstack@n-api.service[116386]: INFO nova.api.openstack.requestlog [None req-490c9714-7eb5-49a8-b5f0-181c3a77a865 tempest-DeleteServersTestJSON-289698609 tempest-DeleteServersTestJSON-289698609-project] 10.222.0.31 "GET /compute/v2.1/servers/34add2e5-8d7d-42c6-8f4c-e7a60fb27183" status: 200 len: 1214 microversion: 2.1 time: 0.693201
Feb 03 02:56:36.732257 dv-cinder-827581-1-iscsi devstack@n-api.service[116386]: [pid: 116386|app: 0|req: 3/7] 10.222.0.31 () {58 vars in 1235 bytes} [Thu Feb 3 02:56:36 2022] GET /compute/v2.1/servers/34add2e5-8d7d-42c6-8f4c-e7a60fb27183 => generated 1214 bytes in 696 msecs (HTTP/1.1 200) 9 headers in 358 bytes (1 switches on core 0)
Feb 03 02:56:36.737365 dv-cinder-827581-1-iscsi devstack@n-api.service[116386]: DEBUG nova.api.openstack.wsgi [None req-344cb48f-bf9d-4e57-9634-3f7c029ecd6c tempest-AttachVolumeNegativeTest-859496072 tempest-AttachVolumeNegativeTest-859496072-project] Calling method '>' {{(pid=116386) _process_stack /opt/stack/nova/nova/api/openstack/wsgi.py:513}}
Feb 03 02:56:36.738489 dv-cinder-827581-1-iscsi devstack@n-api.service[116386]: DEBUG nova.compute.api [None req-344cb48f-bf9d-4e57-9634-3f7c029ecd6c tempest-AttachVolumeNegativeTest-859496072 tempest-AttachVolumeNegativeTest-859496072-project] [instance: 933b2272-897b-43bc-8ba0-252edeef0170] Fetching instance by UUID {{(pid=116386) get /opt/stack/nova/nova/compute/api.py:2865}}
Feb 03 02:56:36.958710 dv-cinder-827581-1-iscsi devstack@n-api.service[116386]: DEBUG nova.policy [None req-344cb48f-bf9d-4e57-9634-3f7c029ecd6c tempest-AttachVolumeNegativeTest-859496072 tempest-AttachVolumeNegativeTest-859496072-project] Policy check for os_compute_api:os-extended-server-attributes failed with credentials {'is_admin': False, 'user_id': '087b5f4f3891413b8b7fa727768c09a4', 'user_domain_id': 'default', 'system_scope': None, 'domain_id': None, 'project_id': 'ff777728bb704feeabf264e753679daa', 'project_domain_id': 'default', 'roles': ['member', 'reader'], 'is_admin_project': True, 'service_user_id': None, 'service_user_domain_id': None, 'service_project_id': None, 'service_project_domain_id': None, 'service_roles': []} {{(pid=116386) authorize /opt/stack/nova/nova/policy.py:199}}
Feb 03 02:56:36.968017 dv-cinder-827581-1-iscsi devstack@n-api.service[116385]: INFO nova.api.openstack.requestlog [None req-5d10a899-0fe8-4f93-a943-ef015e7a7032 tempest-VolumesSnapshotsTestJSON-1984814037 tempest-VolumesSnapshotsTestJSON-1984814037-project] 10.222.0.31 "POST /compute/v2.1/os-snapshots" status: 200 len: 286 microversion: 2.1 time: 0.870280
Feb 03 02:56:36.968673 dv-cinder-827581-1-iscsi devstack@n-api.service[116385]: [pid: 116385|app: 0|req: 5/8] 10.222.0.31 () {60 vars in 1161 bytes} [Thu Feb 3 02:56:36 2022] POST /compute/v2.1/os-snapshots => generated 286 bytes in 871 msecs (HTTP/1.1 200) 9 headers in 357 bytes (1 switches on core 0)
Feb 03 02:56:36.978271 dv-cinder-827581-1-iscsi devstack@n-api.service[116385]: DEBUG nova.api.openstack.wsgi [None req-689a6a8c-6040-4e3e-962a-1323587233d8 tempest-VolumesGetTestJSON-180290230 tempest-VolumesGetTestJSON-180290230-project] Calling method '.version_select at 0x7ff99e452430>' {{(pid=116385) _process_stack /opt/stack/nova/nova/api/openstack/wsgi.py:513}}
Feb 03 02:56:36.988313 dv-cinder-827581-1-iscsi devstack@n-api.service[116386]: INFO nova.api.openstack.requestlog [None req-344cb48f-bf9d-4e57-9634-3f7c029ecd6c tempest-AttachVolumeNegativeTest-859496072 tempest-AttachVolumeNegativeTest-859496072-project] 10.222.0.31 "GET /compute/v2.1/servers/933b2272-897b-43bc-8ba0-252edeef0170" status: 200 len: 1218 microversion: 2.1 time: 0.254739
Feb 03 02:56:37.006861 dv-cinder-827581-1-iscsi devstack@n-api.service[116386]: [pid: 116386|app: 0|req: 4/9] 10.222.0.31 () {58 vars in 1235 bytes} [Thu Feb 3 02:56:36 2022] GET /compute/v2.1/servers/933b2272-897b-43bc-8ba0-252edeef0170 => generated 1218 bytes in 274 msecs (HTTP/1.1 200) 9 headers in 358 bytes (1 switches on core 0)
Feb 03 02:56:37.023842 dv-cinder-827581-1-iscsi devstack@n-api.service[116386]: DEBUG nova.api.openstack.wsgi [None req-5575c3f4-c583-44f6-a3ab-ef46acb613da tempest-VolumesSnapshotsTestJSON-1984814037 tempest-VolumesSnapshotsTestJSON-1984814037-project] Calling method '.version_select at 0x7ff99dc050d0>' {{(pid=116386) _process_stack /opt/stack/nova/nova/api/openstack/wsgi.py:513}}
Feb 03 02:56:37.092762 dv-cinder-827581-1-iscsi devstack@n-api.service[116385]: INFO nova.api.openstack.requestlog [None req-689a6a8c-6040-4e3e-962a-1323587233d8 tempest-VolumesGetTestJSON-180290230 tempest-VolumesGetTestJSON-180290230-project] 10.222.0.31 "GET /compute/v2.1/os-volumes/71c8d62a-25fa-48d2-b313-c3d71f734763" status: 200 len: 353 microversion: 2.1 time: 0.118136
Feb 03 02:56:37.093367 dv-cinder-827581-1-iscsi devstack@n-api.service[116385]: [pid: 116385|app: 0|req: 6/10] 10.222.0.31 () {58 vars in 1244 bytes} [Thu Feb 3 02:56:36 2022] GET /compute/v2.1/os-volumes/71c8d62a-25fa-48d2-b313-c3d71f734763 => generated 353 bytes in 124 msecs (HTTP/1.1 200) 9 headers in 357 bytes (1 switches on core 0)
Feb 03 02:56:37.111402 dv-cinder-827581-1-iscsi devstack@n-api.service[116385]: DEBUG nova.api.openstack.wsgi [None req-66037a87-d151-4222-9448-236114ed4c4a tempest-VolumesGetTestJSON-180290230 tempest-VolumesGetTestJSON-180290230-project] Calling method '.version_select at 0x7ff99dbe4670>' {{(pid=116385) _process_stack /opt/stack/nova/nova/api/openstack/wsgi.py:513}}
Feb 03 02:56:37.149560 dv-cinder-827581-1-iscsi devstack@n-api.service[116386]: INFO nova.api.openstack.requestlog [None req-5575c3f4-c583-44f6-a3ab-ef46acb613da tempest-VolumesSnapshotsTestJSON-1984814037 tempest-VolumesSnapshotsTestJSON-1984814037-project] 10.222.0.31 "GET /compute/v2.1/os-snapshots/b4fe8022-fe26-41ed-a08f-07802f7584de" status: 200 len: 286 microversion: 2.1 time: 0.139654
Feb 03 02:56:37.154796 dv-cinder-827581-1-iscsi devstack@n-api.service[116386]: [pid: 116386|app: 0|req: 5/11] 10.222.0.31 () {58 vars in 1250 bytes} [Thu Feb 3 02:56:37 2022] GET /compute/v2.1/os-snapshots/b4fe8022-fe26-41ed-a08f-07802f7584de => generated 286 bytes in 143 msecs (HTTP/1.1 200) 9 headers in 357 bytes (1 switches on core 0)
Feb 03 02:56:37.160529 dv-cinder-827581-1-iscsi devstack@n-api.service[116386]: DEBUG nova.api.openstack.wsgi [None req-58bd1f26-59a4-4972-adbc-a86fc6e105be tempest-VolumesSnapshotsTestJSON-1984814037 tempest-VolumesSnapshotsTestJSON-1984814037-project] Calling method '.version_select at 0x7ff99dc05b80>' {{(pid=116386) _process_stack /opt/stack/nova/nova/api/openstack/wsgi.py:513}}
Feb 03 02:56:37.310108 dv-cinder-827581-1-iscsi devstack@n-api.service[116385]: INFO nova.api.openstack.requestlog [None req-66037a87-d151-4222-9448-236114ed4c4a tempest-VolumesGetTestJSON-180290230 tempest-VolumesGetTestJSON-180290230-project] 10.222.0.31 "DELETE /compute/v2.1/os-volumes/71c8d62a-25fa-48d2-b313-c3d71f734763" status: 202 len: 0 microversion: 2.1 time: 0.202597
Feb 03 02:56:37.316242 dv-cinder-827581-1-iscsi devstack@n-api.service[116385]: [pid: 116385|app: 0|req: 7/12] 10.222.0.31 () {58 vars in 1247 bytes} [Thu Feb 3 02:56:37 2022] DELETE /compute/v2.1/os-volumes/71c8d62a-25fa-48d2-b313-c3d71f734763 => generated 0 bytes in 209 msecs (HTTP/1.1 202) 9 headers in 361 bytes (1 switches on core 0)
Feb 03 02:56:37.325049 dv-cinder-827581-1-iscsi devstack@n-api.service[116385]: DEBUG nova.api.openstack.wsgi [None req-9ff22e9f-e5a6-426f-a2cd-da08b185a979 tempest-VolumesGetTestJSON-180290230 tempest-VolumesGetTestJSON-180290230-project] Calling method '.version_select at 0x7ff99e452670>' {{(pid=116385) _process_stack /opt/stack/nova/nova/api/openstack/wsgi.py:513}}
Feb 03 02:56:37.421076 dv-cinder-827581-1-iscsi devstack@n-api.service[116386]: INFO nova.api.openstack.requestlog [None req-58bd1f26-59a4-4972-adbc-a86fc6e105be tempest-VolumesSnapshotsTestJSON-1984814037 tempest-VolumesSnapshotsTestJSON-1984814037-project] 10.222.0.31 "GET /compute/v2.1/os-snapshots" status: 200 len: 289 microversion: 2.1 time: 0.264458
Feb 03 02:56:37.422075 dv-cinder-827581-1-iscsi devstack@n-api.service[116386]: [pid: 116386|app: 0|req: 6/13] 10.222.0.31 () {58 vars in 1139 bytes} [Thu Feb 3 02:56:37 2022] GET /compute/v2.1/os-snapshots => generated 289 bytes in 266 msecs (HTTP/1.1 200) 9 headers in 357 bytes (2 switches on core 0)
Feb 03 02:56:37.433046 dv-cinder-827581-1-iscsi devstack@n-api.service[116386]: DEBUG nova.api.openstack.wsgi [None req-64e8cb6d-f22c-41f7-b7ff-4e314cf72c75 tempest-VolumesSnapshotsTestJSON-1984814037 tempest-VolumesSnapshotsTestJSON-1984814037-project] Calling method '.version_select at 0x7ff99dc05dc0>' {{(pid=116386) _process_stack /opt/stack/nova/nova/api/openstack/wsgi.py:513}}
Feb 03 02:56:37.508629 dv-cinder-827581-1-iscsi devstack@n-api.service[116385]: INFO nova.api.openstack.requestlog [None req-9ff22e9f-e5a6-426f-a2cd-da08b185a979 tempest-VolumesGetTestJSON-180290230 tempest-VolumesGetTestJSON-180290230-project] 10.222.0.31 "GET /compute/v2.1/os-volumes/71c8d62a-25fa-48d2-b313-c3d71f734763" status: 200 len: 352 microversion: 2.1 time: 0.191179
Feb 03 02:56:37.514943 dv-cinder-827581-1-iscsi devstack@n-api.service[116385]: [pid: 116385|app: 0|req: 8/14] 10.222.0.31 () {58 vars in 1244 bytes} [Thu Feb 3 02:56:37 2022] GET /compute/v2.1/os-volumes/71c8d62a-25fa-48d2-b313-c3d71f734763 => generated 352 bytes in 198 msecs (HTTP/1.1 200) 9 headers in 357 bytes (1 switches on core 0)
Feb 03 02:56:37.568324 dv-cinder-827581-1-iscsi devstack@n-api.service[116386]: INFO nova.api.openstack.requestlog [None req-64e8cb6d-f22c-41f7-b7ff-4e314cf72c75 tempest-VolumesSnapshotsTestJSON-1984814037 tempest-VolumesSnapshotsTestJSON-1984814037-project] 10.222.0.31 "GET /compute/v2.1/os-snapshots/b4fe8022-fe26-41ed-a08f-07802f7584de" status: 200 len: 286 microversion: 2.1 time: 0.138449
Feb 03 02:56:37.571734 dv-cinder-827581-1-iscsi devstack@n-api.service[116386]: [pid: 116386|app: 0|req: 7/15] 10.222.0.31 () {58 vars in 1250 bytes} [Thu Feb 3 02:56:37 2022] GET /compute/v2.1/os-snapshots/b4fe8022-fe26-41ed-a08f-07802f7584de => generated 286 bytes in 144 msecs (HTTP/1.1 200) 9 headers in 357 bytes (1 switches on core 0)
Feb 03 02:56:37.749043 dv-cinder-827581-1-iscsi devstack@n-api.service[116385]: DEBUG nova.api.openstack.wsgi [None req-b6c14fa5-e163-4a09-9c3d-a4aa16fafb4b tempest-DeleteServersTestJSON-289698609 tempest-DeleteServersTestJSON-289698609-project] Calling method '>' {{(pid=116385) _process_stack /opt/stack/nova/nova/api/openstack/wsgi.py:513}}
Feb 03 02:56:37.749812 dv-cinder-827581-1-iscsi devstack@n-api.service[116385]: DEBUG nova.compute.api [None req-b6c14fa5-e163-4a09-9c3d-a4aa16fafb4b tempest-DeleteServersTestJSON-289698609 tempest-DeleteServersTestJSON-289698609-project] [instance: 34add2e5-8d7d-42c6-8f4c-e7a60fb27183] Fetching instance by UUID {{(pid=116385) get /opt/stack/nova/nova/compute/api.py:2865}}
Feb 03 02:56:37.971588 dv-cinder-827581-1-iscsi devstack@n-api.service[116385]: DEBUG nova.policy [None req-b6c14fa5-e163-4a09-9c3d-a4aa16fafb4b tempest-DeleteServersTestJSON-289698609 tempest-DeleteServersTestJSON-289698609-project] Policy check for os_compute_api:os-extended-server-attributes failed with credentials {'is_admin': False, 'user_id': '3b69c633ad9a496f924f8f2479eea06d', 'user_domain_id': 'default', 'system_scope': None, 'domain_id': None, 'project_id': 'a2f534df59e149f8b14cd7406f932b2d', 'project_domain_id': 'default', 'roles': ['member', 'reader'], 'is_admin_project': True, 'service_user_id': None, 'service_user_domain_id': None, 'service_project_id': None, 'service_project_domain_id': None, 'service_roles': []} {{(pid=116385) authorize /opt/stack/nova/nova/policy.py:199}}
Feb 03 02:56:38.000318 dv-cinder-827581-1-iscsi devstack@n-api.service[116385]: INFO nova.api.openstack.requestlog [None req-b6c14fa5-e163-4a09-9c3d-a4aa16fafb4b tempest-DeleteServersTestJSON-289698609 tempest-DeleteServersTestJSON-289698609-project] 10.222.0.31 "GET /compute/v2.1/servers/34add2e5-8d7d-42c6-8f4c-e7a60fb27183" status: 200 len: 1214 microversion: 2.1 time: 0.251671
Feb 03 02:56:38.007460 dv-cinder-827581-1-iscsi devstack@n-api.service[116385]: [pid: 116385|app: 0|req: 9/16] 10.222.0.31 () {58 vars in 1235 bytes} [Thu Feb 3 02:56:37 2022] GET /compute/v2.1/servers/34add2e5-8d7d-42c6-8f4c-e7a60fb27183 => generated 1214 bytes in 263 msecs (HTTP/1.1 200) 9 headers in 358 bytes (1 switches on core 0)
Feb 03 02:56:38.023029 dv-cinder-827581-1-iscsi devstack@n-api.service[116386]: DEBUG nova.api.openstack.wsgi [None req-4567be66-2d43-40a8-a419-a11f0b8c258f tempest-AttachVolumeNegativeTest-859496072 tempest-AttachVolumeNegativeTest-859496072-project] Calling method '>' {{(pid=116386) _process_stack /opt/stack/nova/nova/api/openstack/wsgi.py:513}}
Feb 03 02:56:38.024680 dv-cinder-827581-1-iscsi devstack@n-api.service[116386]: DEBUG nova.compute.api [None req-4567be66-2d43-40a8-a419-a11f0b8c258f tempest-AttachVolumeNegativeTest-859496072 tempest-AttachVolumeNegativeTest-859496072-project] [instance: 933b2272-897b-43bc-8ba0-252edeef0170] Fetching instance by UUID {{(pid=116386) get /opt/stack/nova/nova/compute/api.py:2865}}
Feb 03 02:56:38.031796 dv-cinder-827581-1-iscsi devstack@n-api.service[116386]: DEBUG oslo_concurrency.lockutils [None req-4567be66-2d43-40a8-a419-a11f0b8c258f tempest-AttachVolumeNegativeTest-859496072 tempest-AttachVolumeNegativeTest-859496072-project] Lock "40cf0a47-7e1e-4d6b-9709-06f3170571bd" acquired by "nova.context.set_target_cell..get_or_set_cached_cell_and_set_connections" :: waited 0.000s {{(pid=116386) inner /usr/local/lib/python3.8/dist-packages/oslo_concurrency/lockutils.py:386}}
Feb 03 02:56:38.032605 dv-cinder-827581-1-iscsi devstack@n-api.service[116386]: DEBUG oslo_concurrency.lockutils [None req-4567be66-2d43-40a8-a419-a11f0b8c258f tempest-AttachVolumeNegativeTest-859496072 tempest-AttachVolumeNegativeTest-859496072-project] Lock "40cf0a47-7e1e-4d6b-9709-06f3170571bd" "released" by "nova.context.set_target_cell..get_or_set_cached_cell_and_set_connections" :: held 0.001s {{(pid=116386) inner /usr/local/lib/python3.8/dist-packages/oslo_concurrency/lockutils.py:400}}
Feb 03 02:56:38.033728 dv-cinder-827581-1-iscsi devstack@n-api.service[116386]: DEBUG oslo_concurrency.lockutils [None req-4567be66-2d43-40a8-a419-a11f0b8c258f tempest-AttachVolumeNegativeTest-859496072 tempest-AttachVolumeNegativeTest-859496072-project] Lock "40cf0a47-7e1e-4d6b-9709-06f3170571bd" acquired by "nova.context.set_target_cell..get_or_set_cached_cell_and_set_connections" :: waited 0.000s {{(pid=116386) inner /usr/local/lib/python3.8/dist-packages/oslo_concurrency/lockutils.py:386}}
Feb 03 02:56:38.034390 dv-cinder-827581-1-iscsi devstack@n-api.service[116386]: DEBUG oslo_concurrency.lockutils [None req-4567be66-2d43-40a8-a419-a11f0b8c258f tempest-AttachVolumeNegativeTest-859496072 tempest-AttachVolumeNegativeTest-859496072-project] Lock "40cf0a47-7e1e-4d6b-9709-06f3170571bd" "released" by "nova.context.set_target_cell..get_or_set_cached_cell_and_set_connections" :: held 0.001s {{(pid=116386) inner /usr/local/lib/python3.8/dist-packages/oslo_concurrency/lockutils.py:400}}
Feb 03 02:56:38.279898 dv-cinder-827581-1-iscsi devstack@n-api.service[116386]: DEBUG nova.policy [None req-4567be66-2d43-40a8-a419-a11f0b8c258f tempest-AttachVolumeNegativeTest-859496072 tempest-AttachVolumeNegativeTest-859496072-project] Policy check for os_compute_api:os-extended-server-attributes failed with credentials {'is_admin': False, 'user_id': '087b5f4f3891413b8b7fa727768c09a4', 'user_domain_id': 'default', 'system_scope': None, 'domain_id': None, 'project_id': 'ff777728bb704feeabf264e753679daa', 'project_domain_id': 'default', 'roles': ['member', 'reader'], 'is_admin_project': True, 'service_user_id': None, 'service_user_domain_id': None, 'service_project_id': None, 'service_project_domain_id': None, 'service_roles': []} {{(pid=116386) authorize /opt/stack/nova/nova/policy.py:199}}
Feb 03 02:56:38.300041 dv-cinder-827581-1-iscsi devstack@n-api.service[116386]: INFO nova.api.openstack.requestlog [None req-4567be66-2d43-40a8-a419-a11f0b8c258f tempest-AttachVolumeNegativeTest-859496072 tempest-AttachVolumeNegativeTest-859496072-project] 10.222.0.31 "GET /compute/v2.1/servers/933b2272-897b-43bc-8ba0-252edeef0170" status: 200 len: 1222 microversion: 2.1 time: 0.280589
Feb 03 02:56:38.303385 dv-cinder-827581-1-iscsi devstack@n-api.service[116386]: [pid: 116386|app: 0|req: 8/17] 10.222.0.31 () {58 vars in 1235 bytes} [Thu Feb 3 02:56:38 2022] GET /compute/v2.1/servers/933b2272-897b-43bc-8ba0-252edeef0170 => generated 1222 bytes in 285 msecs (HTTP/1.1 200) 9 headers in 358 bytes (1 switches on core 0)
Feb 03 02:56:38.522428 dv-cinder-827581-1-iscsi devstack@n-api.service[116386]: DEBUG nova.api.openstack.wsgi [None req-ce471bbd-a8ee-4ce7-9b5e-3bec75f96357 tempest-VolumesGetTestJSON-180290230 tempest-VolumesGetTestJSON-180290230-project] Calling method '.version_select at 0x7ff99db80790>' {{(pid=116386) _process_stack /opt/stack/nova/nova/api/openstack/wsgi.py:513}}
Feb 03 02:56:38.581019 dv-cinder-827581-1-iscsi devstack@n-api.service[116385]: DEBUG nova.api.openstack.wsgi [None req-809d8e8b-4429-46f6-9524-622e07ea9e2e tempest-ServerRescueNegativeTestJSON-1472809200 tempest-ServerRescueNegativeTestJSON-1472809200-project] Action: 'create', calling method: >, body: {"server": {"name": "tempest-ServerRescueNegativeTestJSON-server-658647520", "imageRef": "99f55a0d-eb47-4fb8-930e-eefa2d0dd1ce", "flavorRef": "452", "adminPass": "***", "networks": [{"uuid": "}]}} {{(pid=116385) _process_stack /opt/stack/nova/nova/api/openstack/wsgi.py:511}}
Feb 03 02:56:38.641519 dv-cinder-827581-1-iscsi devstack@n-api.service[116386]: INFO nova.api.openstack.requestlog [None req-ce471bbd-a8ee-4ce7-9b5e-3bec75f96357 tempest-VolumesGetTestJSON-180290230 tempest-VolumesGetTestJSON-180290230-project] 10.222.0.31 "GET /compute/v2.1/os-volumes/71c8d62a-25fa-48d2-b313-c3d71f734763" status: 200 len: 352 microversion: 2.1 time: 0.123995
Feb 03 02:56:38.642883 dv-cinder-827581-1-iscsi devstack@n-api.service[116386]: [pid: 116386|app: 0|req: 9/18] 10.222.0.31 () {58 vars in 1244 bytes} [Thu Feb 3 02:56:38 2022] GET /compute/v2.1/os-volumes/71c8d62a-25fa-48d2-b313-c3d71f734763 => generated 352 bytes in 126 msecs (HTTP/1.1 200) 9 headers in 357 bytes (1 switches on core 0)
Feb 03 02:56:38.651319 dv-cinder-827581-1-iscsi devstack@n-api.service[116386]: DEBUG nova.api.openstack.wsgi [None req-c02954d7-e031-4a80-9b0a-959552e41e21 tempest-VolumesSnapshotsTestJSON-1984814037 tempest-VolumesSnapshotsTestJSON-1984814037-project] Calling method '.version_select at 0x7ff99dba31f0>' {{(pid=116386) _process_stack /opt/stack/nova/nova/api/openstack/wsgi.py:513}}
Feb 03 02:56:38.657304 dv-cinder-827581-1-iscsi devstack@n-api.service[116385]: DEBUG nova.network.neutron [None req-809d8e8b-4429-46f6-9524-622e07ea9e2e tempest-ServerRescueNegativeTestJSON-1472809200 tempest-ServerRescueNegativeTestJSON-1472809200-project] validate_networks() for [('f43a5cf5-27e4-4762-a93b-2169348c9878', None, None, None, None, None)] {{(pid=116385) validate_networks /opt/stack/nova/nova/network/neutron.py:2482}}
Feb 03 02:56:38.714557 dv-cinder-827581-1-iscsi devstack@n-api.service[116386]: INFO nova.api.openstack.requestlog [None req-c02954d7-e031-4a80-9b0a-959552e41e21 tempest-VolumesSnapshotsTestJSON-1984814037 tempest-VolumesSnapshotsTestJSON-1984814037-project] 10.222.0.31 "GET /compute/v2.1/os-snapshots/b4fe8022-fe26-41ed-a08f-07802f7584de" status: 200 len: 286 microversion: 2.1 time: 0.070237
Feb 03 02:56:38.725520 dv-cinder-827581-1-iscsi devstack@n-api.service[116386]: [pid: 116386|app: 0|req: 10/19] 10.222.0.31 () {58 vars in 1250 bytes} [Thu Feb 3 02:56:38 2022] GET /compute/v2.1/os-snapshots/b4fe8022-fe26-41ed-a08f-07802f7584de => generated 286 bytes in 80 msecs (HTTP/1.1 200) 9 headers in 357 bytes (1 switches on core 0)
Feb 03 02:56:39.025061 dv-cinder-827581-1-iscsi devstack@n-api.service[116386]: DEBUG nova.api.openstack.wsgi [None req-77f8c7df-d4c5-48a4-9167-6e69e3793dd9 tempest-DeleteServersTestJSON-289698609 tempest-DeleteServersTestJSON-289698609-project] Calling method '>' {{(pid=116386) _process_stack /opt/stack/nova/nova/api/openstack/wsgi.py:513}}
Feb 03 02:56:39.027404 dv-cinder-827581-1-iscsi devstack@n-api.service[116386]: DEBUG nova.compute.api [None req-77f8c7df-d4c5-48a4-9167-6e69e3793dd9 tempest-DeleteServersTestJSON-289698609 tempest-DeleteServersTestJSON-289698609-project] [instance: 34add2e5-8d7d-42c6-8f4c-e7a60fb27183] Fetching instance by UUID {{(pid=116386) get /opt/stack/nova/nova/compute/api.py:2865}}
Feb 03 02:56:39.035067 dv-cinder-827581-1-iscsi devstack@n-api.service[116386]: DEBUG oslo_concurrency.lockutils [None req-77f8c7df-d4c5-48a4-9167-6e69e3793dd9 tempest-DeleteServersTestJSON-289698609 tempest-DeleteServersTestJSON-289698609-project] Lock "40cf0a47-7e1e-4d6b-9709-06f3170571bd" acquired by "nova.context.set_target_cell..get_or_set_cached_cell_and_set_connections" :: waited 0.000s {{(pid=116386) inner /usr/local/lib/python3.8/dist-packages/oslo_concurrency/lockutils.py:386}}
Feb 03 02:56:39.035873 dv-cinder-827581-1-iscsi devstack@n-api.service[116386]: DEBUG oslo_concurrency.lockutils [None req-77f8c7df-d4c5-48a4-9167-6e69e3793dd9 tempest-DeleteServersTestJSON-289698609 tempest-DeleteServersTestJSON-289698609-project] Lock "40cf0a47-7e1e-4d6b-9709-06f3170571bd" "released" by "nova.context.set_target_cell..get_or_set_cached_cell_and_set_connections" :: held 0.001s {{(pid=116386) inner /usr/local/lib/python3.8/dist-packages/oslo_concurrency/lockutils.py:400}}
Feb 03 02:56:39.036880 dv-cinder-827581-1-iscsi devstack@n-api.service[116386]: DEBUG oslo_concurrency.lockutils [None req-77f8c7df-d4c5-48a4-9167-6e69e3793dd9 tempest-DeleteServersTestJSON-289698609 tempest-DeleteServersTestJSON-289698609-project] Lock "40cf0a47-7e1e-4d6b-9709-06f3170571bd" acquired by "nova.context.set_target_cell..get_or_set_cached_cell_and_set_connections" :: waited 0.000s {{(pid=116386) inner /usr/local/lib/python3.8/dist-packages/oslo_concurrency/lockutils.py:386}}
Feb 03 02:56:39.037476 dv-cinder-827581-1-iscsi devstack@n-api.service[116386]: DEBUG oslo_concurrency.lockutils [None req-77f8c7df-d4c5-48a4-9167-6e69e3793dd9 tempest-DeleteServersTestJSON-289698609 tempest-DeleteServersTestJSON-289698609-project] Lock "40cf0a47-7e1e-4d6b-9709-06f3170571bd" "released" by "nova.context.set_target_cell..get_or_set_cached_cell_and_set_connections" :: held 0.001s {{(pid=116386) inner /usr/local/lib/python3.8/dist-packages/oslo_concurrency/lockutils.py:400}}
Feb 03 02:56:39.144841 dv-cinder-827581-1-iscsi devstack@n-api.service[116386]: DEBUG nova.policy [None req-77f8c7df-d4c5-48a4-9167-6e69e3793dd9 tempest-DeleteServersTestJSON-289698609 tempest-DeleteServersTestJSON-289698609-project] Policy check for os_compute_api:os-extended-server-attributes failed with credentials {'is_admin': False, 'user_id': '3b69c633ad9a496f924f8f2479eea06d', 'user_domain_id': 'default', 'system_scope': None, 'domain_id': None, 'project_id': 'a2f534df59e149f8b14cd7406f932b2d', 'project_domain_id': 'default', 'roles': ['member', 'reader'], 'is_admin_project': True, 'service_user_id': None, 'service_user_domain_id': None, 'service_project_id': None, 'service_project_domain_id': None, 'service_roles': []} {{(pid=116386) authorize /opt/stack/nova/nova/policy.py:199}}
Feb 03 02:56:39.165674 dv-cinder-827581-1-iscsi devstack@n-api.service[116386]: INFO nova.api.openstack.requestlog [None req-77f8c7df-d4c5-48a4-9167-6e69e3793dd9 tempest-DeleteServersTestJSON-289698609 tempest-DeleteServersTestJSON-289698609-project] 10.222.0.31 "GET /compute/v2.1/servers/34add2e5-8d7d-42c6-8f4c-e7a60fb27183" status: 200 len: 1218 microversion: 2.1 time: 0.144471
Feb 03 02:56:39.177967 dv-cinder-827581-1-iscsi devstack@n-api.service[116386]: [pid: 116386|app: 0|req: 11/20] 10.222.0.31 () {58 vars in 1235 bytes} [Thu Feb 3 02:56:39 2022] GET /compute/v2.1/servers/34add2e5-8d7d-42c6-8f4c-e7a60fb27183 => generated 1218 bytes in 159 msecs (HTTP/1.1 200) 9 headers in 358 bytes (2 switches on core 0)
Feb 03 02:56:39.320373 dv-cinder-827581-1-iscsi devstack@n-api.service[116386]: DEBUG nova.api.openstack.wsgi [None req-998fbc91-4d36-4df5-aaa5-e31d7ba23f93 tempest-AttachVolumeNegativeTest-859496072 tempest-AttachVolumeNegativeTest-859496072-project] Calling method '>' {{(pid=116386) _process_stack /opt/stack/nova/nova/api/openstack/wsgi.py:513}}
Feb 03 02:56:39.322290 dv-cinder-827581-1-iscsi devstack@n-api.service[116386]: DEBUG nova.compute.api [None req-998fbc91-4d36-4df5-aaa5-e31d7ba23f93 tempest-AttachVolumeNegativeTest-859496072 tempest-AttachVolumeNegativeTest-859496072-project] [instance: 933b2272-897b-43bc-8ba0-252edeef0170] Fetching instance by UUID {{(pid=116386) get /opt/stack/nova/nova/compute/api.py:2865}}
Feb 03 02:56:39.329318 dv-cinder-827581-1-iscsi devstack@n-api.service[116386]: DEBUG oslo_concurrency.lockutils [None req-998fbc91-4d36-4df5-aaa5-e31d7ba23f93 tempest-AttachVolumeNegativeTest-859496072 tempest-AttachVolumeNegativeTest-859496072-project] Lock "40cf0a47-7e1e-4d6b-9709-06f3170571bd" acquired by "nova.context.set_target_cell..get_or_set_cached_cell_and_set_connections" :: waited 0.000s {{(pid=116386) inner /usr/local/lib/python3.8/dist-packages/oslo_concurrency/lockutils.py:386}}
Feb 03 02:56:39.329809 dv-cinder-827581-1-iscsi devstack@n-api.service[116386]: DEBUG oslo_concurrency.lockutils [None req-998fbc91-4d36-4df5-aaa5-e31d7ba23f93 tempest-AttachVolumeNegativeTest-859496072 tempest-AttachVolumeNegativeTest-859496072-project] Lock "40cf0a47-7e1e-4d6b-9709-06f3170571bd" "released" by "nova.context.set_target_cell..get_or_set_cached_cell_and_set_connections" :: held 0.001s {{(pid=116386) inner /usr/local/lib/python3.8/dist-packages/oslo_concurrency/lockutils.py:400}}
Feb 03 02:56:39.330602 dv-cinder-827581-1-iscsi devstack@n-api.service[116386]: DEBUG oslo_concurrency.lockutils [None req-998fbc91-4d36-4df5-aaa5-e31d7ba23f93 tempest-AttachVolumeNegativeTest-859496072 tempest-AttachVolumeNegativeTest-859496072-project] Lock "40cf0a47-7e1e-4d6b-9709-06f3170571bd" acquired by "nova.context.set_target_cell..get_or_set_cached_cell_and_set_connections" :: waited 0.000s {{(pid=116386) inner /usr/local/lib/python3.8/dist-packages/oslo_concurrency/lockutils.py:386}}
Feb 03 02:56:39.334209 dv-cinder-827581-1-iscsi devstack@n-api.service[116386]: DEBUG oslo_concurrency.lockutils [None req-998fbc91-4d36-4df5-aaa5-e31d7ba23f93 tempest-AttachVolumeNegativeTest-859496072 tempest-AttachVolumeNegativeTest-859496072-project] Lock "40cf0a47-7e1e-4d6b-9709-06f3170571bd" "released" by "nova.context.set_target_cell..get_or_set_cached_cell_and_set_connections" :: held 0.000s {{(pid=116386) inner /usr/local/lib/python3.8/dist-packages/oslo_concurrency/lockutils.py:400}}
Feb 03 02:56:39.518483 dv-cinder-827581-1-iscsi devstack@n-api.service[116386]: DEBUG nova.policy [None req-998fbc91-4d36-4df5-aaa5-e31d7ba23f93 tempest-AttachVolumeNegativeTest-859496072 tempest-AttachVolumeNegativeTest-859496072-project] Policy check for os_compute_api:os-extended-server-attributes failed with credentials {'is_admin': False, 'user_id': '087b5f4f3891413b8b7fa727768c09a4', 'user_domain_id': 'default', 'system_scope': None, 'domain_id': None, 'project_id': 'ff777728bb704feeabf264e753679daa', 'project_domain_id': 'default', 'roles': ['member', 'reader'], 'is_admin_project': True, 'service_user_id': None, 'service_user_domain_id': None, 'service_project_id': None, 'service_project_domain_id': None, 'service_roles': []} {{(pid=116386) authorize /opt/stack/nova/nova/policy.py:199}}
Feb 03 02:56:39.532794 dv-cinder-827581-1-iscsi devstack@n-api.service[116386]: INFO nova.api.openstack.requestlog [None req-998fbc91-4d36-4df5-aaa5-e31d7ba23f93 tempest-AttachVolumeNegativeTest-859496072 tempest-AttachVolumeNegativeTest-859496072-project] 10.222.0.31 "GET /compute/v2.1/servers/933b2272-897b-43bc-8ba0-252edeef0170" status: 200 len: 1222 microversion: 2.1 time: 0.215193
Feb 03 02:56:39.535131 dv-cinder-827581-1-iscsi devstack@n-api.service[116386]: [pid: 116386|app: 0|req: 12/21] 10.222.0.31 () {58 vars in 1235 bytes} [Thu Feb 3 02:56:39 2022] GET /compute/v2.1/servers/933b2272-897b-43bc-8ba0-252edeef0170 => generated 1222 bytes in 220 msecs (HTTP/1.1 200) 9 headers in 358 bytes (2 switches on core 0)
