Feb 02 21:33:44.125900 dv-cinder-827554-1-iscsi devstack@c-api.service[109691]: DEBUG cinder.api.openstack.wsgi [None req-837185b3-2555-4f29-a4e6-a1485cab551f tempest-VolumeQuotasAdminTestJSON-1782233897 tempest-VolumeQuotasAdminTestJSON-1782233897-project] Action: 'create', calling method: create, body: {"transfer": {"volume_id": "69a13511-2fb4-4851-93b4-c338f594edb5"}} {{(pid=109691) _process_stack /opt/stack/cinder/cinder/api/openstack/wsgi.py:866}}
Feb 02 21:33:44.126914 dv-cinder-827554-1-iscsi devstack@c-api.service[109691]: DEBUG cinder.api.contrib.volume_transfer [None req-837185b3-2555-4f29-a4e6-a1485cab551f tempest-VolumeQuotasAdminTestJSON-1782233897 tempest-VolumeQuotasAdminTestJSON-1782233897-project] Creating new volume transfer {'transfer': {'volume_id': '69a13511-2fb4-4851-93b4-c338f594edb5'}} {{(pid=109691) create /opt/stack/cinder/cinder/api/contrib/volume_transfer.py:85}}
Feb 02 21:33:44.127207 dv-cinder-827554-1-iscsi devstack@c-api.service[109691]: INFO cinder.api.contrib.volume_transfer [None req-837185b3-2555-4f29-a4e6-a1485cab551f tempest-VolumeQuotasAdminTestJSON-1782233897 tempest-VolumeQuotasAdminTestJSON-1782233897-project] Creating transfer of volume 69a13511-2fb4-4851-93b4-c338f594edb5
Feb 02 21:33:44.127802 dv-cinder-827554-1-iscsi devstack@c-api.service[109691]: INFO cinder.transfer.api [None req-837185b3-2555-4f29-a4e6-a1485cab551f tempest-VolumeQuotasAdminTestJSON-1782233897 tempest-VolumeQuotasAdminTestJSON-1782233897-project] Generating transfer record for volume 69a13511-2fb4-4851-93b4-c338f594edb5
Feb 02 21:33:44.142262 dv-cinder-827554-1-iscsi devstack@c-api.service[109691]: /usr/local/lib/python3.8/dist-packages/oslo_context/context.py:105: DeprecationWarning: Policy enforcement is depending on the value of is_admin. This key is deprecated. Please update your policy file to use the standard policy values.
Feb 02 21:33:44.142262 dv-cinder-827554-1-iscsi devstack@c-api.service[109691]: warnings.warn('Policy enforcement is depending on the value of '
Feb 02 21:33:44.167786 dv-cinder-827554-1-iscsi devstack@c-api.service[109691]: INFO cinder.api.openstack.wsgi [None req-837185b3-2555-4f29-a4e6-a1485cab551f tempest-VolumeQuotasAdminTestJSON-1782233897 tempest-VolumeQuotasAdminTestJSON-1782233897-project] http://10.222.0.46/volume/v3/573d68582c844b2dadf624dcd73a084b/os-volume-transfer returned with HTTP 202
Feb 02 21:33:44.174717 dv-cinder-827554-1-iscsi devstack@c-api.service[109691]: [pid: 109691|app: 0|req: 115/210] 10.222.0.46 () {60 vars in 1267 bytes} [Wed Feb 2 21:33:44 2022] POST /volume/v3/573d68582c844b2dadf624dcd73a084b/os-volume-transfer => generated 507 bytes in 56 msecs (HTTP/1.1 202) 7 headers in 291 bytes (1 switches on core 0)
Feb 02 21:33:44.438078 dv-cinder-827554-1-iscsi devstack@c-api.service[109692]: INFO cinder.api.openstack.wsgi [None req-87783bf7-4275-40e2-8e67-c62bcd14021a tempest-VolumeQuotasAdminTestJSON-1347035505 tempest-VolumeQuotasAdminTestJSON-1347035505-project] POST http://10.222.0.46/volume/v3/e1afb78bb2844a77b78e7b25a05769d4/os-volume-transfer/db07cda4-7a13-4f88-9069-b7603d89ef56/accept
Feb 02 21:33:44.439787 dv-cinder-827554-1-iscsi devstack@c-api.service[109692]: DEBUG cinder.api.openstack.wsgi [None req-87783bf7-4275-40e2-8e67-c62bcd14021a tempest-VolumeQuotasAdminTestJSON-1347035505 tempest-VolumeQuotasAdminTestJSON-1347035505-project] Action: 'accept', calling method: accept, body: {"accept": {"auth_key": "56b63fcf4b53aefd"}} {{(pid=109692) _process_stack /opt/stack/cinder/cinder/api/openstack/wsgi.py:866}}
Feb 02 21:33:44.441223 dv-cinder-827554-1-iscsi devstack@c-api.service[109692]: DEBUG cinder.api.contrib.volume_transfer [None req-87783bf7-4275-40e2-8e67-c62bcd14021a tempest-VolumeQuotasAdminTestJSON-1347035505 tempest-VolumeQuotasAdminTestJSON-1347035505-project] Accepting volume transfer db07cda4-7a13-4f88-9069-b7603d89ef56 {{(pid=109692) accept /opt/stack/cinder/cinder/api/contrib/volume_transfer.py:115}}
Feb 02 21:33:44.441713 dv-cinder-827554-1-iscsi devstack@c-api.service[109692]: INFO cinder.api.contrib.volume_transfer [None req-87783bf7-4275-40e2-8e67-c62bcd14021a tempest-VolumeQuotasAdminTestJSON-1347035505 tempest-VolumeQuotasAdminTestJSON-1347035505-project] Accepting transfer db07cda4-7a13-4f88-9069-b7603d89ef56
Feb 02 21:33:44.443324 dv-cinder-827554-1-iscsi devstack@c-api.service[109692]: /usr/local/lib/python3.8/dist-packages/oslo_context/context.py:105: DeprecationWarning: Policy enforcement is depending on the value of is_admin. This key is deprecated. Please update your policy file to use the standard policy values.
Feb 02 21:33:44.443324 dv-cinder-827554-1-iscsi devstack@c-api.service[109692]: warnings.warn('Policy enforcement is depending on the value of '
Feb 02 21:33:44.572503 dv-cinder-827554-1-iscsi devstack@c-api.service[109692]: DEBUG cinder.quota [None req-87783bf7-4275-40e2-8e67-c62bcd14021a tempest-VolumeQuotasAdminTestJSON-1347035505 tempest-VolumeQuotasAdminTestJSON-1347035505-project] Created reservations ['d3d53cca-0dd7-4c64-8d47-ac5cbc253bae', '9923eff8-8b3b-4668-96f4-4caa35155531', '68da5b85-2105-4fcb-a356-b7dcce3eec8e', '7ef47b35-46ba-4ab6-afae-14e763988a4e'] {{(pid=109692) reserve /opt/stack/cinder/cinder/quota.py:755}}
Feb 02 21:33:44.610098 dv-cinder-827554-1-iscsi devstack@c-api.service[109692]: DEBUG cinder.quota [None req-87783bf7-4275-40e2-8e67-c62bcd14021a tempest-VolumeQuotasAdminTestJSON-1347035505 tempest-VolumeQuotasAdminTestJSON-1347035505-project] Created reservations ['f2f4ac9c-765c-42b4-a2c2-a78f4f4e83be', 'f2faf745-b184-409d-bddf-4cd9b4fd4d39', 'dde5001b-17f9-421e-aea0-7861e5e1c475', 'a5d555d4-1211-470e-b7ac-028e2c0bfd81'] {{(pid=109692) reserve /opt/stack/cinder/cinder/quota.py:755}}
Feb 02 21:33:44.670447 dv-cinder-827554-1-iscsi devstack@c-api.service[109692]: DEBUG cinder.quota [None req-87783bf7-4275-40e2-8e67-c62bcd14021a tempest-VolumeQuotasAdminTestJSON-1347035505 tempest-VolumeQuotasAdminTestJSON-1347035505-project] Created reservations ['366a99ac-0783-4566-9d40-ed8bc93598b5', '7e7a7940-5bc6-4572-b780-77d26c84a640', '0fd6fbdc-5c75-40ca-b308-8c7559760e5e', 'f65d6ef8-cd5d-4003-82f3-289a3152a8a5'] {{(pid=109692) reserve /opt/stack/cinder/cinder/quota.py:755}}
Feb 02 21:33:44.724923 dv-cinder-827554-1-iscsi devstack@c-api.service[109692]: DEBUG cinder.quota [None req-87783bf7-4275-40e2-8e67-c62bcd14021a tempest-VolumeQuotasAdminTestJSON-1347035505 tempest-VolumeQuotasAdminTestJSON-1347035505-project] Created reservations ['afd141d1-de21-42d6-a0fc-8a53404b548b', '1af7fe4b-b14e-44a3-b14d-5606f633119a', 'e1b086a0-f5b5-467c-b558-baea91499773', '26e31e89-b929-4483-a8e6-1b6515722dce'] {{(pid=109692) reserve /opt/stack/cinder/cinder/quota.py:755}}
Feb 02 21:33:44.885835 dv-cinder-827554-1-iscsi devstack@c-api.service[109692]: INFO cinder.volume.api [None req-87783bf7-4275-40e2-8e67-c62bcd14021a tempest-VolumeQuotasAdminTestJSON-1347035505 tempest-VolumeQuotasAdminTestJSON-1347035505-project] Transfer volume completed successfully.
Feb 02 21:33:44.898339 dv-cinder-827554-1-iscsi devstack@c-api.service[109691]: INFO cinder.api.openstack.wsgi [None req-95eb699c-df79-437a-8f20-c46d17bf6b8d tempest-VolumesCloneTest-817981854 tempest-VolumesCloneTest-817981854-project] GET http://10.222.0.46/volume/v3/2e370b3c6ae8495e8f32a5b416a11d02/volumes/0d4c9deb-9d3f-49d4-bd68-00d29985c6a7
Feb 02 21:33:44.898875 dv-cinder-827554-1-iscsi devstack@c-api.service[109691]: DEBUG cinder.api.openstack.wsgi [None req-95eb699c-df79-437a-8f20-c46d17bf6b8d tempest-VolumesCloneTest-817981854 tempest-VolumesCloneTest-817981854-project] Empty body provided in request {{(pid=109691) get_body /opt/stack/cinder/cinder/api/openstack/wsgi.py:715}}
Feb 02 21:33:44.899353 dv-cinder-827554-1-iscsi devstack@c-api.service[109691]: DEBUG cinder.api.openstack.wsgi [None req-95eb699c-df79-437a-8f20-c46d17bf6b8d tempest-VolumesCloneTest-817981854 tempest-VolumesCloneTest-817981854-project] Calling method 'show' {{(pid=109691) _process_stack /opt/stack/cinder/cinder/api/openstack/wsgi.py:868}}
Feb 02 21:33:44.943094 dv-cinder-827554-1-iscsi devstack@c-api.service[109691]: /usr/local/lib/python3.8/dist-packages/oslo_context/context.py:105: DeprecationWarning: Policy enforcement is depending on the value of is_admin. This key is deprecated. Please update your policy file to use the standard policy values.
Feb 02 21:33:44.943094 dv-cinder-827554-1-iscsi devstack@c-api.service[109691]: warnings.warn('Policy enforcement is depending on the value of '
Feb 02 21:33:44.958511 dv-cinder-827554-1-iscsi devstack@c-api.service[109691]: INFO cinder.volume.api [None req-95eb699c-df79-437a-8f20-c46d17bf6b8d tempest-VolumesCloneTest-817981854 tempest-VolumesCloneTest-817981854-project] Volume info retrieved successfully.
Feb 02 21:33:44.974456 dv-cinder-827554-1-iscsi devstack@c-api.service[109691]: INFO cinder.api.openstack.wsgi [None req-95eb699c-df79-437a-8f20-c46d17bf6b8d tempest-VolumesCloneTest-817981854 tempest-VolumesCloneTest-817981854-project] http://10.222.0.46/volume/v3/2e370b3c6ae8495e8f32a5b416a11d02/volumes/0d4c9deb-9d3f-49d4-bd68-00d29985c6a7 returned with HTTP 200
Feb 02 21:33:44.976186 dv-cinder-827554-1-iscsi devstack@c-api.service[109691]: [pid: 109691|app: 0|req: 116/211] 10.222.0.46 () {58 vars in 1324 bytes} [Wed Feb 2 21:33:44 2022] GET /volume/v3/2e370b3c6ae8495e8f32a5b416a11d02/volumes/0d4c9deb-9d3f-49d4-bd68-00d29985c6a7 => generated 908 bytes in 86 msecs (HTTP/1.1 200) 7 headers in 285 bytes (1 switches on core 0)
Feb 02 21:33:44.991682 dv-cinder-827554-1-iscsi devstack@c-api.service[109691]: INFO cinder.api.openstack.wsgi [None req-03b08621-23b5-473e-8ebb-54dc5959f8ca tempest-DeleteServersTestJSON-848608266 tempest-DeleteServersTestJSON-848608266-project] GET http://10.222.0.46/volume/v3/a0a5b74a6dae4227a7bfe7363836a51f/volumes/3d5f2b59-aab9-4a1e-9a5a-153286253ce7
Feb 02 21:33:44.995316 dv-cinder-827554-1-iscsi devstack@c-api.service[109691]: DEBUG cinder.api.openstack.wsgi [None req-03b08621-23b5-473e-8ebb-54dc5959f8ca tempest-DeleteServersTestJSON-848608266 tempest-DeleteServersTestJSON-848608266-project] Empty body provided in request {{(pid=109691) get_body /opt/stack/cinder/cinder/api/openstack/wsgi.py:715}}
Feb 02 21:33:44.995878 dv-cinder-827554-1-iscsi devstack@c-api.service[109691]: DEBUG cinder.api.openstack.wsgi [None req-03b08621-23b5-473e-8ebb-54dc5959f8ca tempest-DeleteServersTestJSON-848608266 tempest-DeleteServersTestJSON-848608266-project] Calling method 'show' {{(pid=109691) _process_stack /opt/stack/cinder/cinder/api/openstack/wsgi.py:868}}
Feb 02 21:33:45.014178 dv-cinder-827554-1-iscsi devstack@c-api.service[109691]: /usr/local/lib/python3.8/dist-packages/oslo_context/context.py:105: DeprecationWarning: Policy enforcement is depending on the value of is_admin. This key is deprecated. Please update your policy file to use the standard policy values.
Feb 02 21:33:45.014178 dv-cinder-827554-1-iscsi devstack@c-api.service[109691]: warnings.warn('Policy enforcement is depending on the value of '
Feb 02 21:33:45.027390 dv-cinder-827554-1-iscsi devstack@c-api.service[109691]: INFO cinder.volume.api [None req-03b08621-23b5-473e-8ebb-54dc5959f8ca tempest-DeleteServersTestJSON-848608266 tempest-DeleteServersTestJSON-848608266-project] Volume info retrieved successfully.
Feb 02 21:33:45.037254 dv-cinder-827554-1-iscsi devstack@c-api.service[109691]: INFO cinder.api.openstack.wsgi [None req-03b08621-23b5-473e-8ebb-54dc5959f8ca tempest-DeleteServersTestJSON-848608266 tempest-DeleteServersTestJSON-848608266-project] http://10.222.0.46/volume/v3/a0a5b74a6dae4227a7bfe7363836a51f/volumes/3d5f2b59-aab9-4a1e-9a5a-153286253ce7 returned with HTTP 200
Feb 02 21:33:45.037995 dv-cinder-827554-1-iscsi devstack@c-api.service[109691]: [pid: 109691|app: 0|req: 117/212] 10.222.0.46 () {58 vars in 1324 bytes} [Wed Feb 2 21:33:44 2022] GET /volume/v3/a0a5b74a6dae4227a7bfe7363836a51f/volumes/3d5f2b59-aab9-4a1e-9a5a-153286253ce7 => generated 912 bytes in 61 msecs (HTTP/1.1 200) 7 headers in 285 bytes (1 switches on core 0)
Feb 02 21:33:45.041687 dv-cinder-827554-1-iscsi devstack@c-api.service[109691]: INFO cinder.api.openstack.wsgi [None req-c6fe08b8-73b4-4ab8-ac47-a5adb98908ee tempest-VolumesExtendTest-2102229710 tempest-VolumesExtendTest-2102229710-project] GET http://10.222.0.46/volume/v3/50da1e873efc43c8951f86024127d5eb/volumes/3a034e1d-08c5-478a-a17d-282571fa1820
Feb 02 21:33:45.042360 dv-cinder-827554-1-iscsi devstack@c-api.service[109691]: DEBUG cinder.api.openstack.wsgi [None req-c6fe08b8-73b4-4ab8-ac47-a5adb98908ee tempest-VolumesExtendTest-2102229710 tempest-VolumesExtendTest-2102229710-project] Empty body provided in request {{(pid=109691) get_body /opt/stack/cinder/cinder/api/openstack/wsgi.py:715}}
Feb 02 21:33:45.042564 dv-cinder-827554-1-iscsi devstack@c-api.service[109691]: DEBUG cinder.api.openstack.wsgi [None req-c6fe08b8-73b4-4ab8-ac47-a5adb98908ee tempest-VolumesExtendTest-2102229710 tempest-VolumesExtendTest-2102229710-project] Calling method 'show' {{(pid=109691) _process_stack /opt/stack/cinder/cinder/api/openstack/wsgi.py:868}}
Feb 02 21:33:45.059720 dv-cinder-827554-1-iscsi devstack@c-api.service[109691]: /usr/local/lib/python3.8/dist-packages/oslo_context/context.py:105: DeprecationWarning: Policy enforcement is depending on the value of is_admin. This key is deprecated. Please update your policy file to use the standard policy values.
Feb 02 21:33:45.059720 dv-cinder-827554-1-iscsi devstack@c-api.service[109691]: warnings.warn('Policy enforcement is depending on the value of '
Feb 02 21:33:45.069371 dv-cinder-827554-1-iscsi devstack@c-api.service[109691]: INFO cinder.volume.api [None req-c6fe08b8-73b4-4ab8-ac47-a5adb98908ee tempest-VolumesExtendTest-2102229710 tempest-VolumesExtendTest-2102229710-project] Volume info retrieved successfully.
Feb 02 21:33:45.078190 dv-cinder-827554-1-iscsi devstack@c-api.service[109691]: INFO cinder.api.openstack.wsgi [None req-c6fe08b8-73b4-4ab8-ac47-a5adb98908ee tempest-VolumesExtendTest-2102229710 tempest-VolumesExtendTest-2102229710-project] http://10.222.0.46/volume/v3/50da1e873efc43c8951f86024127d5eb/volumes/3a034e1d-08c5-478a-a17d-282571fa1820 returned with HTTP 200
Feb 02 21:33:45.078928 dv-cinder-827554-1-iscsi devstack@c-api.service[109691]: [pid: 109691|app: 0|req: 118/213] 10.222.0.46 () {58 vars in 1324 bytes} [Wed Feb 2 21:33:45 2022] GET /volume/v3/50da1e873efc43c8951f86024127d5eb/volumes/3a034e1d-08c5-478a-a17d-282571fa1820 => generated 908 bytes in 40 msecs (HTTP/1.1 200) 7 headers in 285 bytes (1 switches on core 0)
Feb 02 21:33:45.083183 dv-cinder-827554-1-iscsi devstack@c-api.service[109691]: INFO cinder.api.openstack.wsgi [None req-20bdafd3-9d60-42e1-99c9-1810c9a151c4 tempest-AttachVolumeNegativeTest-1743919706 tempest-AttachVolumeNegativeTest-1743919706-project] POST http://10.222.0.46/volume/v3/d760a97de5924deaa95508ca62d8bc80/volumes
Feb 02 21:33:45.083909 dv-cinder-827554-1-iscsi devstack@c-api.service[109691]: DEBUG cinder.api.openstack.wsgi [None req-20bdafd3-9d60-42e1-99c9-1810c9a151c4 tempest-AttachVolumeNegativeTest-1743919706 tempest-AttachVolumeNegativeTest-1743919706-project] Action: 'create', calling method: create, body: {"volume": {"size": 1, "display_name": "tempest-AttachVolumeNegativeTest-volume-977637072"}} {{(pid=109691) _process_stack /opt/stack/cinder/cinder/api/openstack/wsgi.py:866}}
Feb 02 21:33:45.084823 dv-cinder-827554-1-iscsi devstack@c-api.service[109691]: DEBUG cinder.api.v3.volumes [None req-20bdafd3-9d60-42e1-99c9-1810c9a151c4 tempest-AttachVolumeNegativeTest-1743919706 tempest-AttachVolumeNegativeTest-1743919706-project] Create volume request body: {'volume': {'size': 1, 'display_name': 'tempest-AttachVolumeNegativeTest-volume-977637072'}} {{(pid=109691) create /opt/stack/cinder/cinder/api/v3/volumes.py:298}}
Feb 02 21:33:45.085155 dv-cinder-827554-1-iscsi devstack@c-api.service[109691]: INFO cinder.api.v3.volumes [None req-20bdafd3-9d60-42e1-99c9-1810c9a151c4 tempest-AttachVolumeNegativeTest-1743919706 tempest-AttachVolumeNegativeTest-1743919706-project] Create volume of 1 GB
Feb 02 21:33:45.093282 dv-cinder-827554-1-iscsi devstack@c-api.service[109691]: INFO cinder.volume.api [None req-20bdafd3-9d60-42e1-99c9-1810c9a151c4 tempest-AttachVolumeNegativeTest-1743919706 tempest-AttachVolumeNegativeTest-1743919706-project] Availability Zones retrieved successfully.
Feb 02 21:33:45.095941 dv-cinder-827554-1-iscsi devstack@c-api.service[109692]: INFO cinder.transfer.api [None req-87783bf7-4275-40e2-8e67-c62bcd14021a tempest-VolumeQuotasAdminTestJSON-1347035505 tempest-VolumeQuotasAdminTestJSON-1347035505-project] Volume 69a13511-2fb4-4851-93b4-c338f594edb5 has been transferred.
Feb 02 21:33:45.111024 dv-cinder-827554-1-iscsi devstack@c-api.service[109691]: DEBUG cinder.volume.api [None req-20bdafd3-9d60-42e1-99c9-1810c9a151c4 tempest-AttachVolumeNegativeTest-1743919706 tempest-AttachVolumeNegativeTest-1743919706-project] Flow 'volume_create_api' (fe8165e9-2751-4f84-b2ab-af497ec4554c) transitioned into state 'RUNNING' from state 'PENDING' {{(pid=109691) _flow_receiver /usr/local/lib/python3.8/dist-packages/taskflow/listeners/logging.py:141}}
Feb 02 21:33:45.113087 dv-cinder-827554-1-iscsi devstack@c-api.service[109692]: INFO cinder.api.openstack.wsgi [None req-87783bf7-4275-40e2-8e67-c62bcd14021a tempest-VolumeQuotasAdminTestJSON-1347035505 tempest-VolumeQuotasAdminTestJSON-1347035505-project] http://10.222.0.46/volume/v3/e1afb78bb2844a77b78e7b25a05769d4/os-volume-transfer/db07cda4-7a13-4f88-9069-b7603d89ef56/accept returned with HTTP 202
Feb 02 21:33:45.113575 dv-cinder-827554-1-iscsi devstack@c-api.service[109691]: DEBUG cinder.volume.api [None req-20bdafd3-9d60-42e1-99c9-1810c9a151c4 tempest-AttachVolumeNegativeTest-1743919706 tempest-AttachVolumeNegativeTest-1743919706-project] Task 'cinder.volume.flows.api.create_volume.ExtractVolumeRequestTask;volume:create' (430a740d-5aa6-4b7d-ad27-ab59f0557321) transitioned into state 'RUNNING' from state 'PENDING' {{(pid=109691) _task_receiver /usr/local/lib/python3.8/dist-packages/taskflow/listeners/logging.py:190}}
Feb 02 21:33:45.115485 dv-cinder-827554-1-iscsi devstack@c-api.service[109692]: [pid: 109692|app: 0|req: 96/214] 10.222.0.46 () {60 vars in 1399 bytes} [Wed Feb 2 21:33:44 2022] POST /volume/v3/e1afb78bb2844a77b78e7b25a05769d4/os-volume-transfer/db07cda4-7a13-4f88-9069-b7603d89ef56/accept => generated 431 bytes in 939 msecs (HTTP/1.1 202) 7 headers in 291 bytes (1 switches on core 0)
Feb 02 21:33:45.116112 dv-cinder-827554-1-iscsi devstack@c-api.service[109691]: DEBUG cinder.volume.flows.api.create_volume [None req-20bdafd3-9d60-42e1-99c9-1810c9a151c4 tempest-AttachVolumeNegativeTest-1743919706 tempest-AttachVolumeNegativeTest-1743919706-project] Validating volume size '1' using validate_int {{(pid=109691) _extract_size /opt/stack/cinder/cinder/volume/flows/api/create_volume.py:225}}
Feb 02 21:33:45.124190 dv-cinder-827554-1-iscsi devstack@c-api.service[109692]: INFO cinder.api.openstack.wsgi [None req-4b21c5fd-e415-4fbb-b5b6-cfddbe2800cc tempest-VolumeQuotasAdminTestJSON-1347035505 tempest-VolumeQuotasAdminTestJSON-1347035505-project] GET http://10.222.0.46/volume/v3/e1afb78bb2844a77b78e7b25a05769d4/volumes/69a13511-2fb4-4851-93b4-c338f594edb5
Feb 02 21:33:45.124499 dv-cinder-827554-1-iscsi devstack@c-api.service[109692]: DEBUG cinder.api.openstack.wsgi [None req-4b21c5fd-e415-4fbb-b5b6-cfddbe2800cc tempest-VolumeQuotasAdminTestJSON-1347035505 tempest-VolumeQuotasAdminTestJSON-1347035505-project] Empty body provided in request {{(pid=109692) get_body /opt/stack/cinder/cinder/api/openstack/wsgi.py:715}}
Feb 02 21:33:45.124944 dv-cinder-827554-1-iscsi devstack@c-api.service[109692]: DEBUG cinder.api.openstack.wsgi [None req-4b21c5fd-e415-4fbb-b5b6-cfddbe2800cc tempest-VolumeQuotasAdminTestJSON-1347035505 tempest-VolumeQuotasAdminTestJSON-1347035505-project] Calling method 'show' {{(pid=109692) _process_stack /opt/stack/cinder/cinder/api/openstack/wsgi.py:868}}
Feb 02 21:33:45.141002 dv-cinder-827554-1-iscsi devstack@c-api.service[109692]: /usr/local/lib/python3.8/dist-packages/oslo_context/context.py:105: DeprecationWarning: Policy enforcement is depending on the value of is_admin. This key is deprecated. Please update your policy file to use the standard policy values.
Feb 02 21:33:45.141002 dv-cinder-827554-1-iscsi devstack@c-api.service[109692]: warnings.warn('Policy enforcement is depending on the value of '
Feb 02 21:33:45.151693 dv-cinder-827554-1-iscsi devstack@c-api.service[109692]: INFO cinder.volume.api [None req-4b21c5fd-e415-4fbb-b5b6-cfddbe2800cc tempest-VolumeQuotasAdminTestJSON-1347035505 tempest-VolumeQuotasAdminTestJSON-1347035505-project] Volume info retrieved successfully.
Feb 02 21:33:45.163853 dv-cinder-827554-1-iscsi devstack@c-api.service[109692]: INFO cinder.api.openstack.wsgi [None req-4b21c5fd-e415-4fbb-b5b6-cfddbe2800cc tempest-VolumeQuotasAdminTestJSON-1347035505 tempest-VolumeQuotasAdminTestJSON-1347035505-project] http://10.222.0.46/volume/v3/e1afb78bb2844a77b78e7b25a05769d4/volumes/69a13511-2fb4-4851-93b4-c338f594edb5 returned with HTTP 200
Feb 02 21:33:45.165517 dv-cinder-827554-1-iscsi devstack@c-api.service[109692]: [pid: 109692|app: 0|req: 97/215] 10.222.0.46 () {58 vars in 1324 bytes} [Wed Feb 2 21:33:45 2022] GET /volume/v3/e1afb78bb2844a77b78e7b25a05769d4/volumes/69a13511-2fb4-4851-93b4-c338f594edb5 => generated 918 bytes in 46 msecs (HTTP/1.1 200) 7 headers in 285 bytes (2 switches on core 0)
Feb 02 21:33:45.169846 dv-cinder-827554-1-iscsi devstack@c-api.service[109691]: DEBUG cinder.volume.api [None req-20bdafd3-9d60-42e1-99c9-1810c9a151c4 tempest-AttachVolumeNegativeTest-1743919706 tempest-AttachVolumeNegativeTest-1743919706-project] Task 'cinder.volume.flows.api.create_volume.ExtractVolumeRequestTask;volume:create' (430a740d-5aa6-4b7d-ad27-ab59f0557321) transitioned into state 'SUCCESS' from state 'RUNNING' with result '{'size': 1, 'snapshot_id': None, 'source_volid': None, 'volume_type': VolumeType(created_at=2022-02-02T21:22:41Z,deleted=False,deleted_at=None,description='Default Volume Type',extra_specs={},id=75703dec-a32d-4643-88b9-9966b3f27a05,is_public=True,name='__DEFAULT__',projects=[],qos_specs=,qos_specs_id=None,updated_at=2022-02-02T21:22:41Z), 'volume_type_id': '75703dec-a32d-4643-88b9-9966b3f27a05', 'encryption_key_id': None, 'qos_specs': None, 'consistencygroup_id': None, 'cgsnapshot_id': None, 'group_id': None, 'replication_status': 'disabled', 'refresh_az': False, 'backup_id': None, 'multiattach': False, 'availability_zones': ['nova']}' {{(pid=109691) _task_receiver /usr/local/lib/python3.8/dist-packages/taskflow/listeners/logging.py:178}}
Feb 02 21:33:45.170526 dv-cinder-827554-1-iscsi devstack@c-api.service[109692]: INFO cinder.api.openstack.wsgi [None req-9a1c2811-57d4-4f82-bb93-a10fa8e906be tempest-GroupsTest-1628109700 tempest-GroupsTest-1628109700-project] GET http://10.222.0.46/volume/v3/40d534465ebb44b0b6c91b7ca91d75ca/groups/31a3cabe-235e-4fe6-ac16-1f6448aed725
Feb 02 21:33:45.171153 dv-cinder-827554-1-iscsi devstack@c-api.service[109692]: DEBUG cinder.api.openstack.wsgi [None req-9a1c2811-57d4-4f82-bb93-a10fa8e906be tempest-GroupsTest-1628109700 tempest-GroupsTest-1628109700-project] Empty body provided in request {{(pid=109692) get_body /opt/stack/cinder/cinder/api/openstack/wsgi.py:715}}
Feb 02 21:33:45.171745 dv-cinder-827554-1-iscsi devstack@c-api.service[109692]: DEBUG cinder.api.openstack.wsgi [None req-9a1c2811-57d4-4f82-bb93-a10fa8e906be tempest-GroupsTest-1628109700 tempest-GroupsTest-1628109700-project] Calling method 'version_select' {{(pid=109692) _process_stack /opt/stack/cinder/cinder/api/openstack/wsgi.py:868}}
Feb 02 21:33:45.172116 dv-cinder-827554-1-iscsi devstack@c-api.service[109691]: DEBUG cinder.volume.api [None req-20bdafd3-9d60-42e1-99c9-1810c9a151c4 tempest-AttachVolumeNegativeTest-1743919706 tempest-AttachVolumeNegativeTest-1743919706-project] Task 'cinder.volume.flows.api.create_volume.QuotaReserveTask;volume:create' (427c0345-e495-4b12-a4c0-559814b39be0) transitioned into state 'RUNNING' from state 'PENDING' {{(pid=109691) _task_receiver /usr/local/lib/python3.8/dist-packages/taskflow/listeners/logging.py:190}}
Feb 02 21:33:45.172415 dv-cinder-827554-1-iscsi devstack@c-api.service[109692]: DEBUG cinder.api.v3.groups [None req-9a1c2811-57d4-4f82-bb93-a10fa8e906be tempest-GroupsTest-1628109700 tempest-GroupsTest-1628109700-project] show called for member 31a3cabe-235e-4fe6-ac16-1f6448aed725 {{(pid=109692) show /opt/stack/cinder/cinder/api/v3/groups.py:58}}
Feb 02 21:33:45.178729 dv-cinder-827554-1-iscsi devstack@c-api.service[109692]: INFO cinder.api.openstack.wsgi [None req-9a1c2811-57d4-4f82-bb93-a10fa8e906be tempest-GroupsTest-1628109700 tempest-GroupsTest-1628109700-project] http://10.222.0.46/volume/v3/40d534465ebb44b0b6c91b7ca91d75ca/groups/31a3cabe-235e-4fe6-ac16-1f6448aed725 returned with HTTP 404
Feb 02 21:33:45.179679 dv-cinder-827554-1-iscsi devstack@c-api.service[109692]: [pid: 109692|app: 0|req: 98/216] 10.222.0.46 () {60 vars in 1362 bytes} [Wed Feb 2 21:33:45 2022] GET /volume/v3/40d534465ebb44b0b6c91b7ca91d75ca/groups/31a3cabe-235e-4fe6-ac16-1f6448aed725 => generated 108 bytes in 14 msecs (HTTP/1.1 404) 7 headers in 293 bytes (1 switches on core 0)
Feb 02 21:33:45.184714 dv-cinder-827554-1-iscsi devstack@c-api.service[109692]: INFO cinder.api.openstack.wsgi [None req-9141fefd-adc7-4d33-9bf5-21e1adb53255 tempest-VolumeQuotasAdminTestJSON-335340333 tempest-VolumeQuotasAdminTestJSON-335340333-project-admin] GET http://10.222.0.46/volume/v3/dc16854c532842009beee3b577ebe2f6/os-quota-sets/573d68582c844b2dadf624dcd73a084b?usage=True
Feb 02 21:33:45.185244 dv-cinder-827554-1-iscsi devstack@c-api.service[109692]: DEBUG cinder.api.openstack.wsgi [None req-9141fefd-adc7-4d33-9bf5-21e1adb53255 tempest-VolumeQuotasAdminTestJSON-335340333 tempest-VolumeQuotasAdminTestJSON-335340333-project-admin] Empty body provided in request {{(pid=109692) get_body /opt/stack/cinder/cinder/api/openstack/wsgi.py:715}}
Feb 02 21:33:45.185606 dv-cinder-827554-1-iscsi devstack@c-api.service[109692]: DEBUG cinder.api.openstack.wsgi [None req-9141fefd-adc7-4d33-9bf5-21e1adb53255 tempest-VolumeQuotasAdminTestJSON-335340333 tempest-VolumeQuotasAdminTestJSON-335340333-project-admin] Calling method 'show' {{(pid=109692) _process_stack /opt/stack/cinder/cinder/api/openstack/wsgi.py:868}}
Feb 02 21:33:45.208318 dv-cinder-827554-1-iscsi devstack@c-api.service[109692]: WARNING cinder.quota [None req-9141fefd-adc7-4d33-9bf5-21e1adb53255 tempest-VolumeQuotasAdminTestJSON-335340333 tempest-VolumeQuotasAdminTestJSON-335340333-project-admin] Deprecated: Default quota for resource: snapshots_tempest-GroupsTest-volume-type-932432186 is set by the default quota flag: quota_snapshots_tempest-GroupsTest-volume-type-932432186, it is now deprecated. Please use the default quota class for default quota.
Feb 02 21:33:45.225442 dv-cinder-827554-1-iscsi devstack@c-api.service[109692]: INFO cinder.api.openstack.wsgi [None req-9141fefd-adc7-4d33-9bf5-21e1adb53255 tempest-VolumeQuotasAdminTestJSON-335340333 tempest-VolumeQuotasAdminTestJSON-335340333-project-admin] http://10.222.0.46/volume/v3/dc16854c532842009beee3b577ebe2f6/os-quota-sets/573d68582c844b2dadf624dcd73a084b?usage=True returned with HTTP 200
Feb 02 21:33:45.232902 dv-cinder-827554-1-iscsi devstack@c-api.service[109692]: [pid: 109692|app: 0|req: 99/217] 10.222.0.46 () {58 vars in 1351 bytes} [Wed Feb 2 21:33:45 2022] GET /volume/v3/dc16854c532842009beee3b577ebe2f6/os-quota-sets/573d68582c844b2dadf624dcd73a084b?usage=True => generated 1157 bytes in 46 msecs (HTTP/1.1 200) 7 headers in 286 bytes (1 switches on core 0)
Feb 02 21:33:45.238172 dv-cinder-827554-1-iscsi devstack@c-api.service[109692]: INFO cinder.api.openstack.wsgi [None req-af08c300-04c5-4450-b6f6-ddf176340ce9 tempest-GroupsTest-1628109700 tempest-GroupsTest-1628109700-project] GET http://10.222.0.46/volume/v3/40d534465ebb44b0b6c91b7ca91d75ca/groups/detail
Feb 02 21:33:45.239347 dv-cinder-827554-1-iscsi devstack@c-api.service[109692]: DEBUG cinder.api.openstack.wsgi [None req-af08c300-04c5-4450-b6f6-ddf176340ce9 tempest-GroupsTest-1628109700 tempest-GroupsTest-1628109700-project] Empty body provided in request {{(pid=109692) get_body /opt/stack/cinder/cinder/api/openstack/wsgi.py:715}}
Feb 02 21:33:45.239934 dv-cinder-827554-1-iscsi devstack@c-api.service[109692]: DEBUG cinder.api.openstack.wsgi [None req-af08c300-04c5-4450-b6f6-ddf176340ce9 tempest-GroupsTest-1628109700 tempest-GroupsTest-1628109700-project] Calling method 'version_select' {{(pid=109692) _process_stack /opt/stack/cinder/cinder/api/openstack/wsgi.py:868}}
Feb 02 21:33:45.253062 dv-cinder-827554-1-iscsi devstack@c-api.service[109692]: INFO cinder.api.openstack.wsgi [None req-af08c300-04c5-4450-b6f6-ddf176340ce9 tempest-GroupsTest-1628109700 tempest-GroupsTest-1628109700-project] http://10.222.0.46/volume/v3/40d534465ebb44b0b6c91b7ca91d75ca/groups/detail returned with HTTP 200
Feb 02 21:33:45.253917 dv-cinder-827554-1-iscsi devstack@c-api.service[109692]: [pid: 109692|app: 0|req: 100/218] 10.222.0.46 () {60 vars in 1272 bytes} [Wed Feb 2 21:33:45 2022] GET /volume/v3/40d534465ebb44b0b6c91b7ca91d75ca/groups/detail => generated 14 bytes in 27 msecs (HTTP/1.1 200) 7 headers in 285 bytes (1 switches on core 0)
Feb 02 21:33:45.260180 dv-cinder-827554-1-iscsi devstack@c-api.service[109692]: INFO cinder.api.openstack.wsgi [None req-c02f5334-01ac-43e4-b481-329e664ca26e tempest-VolumeQuotasAdminTestJSON-335340333 tempest-VolumeQuotasAdminTestJSON-335340333-project-admin] GET http://10.222.0.46/volume/v3/dc16854c532842009beee3b577ebe2f6/os-quota-sets/e1afb78bb2844a77b78e7b25a05769d4?usage=True
Feb 02 21:33:45.260637 dv-cinder-827554-1-iscsi devstack@c-api.service[109692]: DEBUG cinder.api.openstack.wsgi [None req-c02f5334-01ac-43e4-b481-329e664ca26e tempest-VolumeQuotasAdminTestJSON-335340333 tempest-VolumeQuotasAdminTestJSON-335340333-project-admin] Empty body provided in request {{(pid=109692) get_body /opt/stack/cinder/cinder/api/openstack/wsgi.py:715}}
Feb 02 21:33:45.261142 dv-cinder-827554-1-iscsi devstack@c-api.service[109692]: DEBUG cinder.api.openstack.wsgi [None req-c02f5334-01ac-43e4-b481-329e664ca26e tempest-VolumeQuotasAdminTestJSON-335340333 tempest-VolumeQuotasAdminTestJSON-335340333-project-admin] Calling method 'show' {{(pid=109692) _process_stack /opt/stack/cinder/cinder/api/openstack/wsgi.py:868}}
Feb 02 21:33:45.295567 dv-cinder-827554-1-iscsi devstack@c-api.service[109691]: DEBUG cinder.quota [None req-20bdafd3-9d60-42e1-99c9-1810c9a151c4 tempest-AttachVolumeNegativeTest-1743919706 tempest-AttachVolumeNegativeTest-1743919706-project] Created reservations ['e0fd48a2-4d80-4527-a294-94ed0e5362d7', '59866eaf-db25-485b-98e4-5a03857baf0e', 'c5d8aa48-fd65-4e21-82b4-6ae9e76b3756', '5518bc8f-1ca4-406f-a4e3-0a0d445ea30f'] {{(pid=109691) reserve /opt/stack/cinder/cinder/quota.py:755}}
Feb 02 21:33:45.297366 dv-cinder-827554-1-iscsi devstack@c-api.service[109691]: DEBUG cinder.volume.api [None req-20bdafd3-9d60-42e1-99c9-1810c9a151c4 tempest-AttachVolumeNegativeTest-1743919706 tempest-AttachVolumeNegativeTest-1743919706-project] Task 'cinder.volume.flows.api.create_volume.QuotaReserveTask;volume:create' (427c0345-e495-4b12-a4c0-559814b39be0) transitioned into state 'SUCCESS' from state 'RUNNING' with result '{'reservations': ['e0fd48a2-4d80-4527-a294-94ed0e5362d7', '59866eaf-db25-485b-98e4-5a03857baf0e', 'c5d8aa48-fd65-4e21-82b4-6ae9e76b3756', '5518bc8f-1ca4-406f-a4e3-0a0d445ea30f']}' {{(pid=109691) _task_receiver /usr/local/lib/python3.8/dist-packages/taskflow/listeners/logging.py:178}}
Feb 02 21:33:45.304260 dv-cinder-827554-1-iscsi devstack@c-api.service[109691]: DEBUG cinder.volume.api [None req-20bdafd3-9d60-42e1-99c9-1810c9a151c4 tempest-AttachVolumeNegativeTest-1743919706 tempest-AttachVolumeNegativeTest-1743919706-project] Task 'cinder.volume.flows.api.create_volume.EntryCreateTask;volume:create' (b588dd72-1904-4363-9873-d808921a6d4c) transitioned into state 'RUNNING' from state 'PENDING' {{(pid=109691) _task_receiver /usr/local/lib/python3.8/dist-packages/taskflow/listeners/logging.py:190}}
Feb 02 21:33:45.306817 dv-cinder-827554-1-iscsi devstack@c-api.service[109692]: INFO cinder.api.openstack.wsgi [None req-c02f5334-01ac-43e4-b481-329e664ca26e tempest-VolumeQuotasAdminTestJSON-335340333 tempest-VolumeQuotasAdminTestJSON-335340333-project-admin] http://10.222.0.46/volume/v3/dc16854c532842009beee3b577ebe2f6/os-quota-sets/e1afb78bb2844a77b78e7b25a05769d4?usage=True returned with HTTP 200
Feb 02 21:33:45.308189 dv-cinder-827554-1-iscsi devstack@c-api.service[109692]: [pid: 109692|app: 0|req: 101/219] 10.222.0.46 () {58 vars in 1351 bytes} [Wed Feb 2 21:33:45 2022] GET /volume/v3/dc16854c532842009beee3b577ebe2f6/os-quota-sets/e1afb78bb2844a77b78e7b25a05769d4?usage=True => generated 1157 bytes in 53 msecs (HTTP/1.1 200) 7 headers in 286 bytes (1 switches on core 0)
Feb 02 21:33:45.314011 dv-cinder-827554-1-iscsi devstack@c-api.service[109692]: INFO cinder.api.openstack.wsgi [None req-ceae76ff-1996-4fc0-9a43-6795e8e908c0 tempest-GroupsTest-1628109700 tempest-GroupsTest-1628109700-project] GET http://10.222.0.46/volume/v3/40d534465ebb44b0b6c91b7ca91d75ca/volumes/detail
Feb 02 21:33:45.320028 dv-cinder-827554-1-iscsi devstack@c-api.service[109692]: DEBUG cinder.api.openstack.wsgi [None req-ceae76ff-1996-4fc0-9a43-6795e8e908c0 tempest-GroupsTest-1628109700 tempest-GroupsTest-1628109700-project] Empty body provided in request {{(pid=109692) get_body /opt/stack/cinder/cinder/api/openstack/wsgi.py:715}}
Feb 02 21:33:45.321007 dv-cinder-827554-1-iscsi devstack@c-api.service[109692]: DEBUG cinder.api.openstack.wsgi [None req-ceae76ff-1996-4fc0-9a43-6795e8e908c0 tempest-GroupsTest-1628109700 tempest-GroupsTest-1628109700-project] Calling method 'detail' {{(pid=109692) _process_stack /opt/stack/cinder/cinder/api/openstack/wsgi.py:868}}
Feb 02 21:33:45.322047 dv-cinder-827554-1-iscsi devstack@c-api.service[109692]: DEBUG cinder.api.api_utils [None req-ceae76ff-1996-4fc0-9a43-6795e8e908c0 tempest-GroupsTest-1628109700 tempest-GroupsTest-1628109700-project] Removing options '' from query. {{(pid=109692) remove_invalid_filter_options /opt/stack/cinder/cinder/api/api_utils.py:73}}
Feb 02 21:33:45.325809 dv-cinder-827554-1-iscsi devstack@c-api.service[109692]: DEBUG cinder.volume.api [None req-ceae76ff-1996-4fc0-9a43-6795e8e908c0 tempest-GroupsTest-1628109700 tempest-GroupsTest-1628109700-project] Searching by: MultiDict([('no_migration_targets', True)]). {{(pid=109692) get_all /opt/stack/cinder/cinder/volume/api.py:661}}
Feb 02 21:33:45.355358 dv-cinder-827554-1-iscsi devstack@c-api.service[109691]: DEBUG cinder.volume.api [None req-20bdafd3-9d60-42e1-99c9-1810c9a151c4 tempest-AttachVolumeNegativeTest-1743919706 tempest-AttachVolumeNegativeTest-1743919706-project] Task 'cinder.volume.flows.api.create_volume.EntryCreateTask;volume:create' (b588dd72-1904-4363-9873-d808921a6d4c) transitioned into state 'SUCCESS' from state 'RUNNING' with result '{'volume_id': '3ddc6505-fb67-438b-bb02-2094a247c273', 'volume_properties': VolumeProperties(attach_status='detached',availability_zone='nova',cgsnapshot_id=None,consistencygroup_id=None,display_description=None,display_name='tempest-AttachVolumeNegativeTest-volume-977637072',encryption_key_id=None,group_id=None,group_type_id=,metadata={},multiattach=False,project_id='d760a97de5924deaa95508ca62d8bc80',qos_specs=None,replication_status=,reservations=['e0fd48a2-4d80-4527-a294-94ed0e5362d7','59866eaf-db25-485b-98e4-5a03857baf0e','c5d8aa48-fd65-4e21-82b4-6ae9e76b3756','5518bc8f-1ca4-406f-a4e3-0a0d445ea30f'],size=1,snapshot_id=None,source_replicaid=,source_volid=None,status='creating',user_id='884c5288d34c48258eacd3498e1aed44',volume_type_id=75703dec-a32d-4643-88b9-9966b3f27a05), 'volume': Volume(_name_id=None,admin_metadata=,attach_status='detached',availability_zone='nova',bootable=False,cluster=,cluster_name=None,consistencygroup=,consistencygroup_id=None,created_at=2022-02-02T21:33:45Z,deleted=False,deleted_at=None,display_description=None,display_name='tempest-AttachVolumeNegativeTest-volume-977637072',ec2_id=None,encryption_key_id=None,glance_metadata=,group=,group_id=None,host=None,id=3ddc6505-fb67-438b-bb02-2094a247c273,launched_at=None,metadata={},migration_status=None,multiattach=False,previous_status=None,project_id='d760a97de5924deaa95508ca62d8bc80',provider_auth=None,provider_geometry=None,provider_id=None,provider_location=None,replication_driver_data=None,replication_extended_status=None,replication_status=None,scheduled_at=None,service_uuid=None,shared_targets=True,size=1,snapshot_id=None,snapshots=,source_volid=None,status='creating',terminated_at=None,updated_at=None,use_quota=True,user_id='884c5288d34c48258eacd3498e1aed44',volume_attachment=VolumeAttachmentList,volume_type=VolumeType(75703dec-a32d-4643-88b9-9966b3f27a05),volume_type_id=75703dec-a32d-4643-88b9-9966b3f27a05)}' {{(pid=109691) _task_receiver /usr/local/lib/python3.8/dist-packages/taskflow/listeners/logging.py:178}}
Feb 02 21:33:45.358598 dv-cinder-827554-1-iscsi devstack@c-api.service[109691]: DEBUG cinder.volume.api [None req-20bdafd3-9d60-42e1-99c9-1810c9a151c4 tempest-AttachVolumeNegativeTest-1743919706 tempest-AttachVolumeNegativeTest-1743919706-project] Task 'cinder.volume.flows.api.create_volume.QuotaCommitTask;volume:create' (b631f3d1-ee4a-43f7-a574-8842cc8b002f) transitioned into state 'RUNNING' from state 'PENDING' {{(pid=109691) _task_receiver /usr/local/lib/python3.8/dist-packages/taskflow/listeners/logging.py:190}}
Feb 02 21:33:45.389923 dv-cinder-827554-1-iscsi devstack@c-api.service[109692]: INFO cinder.volume.api [None req-ceae76ff-1996-4fc0-9a43-6795e8e908c0 tempest-GroupsTest-1628109700 tempest-GroupsTest-1628109700-project] Get all volumes completed successfully.
Feb 02 21:33:45.396250 dv-cinder-827554-1-iscsi devstack@c-api.service[109692]: INFO cinder.api.openstack.wsgi [None req-ceae76ff-1996-4fc0-9a43-6795e8e908c0 tempest-GroupsTest-1628109700 tempest-GroupsTest-1628109700-project] http://10.222.0.46/volume/v3/40d534465ebb44b0b6c91b7ca91d75ca/volumes/detail returned with HTTP 200
Feb 02 21:33:45.397186 dv-cinder-827554-1-iscsi devstack@c-api.service[109692]: [pid: 109692|app: 0|req: 102/220] 10.222.0.46 () {60 vars in 1275 bytes} [Wed Feb 2 21:33:45 2022] GET /volume/v3/40d534465ebb44b0b6c91b7ca91d75ca/volumes/detail => generated 15 bytes in 89 msecs (HTTP/1.1 200) 7 headers in 285 bytes (1 switches on core 0)
Feb 02 21:33:45.401077 dv-cinder-827554-1-iscsi devstack@c-api.service[109692]: INFO cinder.api.openstack.wsgi [None req-959d420b-bdae-46ae-a689-2b49c5904f3a tempest-VolumeQuotasAdminTestJSON-335340333 tempest-VolumeQuotasAdminTestJSON-335340333-project-admin] DELETE http://10.222.0.46/volume/v3/dc16854c532842009beee3b577ebe2f6/volumes/69a13511-2fb4-4851-93b4-c338f594edb5
Feb 02 21:33:45.401701 dv-cinder-827554-1-iscsi devstack@c-api.service[109692]: DEBUG cinder.api.openstack.wsgi [None req-959d420b-bdae-46ae-a689-2b49c5904f3a tempest-VolumeQuotasAdminTestJSON-335340333 tempest-VolumeQuotasAdminTestJSON-335340333-project-admin] Empty body provided in request {{(pid=109692) get_body /opt/stack/cinder/cinder/api/openstack/wsgi.py:715}}
Feb 02 21:33:45.402263 dv-cinder-827554-1-iscsi devstack@c-api.service[109692]: DEBUG cinder.api.openstack.wsgi [None req-959d420b-bdae-46ae-a689-2b49c5904f3a tempest-VolumeQuotasAdminTestJSON-335340333 tempest-VolumeQuotasAdminTestJSON-335340333-project-admin] Calling method 'delete' {{(pid=109692) _process_stack /opt/stack/cinder/cinder/api/openstack/wsgi.py:868}}
Feb 02 21:33:45.402823 dv-cinder-827554-1-iscsi devstack@c-api.service[109692]: INFO cinder.api.v3.volumes [None req-959d420b-bdae-46ae-a689-2b49c5904f3a tempest-VolumeQuotasAdminTestJSON-335340333 tempest-VolumeQuotasAdminTestJSON-335340333-project-admin] Delete volume with id: 69a13511-2fb4-4851-93b4-c338f594edb5
Feb 02 21:33:45.418374 dv-cinder-827554-1-iscsi devstack@c-api.service[109691]: DEBUG cinder.volume.api [None req-20bdafd3-9d60-42e1-99c9-1810c9a151c4 tempest-AttachVolumeNegativeTest-1743919706 tempest-AttachVolumeNegativeTest-1743919706-project] Task 'cinder.volume.flows.api.create_volume.QuotaCommitTask;volume:create' (b631f3d1-ee4a-43f7-a574-8842cc8b002f) transitioned into state 'SUCCESS' from state 'RUNNING' with result '{'volume_properties': VolumeProperties(attach_status='detached',availability_zone='nova',cgsnapshot_id=None,consistencygroup_id=None,display_description=None,display_name='tempest-AttachVolumeNegativeTest-volume-977637072',encryption_key_id=None,group_id=None,group_type_id=,metadata={},multiattach=False,project_id='d760a97de5924deaa95508ca62d8bc80',qos_specs=None,replication_status=,reservations=['e0fd48a2-4d80-4527-a294-94ed0e5362d7','59866eaf-db25-485b-98e4-5a03857baf0e','c5d8aa48-fd65-4e21-82b4-6ae9e76b3756','5518bc8f-1ca4-406f-a4e3-0a0d445ea30f'],size=1,snapshot_id=None,source_replicaid=,source_volid=None,status='creating',user_id='884c5288d34c48258eacd3498e1aed44',volume_type_id=75703dec-a32d-4643-88b9-9966b3f27a05)}' {{(pid=109691) _task_receiver /usr/local/lib/python3.8/dist-packages/taskflow/listeners/logging.py:178}}
Feb 02 21:33:45.421162 dv-cinder-827554-1-iscsi devstack@c-api.service[109691]: DEBUG cinder.volume.api [None req-20bdafd3-9d60-42e1-99c9-1810c9a151c4 tempest-AttachVolumeNegativeTest-1743919706 tempest-AttachVolumeNegativeTest-1743919706-project] Task 'cinder.volume.flows.api.create_volume.VolumeCastTask;volume:create' (7ab6ca26-ab63-41ef-a48b-f9c4d7fb8707) transitioned into state 'RUNNING' from state 'PENDING' {{(pid=109691) _task_receiver /usr/local/lib/python3.8/dist-packages/taskflow/listeners/logging.py:190}}
Feb 02 21:33:45.434144 dv-cinder-827554-1-iscsi devstack@c-api.service[109692]: /usr/local/lib/python3.8/dist-packages/oslo_context/context.py:105: DeprecationWarning: Policy enforcement is depending on the value of is_admin. This key is deprecated. Please update your policy file to use the standard policy values.
Feb 02 21:33:45.434144 dv-cinder-827554-1-iscsi devstack@c-api.service[109692]: warnings.warn('Policy enforcement is depending on the value of '
Feb 02 21:33:45.436043 dv-cinder-827554-1-iscsi devstack@c-api.service[109692]: INFO cinder.volume.api [None req-959d420b-bdae-46ae-a689-2b49c5904f3a tempest-VolumeQuotasAdminTestJSON-335340333 tempest-VolumeQuotasAdminTestJSON-335340333-project-admin] Volume info retrieved successfully.
Feb 02 21:33:45.483853 dv-cinder-827554-1-iscsi devstack@c-api.service[109691]: DEBUG cinder.volume.api [None req-20bdafd3-9d60-42e1-99c9-1810c9a151c4 tempest-AttachVolumeNegativeTest-1743919706 tempest-AttachVolumeNegativeTest-1743919706-project] Task 'cinder.volume.flows.api.create_volume.VolumeCastTask;volume:create' (7ab6ca26-ab63-41ef-a48b-f9c4d7fb8707) transitioned into state 'SUCCESS' from state 'RUNNING' with result 'None' {{(pid=109691) _task_receiver /usr/local/lib/python3.8/dist-packages/taskflow/listeners/logging.py:178}}
Feb 02 21:33:45.487494 dv-cinder-827554-1-iscsi devstack@c-api.service[109691]: DEBUG cinder.volume.api [None req-20bdafd3-9d60-42e1-99c9-1810c9a151c4 tempest-AttachVolumeNegativeTest-1743919706 tempest-AttachVolumeNegativeTest-1743919706-project] Flow 'volume_create_api' (fe8165e9-2751-4f84-b2ab-af497ec4554c) transitioned into state 'SUCCESS' from state 'RUNNING' {{(pid=109691) _flow_receiver /usr/local/lib/python3.8/dist-packages/taskflow/listeners/logging.py:141}}
Feb 02 21:33:45.488447 dv-cinder-827554-1-iscsi devstack@c-api.service[109691]: INFO cinder.volume.api [None req-20bdafd3-9d60-42e1-99c9-1810c9a151c4 tempest-AttachVolumeNegativeTest-1743919706 tempest-AttachVolumeNegativeTest-1743919706-project] Create volume request issued successfully.
Feb 02 21:33:45.490542 dv-cinder-827554-1-iscsi devstack@c-api.service[109691]: INFO cinder.api.openstack.wsgi [None req-20bdafd3-9d60-42e1-99c9-1810c9a151c4 tempest-AttachVolumeNegativeTest-1743919706 tempest-AttachVolumeNegativeTest-1743919706-project] http://10.222.0.46/volume/v3/d760a97de5924deaa95508ca62d8bc80/volumes returned with HTTP 202
Feb 02 21:33:45.492284 dv-cinder-827554-1-iscsi devstack@c-api.service[109691]: [pid: 109691|app: 0|req: 119/221] 10.222.0.46 () {60 vars in 1234 bytes} [Wed Feb 2 21:33:45 2022] POST /volume/v3/d760a97de5924deaa95508ca62d8bc80/volumes => generated 823 bytes in 413 msecs (HTTP/1.1 202) 7 headers in 291 bytes (1 switches on core 0)
Feb 02 21:33:45.517552 dv-cinder-827554-1-iscsi devstack@c-api.service[109691]: INFO cinder.api.openstack.wsgi [None req-ca0667f1-4464-414a-9406-0c636f9c5e74 tempest-GroupsTest-1628109700 tempest-GroupsTest-1628109700-project] POST http://10.222.0.46/volume/v3/40d534465ebb44b0b6c91b7ca91d75ca/groups/31a3cabe-235e-4fe6-ac16-1f6448aed725/action
Feb 02 21:33:45.519027 dv-cinder-827554-1-iscsi devstack@c-api.service[109691]: DEBUG cinder.api.openstack.wsgi [None req-ca0667f1-4464-414a-9406-0c636f9c5e74 tempest-GroupsTest-1628109700 tempest-GroupsTest-1628109700-project] Action body: b'{"delete": {"delete-volumes": true}}' {{(pid=109691) get_method /opt/stack/cinder/cinder/api/openstack/wsgi.py:983}}
Feb 02 21:33:45.519738 dv-cinder-827554-1-iscsi devstack@c-api.service[109691]: DEBUG cinder.api.openstack.wsgi [None req-ca0667f1-4464-414a-9406-0c636f9c5e74 tempest-GroupsTest-1628109700 tempest-GroupsTest-1628109700-project] Action: 'action', calling method: version_select, body: {"delete": {"delete-volumes": true}} {{(pid=109691) _process_stack /opt/stack/cinder/cinder/api/openstack/wsgi.py:866}}
Feb 02 21:33:45.521816 dv-cinder-827554-1-iscsi devstack@c-api.service[109691]: DEBUG cinder.api.v3.groups [None req-ca0667f1-4464-414a-9406-0c636f9c5e74 tempest-GroupsTest-1628109700 tempest-GroupsTest-1628109700-project] delete called for group 31a3cabe-235e-4fe6-ac16-1f6448aed725 {{(pid=109691) _delete /opt/stack/cinder/cinder/api/v3/groups.py:117}}
Feb 02 21:33:45.522416 dv-cinder-827554-1-iscsi devstack@c-api.service[109691]: INFO cinder.api.v3.groups [None req-ca0667f1-4464-414a-9406-0c636f9c5e74 tempest-GroupsTest-1628109700 tempest-GroupsTest-1628109700-project] Delete group with id: 31a3cabe-235e-4fe6-ac16-1f6448aed725
Feb 02 21:33:45.532414 dv-cinder-827554-1-iscsi devstack@c-api.service[109691]: INFO cinder.api.openstack.wsgi [None req-ca0667f1-4464-414a-9406-0c636f9c5e74 tempest-GroupsTest-1628109700 tempest-GroupsTest-1628109700-project] http://10.222.0.46/volume/v3/40d534465ebb44b0b6c91b7ca91d75ca/groups/31a3cabe-235e-4fe6-ac16-1f6448aed725/action returned with HTTP 404
Feb 02 21:33:45.534696 dv-cinder-827554-1-iscsi devstack@c-api.service[109691]: [pid: 109691|app: 0|req: 120/222] 10.222.0.46 () {62 vars in 1404 bytes} [Wed Feb 2 21:33:45 2022] POST /volume/v3/40d534465ebb44b0b6c91b7ca91d75ca/groups/31a3cabe-235e-4fe6-ac16-1f6448aed725/action => generated 108 bytes in 26 msecs (HTTP/1.1 404) 7 headers in 293 bytes (1 switches on core 0)
Feb 02 21:33:45.543239 dv-cinder-827554-1-iscsi devstack@c-api.service[109691]: INFO cinder.api.openstack.wsgi [None req-80f3cb16-6b03-4f39-9bbc-4b7ed1614d4d tempest-AttachVolumeNegativeTest-1743919706 tempest-AttachVolumeNegativeTest-1743919706-project] GET http://10.222.0.46/volume/v3/d760a97de5924deaa95508ca62d8bc80/volumes/3ddc6505-fb67-438b-bb02-2094a247c273
Feb 02 21:33:45.544277 dv-cinder-827554-1-iscsi devstack@c-api.service[109691]: DEBUG cinder.api.openstack.wsgi [None req-80f3cb16-6b03-4f39-9bbc-4b7ed1614d4d tempest-AttachVolumeNegativeTest-1743919706 tempest-AttachVolumeNegativeTest-1743919706-project] Empty body provided in request {{(pid=109691) get_body /opt/stack/cinder/cinder/api/openstack/wsgi.py:715}}
Feb 02 21:33:45.545186 dv-cinder-827554-1-iscsi devstack@c-api.service[109691]: DEBUG cinder.api.openstack.wsgi [None req-80f3cb16-6b03-4f39-9bbc-4b7ed1614d4d tempest-AttachVolumeNegativeTest-1743919706 tempest-AttachVolumeNegativeTest-1743919706-project] Calling method 'show' {{(pid=109691) _process_stack /opt/stack/cinder/cinder/api/openstack/wsgi.py:868}}
Feb 02 21:33:45.561695 dv-cinder-827554-1-iscsi devstack@c-api.service[109692]: INFO cinder.volume.api [None req-959d420b-bdae-46ae-a689-2b49c5904f3a tempest-VolumeQuotasAdminTestJSON-335340333 tempest-VolumeQuotasAdminTestJSON-335340333-project-admin] Delete volume request issued successfully.
Feb 02 21:33:45.562389 dv-cinder-827554-1-iscsi devstack@c-api.service[109692]: INFO cinder.api.openstack.wsgi [None req-959d420b-bdae-46ae-a689-2b49c5904f3a tempest-VolumeQuotasAdminTestJSON-335340333 tempest-VolumeQuotasAdminTestJSON-335340333-project-admin] http://10.222.0.46/volume/v3/dc16854c532842009beee3b577ebe2f6/volumes/69a13511-2fb4-4851-93b4-c338f594edb5 returned with HTTP 202
Feb 02 21:33:45.564395 dv-cinder-827554-1-iscsi devstack@c-api.service[109692]: [pid: 109692|app: 0|req: 103/223] 10.222.0.46 () {58 vars in 1327 bytes} [Wed Feb 2 21:33:45 2022] DELETE /volume/v3/dc16854c532842009beee3b577ebe2f6/volumes/69a13511-2fb4-4851-93b4-c338f594edb5 => generated 0 bytes in 166 msecs (HTTP/1.1 202) 6 headers in 233 bytes (1 switches on core 0)
Feb 02 21:33:45.575697 dv-cinder-827554-1-iscsi devstack@c-api.service[109692]: INFO cinder.api.openstack.wsgi [None req-06b00c9f-70ee-4577-bb27-125a9c948330 tempest-GroupsTest-1628109700 tempest-GroupsTest-1628109700-project] GET http://10.222.0.46/volume/v3/40d534465ebb44b0b6c91b7ca91d75ca/volumes/detail
Feb 02 21:33:45.577594 dv-cinder-827554-1-iscsi devstack@c-api.service[109692]: DEBUG cinder.api.openstack.wsgi [None req-06b00c9f-70ee-4577-bb27-125a9c948330 tempest-GroupsTest-1628109700 tempest-GroupsTest-1628109700-project] Empty body provided in request {{(pid=109692) get_body /opt/stack/cinder/cinder/api/openstack/wsgi.py:715}}
