Feb 02 21:33:53.183256 dv-cinder-827554-1-iscsi devstack@c-api.service[109692]: INFO cinder.api.openstack.wsgi [None req-a451f2a7-33fd-42db-ab39-fd1ecbc8eba1 tempest-GroupsTest-1628109700 tempest-GroupsTest-1628109700-project] http://10.222.0.46/volume/v3/40d534465ebb44b0b6c91b7ca91d75ca/groups/87cff8bc-bf47-4819-9ff2-f39d3cc6dfb2 returned with HTTP 200
Feb 02 21:33:53.184327 dv-cinder-827554-1-iscsi devstack@c-api.service[109692]: [pid: 109692|app: 0|req: 134/291] 10.222.0.46 () {60 vars in 1362 bytes} [Wed Feb 2 21:33:53 2022] GET /volume/v3/40d534465ebb44b0b6c91b7ca91d75ca/groups/87cff8bc-bf47-4819-9ff2-f39d3cc6dfb2 => generated 324 bytes in 27 msecs (HTTP/1.1 200) 7 headers in 286 bytes (2 switches on core 0)
Feb 02 21:33:53.186969 dv-cinder-827554-1-iscsi devstack@c-api.service[109691]: DEBUG cinder.volume.api [None req-6476a9f7-f54c-4571-9c31-6f900a47a16a tempest-VolumeRetypeWithoutMigrationTest-464514242 tempest-VolumeRetypeWithoutMigrationTest-464514242-project] Flow 'volume_create_api' (e064ed9b-22a3-4b89-9278-f2c8daac94d1) transitioned into state 'RUNNING' from state 'PENDING' {{(pid=109691) _flow_receiver /usr/local/lib/python3.8/dist-packages/taskflow/listeners/logging.py:141}}
Feb 02 21:33:53.189482 dv-cinder-827554-1-iscsi devstack@c-api.service[109691]: DEBUG cinder.volume.api [None req-6476a9f7-f54c-4571-9c31-6f900a47a16a tempest-VolumeRetypeWithoutMigrationTest-464514242 tempest-VolumeRetypeWithoutMigrationTest-464514242-project] Task 'cinder.volume.flows.api.create_volume.ExtractVolumeRequestTask;volume:create' (006a55d0-312f-48f9-b877-87471c4167a0) transitioned into state 'RUNNING' from state 'PENDING' {{(pid=109691) _task_receiver /usr/local/lib/python3.8/dist-packages/taskflow/listeners/logging.py:190}}
Feb 02 21:33:53.191964 dv-cinder-827554-1-iscsi devstack@c-api.service[109691]: DEBUG cinder.volume.flows.api.create_volume [None req-6476a9f7-f54c-4571-9c31-6f900a47a16a tempest-VolumeRetypeWithoutMigrationTest-464514242 tempest-VolumeRetypeWithoutMigrationTest-464514242-project] Validating volume size '1' using validate_int {{(pid=109691) _extract_size /opt/stack/cinder/cinder/volume/flows/api/create_volume.py:225}}
Feb 02 21:33:53.193143 dv-cinder-827554-1-iscsi devstack@c-api.service[109692]: INFO cinder.api.openstack.wsgi [None req-d3d37a4f-e6c2-4f21-8a31-5885011c9ada tempest-GroupsTest-1628109700 tempest-GroupsTest-1628109700-project] GET http://10.222.0.46/volume/v3/40d534465ebb44b0b6c91b7ca91d75ca/volumes/detail
Feb 02 21:33:53.193621 dv-cinder-827554-1-iscsi devstack@c-api.service[109692]: DEBUG cinder.api.openstack.wsgi [None req-d3d37a4f-e6c2-4f21-8a31-5885011c9ada tempest-GroupsTest-1628109700 tempest-GroupsTest-1628109700-project] Empty body provided in request {{(pid=109692) get_body /opt/stack/cinder/cinder/api/openstack/wsgi.py:715}}
Feb 02 21:33:53.194067 dv-cinder-827554-1-iscsi devstack@c-api.service[109692]: DEBUG cinder.api.openstack.wsgi [None req-d3d37a4f-e6c2-4f21-8a31-5885011c9ada tempest-GroupsTest-1628109700 tempest-GroupsTest-1628109700-project] Calling method 'detail' {{(pid=109692) _process_stack /opt/stack/cinder/cinder/api/openstack/wsgi.py:868}}
Feb 02 21:33:53.194731 dv-cinder-827554-1-iscsi devstack@c-api.service[109692]: DEBUG cinder.api.api_utils [None req-d3d37a4f-e6c2-4f21-8a31-5885011c9ada tempest-GroupsTest-1628109700 tempest-GroupsTest-1628109700-project] Removing options '' from query. {{(pid=109692) remove_invalid_filter_options /opt/stack/cinder/cinder/api/api_utils.py:73}}
Feb 02 21:33:53.195502 dv-cinder-827554-1-iscsi devstack@c-api.service[109692]: /usr/local/lib/python3.8/dist-packages/oslo_context/context.py:105: DeprecationWarning: Policy enforcement is depending on the value of is_admin. This key is deprecated. Please update your policy file to use the standard policy values.
Feb 02 21:33:53.195502 dv-cinder-827554-1-iscsi devstack@c-api.service[109692]: warnings.warn('Policy enforcement is depending on the value of '
Feb 02 21:33:53.196416 dv-cinder-827554-1-iscsi devstack@c-api.service[109692]: DEBUG cinder.volume.api [None req-d3d37a4f-e6c2-4f21-8a31-5885011c9ada tempest-GroupsTest-1628109700 tempest-GroupsTest-1628109700-project] Searching by: MultiDict([('no_migration_targets', True)]). {{(pid=109692) get_all /opt/stack/cinder/cinder/volume/api.py:661}}
Feb 02 21:33:53.215498 dv-cinder-827554-1-iscsi devstack@c-api.service[109691]: DEBUG cinder.volume.api [None req-6476a9f7-f54c-4571-9c31-6f900a47a16a tempest-VolumeRetypeWithoutMigrationTest-464514242 tempest-VolumeRetypeWithoutMigrationTest-464514242-project] Task 'cinder.volume.flows.api.create_volume.ExtractVolumeRequestTask;volume:create' (006a55d0-312f-48f9-b877-87471c4167a0) transitioned into state 'SUCCESS' from state 'RUNNING' with result '{'size': 1, 'snapshot_id': None, 'source_volid': None, 'volume_type': VolumeType(created_at=2022-02-02T21:33:53Z,deleted=False,deleted_at=None,description=None,extra_specs={},id=05d2d605-9efb-4c18-a85e-a426d9d8c605,is_public=True,name='volume-type-1',projects=[],qos_specs=,qos_specs_id=None,updated_at=None), 'volume_type_id': '05d2d605-9efb-4c18-a85e-a426d9d8c605', 'encryption_key_id': None, 'qos_specs': None, 'consistencygroup_id': None, 'cgsnapshot_id': None, 'group_id': None, 'replication_status': 'disabled', 'refresh_az': False, 'backup_id': None, 'multiattach': False, 'availability_zones': ['nova']}' {{(pid=109691) _task_receiver /usr/local/lib/python3.8/dist-packages/taskflow/listeners/logging.py:178}}
Feb 02 21:33:53.217465 dv-cinder-827554-1-iscsi devstack@c-api.service[109691]: DEBUG cinder.volume.api [None req-6476a9f7-f54c-4571-9c31-6f900a47a16a tempest-VolumeRetypeWithoutMigrationTest-464514242 tempest-VolumeRetypeWithoutMigrationTest-464514242-project] Task 'cinder.volume.flows.api.create_volume.QuotaReserveTask;volume:create' (a2924f90-b0a9-4adf-94af-86013a09e8f7) transitioned into state 'RUNNING' from state 'PENDING' {{(pid=109691) _task_receiver /usr/local/lib/python3.8/dist-packages/taskflow/listeners/logging.py:190}}
Feb 02 21:33:53.243867 dv-cinder-827554-1-iscsi devstack@c-api.service[109692]: INFO cinder.volume.api [None req-d3d37a4f-e6c2-4f21-8a31-5885011c9ada tempest-GroupsTest-1628109700 tempest-GroupsTest-1628109700-project] Get all volumes completed successfully.
Feb 02 21:33:53.245669 dv-cinder-827554-1-iscsi devstack@c-api.service[109692]: WARNING stevedore.named [None req-d3d37a4f-e6c2-4f21-8a31-5885011c9ada tempest-GroupsTest-1628109700 tempest-GroupsTest-1628109700-project] Could not load cinder.keymgr.conf_key_mgr.ConfKeyManager
Feb 02 21:33:53.246042 dv-cinder-827554-1-iscsi devstack@c-api.service[109692]: WARNING castellan.key_manager [None req-d3d37a4f-e6c2-4f21-8a31-5885011c9ada tempest-GroupsTest-1628109700 tempest-GroupsTest-1628109700-project] Deprecation Warning : cinder.keymgr.conf_key_mgr.ConfKeyManager is not a stevedore based driver, trying to load it as a class: stevedore.exception.NoMatches: No 'castellan.drivers' driver found, looking for 'cinder.keymgr.conf_key_mgr.ConfKeyManager'
Feb 02 21:33:53.249737 dv-cinder-827554-1-iscsi devstack@c-api.service[109691]: WARNING cinder.quota [None req-6476a9f7-f54c-4571-9c31-6f900a47a16a tempest-VolumeRetypeWithoutMigrationTest-464514242 tempest-VolumeRetypeWithoutMigrationTest-464514242-project] Deprecated: Default quota for resource: volumes_volume-type-1 is set by the default quota flag: quota_volumes_volume-type-1, it is now deprecated. Please use the default quota class for default quota.
Feb 02 21:33:53.250541 dv-cinder-827554-1-iscsi devstack@c-api.service[109691]: WARNING cinder.quota [None req-6476a9f7-f54c-4571-9c31-6f900a47a16a tempest-VolumeRetypeWithoutMigrationTest-464514242 tempest-VolumeRetypeWithoutMigrationTest-464514242-project] Deprecated: Default quota for resource: gigabytes_volume-type-1 is set by the default quota flag: quota_gigabytes_volume-type-1, it is now deprecated. Please use the default quota class for default quota.
Feb 02 21:33:53.253337 dv-cinder-827554-1-iscsi devstack@c-api.service[109692]: DEBUG oslo_db.sqlalchemy.engines [None req-d3d37a4f-e6c2-4f21-8a31-5885011c9ada tempest-GroupsTest-1628109700 tempest-GroupsTest-1628109700-project] MySQL server mode set to STRICT_TRANS_TABLES,STRICT_ALL_TABLES,NO_ZERO_IN_DATE,NO_ZERO_DATE,ERROR_FOR_DIVISION_BY_ZERO,TRADITIONAL,NO_ENGINE_SUBSTITUTION {{(pid=109692) _check_effective_sql_mode /usr/local/lib/python3.8/dist-packages/oslo_db/sqlalchemy/engines.py:314}}
Feb 02 21:33:53.259018 dv-cinder-827554-1-iscsi devstack@c-api.service[109692]: /usr/local/lib/python3.8/dist-packages/oslo_context/context.py:105: DeprecationWarning: Policy enforcement is depending on the value of is_admin. This key is deprecated. Please update your policy file to use the standard policy values.
Feb 02 21:33:53.259018 dv-cinder-827554-1-iscsi devstack@c-api.service[109692]: warnings.warn('Policy enforcement is depending on the value of '
Feb 02 21:33:53.274088 dv-cinder-827554-1-iscsi devstack@c-api.service[109692]: INFO cinder.api.openstack.wsgi [None req-d3d37a4f-e6c2-4f21-8a31-5885011c9ada tempest-GroupsTest-1628109700 tempest-GroupsTest-1628109700-project] http://10.222.0.46/volume/v3/40d534465ebb44b0b6c91b7ca91d75ca/volumes/detail returned with HTTP 200
Feb 02 21:33:53.275145 dv-cinder-827554-1-iscsi devstack@c-api.service[109692]: [pid: 109692|app: 0|req: 135/292] 10.222.0.46 () {60 vars in 1275 bytes} [Wed Feb 2 21:33:53 2022] GET /volume/v3/40d534465ebb44b0b6c91b7ca91d75ca/volumes/detail => generated 1927 bytes in 85 msecs (HTTP/1.1 200) 7 headers in 287 bytes (2 switches on core 0)
Feb 02 21:33:53.284104 dv-cinder-827554-1-iscsi devstack@c-api.service[109692]: INFO cinder.api.openstack.wsgi [None req-d3f6e9a6-c89c-4222-a0ec-9a5968a42e87 tempest-DeleteServersTestJSON-848608266 tempest-DeleteServersTestJSON-848608266-project] GET http://10.222.0.46/volume/v3/a0a5b74a6dae4227a7bfe7363836a51f/volumes/3d5f2b59-aab9-4a1e-9a5a-153286253ce7
Feb 02 21:33:53.284733 dv-cinder-827554-1-iscsi devstack@c-api.service[109692]: DEBUG cinder.api.openstack.wsgi [None req-d3f6e9a6-c89c-4222-a0ec-9a5968a42e87 tempest-DeleteServersTestJSON-848608266 tempest-DeleteServersTestJSON-848608266-project] Empty body provided in request {{(pid=109692) get_body /opt/stack/cinder/cinder/api/openstack/wsgi.py:715}}
Feb 02 21:33:53.285283 dv-cinder-827554-1-iscsi devstack@c-api.service[109692]: DEBUG cinder.api.openstack.wsgi [None req-d3f6e9a6-c89c-4222-a0ec-9a5968a42e87 tempest-DeleteServersTestJSON-848608266 tempest-DeleteServersTestJSON-848608266-project] Calling method 'show' {{(pid=109692) _process_stack /opt/stack/cinder/cinder/api/openstack/wsgi.py:868}}
Feb 02 21:33:53.305054 dv-cinder-827554-1-iscsi devstack@c-api.service[109692]: /usr/local/lib/python3.8/dist-packages/oslo_context/context.py:105: DeprecationWarning: Policy enforcement is depending on the value of is_admin. This key is deprecated. Please update your policy file to use the standard policy values.
Feb 02 21:33:53.305054 dv-cinder-827554-1-iscsi devstack@c-api.service[109692]: warnings.warn('Policy enforcement is depending on the value of '
Feb 02 21:33:53.305603 dv-cinder-827554-1-iscsi devstack@c-api.service[109691]: DEBUG cinder.quota [None req-6476a9f7-f54c-4571-9c31-6f900a47a16a tempest-VolumeRetypeWithoutMigrationTest-464514242 tempest-VolumeRetypeWithoutMigrationTest-464514242-project] Created reservations ['1545ba37-665f-46f5-92fc-3588ad06d763', 'ba45013b-7485-4271-b0b2-8d85544856cb', '36a2f287-3805-4a6c-9d77-7873ec83bbf3', 'e88c6c60-3053-44c1-83f4-3f71a035e812'] {{(pid=109691) reserve /opt/stack/cinder/cinder/quota.py:755}}
Feb 02 21:33:53.307300 dv-cinder-827554-1-iscsi devstack@c-api.service[109691]: DEBUG cinder.volume.api [None req-6476a9f7-f54c-4571-9c31-6f900a47a16a tempest-VolumeRetypeWithoutMigrationTest-464514242 tempest-VolumeRetypeWithoutMigrationTest-464514242-project] Task 'cinder.volume.flows.api.create_volume.QuotaReserveTask;volume:create' (a2924f90-b0a9-4adf-94af-86013a09e8f7) transitioned into state 'SUCCESS' from state 'RUNNING' with result '{'reservations': ['1545ba37-665f-46f5-92fc-3588ad06d763', 'ba45013b-7485-4271-b0b2-8d85544856cb', '36a2f287-3805-4a6c-9d77-7873ec83bbf3', 'e88c6c60-3053-44c1-83f4-3f71a035e812']}' {{(pid=109691) _task_receiver /usr/local/lib/python3.8/dist-packages/taskflow/listeners/logging.py:178}}
Feb 02 21:33:53.309247 dv-cinder-827554-1-iscsi devstack@c-api.service[109691]: DEBUG cinder.volume.api [None req-6476a9f7-f54c-4571-9c31-6f900a47a16a tempest-VolumeRetypeWithoutMigrationTest-464514242 tempest-VolumeRetypeWithoutMigrationTest-464514242-project] Task 'cinder.volume.flows.api.create_volume.EntryCreateTask;volume:create' (ac414e37-fba0-4401-8bea-fb58fd9c8e42) transitioned into state 'RUNNING' from state 'PENDING' {{(pid=109691) _task_receiver /usr/local/lib/python3.8/dist-packages/taskflow/listeners/logging.py:190}}
Feb 02 21:33:53.312484 dv-cinder-827554-1-iscsi devstack@c-api.service[109692]: INFO cinder.volume.api [None req-d3f6e9a6-c89c-4222-a0ec-9a5968a42e87 tempest-DeleteServersTestJSON-848608266 tempest-DeleteServersTestJSON-848608266-project] Volume info retrieved successfully.
Feb 02 21:33:53.322881 dv-cinder-827554-1-iscsi devstack@c-api.service[109692]: INFO cinder.api.openstack.wsgi [None req-d3f6e9a6-c89c-4222-a0ec-9a5968a42e87 tempest-DeleteServersTestJSON-848608266 tempest-DeleteServersTestJSON-848608266-project] http://10.222.0.46/volume/v3/a0a5b74a6dae4227a7bfe7363836a51f/volumes/3d5f2b59-aab9-4a1e-9a5a-153286253ce7 returned with HTTP 200
Feb 02 21:33:53.331700 dv-cinder-827554-1-iscsi devstack@c-api.service[109692]: [pid: 109692|app: 0|req: 136/293] 10.222.0.46 () {58 vars in 1324 bytes} [Wed Feb 2 21:33:53 2022] GET /volume/v3/a0a5b74a6dae4227a7bfe7363836a51f/volumes/3d5f2b59-aab9-4a1e-9a5a-153286253ce7 => generated 913 bytes in 52 msecs (HTTP/1.1 200) 7 headers in 285 bytes (2 switches on core 0)
Feb 02 21:33:53.337022 dv-cinder-827554-1-iscsi devstack@c-api.service[109692]: INFO cinder.api.openstack.wsgi [None req-e41006e2-60c2-4693-a329-a4ef13c178ee tempest-GroupsTest-1628109700 tempest-GroupsTest-1628109700-project] PUT http://10.222.0.46/volume/v3/40d534465ebb44b0b6c91b7ca91d75ca/groups/87cff8bc-bf47-4819-9ff2-f39d3cc6dfb2
Feb 02 21:33:53.337834 dv-cinder-827554-1-iscsi devstack@c-api.service[109692]: DEBUG cinder.api.openstack.wsgi [None req-e41006e2-60c2-4693-a329-a4ef13c178ee tempest-GroupsTest-1628109700 tempest-GroupsTest-1628109700-project] Action: 'update', calling method: version_select, body: {"group": {"add_volumes": "bc1f0539-8439-4cf4-8112-c3b8a12b4f48"}} {{(pid=109692) _process_stack /opt/stack/cinder/cinder/api/openstack/wsgi.py:866}}
Feb 02 21:33:53.338757 dv-cinder-827554-1-iscsi devstack@c-api.service[109692]: DEBUG cinder.api.v3.groups [None req-e41006e2-60c2-4693-a329-a4ef13c178ee tempest-GroupsTest-1628109700 tempest-GroupsTest-1628109700-project] Update called for group 87cff8bc-bf47-4819-9ff2-f39d3cc6dfb2. {{(pid=109692) update /opt/stack/cinder/cinder/api/v3/groups.py:302}}
Feb 02 21:33:53.339044 dv-cinder-827554-1-iscsi devstack@c-api.service[109692]: INFO cinder.api.v3.groups [None req-e41006e2-60c2-4693-a329-a4ef13c178ee tempest-GroupsTest-1628109700 tempest-GroupsTest-1628109700-project] Updating group 87cff8bc-bf47-4819-9ff2-f39d3cc6dfb2 with name None description: None add_volumes: bc1f0539-8439-4cf4-8112-c3b8a12b4f48 remove_volumes: None.
Feb 02 21:33:53.339229 dv-cinder-827554-1-iscsi devstack@c-api.service[109691]: DEBUG cinder.volume.api [None req-6476a9f7-f54c-4571-9c31-6f900a47a16a tempest-VolumeRetypeWithoutMigrationTest-464514242 tempest-VolumeRetypeWithoutMigrationTest-464514242-project] Task 'cinder.volume.flows.api.create_volume.EntryCreateTask;volume:create' (ac414e37-fba0-4401-8bea-fb58fd9c8e42) transitioned into state 'SUCCESS' from state 'RUNNING' with result '{'volume_id': '7d0d1f6f-e22e-44d2-b817-8020b3603a1d', 'volume_properties': VolumeProperties(attach_status='detached',availability_zone='nova',cgsnapshot_id=None,consistencygroup_id=None,display_description=None,display_name='tempest-VolumeRetypeWithoutMigrationTest-Volume-1259355572',encryption_key_id=None,group_id=None,group_type_id=,metadata={},multiattach=False,project_id='62a95a4a28854e2a98df6031a6ba95cc',qos_specs=None,replication_status=,reservations=['1545ba37-665f-46f5-92fc-3588ad06d763','ba45013b-7485-4271-b0b2-8d85544856cb','36a2f287-3805-4a6c-9d77-7873ec83bbf3','e88c6c60-3053-44c1-83f4-3f71a035e812'],size=1,snapshot_id=None,source_replicaid=,source_volid=None,status='creating',user_id='96a0a26431ea4fa8a9efff43cd9c9509',volume_type_id=05d2d605-9efb-4c18-a85e-a426d9d8c605), 'volume': Volume(_name_id=None,admin_metadata=,attach_status='detached',availability_zone='nova',bootable=False,cluster=,cluster_name=None,consistencygroup=,consistencygroup_id=None,created_at=2022-02-02T21:33:53Z,deleted=False,deleted_at=None,display_description=None,display_name='tempest-VolumeRetypeWithoutMigrationTest-Volume-1259355572',ec2_id=None,encryption_key_id=None,glance_metadata=,group=,group_id=None,host=None,id=7d0d1f6f-e22e-44d2-b817-8020b3603a1d,launched_at=None,metadata={},migration_status=None,multiattach=False,previous_status=None,project_id='62a95a4a28854e2a98df6031a6ba95cc',provider_auth=None,provider_geometry=None,provider_id=None,provider_location=None,replication_driver_data=None,replication_extended_status=None,replication_status=None,scheduled_at=None,service_uuid=None,shared_targets=True,size=1,snapshot_id=None,snapshots=,source_volid=None,status='creating',terminated_at=None,updated_at=None,use_quota=True,user_id='96a0a26431ea4fa8a9efff43cd9c9509',volume_attachment=VolumeAttachmentList,volume_type=VolumeType(05d2d605-9efb-4c18-a85e-a426d9d8c605),volume_type_id=05d2d605-9efb-4c18-a85e-a426d9d8c605)}' {{(pid=109691) _task_receiver /usr/local/lib/python3.8/dist-packages/taskflow/listeners/logging.py:178}}
Feb 02 21:33:53.341952 dv-cinder-827554-1-iscsi devstack@c-api.service[109691]: DEBUG cinder.volume.api [None req-6476a9f7-f54c-4571-9c31-6f900a47a16a tempest-VolumeRetypeWithoutMigrationTest-464514242 tempest-VolumeRetypeWithoutMigrationTest-464514242-project] Task 'cinder.volume.flows.api.create_volume.QuotaCommitTask;volume:create' (cd823f54-c1e0-44e1-87cc-0b7356e42681) transitioned into state 'RUNNING' from state 'PENDING' {{(pid=109691) _task_receiver /usr/local/lib/python3.8/dist-packages/taskflow/listeners/logging.py:190}}
Feb 02 21:33:53.346909 dv-cinder-827554-1-iscsi devstack@c-api.service[109692]: /usr/local/lib/python3.8/dist-packages/oslo_context/context.py:105: DeprecationWarning: Policy enforcement is depending on the value of is_admin. This key is deprecated. Please update your policy file to use the standard policy values.
Feb 02 21:33:53.346909 dv-cinder-827554-1-iscsi devstack@c-api.service[109692]: warnings.warn('Policy enforcement is depending on the value of '
Feb 02 21:33:53.372002 dv-cinder-827554-1-iscsi devstack@c-api.service[109691]: DEBUG cinder.volume.api [None req-6476a9f7-f54c-4571-9c31-6f900a47a16a tempest-VolumeRetypeWithoutMigrationTest-464514242 tempest-VolumeRetypeWithoutMigrationTest-464514242-project] Task 'cinder.volume.flows.api.create_volume.QuotaCommitTask;volume:create' (cd823f54-c1e0-44e1-87cc-0b7356e42681) transitioned into state 'SUCCESS' from state 'RUNNING' with result '{'volume_properties': VolumeProperties(attach_status='detached',availability_zone='nova',cgsnapshot_id=None,consistencygroup_id=None,display_description=None,display_name='tempest-VolumeRetypeWithoutMigrationTest-Volume-1259355572',encryption_key_id=None,group_id=None,group_type_id=,metadata={},multiattach=False,project_id='62a95a4a28854e2a98df6031a6ba95cc',qos_specs=None,replication_status=,reservations=['1545ba37-665f-46f5-92fc-3588ad06d763','ba45013b-7485-4271-b0b2-8d85544856cb','36a2f287-3805-4a6c-9d77-7873ec83bbf3','e88c6c60-3053-44c1-83f4-3f71a035e812'],size=1,snapshot_id=None,source_replicaid=,source_volid=None,status='creating',user_id='96a0a26431ea4fa8a9efff43cd9c9509',volume_type_id=05d2d605-9efb-4c18-a85e-a426d9d8c605)}' {{(pid=109691) _task_receiver /usr/local/lib/python3.8/dist-packages/taskflow/listeners/logging.py:178}}
Feb 02 21:33:53.374947 dv-cinder-827554-1-iscsi devstack@c-api.service[109691]: DEBUG cinder.volume.api [None req-6476a9f7-f54c-4571-9c31-6f900a47a16a tempest-VolumeRetypeWithoutMigrationTest-464514242 tempest-VolumeRetypeWithoutMigrationTest-464514242-project] Task 'cinder.volume.flows.api.create_volume.VolumeCastTask;volume:create' (19cf5c0d-a0b2-42e4-8fde-60d4fcf32011) transitioned into state 'RUNNING' from state 'PENDING' {{(pid=109691) _task_receiver /usr/local/lib/python3.8/dist-packages/taskflow/listeners/logging.py:190}}
Feb 02 21:33:53.398638 dv-cinder-827554-1-iscsi devstack@c-api.service[109691]: DEBUG cinder.volume.api [None req-6476a9f7-f54c-4571-9c31-6f900a47a16a tempest-VolumeRetypeWithoutMigrationTest-464514242 tempest-VolumeRetypeWithoutMigrationTest-464514242-project] Task 'cinder.volume.flows.api.create_volume.VolumeCastTask;volume:create' (19cf5c0d-a0b2-42e4-8fde-60d4fcf32011) transitioned into state 'SUCCESS' from state 'RUNNING' with result 'None' {{(pid=109691) _task_receiver /usr/local/lib/python3.8/dist-packages/taskflow/listeners/logging.py:178}}
Feb 02 21:33:53.402239 dv-cinder-827554-1-iscsi devstack@c-api.service[109691]: DEBUG cinder.volume.api [None req-6476a9f7-f54c-4571-9c31-6f900a47a16a tempest-VolumeRetypeWithoutMigrationTest-464514242 tempest-VolumeRetypeWithoutMigrationTest-464514242-project] Flow 'volume_create_api' (e064ed9b-22a3-4b89-9278-f2c8daac94d1) transitioned into state 'SUCCESS' from state 'RUNNING' {{(pid=109691) _flow_receiver /usr/local/lib/python3.8/dist-packages/taskflow/listeners/logging.py:141}}
Feb 02 21:33:53.402996 dv-cinder-827554-1-iscsi devstack@c-api.service[109691]: INFO cinder.volume.api [None req-6476a9f7-f54c-4571-9c31-6f900a47a16a tempest-VolumeRetypeWithoutMigrationTest-464514242 tempest-VolumeRetypeWithoutMigrationTest-464514242-project] Create volume request issued successfully.
Feb 02 21:33:53.404351 dv-cinder-827554-1-iscsi devstack@c-api.service[109691]: INFO cinder.api.openstack.wsgi [None req-6476a9f7-f54c-4571-9c31-6f900a47a16a tempest-VolumeRetypeWithoutMigrationTest-464514242 tempest-VolumeRetypeWithoutMigrationTest-464514242-project] http://10.222.0.46/volume/v3/62a95a4a28854e2a98df6031a6ba95cc/volumes returned with HTTP 202
Feb 02 21:33:53.405423 dv-cinder-827554-1-iscsi devstack@c-api.service[109691]: [pid: 109691|app: 0|req: 158/294] 10.222.0.46 () {60 vars in 1235 bytes} [Wed Feb 2 21:33:53 2022] POST /volume/v3/62a95a4a28854e2a98df6031a6ba95cc/volumes => generated 834 bytes in 358 msecs (HTTP/1.1 202) 7 headers in 291 bytes (1 switches on core 0)
Feb 02 21:33:53.409400 dv-cinder-827554-1-iscsi devstack@c-api.service[109692]: INFO cinder.api.openstack.wsgi [None req-e41006e2-60c2-4693-a329-a4ef13c178ee tempest-GroupsTest-1628109700 tempest-GroupsTest-1628109700-project] http://10.222.0.46/volume/v3/40d534465ebb44b0b6c91b7ca91d75ca/groups/87cff8bc-bf47-4819-9ff2-f39d3cc6dfb2 returned with HTTP 202
Feb 02 21:33:53.410417 dv-cinder-827554-1-iscsi devstack@c-api.service[109692]: [pid: 109692|app: 0|req: 137/295] 10.222.0.46 () {62 vars in 1382 bytes} [Wed Feb 2 21:33:53 2022] PUT /volume/v3/40d534465ebb44b0b6c91b7ca91d75ca/groups/87cff8bc-bf47-4819-9ff2-f39d3cc6dfb2 => generated 0 bytes in 78 msecs (HTTP/1.1 202) 6 headers in 234 bytes (1 switches on core 0)
Feb 02 21:33:53.428047 dv-cinder-827554-1-iscsi devstack@c-api.service[109692]: INFO cinder.api.openstack.wsgi [None req-088f9a4b-5581-4377-ae96-0df3803d982d tempest-GroupsTest-1628109700 tempest-GroupsTest-1628109700-project] GET http://10.222.0.46/volume/v3/40d534465ebb44b0b6c91b7ca91d75ca/groups/87cff8bc-bf47-4819-9ff2-f39d3cc6dfb2
Feb 02 21:33:53.428662 dv-cinder-827554-1-iscsi devstack@c-api.service[109691]: INFO cinder.api.openstack.wsgi [None req-53064a98-504f-40fa-8f39-afffeb1e8da7 tempest-VolumeRetypeWithoutMigrationTest-464514242 tempest-VolumeRetypeWithoutMigrationTest-464514242-project] GET http://10.222.0.46/volume/v3/62a95a4a28854e2a98df6031a6ba95cc/volumes/7d0d1f6f-e22e-44d2-b817-8020b3603a1d
Feb 02 21:33:53.428807 dv-cinder-827554-1-iscsi devstack@c-api.service[109692]: DEBUG cinder.api.openstack.wsgi [None req-088f9a4b-5581-4377-ae96-0df3803d982d tempest-GroupsTest-1628109700 tempest-GroupsTest-1628109700-project] Empty body provided in request {{(pid=109692) get_body /opt/stack/cinder/cinder/api/openstack/wsgi.py:715}}
Feb 02 21:33:53.429273 dv-cinder-827554-1-iscsi devstack@c-api.service[109691]: DEBUG cinder.api.openstack.wsgi [None req-53064a98-504f-40fa-8f39-afffeb1e8da7 tempest-VolumeRetypeWithoutMigrationTest-464514242 tempest-VolumeRetypeWithoutMigrationTest-464514242-project] Empty body provided in request {{(pid=109691) get_body /opt/stack/cinder/cinder/api/openstack/wsgi.py:715}}
Feb 02 21:33:53.429399 dv-cinder-827554-1-iscsi devstack@c-api.service[109692]: DEBUG cinder.api.openstack.wsgi [None req-088f9a4b-5581-4377-ae96-0df3803d982d tempest-GroupsTest-1628109700 tempest-GroupsTest-1628109700-project] Calling method 'version_select' {{(pid=109692) _process_stack /opt/stack/cinder/cinder/api/openstack/wsgi.py:868}}
Feb 02 21:33:53.429693 dv-cinder-827554-1-iscsi devstack@c-api.service[109692]: DEBUG cinder.api.v3.groups [None req-088f9a4b-5581-4377-ae96-0df3803d982d tempest-GroupsTest-1628109700 tempest-GroupsTest-1628109700-project] show called for member 87cff8bc-bf47-4819-9ff2-f39d3cc6dfb2 {{(pid=109692) show /opt/stack/cinder/cinder/api/v3/groups.py:58}}
Feb 02 21:33:53.429952 dv-cinder-827554-1-iscsi devstack@c-api.service[109691]: DEBUG cinder.api.openstack.wsgi [None req-53064a98-504f-40fa-8f39-afffeb1e8da7 tempest-VolumeRetypeWithoutMigrationTest-464514242 tempest-VolumeRetypeWithoutMigrationTest-464514242-project] Calling method 'show' {{(pid=109691) _process_stack /opt/stack/cinder/cinder/api/openstack/wsgi.py:868}}
Feb 02 21:33:53.435879 dv-cinder-827554-1-iscsi devstack@c-api.service[109692]: /usr/local/lib/python3.8/dist-packages/oslo_context/context.py:105: DeprecationWarning: Policy enforcement is depending on the value of is_admin. This key is deprecated. Please update your policy file to use the standard policy values.
Feb 02 21:33:53.435879 dv-cinder-827554-1-iscsi devstack@c-api.service[109692]: warnings.warn('Policy enforcement is depending on the value of '
Feb 02 21:33:53.446797 dv-cinder-827554-1-iscsi devstack@c-api.service[109691]: /usr/local/lib/python3.8/dist-packages/oslo_context/context.py:105: DeprecationWarning: Policy enforcement is depending on the value of is_admin. This key is deprecated. Please update your policy file to use the standard policy values.
Feb 02 21:33:53.446797 dv-cinder-827554-1-iscsi devstack@c-api.service[109691]: warnings.warn('Policy enforcement is depending on the value of '
Feb 02 21:33:53.452167 dv-cinder-827554-1-iscsi devstack@c-api.service[109692]: INFO cinder.api.openstack.wsgi [None req-088f9a4b-5581-4377-ae96-0df3803d982d tempest-GroupsTest-1628109700 tempest-GroupsTest-1628109700-project] http://10.222.0.46/volume/v3/40d534465ebb44b0b6c91b7ca91d75ca/groups/87cff8bc-bf47-4819-9ff2-f39d3cc6dfb2 returned with HTTP 200
Feb 02 21:33:53.452929 dv-cinder-827554-1-iscsi devstack@c-api.service[109692]: [pid: 109692|app: 0|req: 138/296] 10.222.0.46 () {60 vars in 1362 bytes} [Wed Feb 2 21:33:53 2022] GET /volume/v3/40d534465ebb44b0b6c91b7ca91d75ca/groups/87cff8bc-bf47-4819-9ff2-f39d3cc6dfb2 => generated 323 bytes in 29 msecs (HTTP/1.1 200) 7 headers in 286 bytes (1 switches on core 0)
Feb 02 21:33:53.454813 dv-cinder-827554-1-iscsi devstack@c-api.service[109691]: INFO cinder.volume.api [None req-53064a98-504f-40fa-8f39-afffeb1e8da7 tempest-VolumeRetypeWithoutMigrationTest-464514242 tempest-VolumeRetypeWithoutMigrationTest-464514242-project] Volume info retrieved successfully.
Feb 02 21:33:53.467131 dv-cinder-827554-1-iscsi devstack@c-api.service[109691]: INFO cinder.api.openstack.wsgi [None req-53064a98-504f-40fa-8f39-afffeb1e8da7 tempest-VolumeRetypeWithoutMigrationTest-464514242 tempest-VolumeRetypeWithoutMigrationTest-464514242-project] http://10.222.0.46/volume/v3/62a95a4a28854e2a98df6031a6ba95cc/volumes/7d0d1f6f-e22e-44d2-b817-8020b3603a1d returned with HTTP 200
Feb 02 21:33:53.467915 dv-cinder-827554-1-iscsi devstack@c-api.service[109691]: [pid: 109691|app: 0|req: 159/297] 10.222.0.46 () {58 vars in 1324 bytes} [Wed Feb 2 21:33:53 2022] GET /volume/v3/62a95a4a28854e2a98df6031a6ba95cc/volumes/7d0d1f6f-e22e-44d2-b817-8020b3603a1d => generated 902 bytes in 44 msecs (HTTP/1.1 200) 7 headers in 285 bytes (1 switches on core 0)
Feb 02 21:33:53.674122 dv-cinder-827554-1-iscsi devstack@c-api.service[109692]: INFO cinder.api.openstack.wsgi [None req-8a957a43-77f3-4edd-9cf0-3dc6e784ef42 tempest-VolumesExtendTest-2102229710 tempest-VolumesExtendTest-2102229710-project] GET http://10.222.0.46/volume/v3/50da1e873efc43c8951f86024127d5eb/volumes/3a034e1d-08c5-478a-a17d-282571fa1820
Feb 02 21:33:53.674552 dv-cinder-827554-1-iscsi devstack@c-api.service[109692]: DEBUG cinder.api.openstack.wsgi [None req-8a957a43-77f3-4edd-9cf0-3dc6e784ef42 tempest-VolumesExtendTest-2102229710 tempest-VolumesExtendTest-2102229710-project] Empty body provided in request {{(pid=109692) get_body /opt/stack/cinder/cinder/api/openstack/wsgi.py:715}}
Feb 02 21:33:53.674995 dv-cinder-827554-1-iscsi devstack@c-api.service[109692]: DEBUG cinder.api.openstack.wsgi [None req-8a957a43-77f3-4edd-9cf0-3dc6e784ef42 tempest-VolumesExtendTest-2102229710 tempest-VolumesExtendTest-2102229710-project] Calling method 'show' {{(pid=109692) _process_stack /opt/stack/cinder/cinder/api/openstack/wsgi.py:868}}
Feb 02 21:33:53.689646 dv-cinder-827554-1-iscsi devstack@c-api.service[109692]: /usr/local/lib/python3.8/dist-packages/oslo_context/context.py:105: DeprecationWarning: Policy enforcement is depending on the value of is_admin. This key is deprecated. Please update your policy file to use the standard policy values.
Feb 02 21:33:53.689646 dv-cinder-827554-1-iscsi devstack@c-api.service[109692]: warnings.warn('Policy enforcement is depending on the value of '
Feb 02 21:33:53.697602 dv-cinder-827554-1-iscsi devstack@c-api.service[109692]: INFO cinder.volume.api [None req-8a957a43-77f3-4edd-9cf0-3dc6e784ef42 tempest-VolumesExtendTest-2102229710 tempest-VolumesExtendTest-2102229710-project] Volume info retrieved successfully.
Feb 02 21:33:53.706408 dv-cinder-827554-1-iscsi devstack@c-api.service[109692]: INFO cinder.api.openstack.wsgi [None req-8a957a43-77f3-4edd-9cf0-3dc6e784ef42 tempest-VolumesExtendTest-2102229710 tempest-VolumesExtendTest-2102229710-project] http://10.222.0.46/volume/v3/50da1e873efc43c8951f86024127d5eb/volumes/3a034e1d-08c5-478a-a17d-282571fa1820 returned with HTTP 200
Feb 02 21:33:53.707130 dv-cinder-827554-1-iscsi devstack@c-api.service[109692]: [pid: 109692|app: 0|req: 139/298] 10.222.0.46 () {58 vars in 1324 bytes} [Wed Feb 2 21:33:53 2022] GET /volume/v3/50da1e873efc43c8951f86024127d5eb/volumes/3a034e1d-08c5-478a-a17d-282571fa1820 => generated 908 bytes in 37 msecs (HTTP/1.1 200) 7 headers in 285 bytes (1 switches on core 0)
Feb 02 21:33:53.805225 dv-cinder-827554-1-iscsi devstack@c-api.service[109691]: INFO cinder.api.openstack.wsgi [None req-b0a7fc5e-9d95-49e3-a1e9-610dabf18b06 tempest-VolumesCloneTest-817981854 tempest-VolumesCloneTest-817981854-project] GET http://10.222.0.46/volume/v3/2e370b3c6ae8495e8f32a5b416a11d02/volumes/0d4c9deb-9d3f-49d4-bd68-00d29985c6a7
Feb 02 21:33:53.805693 dv-cinder-827554-1-iscsi devstack@c-api.service[109691]: DEBUG cinder.api.openstack.wsgi [None req-b0a7fc5e-9d95-49e3-a1e9-610dabf18b06 tempest-VolumesCloneTest-817981854 tempest-VolumesCloneTest-817981854-project] Empty body provided in request {{(pid=109691) get_body /opt/stack/cinder/cinder/api/openstack/wsgi.py:715}}
Feb 02 21:33:53.806136 dv-cinder-827554-1-iscsi devstack@c-api.service[109691]: DEBUG cinder.api.openstack.wsgi [None req-b0a7fc5e-9d95-49e3-a1e9-610dabf18b06 tempest-VolumesCloneTest-817981854 tempest-VolumesCloneTest-817981854-project] Calling method 'show' {{(pid=109691) _process_stack /opt/stack/cinder/cinder/api/openstack/wsgi.py:868}}
Feb 02 21:33:53.820424 dv-cinder-827554-1-iscsi devstack@c-api.service[109691]: /usr/local/lib/python3.8/dist-packages/oslo_context/context.py:105: DeprecationWarning: Policy enforcement is depending on the value of is_admin. This key is deprecated. Please update your policy file to use the standard policy values.
Feb 02 21:33:53.820424 dv-cinder-827554-1-iscsi devstack@c-api.service[109691]: warnings.warn('Policy enforcement is depending on the value of '
Feb 02 21:33:53.827328 dv-cinder-827554-1-iscsi devstack@c-api.service[109691]: INFO cinder.volume.api [None req-b0a7fc5e-9d95-49e3-a1e9-610dabf18b06 tempest-VolumesCloneTest-817981854 tempest-VolumesCloneTest-817981854-project] Volume info retrieved successfully.
Feb 02 21:33:53.836062 dv-cinder-827554-1-iscsi devstack@c-api.service[109691]: INFO cinder.api.openstack.wsgi [None req-b0a7fc5e-9d95-49e3-a1e9-610dabf18b06 tempest-VolumesCloneTest-817981854 tempest-VolumesCloneTest-817981854-project] http://10.222.0.46/volume/v3/2e370b3c6ae8495e8f32a5b416a11d02/volumes/0d4c9deb-9d3f-49d4-bd68-00d29985c6a7 returned with HTTP 200
Feb 02 21:33:53.836781 dv-cinder-827554-1-iscsi devstack@c-api.service[109691]: [pid: 109691|app: 0|req: 160/299] 10.222.0.46 () {58 vars in 1324 bytes} [Wed Feb 2 21:33:53 2022] GET /volume/v3/2e370b3c6ae8495e8f32a5b416a11d02/volumes/0d4c9deb-9d3f-49d4-bd68-00d29985c6a7 => generated 908 bytes in 35 msecs (HTTP/1.1 200) 7 headers in 285 bytes (1 switches on core 0)
Feb 02 21:33:53.963896 dv-cinder-827554-1-iscsi devstack@c-api.service[109692]: INFO cinder.api.openstack.wsgi [None req-1a6b1e60-fbd3-4979-835d-321e95f658dc tempest-AttachVolumeNegativeTest-1743919706 tempest-AttachVolumeNegativeTest-1743919706-project] GET http://10.222.0.46/volume/v3/d760a97de5924deaa95508ca62d8bc80/volumes/3ddc6505-fb67-438b-bb02-2094a247c273
Feb 02 21:33:53.964430 dv-cinder-827554-1-iscsi devstack@c-api.service[109692]: DEBUG cinder.api.openstack.wsgi [None req-1a6b1e60-fbd3-4979-835d-321e95f658dc tempest-AttachVolumeNegativeTest-1743919706 tempest-AttachVolumeNegativeTest-1743919706-project] Empty body provided in request {{(pid=109692) get_body /opt/stack/cinder/cinder/api/openstack/wsgi.py:715}}
Feb 02 21:33:53.964680 dv-cinder-827554-1-iscsi devstack@c-api.service[109692]: DEBUG cinder.api.openstack.wsgi [None req-1a6b1e60-fbd3-4979-835d-321e95f658dc tempest-AttachVolumeNegativeTest-1743919706 tempest-AttachVolumeNegativeTest-1743919706-project] Calling method 'show' {{(pid=109692) _process_stack /opt/stack/cinder/cinder/api/openstack/wsgi.py:868}}
Feb 02 21:33:53.982401 dv-cinder-827554-1-iscsi devstack@c-api.service[109692]: /usr/local/lib/python3.8/dist-packages/oslo_context/context.py:105: DeprecationWarning: Policy enforcement is depending on the value of is_admin. This key is deprecated. Please update your policy file to use the standard policy values.
Feb 02 21:33:53.982401 dv-cinder-827554-1-iscsi devstack@c-api.service[109692]: warnings.warn('Policy enforcement is depending on the value of '
Feb 02 21:33:53.991370 dv-cinder-827554-1-iscsi devstack@c-api.service[109692]: INFO cinder.volume.api [None req-1a6b1e60-fbd3-4979-835d-321e95f658dc tempest-AttachVolumeNegativeTest-1743919706 tempest-AttachVolumeNegativeTest-1743919706-project] Volume info retrieved successfully.
Feb 02 21:33:54.001791 dv-cinder-827554-1-iscsi devstack@c-api.service[109692]: INFO cinder.api.openstack.wsgi [None req-1a6b1e60-fbd3-4979-835d-321e95f658dc tempest-AttachVolumeNegativeTest-1743919706 tempest-AttachVolumeNegativeTest-1743919706-project] http://10.222.0.46/volume/v3/d760a97de5924deaa95508ca62d8bc80/volumes/3ddc6505-fb67-438b-bb02-2094a247c273 returned with HTTP 200
Feb 02 21:33:54.002515 dv-cinder-827554-1-iscsi devstack@c-api.service[109692]: [pid: 109692|app: 0|req: 140/300] 10.222.0.46 () {58 vars in 1324 bytes} [Wed Feb 2 21:33:53 2022] GET /volume/v3/d760a97de5924deaa95508ca62d8bc80/volumes/3ddc6505-fb67-438b-bb02-2094a247c273 => generated 915 bytes in 42 msecs (HTTP/1.1 200) 7 headers in 285 bytes (1 switches on core 0)
Feb 02 21:33:54.341227 dv-cinder-827554-1-iscsi devstack@c-api.service[109691]: INFO cinder.api.openstack.wsgi [None req-3ee0793a-a749-4bb1-8e92-a22f21d5cff9 tempest-DeleteServersTestJSON-848608266 tempest-DeleteServersTestJSON-848608266-project] GET http://10.222.0.46/volume/v3/a0a5b74a6dae4227a7bfe7363836a51f/volumes/3d5f2b59-aab9-4a1e-9a5a-153286253ce7
Feb 02 21:33:54.341825 dv-cinder-827554-1-iscsi devstack@c-api.service[109691]: DEBUG cinder.api.openstack.wsgi [None req-3ee0793a-a749-4bb1-8e92-a22f21d5cff9 tempest-DeleteServersTestJSON-848608266 tempest-DeleteServersTestJSON-848608266-project] Empty body provided in request {{(pid=109691) get_body /opt/stack/cinder/cinder/api/openstack/wsgi.py:715}}
Feb 02 21:33:54.342237 dv-cinder-827554-1-iscsi devstack@c-api.service[109691]: DEBUG cinder.api.openstack.wsgi [None req-3ee0793a-a749-4bb1-8e92-a22f21d5cff9 tempest-DeleteServersTestJSON-848608266 tempest-DeleteServersTestJSON-848608266-project] Calling method 'show' {{(pid=109691) _process_stack /opt/stack/cinder/cinder/api/openstack/wsgi.py:868}}
Feb 02 21:33:54.361810 dv-cinder-827554-1-iscsi devstack@c-api.service[109691]: /usr/local/lib/python3.8/dist-packages/oslo_context/context.py:105: DeprecationWarning: Policy enforcement is depending on the value of is_admin. This key is deprecated. Please update your policy file to use the standard policy values.
Feb 02 21:33:54.361810 dv-cinder-827554-1-iscsi devstack@c-api.service[109691]: warnings.warn('Policy enforcement is depending on the value of '
Feb 02 21:33:54.369444 dv-cinder-827554-1-iscsi devstack@c-api.service[109691]: INFO cinder.volume.api [None req-3ee0793a-a749-4bb1-8e92-a22f21d5cff9 tempest-DeleteServersTestJSON-848608266 tempest-DeleteServersTestJSON-848608266-project] Volume info retrieved successfully.
Feb 02 21:33:54.378114 dv-cinder-827554-1-iscsi devstack@c-api.service[109691]: INFO cinder.api.openstack.wsgi [None req-3ee0793a-a749-4bb1-8e92-a22f21d5cff9 tempest-DeleteServersTestJSON-848608266 tempest-DeleteServersTestJSON-848608266-project] http://10.222.0.46/volume/v3/a0a5b74a6dae4227a7bfe7363836a51f/volumes/3d5f2b59-aab9-4a1e-9a5a-153286253ce7 returned with HTTP 200
Feb 02 21:33:54.379719 dv-cinder-827554-1-iscsi devstack@c-api.service[109691]: [pid: 109691|app: 0|req: 161/301] 10.222.0.46 () {58 vars in 1324 bytes} [Wed Feb 2 21:33:54 2022] GET /volume/v3/a0a5b74a6dae4227a7bfe7363836a51f/volumes/3d5f2b59-aab9-4a1e-9a5a-153286253ce7 => generated 913 bytes in 43 msecs (HTTP/1.1 200) 7 headers in 285 bytes (1 switches on core 0)
Feb 02 21:33:54.464076 dv-cinder-827554-1-iscsi devstack@c-api.service[109692]: INFO cinder.api.openstack.wsgi [None req-4c48522f-fa32-467c-84e0-8ff9c923fcb2 tempest-GroupsTest-1628109700 tempest-GroupsTest-1628109700-project] GET http://10.222.0.46/volume/v3/40d534465ebb44b0b6c91b7ca91d75ca/groups/87cff8bc-bf47-4819-9ff2-f39d3cc6dfb2
Feb 02 21:33:54.464636 dv-cinder-827554-1-iscsi devstack@c-api.service[109692]: DEBUG cinder.api.openstack.wsgi [None req-4c48522f-fa32-467c-84e0-8ff9c923fcb2 tempest-GroupsTest-1628109700 tempest-GroupsTest-1628109700-project] Empty body provided in request {{(pid=109692) get_body /opt/stack/cinder/cinder/api/openstack/wsgi.py:715}}
Feb 02 21:33:54.464993 dv-cinder-827554-1-iscsi devstack@c-api.service[109692]: DEBUG cinder.api.openstack.wsgi [None req-4c48522f-fa32-467c-84e0-8ff9c923fcb2 tempest-GroupsTest-1628109700 tempest-GroupsTest-1628109700-project] Calling method 'version_select' {{(pid=109692) _process_stack /opt/stack/cinder/cinder/api/openstack/wsgi.py:868}}
Feb 02 21:33:54.465322 dv-cinder-827554-1-iscsi devstack@c-api.service[109692]: DEBUG cinder.api.v3.groups [None req-4c48522f-fa32-467c-84e0-8ff9c923fcb2 tempest-GroupsTest-1628109700 tempest-GroupsTest-1628109700-project] show called for member 87cff8bc-bf47-4819-9ff2-f39d3cc6dfb2 {{(pid=109692) show /opt/stack/cinder/cinder/api/v3/groups.py:58}}
Feb 02 21:33:54.471121 dv-cinder-827554-1-iscsi devstack@c-api.service[109692]: /usr/local/lib/python3.8/dist-packages/oslo_context/context.py:105: DeprecationWarning: Policy enforcement is depending on the value of is_admin. This key is deprecated. Please update your policy file to use the standard policy values.
Feb 02 21:33:54.471121 dv-cinder-827554-1-iscsi devstack@c-api.service[109692]: warnings.warn('Policy enforcement is depending on the value of '
Feb 02 21:33:54.483517 dv-cinder-827554-1-iscsi devstack@c-api.service[109691]: INFO cinder.api.openstack.wsgi [None req-8007a43e-1013-43eb-b31c-bc92bdd5a3ef tempest-VolumeRetypeWithoutMigrationTest-464514242 tempest-VolumeRetypeWithoutMigrationTest-464514242-project] GET http://10.222.0.46/volume/v3/62a95a4a28854e2a98df6031a6ba95cc/volumes/7d0d1f6f-e22e-44d2-b817-8020b3603a1d
Feb 02 21:33:54.483956 dv-cinder-827554-1-iscsi devstack@c-api.service[109691]: DEBUG cinder.api.openstack.wsgi [None req-8007a43e-1013-43eb-b31c-bc92bdd5a3ef tempest-VolumeRetypeWithoutMigrationTest-464514242 tempest-VolumeRetypeWithoutMigrationTest-464514242-project] Empty body provided in request {{(pid=109691) get_body /opt/stack/cinder/cinder/api/openstack/wsgi.py:715}}
Feb 02 21:33:54.484396 dv-cinder-827554-1-iscsi devstack@c-api.service[109691]: DEBUG cinder.api.openstack.wsgi [None req-8007a43e-1013-43eb-b31c-bc92bdd5a3ef tempest-VolumeRetypeWithoutMigrationTest-464514242 tempest-VolumeRetypeWithoutMigrationTest-464514242-project] Calling method 'show' {{(pid=109691) _process_stack /opt/stack/cinder/cinder/api/openstack/wsgi.py:868}}
Feb 02 21:33:54.486709 dv-cinder-827554-1-iscsi devstack@c-api.service[109692]: INFO cinder.api.openstack.wsgi [None req-4c48522f-fa32-467c-84e0-8ff9c923fcb2 tempest-GroupsTest-1628109700 tempest-GroupsTest-1628109700-project] http://10.222.0.46/volume/v3/40d534465ebb44b0b6c91b7ca91d75ca/groups/87cff8bc-bf47-4819-9ff2-f39d3cc6dfb2 returned with HTTP 200
Feb 02 21:33:54.487486 dv-cinder-827554-1-iscsi devstack@c-api.service[109692]: [pid: 109692|app: 0|req: 141/302] 10.222.0.46 () {60 vars in 1362 bytes} [Wed Feb 2 21:33:54 2022] GET /volume/v3/40d534465ebb44b0b6c91b7ca91d75ca/groups/87cff8bc-bf47-4819-9ff2-f39d3cc6dfb2 => generated 324 bytes in 27 msecs (HTTP/1.1 200) 7 headers in 286 bytes (2 switches on core 0)
Feb 02 21:33:54.497795 dv-cinder-827554-1-iscsi devstack@c-api.service[109692]: INFO cinder.api.openstack.wsgi [None req-4982d0cb-4678-492a-bf9a-33d51c39dadd tempest-GroupsTest-1628109700 tempest-GroupsTest-1628109700-project] GET http://10.222.0.46/volume/v3/40d534465ebb44b0b6c91b7ca91d75ca/volumes/detail
Feb 02 21:33:54.498595 dv-cinder-827554-1-iscsi devstack@c-api.service[109692]: DEBUG cinder.api.openstack.wsgi [None req-4982d0cb-4678-492a-bf9a-33d51c39dadd tempest-GroupsTest-1628109700 tempest-GroupsTest-1628109700-project] Empty body provided in request {{(pid=109692) get_body /opt/stack/cinder/cinder/api/openstack/wsgi.py:715}}
Feb 02 21:33:54.498894 dv-cinder-827554-1-iscsi devstack@c-api.service[109691]: /usr/local/lib/python3.8/dist-packages/oslo_context/context.py:105: DeprecationWarning: Policy enforcement is depending on the value of is_admin. This key is deprecated. Please update your policy file to use the standard policy values.
Feb 02 21:33:54.498894 dv-cinder-827554-1-iscsi devstack@c-api.service[109691]: warnings.warn('Policy enforcement is depending on the value of '
Feb 02 21:33:54.499241 dv-cinder-827554-1-iscsi devstack@c-api.service[109692]: DEBUG cinder.api.openstack.wsgi [None req-4982d0cb-4678-492a-bf9a-33d51c39dadd tempest-GroupsTest-1628109700 tempest-GroupsTest-1628109700-project] Calling method 'detail' {{(pid=109692) _process_stack /opt/stack/cinder/cinder/api/openstack/wsgi.py:868}}
Feb 02 21:33:54.499930 dv-cinder-827554-1-iscsi devstack@c-api.service[109692]: DEBUG cinder.api.api_utils [None req-4982d0cb-4678-492a-bf9a-33d51c39dadd tempest-GroupsTest-1628109700 tempest-GroupsTest-1628109700-project] Removing options '' from query. {{(pid=109692) remove_invalid_filter_options /opt/stack/cinder/cinder/api/api_utils.py:73}}
Feb 02 21:33:54.500746 dv-cinder-827554-1-iscsi devstack@c-api.service[109692]: /usr/local/lib/python3.8/dist-packages/oslo_context/context.py:105: DeprecationWarning: Policy enforcement is depending on the value of is_admin. This key is deprecated. Please update your policy file to use the standard policy values.
Feb 02 21:33:54.500746 dv-cinder-827554-1-iscsi devstack@c-api.service[109692]: warnings.warn('Policy enforcement is depending on the value of '
Feb 02 21:33:54.501785 dv-cinder-827554-1-iscsi devstack@c-api.service[109692]: DEBUG cinder.volume.api [None req-4982d0cb-4678-492a-bf9a-33d51c39dadd tempest-GroupsTest-1628109700 tempest-GroupsTest-1628109700-project] Searching by: MultiDict([('no_migration_targets', True)]). {{(pid=109692) get_all /opt/stack/cinder/cinder/volume/api.py:661}}
Feb 02 21:33:54.506935 dv-cinder-827554-1-iscsi devstack@c-api.service[109691]: INFO cinder.volume.api [None req-8007a43e-1013-43eb-b31c-bc92bdd5a3ef tempest-VolumeRetypeWithoutMigrationTest-464514242 tempest-VolumeRetypeWithoutMigrationTest-464514242-project] Volume info retrieved successfully.
Feb 02 21:33:54.515993 dv-cinder-827554-1-iscsi devstack@c-api.service[109691]: INFO cinder.api.openstack.wsgi [None req-8007a43e-1013-43eb-b31c-bc92bdd5a3ef tempest-VolumeRetypeWithoutMigrationTest-464514242 tempest-VolumeRetypeWithoutMigrationTest-464514242-project] http://10.222.0.46/volume/v3/62a95a4a28854e2a98df6031a6ba95cc/volumes/7d0d1f6f-e22e-44d2-b817-8020b3603a1d returned with HTTP 200
Feb 02 21:33:54.516730 dv-cinder-827554-1-iscsi devstack@c-api.service[109691]: [pid: 109691|app: 0|req: 162/303] 10.222.0.46 () {58 vars in 1324 bytes} [Wed Feb 2 21:33:54 2022] GET /volume/v3/62a95a4a28854e2a98df6031a6ba95cc/volumes/7d0d1f6f-e22e-44d2-b817-8020b3603a1d => generated 926 bytes in 37 msecs (HTTP/1.1 200) 7 headers in 285 bytes (2 switches on core 0)
Feb 02 21:33:54.554108 dv-cinder-827554-1-iscsi devstack@c-api.service[109692]: INFO cinder.volume.api [None req-4982d0cb-4678-492a-bf9a-33d51c39dadd tempest-GroupsTest-1628109700 tempest-GroupsTest-1628109700-project] Get all volumes completed successfully.
Feb 02 21:33:54.555550 dv-cinder-827554-1-iscsi devstack@c-api.service[109692]: WARNING stevedore.named [None req-4982d0cb-4678-492a-bf9a-33d51c39dadd tempest-GroupsTest-1628109700 tempest-GroupsTest-1628109700-project] Could not load cinder.keymgr.conf_key_mgr.ConfKeyManager
Feb 02 21:33:54.555950 dv-cinder-827554-1-iscsi devstack@c-api.service[109692]: WARNING castellan.key_manager [None req-4982d0cb-4678-492a-bf9a-33d51c39dadd tempest-GroupsTest-1628109700 tempest-GroupsTest-1628109700-project] Deprecation Warning : cinder.keymgr.conf_key_mgr.ConfKeyManager is not a stevedore based driver, trying to load it as a class: stevedore.exception.NoMatches: No 'castellan.drivers' driver found, looking for 'cinder.keymgr.conf_key_mgr.ConfKeyManager'
Feb 02 21:33:54.563518 dv-cinder-827554-1-iscsi devstack@c-api.service[109692]: DEBUG oslo_db.sqlalchemy.engines [None req-4982d0cb-4678-492a-bf9a-33d51c39dadd tempest-GroupsTest-1628109700 tempest-GroupsTest-1628109700-project] MySQL server mode set to STRICT_TRANS_TABLES,STRICT_ALL_TABLES,NO_ZERO_IN_DATE,NO_ZERO_DATE,ERROR_FOR_DIVISION_BY_ZERO,TRADITIONAL,NO_ENGINE_SUBSTITUTION {{(pid=109692) _check_effective_sql_mode /usr/local/lib/python3.8/dist-packages/oslo_db/sqlalchemy/engines.py:314}}
Feb 02 21:33:54.571014 dv-cinder-827554-1-iscsi devstack@c-api.service[109692]: /usr/local/lib/python3.8/dist-packages/oslo_context/context.py:105: DeprecationWarning: Policy enforcement is depending on the value of is_admin. This key is deprecated. Please update your policy file to use the standard policy values.
Feb 02 21:33:54.571014 dv-cinder-827554-1-iscsi devstack@c-api.service[109692]: warnings.warn('Policy enforcement is depending on the value of '
Feb 02 21:33:54.579785 dv-cinder-827554-1-iscsi devstack@c-api.service[109692]: WARNING stevedore.named [None req-4982d0cb-4678-492a-bf9a-33d51c39dadd tempest-GroupsTest-1628109700 tempest-GroupsTest-1628109700-project] Could not load cinder.keymgr.conf_key_mgr.ConfKeyManager
Feb 02 21:33:54.580174 dv-cinder-827554-1-iscsi devstack@c-api.service[109692]: WARNING castellan.key_manager [None req-4982d0cb-4678-492a-bf9a-33d51c39dadd tempest-GroupsTest-1628109700 tempest-GroupsTest-1628109700-project] Deprecation Warning : cinder.keymgr.conf_key_mgr.ConfKeyManager is not a stevedore based driver, trying to load it as a class: stevedore.exception.NoMatches: No 'castellan.drivers' driver found, looking for 'cinder.keymgr.conf_key_mgr.ConfKeyManager'
Feb 02 21:33:54.588713 dv-cinder-827554-1-iscsi devstack@c-api.service[109692]: DEBUG oslo_db.sqlalchemy.engines [None req-4982d0cb-4678-492a-bf9a-33d51c39dadd tempest-GroupsTest-1628109700 tempest-GroupsTest-1628109700-project] MySQL server mode set to STRICT_TRANS_TABLES,STRICT_ALL_TABLES,NO_ZERO_IN_DATE,NO_ZERO_DATE,ERROR_FOR_DIVISION_BY_ZERO,TRADITIONAL,NO_ENGINE_SUBSTITUTION {{(pid=109692) _check_effective_sql_mode /usr/local/lib/python3.8/dist-packages/oslo_db/sqlalchemy/engines.py:314}}
Feb 02 21:33:54.595988 dv-cinder-827554-1-iscsi devstack@c-api.service[109692]: /usr/local/lib/python3.8/dist-packages/oslo_context/context.py:105: DeprecationWarning: Policy enforcement is depending on the value of is_admin. This key is deprecated. Please update your policy file to use the standard policy values.
Feb 02 21:33:54.595988 dv-cinder-827554-1-iscsi devstack@c-api.service[109692]: warnings.warn('Policy enforcement is depending on the value of '
