Feb 02 16:00:39.760348 dv-cinder-827511-1-smb devstack@c-api.service[120814]: DEBUG cinder.quota [None req-fbd045a4-b810-4ea1-9217-7a6218b76d70 tempest-GroupSnapshotsTest-631626051 tempest-GroupSnapshotsTest-631626051-project] Created reservations ['196bbf1d-5c9c-437d-9033-6167d6b3bce3'] {{(pid=120814) reserve /opt/stack/cinder/cinder/quota.py:755}}
Feb 02 16:00:39.789796 dv-cinder-827511-1-smb devstack@c-api.service[120813]: INFO cinder.api.openstack.wsgi [None req-e8641a6c-82db-4547-8419-7aba825a3414 tempest-VolumeTypesExtraSpecsTest-1126284653 tempest-VolumeTypesExtraSpecsTest-1126284653-project-admin] http://10.222.0.48/volume/v3/c5af26578c874a758f118679a54ee9b2/types/cc337885-9747-467b-ba9f-433a638ec920/extra_specs returned with HTTP 200
Feb 02 16:00:39.796434 dv-cinder-827511-1-smb devstack@c-api.service[120813]: [pid: 120813|app: 0|req: 137/279] 10.222.0.48 () {60 vars in 1375 bytes} [Wed Feb 2 16:00:39 2022] POST /volume/v3/c5af26578c874a758f118679a54ee9b2/types/cc337885-9747-467b-ba9f-433a638ec920/extra_specs => generated 34 bytes in 400 msecs (HTTP/1.1 200) 7 headers in 284 bytes (1 switches on core 0)
Feb 02 16:00:39.822970 dv-cinder-827511-1-smb devstack@c-api.service[120813]: INFO cinder.api.openstack.wsgi [None req-eeef21d9-4244-4aaa-b056-a617d4ffbdc3 tempest-VolumeTypesExtraSpecsTest-1126284653 tempest-VolumeTypesExtraSpecsTest-1126284653-project-admin] PUT http://10.222.0.48/volume/v3/c5af26578c874a758f118679a54ee9b2/types/cc337885-9747-467b-ba9f-433a638ec920/extra_specs/spec2
Feb 02 16:00:39.826107 dv-cinder-827511-1-smb devstack@c-api.service[120813]: DEBUG cinder.api.openstack.wsgi [None req-eeef21d9-4244-4aaa-b056-a617d4ffbdc3 tempest-VolumeTypesExtraSpecsTest-1126284653 tempest-VolumeTypesExtraSpecsTest-1126284653-project-admin] Action: 'update', calling method: update, body: {"spec2": "val2"} {{(pid=120813) _process_stack /opt/stack/cinder/cinder/api/openstack/wsgi.py:866}}
Feb 02 16:00:39.843895 dv-cinder-827511-1-smb devstack@c-api.service[120814]: INFO cinder.api.openstack.wsgi [None req-fbd045a4-b810-4ea1-9217-7a6218b76d70 tempest-GroupSnapshotsTest-631626051 tempest-GroupSnapshotsTest-631626051-project] http://10.222.0.48/volume/v3/9f7eadc1e80a4e0492dcfded02d76253/groups returned with HTTP 202
Feb 02 16:00:39.850663 dv-cinder-827511-1-smb devstack@c-api.service[120814]: [pid: 120814|app: 0|req: 143/280] 10.222.0.48 () {62 vars in 1273 bytes} [Wed Feb 2 16:00:39 2022] POST /volume/v3/9f7eadc1e80a4e0492dcfded02d76253/groups => generated 111 bytes in 208 msecs (HTTP/1.1 202) 7 headers in 292 bytes (1 switches on core 0)
Feb 02 16:00:39.856904 dv-cinder-827511-1-smb devstack@c-api.service[120814]: INFO cinder.api.openstack.wsgi [None req-e2d6564e-a4cd-49c3-af84-5e00d26bc410 tempest-GroupSnapshotsTest-631626051 tempest-GroupSnapshotsTest-631626051-project] GET http://10.222.0.48/volume/v3/9f7eadc1e80a4e0492dcfded02d76253/groups/5eef98c0-3e5d-4c64-b650-8342415d9a91
Feb 02 16:00:39.857647 dv-cinder-827511-1-smb devstack@c-api.service[120814]: DEBUG cinder.api.openstack.wsgi [None req-e2d6564e-a4cd-49c3-af84-5e00d26bc410 tempest-GroupSnapshotsTest-631626051 tempest-GroupSnapshotsTest-631626051-project] Empty body provided in request {{(pid=120814) get_body /opt/stack/cinder/cinder/api/openstack/wsgi.py:715}}
Feb 02 16:00:39.858277 dv-cinder-827511-1-smb devstack@c-api.service[120814]: DEBUG cinder.api.openstack.wsgi [None req-e2d6564e-a4cd-49c3-af84-5e00d26bc410 tempest-GroupSnapshotsTest-631626051 tempest-GroupSnapshotsTest-631626051-project] Calling method 'version_select' {{(pid=120814) _process_stack /opt/stack/cinder/cinder/api/openstack/wsgi.py:868}}
Feb 02 16:00:39.868742 dv-cinder-827511-1-smb devstack@c-api.service[120814]: DEBUG cinder.api.v3.groups [None req-e2d6564e-a4cd-49c3-af84-5e00d26bc410 tempest-GroupSnapshotsTest-631626051 tempest-GroupSnapshotsTest-631626051-project] show called for member 5eef98c0-3e5d-4c64-b650-8342415d9a91 {{(pid=120814) show /opt/stack/cinder/cinder/api/v3/groups.py:58}}
Feb 02 16:00:39.892761 dv-cinder-827511-1-smb devstack@c-api.service[120814]: /usr/local/lib/python3.8/dist-packages/oslo_context/context.py:105: DeprecationWarning: Policy enforcement is depending on the value of is_admin. This key is deprecated. Please update your policy file to use the standard policy values.
Feb 02 16:00:39.892761 dv-cinder-827511-1-smb devstack@c-api.service[120814]: warnings.warn('Policy enforcement is depending on the value of '
Feb 02 16:00:39.962366 dv-cinder-827511-1-smb devstack@c-api.service[120813]: INFO cinder.api.openstack.wsgi [None req-eeef21d9-4244-4aaa-b056-a617d4ffbdc3 tempest-VolumeTypesExtraSpecsTest-1126284653 tempest-VolumeTypesExtraSpecsTest-1126284653-project-admin] http://10.222.0.48/volume/v3/c5af26578c874a758f118679a54ee9b2/types/cc337885-9747-467b-ba9f-433a638ec920/extra_specs/spec2 returned with HTTP 200
Feb 02 16:00:39.964020 dv-cinder-827511-1-smb devstack@c-api.service[120813]: [pid: 120813|app: 0|req: 138/281] 10.222.0.48 () {60 vars in 1392 bytes} [Wed Feb 2 16:00:39 2022] PUT /volume/v3/c5af26578c874a758f118679a54ee9b2/types/cc337885-9747-467b-ba9f-433a638ec920/extra_specs/spec2 => generated 17 bytes in 163 msecs (HTTP/1.1 200) 7 headers in 284 bytes (1 switches on core 0)
Feb 02 16:00:39.965654 dv-cinder-827511-1-smb devstack@c-api.service[120814]: INFO cinder.api.openstack.wsgi [None req-e2d6564e-a4cd-49c3-af84-5e00d26bc410 tempest-GroupSnapshotsTest-631626051 tempest-GroupSnapshotsTest-631626051-project] http://10.222.0.48/volume/v3/9f7eadc1e80a4e0492dcfded02d76253/groups/5eef98c0-3e5d-4c64-b650-8342415d9a91 returned with HTTP 200
Feb 02 16:00:39.966979 dv-cinder-827511-1-smb devstack@c-api.service[120814]: [pid: 120814|app: 0|req: 144/282] 10.222.0.48 () {60 vars in 1362 bytes} [Wed Feb 2 16:00:39 2022] GET /volume/v3/9f7eadc1e80a4e0492dcfded02d76253/groups/5eef98c0-3e5d-4c64-b650-8342415d9a91 => generated 391 bytes in 115 msecs (HTTP/1.1 200) 7 headers in 286 bytes (1 switches on core 0)
Feb 02 16:00:39.982116 dv-cinder-827511-1-smb devstack@c-api.service[120813]: INFO cinder.api.openstack.wsgi [None req-f963ef1b-904e-4de0-ba89-c37d61f1a084 tempest-VolumeTypesExtraSpecsTest-1126284653 tempest-VolumeTypesExtraSpecsTest-1126284653-project-admin] GET http://10.222.0.48/volume/v3/c5af26578c874a758f118679a54ee9b2/types/cc337885-9747-467b-ba9f-433a638ec920/extra_specs/spec2
Feb 02 16:00:39.982116 dv-cinder-827511-1-smb devstack@c-api.service[120813]: DEBUG cinder.api.openstack.wsgi [None req-f963ef1b-904e-4de0-ba89-c37d61f1a084 tempest-VolumeTypesExtraSpecsTest-1126284653 tempest-VolumeTypesExtraSpecsTest-1126284653-project-admin] Empty body provided in request {{(pid=120813) get_body /opt/stack/cinder/cinder/api/openstack/wsgi.py:715}}
Feb 02 16:00:39.982116 dv-cinder-827511-1-smb devstack@c-api.service[120813]: DEBUG cinder.api.openstack.wsgi [None req-f963ef1b-904e-4de0-ba89-c37d61f1a084 tempest-VolumeTypesExtraSpecsTest-1126284653 tempest-VolumeTypesExtraSpecsTest-1126284653-project-admin] Calling method 'show' {{(pid=120813) _process_stack /opt/stack/cinder/cinder/api/openstack/wsgi.py:868}}
Feb 02 16:00:39.995208 dv-cinder-827511-1-smb devstack@c-api.service[120813]: INFO cinder.api.openstack.wsgi [None req-f963ef1b-904e-4de0-ba89-c37d61f1a084 tempest-VolumeTypesExtraSpecsTest-1126284653 tempest-VolumeTypesExtraSpecsTest-1126284653-project-admin] http://10.222.0.48/volume/v3/c5af26578c874a758f118679a54ee9b2/types/cc337885-9747-467b-ba9f-433a638ec920/extra_specs/spec2 returned with HTTP 200
Feb 02 16:00:39.996969 dv-cinder-827511-1-smb devstack@c-api.service[120813]: [pid: 120813|app: 0|req: 139/283] 10.222.0.48 () {58 vars in 1372 bytes} [Wed Feb 2 16:00:39 2022] GET /volume/v3/c5af26578c874a758f118679a54ee9b2/types/cc337885-9747-467b-ba9f-433a638ec920/extra_specs/spec2 => generated 17 bytes in 29 msecs (HTTP/1.1 200) 7 headers in 284 bytes (2 switches on core 0)
Feb 02 16:00:40.011684 dv-cinder-827511-1-smb devstack@c-api.service[120814]: INFO cinder.api.openstack.wsgi [None req-945e4376-d34f-48bb-b30d-a8e92d59da19 tempest-VolumeTypesExtraSpecsTest-1126284653 tempest-VolumeTypesExtraSpecsTest-1126284653-project-admin] POST http://10.222.0.48/volume/v3/c5af26578c874a758f118679a54ee9b2/types/cc337885-9747-467b-ba9f-433a638ec920/extra_specs
Feb 02 16:00:40.013608 dv-cinder-827511-1-smb devstack@c-api.service[120814]: DEBUG cinder.api.openstack.wsgi [None req-945e4376-d34f-48bb-b30d-a8e92d59da19 tempest-VolumeTypesExtraSpecsTest-1126284653 tempest-VolumeTypesExtraSpecsTest-1126284653-project-admin] Action: 'create', calling method: create, body: {"extra_specs": {"spec2": "val3", "spec4": "val4"}} {{(pid=120814) _process_stack /opt/stack/cinder/cinder/api/openstack/wsgi.py:866}}
Feb 02 16:00:40.015917 dv-cinder-827511-1-smb devstack@c-api.service[120814]: /usr/local/lib/python3.8/dist-packages/oslo_context/context.py:105: DeprecationWarning: Policy enforcement is depending on the value of is_admin. This key is deprecated. Please update your policy file to use the standard policy values.
Feb 02 16:00:40.015917 dv-cinder-827511-1-smb devstack@c-api.service[120814]: warnings.warn('Policy enforcement is depending on the value of '
Feb 02 16:00:40.108638 dv-cinder-827511-1-smb devstack@c-api.service[120814]: INFO cinder.api.openstack.wsgi [None req-945e4376-d34f-48bb-b30d-a8e92d59da19 tempest-VolumeTypesExtraSpecsTest-1126284653 tempest-VolumeTypesExtraSpecsTest-1126284653-project-admin] http://10.222.0.48/volume/v3/c5af26578c874a758f118679a54ee9b2/types/cc337885-9747-467b-ba9f-433a638ec920/extra_specs returned with HTTP 200
Feb 02 16:00:40.109975 dv-cinder-827511-1-smb devstack@c-api.service[120814]: [pid: 120814|app: 0|req: 145/284] 10.222.0.48 () {60 vars in 1375 bytes} [Wed Feb 2 16:00:40 2022] POST /volume/v3/c5af26578c874a758f118679a54ee9b2/types/cc337885-9747-467b-ba9f-433a638ec920/extra_specs => generated 51 bytes in 105 msecs (HTTP/1.1 200) 7 headers in 284 bytes (1 switches on core 0)
Feb 02 16:00:40.120296 dv-cinder-827511-1-smb devstack@c-api.service[120813]: INFO cinder.api.openstack.wsgi [None req-2411d782-4e91-4090-86c2-bdb561eb4cd0 tempest-VolumeTypesExtraSpecsTest-1126284653 tempest-VolumeTypesExtraSpecsTest-1126284653-project-admin] GET http://10.222.0.48/volume/v3/c5af26578c874a758f118679a54ee9b2/types/cc337885-9747-467b-ba9f-433a638ec920/extra_specs
Feb 02 16:00:40.120887 dv-cinder-827511-1-smb devstack@c-api.service[120813]: DEBUG cinder.api.openstack.wsgi [None req-2411d782-4e91-4090-86c2-bdb561eb4cd0 tempest-VolumeTypesExtraSpecsTest-1126284653 tempest-VolumeTypesExtraSpecsTest-1126284653-project-admin] Empty body provided in request {{(pid=120813) get_body /opt/stack/cinder/cinder/api/openstack/wsgi.py:715}}
Feb 02 16:00:40.121436 dv-cinder-827511-1-smb devstack@c-api.service[120813]: DEBUG cinder.api.openstack.wsgi [None req-2411d782-4e91-4090-86c2-bdb561eb4cd0 tempest-VolumeTypesExtraSpecsTest-1126284653 tempest-VolumeTypesExtraSpecsTest-1126284653-project-admin] Calling method 'index' {{(pid=120813) _process_stack /opt/stack/cinder/cinder/api/openstack/wsgi.py:868}}
Feb 02 16:00:40.137596 dv-cinder-827511-1-smb devstack@c-api.service[120813]: INFO cinder.api.openstack.wsgi [None req-2411d782-4e91-4090-86c2-bdb561eb4cd0 tempest-VolumeTypesExtraSpecsTest-1126284653 tempest-VolumeTypesExtraSpecsTest-1126284653-project-admin] http://10.222.0.48/volume/v3/c5af26578c874a758f118679a54ee9b2/types/cc337885-9747-467b-ba9f-433a638ec920/extra_specs returned with HTTP 200
Feb 02 16:00:40.146085 dv-cinder-827511-1-smb devstack@c-api.service[120813]: [pid: 120813|app: 0|req: 140/285] 10.222.0.48 () {58 vars in 1354 bytes} [Wed Feb 2 16:00:40 2022] GET /volume/v3/c5af26578c874a758f118679a54ee9b2/types/cc337885-9747-467b-ba9f-433a638ec920/extra_specs => generated 68 bytes in 29 msecs (HTTP/1.1 200) 7 headers in 284 bytes (1 switches on core 0)
Feb 02 16:00:40.152081 dv-cinder-827511-1-smb devstack@c-api.service[120814]: INFO cinder.api.openstack.wsgi [None req-3354c6af-3741-4101-a34f-218f905dd61c tempest-VolumeTypesExtraSpecsTest-1126284653 tempest-VolumeTypesExtraSpecsTest-1126284653-project-admin] DELETE http://10.222.0.48/volume/v3/c5af26578c874a758f118679a54ee9b2/types/cc337885-9747-467b-ba9f-433a638ec920
Feb 02 16:00:40.152712 dv-cinder-827511-1-smb devstack@c-api.service[120814]: DEBUG cinder.api.openstack.wsgi [None req-3354c6af-3741-4101-a34f-218f905dd61c tempest-VolumeTypesExtraSpecsTest-1126284653 tempest-VolumeTypesExtraSpecsTest-1126284653-project-admin] Empty body provided in request {{(pid=120814) get_body /opt/stack/cinder/cinder/api/openstack/wsgi.py:715}}
Feb 02 16:00:40.153343 dv-cinder-827511-1-smb devstack@c-api.service[120814]: DEBUG cinder.api.openstack.wsgi [None req-3354c6af-3741-4101-a34f-218f905dd61c tempest-VolumeTypesExtraSpecsTest-1126284653 tempest-VolumeTypesExtraSpecsTest-1126284653-project-admin] Calling method '_delete' {{(pid=120814) _process_stack /opt/stack/cinder/cinder/api/openstack/wsgi.py:868}}
Feb 02 16:00:40.210894 dv-cinder-827511-1-smb devstack@c-api.service[120814]: INFO cinder.api.openstack.wsgi [None req-3354c6af-3741-4101-a34f-218f905dd61c tempest-VolumeTypesExtraSpecsTest-1126284653 tempest-VolumeTypesExtraSpecsTest-1126284653-project-admin] http://10.222.0.48/volume/v3/c5af26578c874a758f118679a54ee9b2/types/cc337885-9747-467b-ba9f-433a638ec920 returned with HTTP 202
Feb 02 16:00:40.222520 dv-cinder-827511-1-smb devstack@c-api.service[120813]: INFO cinder.api.openstack.wsgi [None req-3c310355-3d52-4315-ad89-be222e1792d2 tempest-VolumeTypesExtraSpecsTest-1126284653 tempest-VolumeTypesExtraSpecsTest-1126284653-project-admin] GET http://10.222.0.48/volume/v3/c5af26578c874a758f118679a54ee9b2/types/cc337885-9747-467b-ba9f-433a638ec920
Feb 02 16:00:40.223324 dv-cinder-827511-1-smb devstack@c-api.service[120813]: DEBUG cinder.api.openstack.wsgi [None req-3c310355-3d52-4315-ad89-be222e1792d2 tempest-VolumeTypesExtraSpecsTest-1126284653 tempest-VolumeTypesExtraSpecsTest-1126284653-project-admin] Empty body provided in request {{(pid=120813) get_body /opt/stack/cinder/cinder/api/openstack/wsgi.py:715}}
Feb 02 16:00:40.223916 dv-cinder-827511-1-smb devstack@c-api.service[120813]: DEBUG cinder.api.openstack.wsgi [None req-3c310355-3d52-4315-ad89-be222e1792d2 tempest-VolumeTypesExtraSpecsTest-1126284653 tempest-VolumeTypesExtraSpecsTest-1126284653-project-admin] Calling method 'show' {{(pid=120813) _process_stack /opt/stack/cinder/cinder/api/openstack/wsgi.py:868}}
Feb 02 16:00:40.227336 dv-cinder-827511-1-smb devstack@c-api.service[120814]: [pid: 120814|app: 0|req: 146/286] 10.222.0.48 () {58 vars in 1321 bytes} [Wed Feb 2 16:00:40 2022] DELETE /volume/v3/c5af26578c874a758f118679a54ee9b2/types/cc337885-9747-467b-ba9f-433a638ec920 => generated 0 bytes in 79 msecs (HTTP/1.1 202) 6 headers in 233 bytes (1 switches on core 0)
Feb 02 16:00:40.230581 dv-cinder-827511-1-smb devstack@c-api.service[120813]: INFO cinder.api.openstack.wsgi [None req-3c310355-3d52-4315-ad89-be222e1792d2 tempest-VolumeTypesExtraSpecsTest-1126284653 tempest-VolumeTypesExtraSpecsTest-1126284653-project-admin] http://10.222.0.48/volume/v3/c5af26578c874a758f118679a54ee9b2/types/cc337885-9747-467b-ba9f-433a638ec920 returned with HTTP 404
Feb 02 16:00:40.235584 dv-cinder-827511-1-smb devstack@c-api.service[120813]: [pid: 120813|app: 0|req: 141/287] 10.222.0.48 () {58 vars in 1318 bytes} [Wed Feb 2 16:00:40 2022] GET /volume/v3/c5af26578c874a758f118679a54ee9b2/types/cc337885-9747-467b-ba9f-433a638ec920 => generated 114 bytes in 18 msecs (HTTP/1.1 404) 7 headers in 292 bytes (1 switches on core 0)
Feb 02 16:00:41.000601 dv-cinder-827511-1-smb devstack@c-api.service[120813]: INFO cinder.api.openstack.wsgi [None req-ba8bfc5e-7162-489e-b475-553de07d50e5 tempest-GroupSnapshotsTest-631626051 tempest-GroupSnapshotsTest-631626051-project] GET http://10.222.0.48/volume/v3/9f7eadc1e80a4e0492dcfded02d76253/groups/5eef98c0-3e5d-4c64-b650-8342415d9a91
Feb 02 16:00:41.010676 dv-cinder-827511-1-smb devstack@c-api.service[120813]: DEBUG cinder.api.openstack.wsgi [None req-ba8bfc5e-7162-489e-b475-553de07d50e5 tempest-GroupSnapshotsTest-631626051 tempest-GroupSnapshotsTest-631626051-project] Empty body provided in request {{(pid=120813) get_body /opt/stack/cinder/cinder/api/openstack/wsgi.py:715}}
Feb 02 16:00:41.011864 dv-cinder-827511-1-smb devstack@c-api.service[120814]: INFO cinder.api.openstack.wsgi [None req-d4c0890e-7253-4c92-9683-466afdbb049c tempest-VolumeQuotaClassesTest-1347041624 tempest-VolumeQuotaClassesTest-1347041624-project-admin] GET http://10.222.0.48/volume/v3/1383e46c8f8d4bb4babcc0071034ddda/os-quota-sets/86f84c1421594f67838a144f59cab08a/defaults
Feb 02 16:00:41.015232 dv-cinder-827511-1-smb devstack@c-api.service[120813]: DEBUG cinder.api.openstack.wsgi [None req-ba8bfc5e-7162-489e-b475-553de07d50e5 tempest-GroupSnapshotsTest-631626051 tempest-GroupSnapshotsTest-631626051-project] Calling method 'version_select' {{(pid=120813) _process_stack /opt/stack/cinder/cinder/api/openstack/wsgi.py:868}}
Feb 02 16:00:41.017863 dv-cinder-827511-1-smb devstack@c-api.service[120814]: DEBUG cinder.api.openstack.wsgi [None req-d4c0890e-7253-4c92-9683-466afdbb049c tempest-VolumeQuotaClassesTest-1347041624 tempest-VolumeQuotaClassesTest-1347041624-project-admin] Empty body provided in request {{(pid=120814) get_body /opt/stack/cinder/cinder/api/openstack/wsgi.py:715}}
Feb 02 16:00:41.027542 dv-cinder-827511-1-smb devstack@c-api.service[120813]: DEBUG cinder.api.v3.groups [None req-ba8bfc5e-7162-489e-b475-553de07d50e5 tempest-GroupSnapshotsTest-631626051 tempest-GroupSnapshotsTest-631626051-project] show called for member 5eef98c0-3e5d-4c64-b650-8342415d9a91 {{(pid=120813) show /opt/stack/cinder/cinder/api/v3/groups.py:58}}
Feb 02 16:00:41.034536 dv-cinder-827511-1-smb devstack@c-api.service[120814]: DEBUG cinder.api.openstack.wsgi [None req-d4c0890e-7253-4c92-9683-466afdbb049c tempest-VolumeQuotaClassesTest-1347041624 tempest-VolumeQuotaClassesTest-1347041624-project-admin] Calling method 'defaults' {{(pid=120814) _process_stack /opt/stack/cinder/cinder/api/openstack/wsgi.py:868}}
Feb 02 16:00:41.040452 dv-cinder-827511-1-smb devstack@c-api.service[120813]: /usr/local/lib/python3.8/dist-packages/oslo_context/context.py:105: DeprecationWarning: Policy enforcement is depending on the value of is_admin. This key is deprecated. Please update your policy file to use the standard policy values.
Feb 02 16:00:41.040452 dv-cinder-827511-1-smb devstack@c-api.service[120813]: warnings.warn('Policy enforcement is depending on the value of '
Feb 02 16:00:41.084853 dv-cinder-827511-1-smb devstack@c-api.service[120813]: INFO cinder.api.openstack.wsgi [None req-ba8bfc5e-7162-489e-b475-553de07d50e5 tempest-GroupSnapshotsTest-631626051 tempest-GroupSnapshotsTest-631626051-project] http://10.222.0.48/volume/v3/9f7eadc1e80a4e0492dcfded02d76253/groups/5eef98c0-3e5d-4c64-b650-8342415d9a91 returned with HTTP 200
Feb 02 16:00:41.102399 dv-cinder-827511-1-smb devstack@c-api.service[120814]: WARNING cinder.quota [None req-d4c0890e-7253-4c92-9683-466afdbb049c tempest-VolumeQuotaClassesTest-1347041624 tempest-VolumeQuotaClassesTest-1347041624-project-admin] Deprecated: Default quota for resource: volumes_tempest-GroupSnapshotsTest-volume-type-1816058674 is set by the default quota flag: quota_volumes_tempest-GroupSnapshotsTest-volume-type-1816058674, it is now deprecated. Please use the default quota class for default quota.
Feb 02 16:00:41.105312 dv-cinder-827511-1-smb devstack@c-api.service[120813]: [pid: 120813|app: 0|req: 142/288] 10.222.0.48 () {60 vars in 1362 bytes} [Wed Feb 2 16:00:40 2022] GET /volume/v3/9f7eadc1e80a4e0492dcfded02d76253/groups/5eef98c0-3e5d-4c64-b650-8342415d9a91 => generated 392 bytes in 108 msecs (HTTP/1.1 200) 7 headers in 286 bytes (1 switches on core 0)
Feb 02 16:00:41.118781 dv-cinder-827511-1-smb devstack@c-api.service[120814]: WARNING cinder.quota [None req-d4c0890e-7253-4c92-9683-466afdbb049c tempest-VolumeQuotaClassesTest-1347041624 tempest-VolumeQuotaClassesTest-1347041624-project-admin] Deprecated: Default quota for resource: gigabytes_tempest-GroupSnapshotsTest-volume-type-1816058674 is set by the default quota flag: quota_gigabytes_tempest-GroupSnapshotsTest-volume-type-1816058674, it is now deprecated. Please use the default quota class for default quota.
Feb 02 16:00:41.120495 dv-cinder-827511-1-smb devstack@c-api.service[120814]: WARNING cinder.quota [None req-d4c0890e-7253-4c92-9683-466afdbb049c tempest-VolumeQuotaClassesTest-1347041624 tempest-VolumeQuotaClassesTest-1347041624-project-admin] Deprecated: Default quota for resource: snapshots_tempest-GroupSnapshotsTest-volume-type-1816058674 is set by the default quota flag: quota_snapshots_tempest-GroupSnapshotsTest-volume-type-1816058674, it is now deprecated. Please use the default quota class for default quota.
Feb 02 16:00:41.121825 dv-cinder-827511-1-smb devstack@c-api.service[120813]: INFO cinder.api.openstack.wsgi [None req-34d4d98b-a512-4a09-882f-9972552e3bf1 tempest-GroupSnapshotsTest-631626051 tempest-GroupSnapshotsTest-631626051-project] POST http://10.222.0.48/volume/v3/9f7eadc1e80a4e0492dcfded02d76253/volumes
Feb 02 16:00:41.123776 dv-cinder-827511-1-smb devstack@c-api.service[120813]: DEBUG cinder.api.openstack.wsgi [None req-34d4d98b-a512-4a09-882f-9972552e3bf1 tempest-GroupSnapshotsTest-631626051 tempest-GroupSnapshotsTest-631626051-project] Action: 'create', calling method: create, body: {"volume": {"volume_type": "0a90a784-3fcd-464c-a3a0-b99a5c347b06", "group_id": "5eef98c0-3e5d-4c64-b650-8342415d9a91", "size": 1, "name": "tempest-GroupSnapshotsTest-Volume-810452065"}} {{(pid=120813) _process_stack /opt/stack/cinder/cinder/api/openstack/wsgi.py:866}}
Feb 02 16:00:41.129086 dv-cinder-827511-1-smb devstack@c-api.service[120813]: DEBUG cinder.api.v3.volumes [None req-34d4d98b-a512-4a09-882f-9972552e3bf1 tempest-GroupSnapshotsTest-631626051 tempest-GroupSnapshotsTest-631626051-project] Create volume request body: {'volume': {'volume_type': '0a90a784-3fcd-464c-a3a0-b99a5c347b06', 'group_id': '5eef98c0-3e5d-4c64-b650-8342415d9a91', 'size': 1, 'name': 'tempest-GroupSnapshotsTest-Volume-810452065'}} {{(pid=120813) create /opt/stack/cinder/cinder/api/v3/volumes.py:298}}
Feb 02 16:00:41.144533 dv-cinder-827511-1-smb devstack@c-api.service[120814]: INFO cinder.api.openstack.wsgi [None req-d4c0890e-7253-4c92-9683-466afdbb049c tempest-VolumeQuotaClassesTest-1347041624 tempest-VolumeQuotaClassesTest-1347041624-project-admin] http://10.222.0.48/volume/v3/1383e46c8f8d4bb4babcc0071034ddda/os-quota-sets/86f84c1421594f67838a144f59cab08a/defaults returned with HTTP 200
Feb 02 16:00:41.153736 dv-cinder-827511-1-smb devstack@c-api.service[120814]: [pid: 120814|app: 0|req: 147/289] 10.222.0.48 () {58 vars in 1357 bytes} [Wed Feb 2 16:00:40 2022] GET /volume/v3/1383e46c8f8d4bb4babcc0071034ddda/os-quota-sets/86f84c1421594f67838a144f59cab08a/defaults => generated 1164 bytes in 165 msecs (HTTP/1.1 200) 7 headers in 286 bytes (1 switches on core 0)
Feb 02 16:00:41.181097 dv-cinder-827511-1-smb devstack@c-api.service[120813]: /usr/local/lib/python3.8/dist-packages/oslo_context/context.py:105: DeprecationWarning: Policy enforcement is depending on the value of is_admin. This key is deprecated. Please update your policy file to use the standard policy values.
Feb 02 16:00:41.181097 dv-cinder-827511-1-smb devstack@c-api.service[120813]: warnings.warn('Policy enforcement is depending on the value of '
Feb 02 16:00:41.188199 dv-cinder-827511-1-smb devstack@c-api.service[120813]: INFO cinder.api.v3.volumes [None req-34d4d98b-a512-4a09-882f-9972552e3bf1 tempest-GroupSnapshotsTest-631626051 tempest-GroupSnapshotsTest-631626051-project] Create volume of 1 GB
Feb 02 16:00:41.225107 dv-cinder-827511-1-smb devstack@c-api.service[120813]: INFO cinder.volume.api [None req-34d4d98b-a512-4a09-882f-9972552e3bf1 tempest-GroupSnapshotsTest-631626051 tempest-GroupSnapshotsTest-631626051-project] Availability Zones retrieved successfully.
Feb 02 16:00:41.264989 dv-cinder-827511-1-smb devstack@c-api.service[120813]: DEBUG cinder.volume.api [None req-34d4d98b-a512-4a09-882f-9972552e3bf1 tempest-GroupSnapshotsTest-631626051 tempest-GroupSnapshotsTest-631626051-project] Flow 'volume_create_api' (1ed11674-7ef7-4414-9518-63a67a2b14e5) transitioned into state 'RUNNING' from state 'PENDING' {{(pid=120813) _flow_receiver /usr/local/lib/python3.8/dist-packages/taskflow/listeners/logging.py:141}}
Feb 02 16:00:41.271033 dv-cinder-827511-1-smb devstack@c-api.service[120813]: DEBUG cinder.volume.api [None req-34d4d98b-a512-4a09-882f-9972552e3bf1 tempest-GroupSnapshotsTest-631626051 tempest-GroupSnapshotsTest-631626051-project] Task 'cinder.volume.flows.api.create_volume.ExtractVolumeRequestTask;volume:create' (4e4d219b-6bf7-4cbc-8f37-0b6a5c6f71cf) transitioned into state 'RUNNING' from state 'PENDING' {{(pid=120813) _task_receiver /usr/local/lib/python3.8/dist-packages/taskflow/listeners/logging.py:190}}
Feb 02 16:00:41.274560 dv-cinder-827511-1-smb devstack@c-api.service[120813]: /usr/local/lib/python3.8/dist-packages/oslo_context/context.py:105: DeprecationWarning: Policy enforcement is depending on the value of is_admin. This key is deprecated. Please update your policy file to use the standard policy values.
Feb 02 16:00:41.274560 dv-cinder-827511-1-smb devstack@c-api.service[120813]: warnings.warn('Policy enforcement is depending on the value of '
Feb 02 16:00:41.276875 dv-cinder-827511-1-smb devstack@c-api.service[120813]: DEBUG cinder.volume.flows.api.create_volume [None req-34d4d98b-a512-4a09-882f-9972552e3bf1 tempest-GroupSnapshotsTest-631626051 tempest-GroupSnapshotsTest-631626051-project] Validating volume size '1' using validate_int {{(pid=120813) _extract_size /opt/stack/cinder/cinder/volume/flows/api/create_volume.py:225}}
Feb 02 16:00:41.369552 dv-cinder-827511-1-smb devstack@c-api.service[120813]: DEBUG cinder.volume.api [None req-34d4d98b-a512-4a09-882f-9972552e3bf1 tempest-GroupSnapshotsTest-631626051 tempest-GroupSnapshotsTest-631626051-project] Task 'cinder.volume.flows.api.create_volume.ExtractVolumeRequestTask;volume:create' (4e4d219b-6bf7-4cbc-8f37-0b6a5c6f71cf) transitioned into state 'SUCCESS' from state 'RUNNING' with result '{'size': 1, 'snapshot_id': None, 'source_volid': None, 'volume_type': VolumeType(created_at=2022-02-02T16:00:40Z,deleted=False,deleted_at=None,description=None,extra_specs={},id=0a90a784-3fcd-464c-a3a0-b99a5c347b06,is_public=True,name='tempest-GroupSnapshotsTest-volume-type-1816058674',projects=[],qos_specs=,qos_specs_id=None,updated_at=None), 'volume_type_id': '0a90a784-3fcd-464c-a3a0-b99a5c347b06', 'encryption_key_id': None, 'qos_specs': None, 'consistencygroup_id': None, 'cgsnapshot_id': None, 'group_id': '5eef98c0-3e5d-4c64-b650-8342415d9a91', 'replication_status': 'disabled', 'refresh_az': False, 'backup_id': None, 'multiattach': False, 'availability_zones': ['nova']}' {{(pid=120813) _task_receiver /usr/local/lib/python3.8/dist-packages/taskflow/listeners/logging.py:178}}
Feb 02 16:00:41.378467 dv-cinder-827511-1-smb devstack@c-api.service[120813]: DEBUG cinder.volume.api [None req-34d4d98b-a512-4a09-882f-9972552e3bf1 tempest-GroupSnapshotsTest-631626051 tempest-GroupSnapshotsTest-631626051-project] Task 'cinder.volume.flows.api.create_volume.QuotaReserveTask;volume:create' (78f14862-9565-4fc3-811c-526b626ef78d) transitioned into state 'RUNNING' from state 'PENDING' {{(pid=120813) _task_receiver /usr/local/lib/python3.8/dist-packages/taskflow/listeners/logging.py:190}}
Feb 02 16:00:41.549706 dv-cinder-827511-1-smb devstack@c-api.service[120813]: WARNING cinder.quota [None req-34d4d98b-a512-4a09-882f-9972552e3bf1 tempest-GroupSnapshotsTest-631626051 tempest-GroupSnapshotsTest-631626051-project] Deprecated: Default quota for resource: volumes_tempest-GroupSnapshotsTest-volume-type-1816058674 is set by the default quota flag: quota_volumes_tempest-GroupSnapshotsTest-volume-type-1816058674, it is now deprecated. Please use the default quota class for default quota.
Feb 02 16:00:41.551791 dv-cinder-827511-1-smb devstack@c-api.service[120813]: WARNING cinder.quota [None req-34d4d98b-a512-4a09-882f-9972552e3bf1 tempest-GroupSnapshotsTest-631626051 tempest-GroupSnapshotsTest-631626051-project] Deprecated: Default quota for resource: gigabytes_tempest-GroupSnapshotsTest-volume-type-1816058674 is set by the default quota flag: quota_gigabytes_tempest-GroupSnapshotsTest-volume-type-1816058674, it is now deprecated. Please use the default quota class for default quota.
Feb 02 16:00:41.638285 dv-cinder-827511-1-smb devstack@c-api.service[120813]: DEBUG cinder.quota [None req-34d4d98b-a512-4a09-882f-9972552e3bf1 tempest-GroupSnapshotsTest-631626051 tempest-GroupSnapshotsTest-631626051-project] Created reservations ['3fdf2873-3ccc-459b-9e23-a80c3df39ff2', '7105e996-834d-4edb-bdf7-bd8996b2abcc', '2d254c2a-f389-41fa-b50f-9921bda4cf79', 'c526e942-69b0-48d2-935e-c0474e50746e'] {{(pid=120813) reserve /opt/stack/cinder/cinder/quota.py:755}}
Feb 02 16:00:41.642570 dv-cinder-827511-1-smb devstack@c-api.service[120813]: DEBUG cinder.volume.api [None req-34d4d98b-a512-4a09-882f-9972552e3bf1 tempest-GroupSnapshotsTest-631626051 tempest-GroupSnapshotsTest-631626051-project] Task 'cinder.volume.flows.api.create_volume.QuotaReserveTask;volume:create' (78f14862-9565-4fc3-811c-526b626ef78d) transitioned into state 'SUCCESS' from state 'RUNNING' with result '{'reservations': ['3fdf2873-3ccc-459b-9e23-a80c3df39ff2', '7105e996-834d-4edb-bdf7-bd8996b2abcc', '2d254c2a-f389-41fa-b50f-9921bda4cf79', 'c526e942-69b0-48d2-935e-c0474e50746e']}' {{(pid=120813) _task_receiver /usr/local/lib/python3.8/dist-packages/taskflow/listeners/logging.py:178}}
Feb 02 16:00:41.656464 dv-cinder-827511-1-smb devstack@c-api.service[120813]: DEBUG cinder.volume.api [None req-34d4d98b-a512-4a09-882f-9972552e3bf1 tempest-GroupSnapshotsTest-631626051 tempest-GroupSnapshotsTest-631626051-project] Task 'cinder.volume.flows.api.create_volume.EntryCreateTask;volume:create' (9e441dae-f2b9-4d53-b1e3-2bd388ad7e89) transitioned into state 'RUNNING' from state 'PENDING' {{(pid=120813) _task_receiver /usr/local/lib/python3.8/dist-packages/taskflow/listeners/logging.py:190}}
Feb 02 16:00:41.726518 dv-cinder-827511-1-smb devstack@c-api.service[120813]: DEBUG cinder.volume.api [None req-34d4d98b-a512-4a09-882f-9972552e3bf1 tempest-GroupSnapshotsTest-631626051 tempest-GroupSnapshotsTest-631626051-project] Task 'cinder.volume.flows.api.create_volume.EntryCreateTask;volume:create' (9e441dae-f2b9-4d53-b1e3-2bd388ad7e89) transitioned into state 'SUCCESS' from state 'RUNNING' with result '{'volume_id': '0b88f6ab-e3d8-4762-8e8e-29a125b36f71', 'volume_properties': VolumeProperties(attach_status='detached',availability_zone='nova',cgsnapshot_id=None,consistencygroup_id=None,display_description=None,display_name='tempest-GroupSnapshotsTest-Volume-810452065',encryption_key_id=None,group_id=5eef98c0-3e5d-4c64-b650-8342415d9a91,group_type_id=,metadata={},multiattach=False,project_id='9f7eadc1e80a4e0492dcfded02d76253',qos_specs=None,replication_status=,reservations=['3fdf2873-3ccc-459b-9e23-a80c3df39ff2','7105e996-834d-4edb-bdf7-bd8996b2abcc','2d254c2a-f389-41fa-b50f-9921bda4cf79','c526e942-69b0-48d2-935e-c0474e50746e'],size=1,snapshot_id=None,source_replicaid=,source_volid=None,status='creating',user_id='16676760f5404a98b7b559023a015e11',volume_type_id=0a90a784-3fcd-464c-a3a0-b99a5c347b06), 'volume': Volume(_name_id=None,admin_metadata=,attach_status='detached',availability_zone='nova',bootable=False,cluster=,cluster_name=None,consistencygroup=,consistencygroup_id=None,created_at=2022-02-02T16:00:41Z,deleted=False,deleted_at=None,display_description=None,display_name='tempest-GroupSnapshotsTest-Volume-810452065',ec2_id=None,encryption_key_id=None,glance_metadata=,group=,group_id=5eef98c0-3e5d-4c64-b650-8342415d9a91,host=None,id=0b88f6ab-e3d8-4762-8e8e-29a125b36f71,launched_at=None,metadata={},migration_status=None,multiattach=False,previous_status=None,project_id='9f7eadc1e80a4e0492dcfded02d76253',provider_auth=None,provider_geometry=None,provider_id=None,provider_location=None,replication_driver_data=None,replication_extended_status=None,replication_status=None,scheduled_at=None,service_uuid=None,shared_targets=True,size=1,snapshot_id=None,snapshots=,source_volid=None,status='creating',terminated_at=None,updated_at=None,use_quota=True,user_id='16676760f5404a98b7b559023a015e11',volume_attachment=VolumeAttachmentList,volume_type=VolumeType(0a90a784-3fcd-464c-a3a0-b99a5c347b06),volume_type_id=0a90a784-3fcd-464c-a3a0-b99a5c347b06)}' {{(pid=120813) _task_receiver /usr/local/lib/python3.8/dist-packages/taskflow/listeners/logging.py:178}}
Feb 02 16:00:41.734566 dv-cinder-827511-1-smb devstack@c-api.service[120813]: DEBUG cinder.volume.api [None req-34d4d98b-a512-4a09-882f-9972552e3bf1 tempest-GroupSnapshotsTest-631626051 tempest-GroupSnapshotsTest-631626051-project] Task 'cinder.volume.flows.api.create_volume.QuotaCommitTask;volume:create' (a5db1b1a-919c-46b1-8e52-8effee4e72ec) transitioned into state 'RUNNING' from state 'PENDING' {{(pid=120813) _task_receiver /usr/local/lib/python3.8/dist-packages/taskflow/listeners/logging.py:190}}
Feb 02 16:00:41.813663 dv-cinder-827511-1-smb devstack@c-api.service[120814]: INFO cinder.api.openstack.wsgi [None req-22406167-bbd6-46eb-8c4d-522f2463ff2d tempest-VolumeTypesAccessTest-1356273405 tempest-VolumeTypesAccessTest-1356273405-project-admin] POST http://10.222.0.48/volume/v3/fafabd5591e74ab9835e7feae67dbd4d/types
Feb 02 16:00:41.815481 dv-cinder-827511-1-smb devstack@c-api.service[120814]: DEBUG cinder.api.openstack.wsgi [None req-22406167-bbd6-46eb-8c4d-522f2463ff2d tempest-VolumeTypesAccessTest-1356273405 tempest-VolumeTypesAccessTest-1356273405-project-admin] Action: 'create', calling method: _create, body: {"volume_type": {"name": "tempest-VolumeTypesAccessTest-volume-type-319483856", "os-volume-type-access:is_public": false}} {{(pid=120814) _process_stack /opt/stack/cinder/cinder/api/openstack/wsgi.py:866}}
Feb 02 16:00:41.832241 dv-cinder-827511-1-smb devstack@c-api.service[120813]: DEBUG cinder.volume.api [None req-34d4d98b-a512-4a09-882f-9972552e3bf1 tempest-GroupSnapshotsTest-631626051 tempest-GroupSnapshotsTest-631626051-project] Task 'cinder.volume.flows.api.create_volume.QuotaCommitTask;volume:create' (a5db1b1a-919c-46b1-8e52-8effee4e72ec) transitioned into state 'SUCCESS' from state 'RUNNING' with result '{'volume_properties': VolumeProperties(attach_status='detached',availability_zone='nova',cgsnapshot_id=None,consistencygroup_id=None,display_description=None,display_name='tempest-GroupSnapshotsTest-Volume-810452065',encryption_key_id=None,group_id=5eef98c0-3e5d-4c64-b650-8342415d9a91,group_type_id=,metadata={},multiattach=False,project_id='9f7eadc1e80a4e0492dcfded02d76253',qos_specs=None,replication_status=,reservations=['3fdf2873-3ccc-459b-9e23-a80c3df39ff2','7105e996-834d-4edb-bdf7-bd8996b2abcc','2d254c2a-f389-41fa-b50f-9921bda4cf79','c526e942-69b0-48d2-935e-c0474e50746e'],size=1,snapshot_id=None,source_replicaid=,source_volid=None,status='creating',user_id='16676760f5404a98b7b559023a015e11',volume_type_id=0a90a784-3fcd-464c-a3a0-b99a5c347b06)}' {{(pid=120813) _task_receiver /usr/local/lib/python3.8/dist-packages/taskflow/listeners/logging.py:178}}
Feb 02 16:00:41.835996 dv-cinder-827511-1-smb devstack@c-api.service[120813]: DEBUG cinder.volume.api [None req-34d4d98b-a512-4a09-882f-9972552e3bf1 tempest-GroupSnapshotsTest-631626051 tempest-GroupSnapshotsTest-631626051-project] Task 'cinder.volume.flows.api.create_volume.VolumeCastTask;volume:create' (763d942d-0a56-4835-bf8e-3007342838b9) transitioned into state 'RUNNING' from state 'PENDING' {{(pid=120813) _task_receiver /usr/local/lib/python3.8/dist-packages/taskflow/listeners/logging.py:190}}
Feb 02 16:00:41.871710 dv-cinder-827511-1-smb devstack@c-api.service[120814]: INFO cinder.api.openstack.wsgi [None req-22406167-bbd6-46eb-8c4d-522f2463ff2d tempest-VolumeTypesAccessTest-1356273405 tempest-VolumeTypesAccessTest-1356273405-project-admin] http://10.222.0.48/volume/v3/fafabd5591e74ab9835e7feae67dbd4d/types returned with HTTP 200
Feb 02 16:00:41.872800 dv-cinder-827511-1-smb devstack@c-api.service[120814]: [pid: 120814|app: 0|req: 148/290] 10.222.0.48 () {60 vars in 1229 bytes} [Wed Feb 2 16:00:41 2022] POST /volume/v3/fafabd5591e74ab9835e7feae67dbd4d/types => generated 228 bytes in 726 msecs (HTTP/1.1 200) 7 headers in 285 bytes (1 switches on core 0)
Feb 02 16:00:41.892344 dv-cinder-827511-1-smb devstack@c-api.service[120813]: DEBUG cinder.volume.api [None req-34d4d98b-a512-4a09-882f-9972552e3bf1 tempest-GroupSnapshotsTest-631626051 tempest-GroupSnapshotsTest-631626051-project] Task 'cinder.volume.flows.api.create_volume.VolumeCastTask;volume:create' (763d942d-0a56-4835-bf8e-3007342838b9) transitioned into state 'SUCCESS' from state 'RUNNING' with result 'None' {{(pid=120813) _task_receiver /usr/local/lib/python3.8/dist-packages/taskflow/listeners/logging.py:178}}
Feb 02 16:00:41.895388 dv-cinder-827511-1-smb devstack@c-api.service[120814]: INFO cinder.api.openstack.wsgi [None req-d4e6e55d-7df4-4c93-9196-eafc98227fa0 tempest-VolumeQuotaClassesTest-1347041624 tempest-VolumeQuotaClassesTest-1347041624-project-admin] PUT http://10.222.0.48/volume/v3/1383e46c8f8d4bb4babcc0071034ddda/os-quota-class-sets/default
Feb 02 16:00:41.900419 dv-cinder-827511-1-smb devstack@c-api.service[120814]: DEBUG cinder.api.openstack.wsgi [None req-d4e6e55d-7df4-4c93-9196-eafc98227fa0 tempest-VolumeQuotaClassesTest-1347041624 tempest-VolumeQuotaClassesTest-1347041624-project-admin] Action: 'update', calling method: update, body: {"quota_class_set": {"volumes": 10, "per_volume_gigabytes": -1, "snapshots": 10, "gigabytes": 1000, "backups": 10, "backup_gigabytes": 1000}} {{(pid=120814) _process_stack /opt/stack/cinder/cinder/api/openstack/wsgi.py:866}}
Feb 02 16:00:41.903686 dv-cinder-827511-1-smb devstack@c-api.service[120813]: DEBUG cinder.volume.api [None req-34d4d98b-a512-4a09-882f-9972552e3bf1 tempest-GroupSnapshotsTest-631626051 tempest-GroupSnapshotsTest-631626051-project] Flow 'volume_create_api' (1ed11674-7ef7-4414-9518-63a67a2b14e5) transitioned into state 'SUCCESS' from state 'RUNNING' {{(pid=120813) _flow_receiver /usr/local/lib/python3.8/dist-packages/taskflow/listeners/logging.py:141}}
Feb 02 16:00:41.910416 dv-cinder-827511-1-smb devstack@c-api.service[120813]: INFO cinder.volume.api [None req-34d4d98b-a512-4a09-882f-9972552e3bf1 tempest-GroupSnapshotsTest-631626051 tempest-GroupSnapshotsTest-631626051-project] Create volume request issued successfully.
Feb 02 16:00:41.914259 dv-cinder-827511-1-smb devstack@c-api.service[120813]: WARNING stevedore.named [None req-34d4d98b-a512-4a09-882f-9972552e3bf1 tempest-GroupSnapshotsTest-631626051 tempest-GroupSnapshotsTest-631626051-project] Could not load cinder.keymgr.conf_key_mgr.ConfKeyManager
Feb 02 16:00:41.914970 dv-cinder-827511-1-smb devstack@c-api.service[120813]: WARNING castellan.key_manager [None req-34d4d98b-a512-4a09-882f-9972552e3bf1 tempest-GroupSnapshotsTest-631626051 tempest-GroupSnapshotsTest-631626051-project] Deprecation Warning : cinder.keymgr.conf_key_mgr.ConfKeyManager is not a stevedore based driver, trying to load it as a class: stevedore.exception.NoMatches: No 'castellan.drivers' driver found, looking for 'cinder.keymgr.conf_key_mgr.ConfKeyManager'
Feb 02 16:00:41.935761 dv-cinder-827511-1-smb devstack@c-api.service[120813]: DEBUG oslo_db.sqlalchemy.engines [None req-34d4d98b-a512-4a09-882f-9972552e3bf1 tempest-GroupSnapshotsTest-631626051 tempest-GroupSnapshotsTest-631626051-project] MySQL server mode set to STRICT_TRANS_TABLES,STRICT_ALL_TABLES,NO_ZERO_IN_DATE,NO_ZERO_DATE,ERROR_FOR_DIVISION_BY_ZERO,TRADITIONAL,NO_ENGINE_SUBSTITUTION {{(pid=120813) _check_effective_sql_mode /usr/local/lib/python3.8/dist-packages/oslo_db/sqlalchemy/engines.py:314}}
Feb 02 16:00:41.959243 dv-cinder-827511-1-smb devstack@c-api.service[120813]: /usr/local/lib/python3.8/dist-packages/oslo_context/context.py:105: DeprecationWarning: Policy enforcement is depending on the value of is_admin. This key is deprecated. Please update your policy file to use the standard policy values.
Feb 02 16:00:41.959243 dv-cinder-827511-1-smb devstack@c-api.service[120813]: warnings.warn('Policy enforcement is depending on the value of '
Feb 02 16:00:41.983390 dv-cinder-827511-1-smb devstack@c-api.service[120813]: INFO cinder.api.openstack.wsgi [None req-34d4d98b-a512-4a09-882f-9972552e3bf1 tempest-GroupSnapshotsTest-631626051 tempest-GroupSnapshotsTest-631626051-project] http://10.222.0.48/volume/v3/9f7eadc1e80a4e0492dcfded02d76253/volumes returned with HTTP 202
Feb 02 16:00:41.993403 dv-cinder-827511-1-smb devstack@c-api.service[120813]: [pid: 120813|app: 0|req: 143/291] 10.222.0.48 () {62 vars in 1276 bytes} [Wed Feb 2 16:00:41 2022] POST /volume/v3/9f7eadc1e80a4e0492dcfded02d76253/volumes => generated 907 bytes in 877 msecs (HTTP/1.1 202) 7 headers in 292 bytes (1 switches on core 0)
Feb 02 16:00:42.224351 dv-cinder-827511-1-smb devstack@c-api.service[120813]: INFO cinder.api.openstack.wsgi [None req-53cac5f1-4de1-4315-94bd-f758f62e732f tempest-VolumeTypesAccessTest-1456494353 tempest-VolumeTypesAccessTest-1456494353-project] POST http://10.222.0.48/volume/v3/1efccc6dd7cf4c98864f9424b794ca4e/volumes
Feb 02 16:00:42.226588 dv-cinder-827511-1-smb devstack@c-api.service[120813]: DEBUG cinder.api.openstack.wsgi [None req-53cac5f1-4de1-4315-94bd-f758f62e732f tempest-VolumeTypesAccessTest-1456494353 tempest-VolumeTypesAccessTest-1456494353-project] Action: 'create', calling method: create, body: {"volume": {"volume_type": "d5940865-2d4f-423d-beef-44bbc0902c08", "size": 1}} {{(pid=120813) _process_stack /opt/stack/cinder/cinder/api/openstack/wsgi.py:866}}
Feb 02 16:00:42.235109 dv-cinder-827511-1-smb devstack@c-api.service[120813]: DEBUG cinder.api.v3.volumes [None req-53cac5f1-4de1-4315-94bd-f758f62e732f tempest-VolumeTypesAccessTest-1456494353 tempest-VolumeTypesAccessTest-1456494353-project] Create volume request body: {'volume': {'volume_type': 'd5940865-2d4f-423d-beef-44bbc0902c08', 'size': 1}} {{(pid=120813) create /opt/stack/cinder/cinder/api/v3/volumes.py:298}}
Feb 02 16:00:42.253633 dv-cinder-827511-1-smb devstack@c-api.service[120814]: INFO cinder.api.openstack.wsgi [None req-d4e6e55d-7df4-4c93-9196-eafc98227fa0 tempest-VolumeQuotaClassesTest-1347041624 tempest-VolumeQuotaClassesTest-1347041624-project-admin] http://10.222.0.48/volume/v3/1383e46c8f8d4bb4babcc0071034ddda/os-quota-class-sets/default returned with HTTP 200
Feb 02 16:00:42.256420 dv-cinder-827511-1-smb devstack@c-api.service[120814]: [pid: 120814|app: 0|req: 149/292] 10.222.0.48 () {60 vars in 1294 bytes} [Wed Feb 2 16:00:41 2022] PUT /volume/v3/1383e46c8f8d4bb4babcc0071034ddda/os-quota-class-sets/default => generated 1333 bytes in 383 msecs (HTTP/1.1 200) 7 headers in 286 bytes (1 switches on core 0)
Feb 02 16:00:42.264845 dv-cinder-827511-1-smb devstack@c-api.service[120814]: INFO cinder.api.openstack.wsgi [None req-69f8ef3b-8c08-49c9-82b5-64c02dc566a8 tempest-GroupSnapshotsTest-631626051 tempest-GroupSnapshotsTest-631626051-project] GET http://10.222.0.48/volume/v3/9f7eadc1e80a4e0492dcfded02d76253/volumes/0b88f6ab-e3d8-4762-8e8e-29a125b36f71
Feb 02 16:00:42.268983 dv-cinder-827511-1-smb devstack@c-api.service[120814]: DEBUG cinder.api.openstack.wsgi [None req-69f8ef3b-8c08-49c9-82b5-64c02dc566a8 tempest-GroupSnapshotsTest-631626051 tempest-GroupSnapshotsTest-631626051-project] Empty body provided in request {{(pid=120814) get_body /opt/stack/cinder/cinder/api/openstack/wsgi.py:715}}
Feb 02 16:00:42.270082 dv-cinder-827511-1-smb devstack@c-api.service[120814]: DEBUG cinder.api.openstack.wsgi [None req-69f8ef3b-8c08-49c9-82b5-64c02dc566a8 tempest-GroupSnapshotsTest-631626051 tempest-GroupSnapshotsTest-631626051-project] Calling method 'show' {{(pid=120814) _process_stack /opt/stack/cinder/cinder/api/openstack/wsgi.py:868}}
Feb 02 16:00:42.294028 dv-cinder-827511-1-smb devstack@c-api.service[120813]: INFO cinder.api.openstack.wsgi [None req-53cac5f1-4de1-4315-94bd-f758f62e732f tempest-VolumeTypesAccessTest-1456494353 tempest-VolumeTypesAccessTest-1456494353-project] http://10.222.0.48/volume/v3/1efccc6dd7cf4c98864f9424b794ca4e/volumes returned with HTTP 404
Feb 02 16:00:42.301415 dv-cinder-827511-1-smb devstack@c-api.service[120813]: [pid: 120813|app: 0|req: 144/293] 10.222.0.48 () {60 vars in 1234 bytes} [Wed Feb 2 16:00:41 2022] POST /volume/v3/1efccc6dd7cf4c98864f9424b794ca4e/volumes => generated 114 bytes in 301 msecs (HTTP/1.1 404) 7 headers in 292 bytes (1 switches on core 0)
Feb 02 16:00:42.306925 dv-cinder-827511-1-smb devstack@c-api.service[120814]: /usr/local/lib/python3.8/dist-packages/oslo_context/context.py:105: DeprecationWarning: Policy enforcement is depending on the value of is_admin. This key is deprecated. Please update your policy file to use the standard policy values.
Feb 02 16:00:42.306925 dv-cinder-827511-1-smb devstack@c-api.service[120814]: warnings.warn('Policy enforcement is depending on the value of '
Feb 02 16:00:42.317979 dv-cinder-827511-1-smb devstack@c-api.service[120813]: INFO cinder.api.openstack.wsgi [None req-1feecbf9-2523-4420-b88c-12de0afc0e27 tempest-VolumeQuotaClassesTest-1347041624 tempest-VolumeQuotaClassesTest-1347041624-project-admin] DELETE http://10.222.0.48/volume/v3/1383e46c8f8d4bb4babcc0071034ddda/types/73e18ca9-d0e0-4e92-9a14-cf2f52e3f9b9
Feb 02 16:00:42.320116 dv-cinder-827511-1-smb devstack@c-api.service[120813]: DEBUG cinder.api.openstack.wsgi [None req-1feecbf9-2523-4420-b88c-12de0afc0e27 tempest-VolumeQuotaClassesTest-1347041624 tempest-VolumeQuotaClassesTest-1347041624-project-admin] Empty body provided in request {{(pid=120813) get_body /opt/stack/cinder/cinder/api/openstack/wsgi.py:715}}
Feb 02 16:00:42.322281 dv-cinder-827511-1-smb devstack@c-api.service[120813]: DEBUG cinder.api.openstack.wsgi [None req-1feecbf9-2523-4420-b88c-12de0afc0e27 tempest-VolumeQuotaClassesTest-1347041624 tempest-VolumeQuotaClassesTest-1347041624-project-admin] Calling method '_delete' {{(pid=120813) _process_stack /opt/stack/cinder/cinder/api/openstack/wsgi.py:868}}
Feb 02 16:00:42.346041 dv-cinder-827511-1-smb devstack@c-api.service[120814]: INFO cinder.volume.api [None req-69f8ef3b-8c08-49c9-82b5-64c02dc566a8 tempest-GroupSnapshotsTest-631626051 tempest-GroupSnapshotsTest-631626051-project] Volume info retrieved successfully.
Feb 02 16:00:42.348707 dv-cinder-827511-1-smb devstack@c-api.service[120814]: WARNING stevedore.named [None req-69f8ef3b-8c08-49c9-82b5-64c02dc566a8 tempest-GroupSnapshotsTest-631626051 tempest-GroupSnapshotsTest-631626051-project] Could not load cinder.keymgr.conf_key_mgr.ConfKeyManager
Feb 02 16:00:42.349804 dv-cinder-827511-1-smb devstack@c-api.service[120814]: WARNING castellan.key_manager [None req-69f8ef3b-8c08-49c9-82b5-64c02dc566a8 tempest-GroupSnapshotsTest-631626051 tempest-GroupSnapshotsTest-631626051-project] Deprecation Warning : cinder.keymgr.conf_key_mgr.ConfKeyManager is not a stevedore based driver, trying to load it as a class: stevedore.exception.NoMatches: No 'castellan.drivers' driver found, looking for 'cinder.keymgr.conf_key_mgr.ConfKeyManager'
Feb 02 16:00:42.363820 dv-cinder-827511-1-smb devstack@c-api.service[120814]: DEBUG oslo_db.sqlalchemy.engines [None req-69f8ef3b-8c08-49c9-82b5-64c02dc566a8 tempest-GroupSnapshotsTest-631626051 tempest-GroupSnapshotsTest-631626051-project] MySQL server mode set to STRICT_TRANS_TABLES,STRICT_ALL_TABLES,NO_ZERO_IN_DATE,NO_ZERO_DATE,ERROR_FOR_DIVISION_BY_ZERO,TRADITIONAL,NO_ENGINE_SUBSTITUTION {{(pid=120814) _check_effective_sql_mode /usr/local/lib/python3.8/dist-packages/oslo_db/sqlalchemy/engines.py:314}}
Feb 02 16:00:42.389971 dv-cinder-827511-1-smb devstack@c-api.service[120814]: /usr/local/lib/python3.8/dist-packages/oslo_context/context.py:105: DeprecationWarning: Policy enforcement is depending on the value of is_admin. This key is deprecated. Please update your policy file to use the standard policy values.
Feb 02 16:00:42.389971 dv-cinder-827511-1-smb devstack@c-api.service[120814]: warnings.warn('Policy enforcement is depending on the value of '
Feb 02 16:00:42.436637 dv-cinder-827511-1-smb devstack@c-api.service[120814]: INFO cinder.api.openstack.wsgi [None req-69f8ef3b-8c08-49c9-82b5-64c02dc566a8 tempest-GroupSnapshotsTest-631626051 tempest-GroupSnapshotsTest-631626051-project] http://10.222.0.48/volume/v3/9f7eadc1e80a4e0492dcfded02d76253/volumes/0b88f6ab-e3d8-4762-8e8e-29a125b36f71 returned with HTTP 200
Feb 02 16:00:42.456335 dv-cinder-827511-1-smb devstack@c-api.service[120814]: [pid: 120814|app: 0|req: 150/294] 10.222.0.48 () {60 vars in 1365 bytes} [Wed Feb 2 16:00:42 2022] GET /volume/v3/9f7eadc1e80a4e0492dcfded02d76253/volumes/0b88f6ab-e3d8-4762-8e8e-29a125b36f71 => generated 999 bytes in 191 msecs (HTTP/1.1 200) 7 headers in 286 bytes (1 switches on core 0)
Feb 02 16:00:42.465033 dv-cinder-827511-1-smb devstack@c-api.service[120814]: INFO cinder.api.openstack.wsgi [None req-6fffe888-5370-4a99-80cd-6302fa96784e tempest-VolumeTypesAccessTest-1356273405 tempest-VolumeTypesAccessTest-1356273405-project-admin] POST http://10.222.0.48/volume/v3/fafabd5591e74ab9835e7feae67dbd4d/types/d5940865-2d4f-423d-beef-44bbc0902c08/action
Feb 02 16:00:42.466275 dv-cinder-827511-1-smb devstack@c-api.service[120814]: DEBUG cinder.api.openstack.wsgi [None req-6fffe888-5370-4a99-80cd-6302fa96784e tempest-VolumeTypesAccessTest-1356273405 tempest-VolumeTypesAccessTest-1356273405-project-admin] Action body: b'{"addProjectAccess": {"project": "1efccc6dd7cf4c98864f9424b794ca4e"}}' {{(pid=120814) get_method /opt/stack/cinder/cinder/api/openstack/wsgi.py:983}}
