Feb 02 16:00:25.829305 dv-cinder-827511-1-smb devstack@c-api.service[120814]: WARNING stevedore.named [None req-574f752b-acda-4003-92ca-81072dd63353 tempest-GroupSnapshotsTest-631626051 tempest-GroupSnapshotsTest-631626051-project] Could not load cinder.keymgr.conf_key_mgr.ConfKeyManager
Feb 02 16:00:25.829751 dv-cinder-827511-1-smb devstack@c-api.service[120814]: WARNING castellan.key_manager [None req-574f752b-acda-4003-92ca-81072dd63353 tempest-GroupSnapshotsTest-631626051 tempest-GroupSnapshotsTest-631626051-project] Deprecation Warning : cinder.keymgr.conf_key_mgr.ConfKeyManager is not a stevedore based driver, trying to load it as a class: stevedore.exception.NoMatches: No 'castellan.drivers' driver found, looking for 'cinder.keymgr.conf_key_mgr.ConfKeyManager'
Feb 02 16:00:25.838233 dv-cinder-827511-1-smb devstack@c-api.service[120813]: INFO cinder.api.openstack.wsgi [None req-729da2b7-5bfe-45fb-8f8b-9f84dbbd39b7 tempest-GroupsTest-1308281597 tempest-GroupsTest-1308281597-project] http://10.222.0.48/volume/v3/5ce0ad5da9ed4727ade16a83ac38a359/groups/63e6dd6c-62bc-4d0e-a9f9-accc4b1e9d7d/action returned with HTTP 202
Feb 02 16:00:25.839409 dv-cinder-827511-1-smb devstack@c-api.service[120813]: [pid: 120813|app: 0|req: 95/181] 10.222.0.48 () {62 vars in 1404 bytes} [Wed Feb 2 16:00:25 2022] POST /volume/v3/5ce0ad5da9ed4727ade16a83ac38a359/groups/63e6dd6c-62bc-4d0e-a9f9-accc4b1e9d7d/action => generated 0 bytes in 394 msecs (HTTP/1.1 202) 6 headers in 234 bytes (1 switches on core 0)
Feb 02 16:00:25.854348 dv-cinder-827511-1-smb devstack@c-api.service[120814]: DEBUG oslo_db.sqlalchemy.engines [None req-574f752b-acda-4003-92ca-81072dd63353 tempest-GroupSnapshotsTest-631626051 tempest-GroupSnapshotsTest-631626051-project] MySQL server mode set to STRICT_TRANS_TABLES,STRICT_ALL_TABLES,NO_ZERO_IN_DATE,NO_ZERO_DATE,ERROR_FOR_DIVISION_BY_ZERO,TRADITIONAL,NO_ENGINE_SUBSTITUTION {{(pid=120814) _check_effective_sql_mode /usr/local/lib/python3.8/dist-packages/oslo_db/sqlalchemy/engines.py:314}}
Feb 02 16:00:25.854781 dv-cinder-827511-1-smb devstack@c-api.service[120813]: INFO cinder.api.openstack.wsgi [None req-ab1c2561-76e7-4f88-8c8b-08bba3d9b8a9 tempest-GroupsTest-1308281597 tempest-GroupsTest-1308281597-project] GET http://10.222.0.48/volume/v3/5ce0ad5da9ed4727ade16a83ac38a359/volumes/b5ff37ec-5c83-41e4-abf4-b483887cb698
Feb 02 16:00:25.857644 dv-cinder-827511-1-smb devstack@c-api.service[120813]: DEBUG cinder.api.openstack.wsgi [None req-ab1c2561-76e7-4f88-8c8b-08bba3d9b8a9 tempest-GroupsTest-1308281597 tempest-GroupsTest-1308281597-project] Empty body provided in request {{(pid=120813) get_body /opt/stack/cinder/cinder/api/openstack/wsgi.py:715}}
Feb 02 16:00:25.859254 dv-cinder-827511-1-smb devstack@c-api.service[120813]: DEBUG cinder.api.openstack.wsgi [None req-ab1c2561-76e7-4f88-8c8b-08bba3d9b8a9 tempest-GroupsTest-1308281597 tempest-GroupsTest-1308281597-project] Calling method 'show' {{(pid=120813) _process_stack /opt/stack/cinder/cinder/api/openstack/wsgi.py:868}}
Feb 02 16:00:25.875579 dv-cinder-827511-1-smb devstack@c-api.service[120814]: /usr/local/lib/python3.8/dist-packages/oslo_context/context.py:105: DeprecationWarning: Policy enforcement is depending on the value of is_admin. This key is deprecated. Please update your policy file to use the standard policy values.
Feb 02 16:00:25.875579 dv-cinder-827511-1-smb devstack@c-api.service[120814]: warnings.warn('Policy enforcement is depending on the value of '
Feb 02 16:00:25.899061 dv-cinder-827511-1-smb devstack@c-api.service[120814]: INFO cinder.api.openstack.wsgi [None req-574f752b-acda-4003-92ca-81072dd63353 tempest-GroupSnapshotsTest-631626051 tempest-GroupSnapshotsTest-631626051-project] http://10.222.0.48/volume/v3/9f7eadc1e80a4e0492dcfded02d76253/volumes returned with HTTP 202
Feb 02 16:00:25.905476 dv-cinder-827511-1-smb devstack@c-api.service[120814]: [pid: 120814|app: 0|req: 87/182] 10.222.0.48 () {62 vars in 1276 bytes} [Wed Feb 2 16:00:24 2022] POST /volume/v3/9f7eadc1e80a4e0492dcfded02d76253/volumes => generated 906 bytes in 1151 msecs (HTTP/1.1 202) 7 headers in 292 bytes (1 switches on core 0)
Feb 02 16:00:25.908261 dv-cinder-827511-1-smb devstack@c-api.service[120813]: /usr/local/lib/python3.8/dist-packages/oslo_context/context.py:105: DeprecationWarning: Policy enforcement is depending on the value of is_admin. This key is deprecated. Please update your policy file to use the standard policy values.
Feb 02 16:00:25.908261 dv-cinder-827511-1-smb devstack@c-api.service[120813]: warnings.warn('Policy enforcement is depending on the value of '
Feb 02 16:00:25.921229 dv-cinder-827511-1-smb devstack@c-api.service[120814]: INFO cinder.api.openstack.wsgi [None req-6211bda3-dc85-4cd0-8be9-97bec260a57b tempest-GroupSnapshotsTest-631626051 tempest-GroupSnapshotsTest-631626051-project] GET http://10.222.0.48/volume/v3/9f7eadc1e80a4e0492dcfded02d76253/volumes/ae028c9f-9f36-451c-abf5-c952711e094b
Feb 02 16:00:25.922027 dv-cinder-827511-1-smb devstack@c-api.service[120814]: DEBUG cinder.api.openstack.wsgi [None req-6211bda3-dc85-4cd0-8be9-97bec260a57b tempest-GroupSnapshotsTest-631626051 tempest-GroupSnapshotsTest-631626051-project] Empty body provided in request {{(pid=120814) get_body /opt/stack/cinder/cinder/api/openstack/wsgi.py:715}}
Feb 02 16:00:25.922151 dv-cinder-827511-1-smb devstack@c-api.service[120814]: DEBUG cinder.api.openstack.wsgi [None req-6211bda3-dc85-4cd0-8be9-97bec260a57b tempest-GroupSnapshotsTest-631626051 tempest-GroupSnapshotsTest-631626051-project] Calling method 'show' {{(pid=120814) _process_stack /opt/stack/cinder/cinder/api/openstack/wsgi.py:868}}
Feb 02 16:00:25.940948 dv-cinder-827511-1-smb devstack@c-api.service[120813]: INFO cinder.volume.api [None req-ab1c2561-76e7-4f88-8c8b-08bba3d9b8a9 tempest-GroupsTest-1308281597 tempest-GroupsTest-1308281597-project] Volume info retrieved successfully.
Feb 02 16:00:25.951924 dv-cinder-827511-1-smb devstack@c-api.service[120813]: WARNING stevedore.named [None req-ab1c2561-76e7-4f88-8c8b-08bba3d9b8a9 tempest-GroupsTest-1308281597 tempest-GroupsTest-1308281597-project] Could not load cinder.keymgr.conf_key_mgr.ConfKeyManager
Feb 02 16:00:25.952411 dv-cinder-827511-1-smb devstack@c-api.service[120813]: WARNING castellan.key_manager [None req-ab1c2561-76e7-4f88-8c8b-08bba3d9b8a9 tempest-GroupsTest-1308281597 tempest-GroupsTest-1308281597-project] Deprecation Warning : cinder.keymgr.conf_key_mgr.ConfKeyManager is not a stevedore based driver, trying to load it as a class: stevedore.exception.NoMatches: No 'castellan.drivers' driver found, looking for 'cinder.keymgr.conf_key_mgr.ConfKeyManager'
Feb 02 16:00:25.973790 dv-cinder-827511-1-smb devstack@c-api.service[120813]: DEBUG oslo_db.sqlalchemy.engines [None req-ab1c2561-76e7-4f88-8c8b-08bba3d9b8a9 tempest-GroupsTest-1308281597 tempest-GroupsTest-1308281597-project] MySQL server mode set to STRICT_TRANS_TABLES,STRICT_ALL_TABLES,NO_ZERO_IN_DATE,NO_ZERO_DATE,ERROR_FOR_DIVISION_BY_ZERO,TRADITIONAL,NO_ENGINE_SUBSTITUTION {{(pid=120813) _check_effective_sql_mode /usr/local/lib/python3.8/dist-packages/oslo_db/sqlalchemy/engines.py:314}}
Feb 02 16:00:25.976501 dv-cinder-827511-1-smb devstack@c-api.service[120814]: /usr/local/lib/python3.8/dist-packages/oslo_context/context.py:105: DeprecationWarning: Policy enforcement is depending on the value of is_admin. This key is deprecated. Please update your policy file to use the standard policy values.
Feb 02 16:00:25.976501 dv-cinder-827511-1-smb devstack@c-api.service[120814]: warnings.warn('Policy enforcement is depending on the value of '
Feb 02 16:00:26.020088 dv-cinder-827511-1-smb devstack@c-api.service[120813]: /usr/local/lib/python3.8/dist-packages/oslo_context/context.py:105: DeprecationWarning: Policy enforcement is depending on the value of is_admin. This key is deprecated. Please update your policy file to use the standard policy values.
Feb 02 16:00:26.020088 dv-cinder-827511-1-smb devstack@c-api.service[120813]: warnings.warn('Policy enforcement is depending on the value of '
Feb 02 16:00:26.038573 dv-cinder-827511-1-smb devstack@c-api.service[120814]: INFO cinder.volume.api [None req-6211bda3-dc85-4cd0-8be9-97bec260a57b tempest-GroupSnapshotsTest-631626051 tempest-GroupSnapshotsTest-631626051-project] Volume info retrieved successfully.
Feb 02 16:00:26.047020 dv-cinder-827511-1-smb devstack@c-api.service[120814]: WARNING stevedore.named [None req-6211bda3-dc85-4cd0-8be9-97bec260a57b tempest-GroupSnapshotsTest-631626051 tempest-GroupSnapshotsTest-631626051-project] Could not load cinder.keymgr.conf_key_mgr.ConfKeyManager
Feb 02 16:00:26.047187 dv-cinder-827511-1-smb devstack@c-api.service[120814]: WARNING castellan.key_manager [None req-6211bda3-dc85-4cd0-8be9-97bec260a57b tempest-GroupSnapshotsTest-631626051 tempest-GroupSnapshotsTest-631626051-project] Deprecation Warning : cinder.keymgr.conf_key_mgr.ConfKeyManager is not a stevedore based driver, trying to load it as a class: stevedore.exception.NoMatches: No 'castellan.drivers' driver found, looking for 'cinder.keymgr.conf_key_mgr.ConfKeyManager'
Feb 02 16:00:26.085105 dv-cinder-827511-1-smb devstack@c-api.service[120814]: DEBUG oslo_db.sqlalchemy.engines [None req-6211bda3-dc85-4cd0-8be9-97bec260a57b tempest-GroupSnapshotsTest-631626051 tempest-GroupSnapshotsTest-631626051-project] MySQL server mode set to STRICT_TRANS_TABLES,STRICT_ALL_TABLES,NO_ZERO_IN_DATE,NO_ZERO_DATE,ERROR_FOR_DIVISION_BY_ZERO,TRADITIONAL,NO_ENGINE_SUBSTITUTION {{(pid=120814) _check_effective_sql_mode /usr/local/lib/python3.8/dist-packages/oslo_db/sqlalchemy/engines.py:314}}
Feb 02 16:00:26.105502 dv-cinder-827511-1-smb devstack@c-api.service[120813]: INFO cinder.api.openstack.wsgi [None req-ab1c2561-76e7-4f88-8c8b-08bba3d9b8a9 tempest-GroupsTest-1308281597 tempest-GroupsTest-1308281597-project] http://10.222.0.48/volume/v3/5ce0ad5da9ed4727ade16a83ac38a359/volumes/b5ff37ec-5c83-41e4-abf4-b483887cb698 returned with HTTP 200
Feb 02 16:00:26.107374 dv-cinder-827511-1-smb devstack@c-api.service[120813]: [pid: 120813|app: 0|req: 96/183] 10.222.0.48 () {60 vars in 1365 bytes} [Wed Feb 2 16:00:25 2022] GET /volume/v3/5ce0ad5da9ed4727ade16a83ac38a359/volumes/b5ff37ec-5c83-41e4-abf4-b483887cb698 => generated 983 bytes in 263 msecs (HTTP/1.1 200) 7 headers in 286 bytes (1 switches on core 0)
Feb 02 16:00:26.114826 dv-cinder-827511-1-smb devstack@c-api.service[120814]: /usr/local/lib/python3.8/dist-packages/oslo_context/context.py:105: DeprecationWarning: Policy enforcement is depending on the value of is_admin. This key is deprecated. Please update your policy file to use the standard policy values.
Feb 02 16:00:26.114826 dv-cinder-827511-1-smb devstack@c-api.service[120814]: warnings.warn('Policy enforcement is depending on the value of '
Feb 02 16:00:26.180188 dv-cinder-827511-1-smb devstack@c-api.service[120814]: INFO cinder.api.openstack.wsgi [None req-6211bda3-dc85-4cd0-8be9-97bec260a57b tempest-GroupSnapshotsTest-631626051 tempest-GroupSnapshotsTest-631626051-project] http://10.222.0.48/volume/v3/9f7eadc1e80a4e0492dcfded02d76253/volumes/ae028c9f-9f36-451c-abf5-c952711e094b returned with HTTP 200
Feb 02 16:00:26.185839 dv-cinder-827511-1-smb devstack@c-api.service[120814]: [pid: 120814|app: 0|req: 88/184] 10.222.0.48 () {60 vars in 1365 bytes} [Wed Feb 2 16:00:25 2022] GET /volume/v3/9f7eadc1e80a4e0492dcfded02d76253/volumes/ae028c9f-9f36-451c-abf5-c952711e094b => generated 974 bytes in 268 msecs (HTTP/1.1 200) 7 headers in 286 bytes (2 switches on core 0)
Feb 02 16:00:26.519977 dv-cinder-827511-1-smb devstack@c-api.service[120813]: INFO cinder.api.openstack.wsgi [None req-d14adddc-7b4b-4d01-89de-3d35a5ec6727 tempest-GroupSnapshotsV319Test-549991439 tempest-GroupSnapshotsV319Test-549991439-project-admin] POST http://10.222.0.48/volume/v3/2f08a6c2021b4a058630ed7e8ad89e80/types
Feb 02 16:00:26.521406 dv-cinder-827511-1-smb devstack@c-api.service[120813]: DEBUG cinder.api.openstack.wsgi [None req-d14adddc-7b4b-4d01-89de-3d35a5ec6727 tempest-GroupSnapshotsV319Test-549991439 tempest-GroupSnapshotsV319Test-549991439-project-admin] Action: 'create', calling method: _create, body: {"volume_type": {"name": "tempest-GroupSnapshotsV319Test-volume-type-105066542"}} {{(pid=120813) _process_stack /opt/stack/cinder/cinder/api/openstack/wsgi.py:866}}
Feb 02 16:00:26.606734 dv-cinder-827511-1-smb devstack@c-api.service[120813]: INFO cinder.api.openstack.wsgi [None req-d14adddc-7b4b-4d01-89de-3d35a5ec6727 tempest-GroupSnapshotsV319Test-549991439 tempest-GroupSnapshotsV319Test-549991439-project-admin] http://10.222.0.48/volume/v3/2f08a6c2021b4a058630ed7e8ad89e80/types returned with HTTP 200
Feb 02 16:00:26.610159 dv-cinder-827511-1-smb devstack@c-api.service[120813]: [pid: 120813|app: 0|req: 97/185] 10.222.0.48 () {60 vars in 1228 bytes} [Wed Feb 2 16:00:26 2022] POST /volume/v3/2f08a6c2021b4a058630ed7e8ad89e80/types => generated 227 bytes in 502 msecs (HTTP/1.1 200) 7 headers in 285 bytes (1 switches on core 0)
Feb 02 16:00:26.628328 dv-cinder-827511-1-smb devstack@c-api.service[120814]: INFO cinder.api.openstack.wsgi [None req-550f7f56-1051-42ce-8423-b24763595fdd tempest-GroupSnapshotsV319Test-549991439 tempest-GroupSnapshotsV319Test-549991439-project-admin] POST http://10.222.0.48/volume/v3/2f08a6c2021b4a058630ed7e8ad89e80/group_types
Feb 02 16:00:26.631403 dv-cinder-827511-1-smb devstack@c-api.service[120814]: DEBUG cinder.api.openstack.wsgi [None req-550f7f56-1051-42ce-8423-b24763595fdd tempest-GroupSnapshotsV319Test-549991439 tempest-GroupSnapshotsV319Test-549991439-project-admin] Action: 'create', calling method: version_select, body: {"group_type": {"name": "tempest-GroupSnapshotsV319Test-group-type-1949440424"}} {{(pid=120814) _process_stack /opt/stack/cinder/cinder/api/openstack/wsgi.py:866}}
Feb 02 16:00:26.725853 dv-cinder-827511-1-smb devstack@c-api.service[120814]: INFO cinder.api.openstack.wsgi [None req-550f7f56-1051-42ce-8423-b24763595fdd tempest-GroupSnapshotsV319Test-549991439 tempest-GroupSnapshotsV319Test-549991439-project-admin] http://10.222.0.48/volume/v3/2f08a6c2021b4a058630ed7e8ad89e80/group_types returned with HTTP 202
Feb 02 16:00:26.736383 dv-cinder-827511-1-smb devstack@c-api.service[120814]: [pid: 120814|app: 0|req: 89/186] 10.222.0.48 () {62 vars in 1287 bytes} [Wed Feb 2 16:00:26 2022] POST /volume/v3/2f08a6c2021b4a058630ed7e8ad89e80/group_types => generated 185 bytes in 115 msecs (HTTP/1.1 202) 7 headers in 292 bytes (2 switches on core 0)
Feb 02 16:00:27.068728 dv-cinder-827511-1-smb devstack@c-api.service[120813]: INFO cinder.api.openstack.wsgi [None req-947d610b-d7e5-43cc-abf0-d5e3edc8cbf0 tempest-GroupSnapshotsV319Test-2098692512 tempest-GroupSnapshotsV319Test-2098692512-project] POST http://10.222.0.48/volume/v3/4d49754741c94fb0bf1b57da7eacf0ee/groups
Feb 02 16:00:27.072092 dv-cinder-827511-1-smb devstack@c-api.service[120813]: DEBUG cinder.api.openstack.wsgi [None req-947d610b-d7e5-43cc-abf0-d5e3edc8cbf0 tempest-GroupSnapshotsV319Test-2098692512 tempest-GroupSnapshotsV319Test-2098692512-project] Action: 'create', calling method: version_select, body: {"group": {"group_type": "5028ca24-db99-4693-89ce-a580c8068d31", "volume_types": ["2214f407-2990-448e-a99e-e88fbcf98093"], "name": "tempest-GroupSnapshotsV319Test-Group-158882917"}} {{(pid=120813) _process_stack /opt/stack/cinder/cinder/api/openstack/wsgi.py:866}}
Feb 02 16:00:27.075378 dv-cinder-827511-1-smb devstack@c-api.service[120813]: DEBUG cinder.api.v3.groups [None req-947d610b-d7e5-43cc-abf0-d5e3edc8cbf0 tempest-GroupSnapshotsV319Test-2098692512 tempest-GroupSnapshotsV319Test-2098692512-project] Creating new group {'group': {'group_type': '5028ca24-db99-4693-89ce-a580c8068d31', 'volume_types': ['2214f407-2990-448e-a99e-e88fbcf98093'], 'name': 'tempest-GroupSnapshotsV319Test-Group-158882917'}} {{(pid=120813) create /opt/stack/cinder/cinder/api/v3/groups.py:190}}
Feb 02 16:00:27.106312 dv-cinder-827511-1-smb devstack@c-api.service[120813]: INFO cinder.api.v3.groups [None req-947d610b-d7e5-43cc-abf0-d5e3edc8cbf0 tempest-GroupSnapshotsV319Test-2098692512 tempest-GroupSnapshotsV319Test-2098692512-project] Creating group tempest-GroupSnapshotsV319Test-Group-158882917.
Feb 02 16:00:27.124685 dv-cinder-827511-1-smb devstack@c-api.service[120814]: INFO cinder.api.openstack.wsgi [None req-61cd883c-8f2c-45ab-8c2f-6bc734a85f9d tempest-GroupsTest-1308281597 tempest-GroupsTest-1308281597-project] GET http://10.222.0.48/volume/v3/5ce0ad5da9ed4727ade16a83ac38a359/volumes/b5ff37ec-5c83-41e4-abf4-b483887cb698
Feb 02 16:00:27.125192 dv-cinder-827511-1-smb devstack@c-api.service[120814]: DEBUG cinder.api.openstack.wsgi [None req-61cd883c-8f2c-45ab-8c2f-6bc734a85f9d tempest-GroupsTest-1308281597 tempest-GroupsTest-1308281597-project] Empty body provided in request {{(pid=120814) get_body /opt/stack/cinder/cinder/api/openstack/wsgi.py:715}}
Feb 02 16:00:27.125646 dv-cinder-827511-1-smb devstack@c-api.service[120814]: DEBUG cinder.api.openstack.wsgi [None req-61cd883c-8f2c-45ab-8c2f-6bc734a85f9d tempest-GroupsTest-1308281597 tempest-GroupsTest-1308281597-project] Calling method 'show' {{(pid=120814) _process_stack /opt/stack/cinder/cinder/api/openstack/wsgi.py:868}}
Feb 02 16:00:27.147447 dv-cinder-827511-1-smb devstack@c-api.service[120813]: INFO cinder.volume.api [None req-947d610b-d7e5-43cc-abf0-d5e3edc8cbf0 tempest-GroupSnapshotsV319Test-2098692512 tempest-GroupSnapshotsV319Test-2098692512-project] Availability Zones retrieved successfully.
Feb 02 16:00:27.150015 dv-cinder-827511-1-smb devstack@c-api.service[120814]: INFO cinder.api.openstack.wsgi [None req-61cd883c-8f2c-45ab-8c2f-6bc734a85f9d tempest-GroupsTest-1308281597 tempest-GroupsTest-1308281597-project] http://10.222.0.48/volume/v3/5ce0ad5da9ed4727ade16a83ac38a359/volumes/b5ff37ec-5c83-41e4-abf4-b483887cb698 returned with HTTP 404
Feb 02 16:00:27.154016 dv-cinder-827511-1-smb devstack@c-api.service[120814]: [pid: 120814|app: 0|req: 90/187] 10.222.0.48 () {60 vars in 1365 bytes} [Wed Feb 2 16:00:27 2022] GET /volume/v3/5ce0ad5da9ed4727ade16a83ac38a359/volumes/b5ff37ec-5c83-41e4-abf4-b483887cb698 => generated 109 bytes in 35 msecs (HTTP/1.1 404) 7 headers in 293 bytes (2 switches on core 0)
Feb 02 16:00:27.165205 dv-cinder-827511-1-smb devstack@c-api.service[120814]: INFO cinder.api.openstack.wsgi [None req-e37a90a4-f20e-44a4-8a85-965a5bd80602 tempest-GroupsTest-1308281597 tempest-GroupsTest-1308281597-project] GET http://10.222.0.48/volume/v3/5ce0ad5da9ed4727ade16a83ac38a359/volumes/ec743fd7-d90c-4e53-9bfd-5ec41d33395c
Feb 02 16:00:27.165964 dv-cinder-827511-1-smb devstack@c-api.service[120814]: DEBUG cinder.api.openstack.wsgi [None req-e37a90a4-f20e-44a4-8a85-965a5bd80602 tempest-GroupsTest-1308281597 tempest-GroupsTest-1308281597-project] Empty body provided in request {{(pid=120814) get_body /opt/stack/cinder/cinder/api/openstack/wsgi.py:715}}
Feb 02 16:00:27.168842 dv-cinder-827511-1-smb devstack@c-api.service[120814]: DEBUG cinder.api.openstack.wsgi [None req-e37a90a4-f20e-44a4-8a85-965a5bd80602 tempest-GroupsTest-1308281597 tempest-GroupsTest-1308281597-project] Calling method 'show' {{(pid=120814) _process_stack /opt/stack/cinder/cinder/api/openstack/wsgi.py:868}}
Feb 02 16:00:27.196947 dv-cinder-827511-1-smb devstack@c-api.service[120814]: INFO cinder.api.openstack.wsgi [None req-e37a90a4-f20e-44a4-8a85-965a5bd80602 tempest-GroupsTest-1308281597 tempest-GroupsTest-1308281597-project] http://10.222.0.48/volume/v3/5ce0ad5da9ed4727ade16a83ac38a359/volumes/ec743fd7-d90c-4e53-9bfd-5ec41d33395c returned with HTTP 404
Feb 02 16:00:27.197974 dv-cinder-827511-1-smb devstack@c-api.service[120814]: [pid: 120814|app: 0|req: 91/188] 10.222.0.48 () {60 vars in 1365 bytes} [Wed Feb 2 16:00:27 2022] GET /volume/v3/5ce0ad5da9ed4727ade16a83ac38a359/volumes/ec743fd7-d90c-4e53-9bfd-5ec41d33395c => generated 109 bytes in 38 msecs (HTTP/1.1 404) 7 headers in 293 bytes (1 switches on core 0)
Feb 02 16:00:27.213199 dv-cinder-827511-1-smb devstack@c-api.service[120814]: INFO cinder.api.openstack.wsgi [None req-ec1f6fcf-d296-4acc-ac91-98dc9354d779 tempest-GroupsTest-1308281597 tempest-GroupsTest-1308281597-project] GET http://10.222.0.48/volume/v3/5ce0ad5da9ed4727ade16a83ac38a359/groups/63e6dd6c-62bc-4d0e-a9f9-accc4b1e9d7d
Feb 02 16:00:27.216328 dv-cinder-827511-1-smb devstack@c-api.service[120814]: DEBUG cinder.api.openstack.wsgi [None req-ec1f6fcf-d296-4acc-ac91-98dc9354d779 tempest-GroupsTest-1308281597 tempest-GroupsTest-1308281597-project] Empty body provided in request {{(pid=120814) get_body /opt/stack/cinder/cinder/api/openstack/wsgi.py:715}}
Feb 02 16:00:27.216987 dv-cinder-827511-1-smb devstack@c-api.service[120814]: DEBUG cinder.api.openstack.wsgi [None req-ec1f6fcf-d296-4acc-ac91-98dc9354d779 tempest-GroupsTest-1308281597 tempest-GroupsTest-1308281597-project] Calling method 'version_select' {{(pid=120814) _process_stack /opt/stack/cinder/cinder/api/openstack/wsgi.py:868}}
Feb 02 16:00:27.219154 dv-cinder-827511-1-smb devstack@c-api.service[120814]: DEBUG cinder.api.v3.groups [None req-ec1f6fcf-d296-4acc-ac91-98dc9354d779 tempest-GroupsTest-1308281597 tempest-GroupsTest-1308281597-project] show called for member 63e6dd6c-62bc-4d0e-a9f9-accc4b1e9d7d {{(pid=120814) show /opt/stack/cinder/cinder/api/v3/groups.py:58}}
Feb 02 16:00:27.231463 dv-cinder-827511-1-smb devstack@c-api.service[120814]: INFO cinder.api.openstack.wsgi [None req-ec1f6fcf-d296-4acc-ac91-98dc9354d779 tempest-GroupsTest-1308281597 tempest-GroupsTest-1308281597-project] http://10.222.0.48/volume/v3/5ce0ad5da9ed4727ade16a83ac38a359/groups/63e6dd6c-62bc-4d0e-a9f9-accc4b1e9d7d returned with HTTP 404
Feb 02 16:00:27.234825 dv-cinder-827511-1-smb devstack@c-api.service[120814]: [pid: 120814|app: 0|req: 92/189] 10.222.0.48 () {60 vars in 1362 bytes} [Wed Feb 2 16:00:27 2022] GET /volume/v3/5ce0ad5da9ed4727ade16a83ac38a359/groups/63e6dd6c-62bc-4d0e-a9f9-accc4b1e9d7d => generated 108 bytes in 32 msecs (HTTP/1.1 404) 7 headers in 293 bytes (2 switches on core 0)
Feb 02 16:00:27.246431 dv-cinder-827511-1-smb devstack@c-api.service[120814]: INFO cinder.api.openstack.wsgi [None req-eecbf4eb-c60d-4f89-ab7d-c153c8ddee13 tempest-GroupSnapshotsTest-631626051 tempest-GroupSnapshotsTest-631626051-project] GET http://10.222.0.48/volume/v3/9f7eadc1e80a4e0492dcfded02d76253/volumes/ae028c9f-9f36-451c-abf5-c952711e094b
Feb 02 16:00:27.247232 dv-cinder-827511-1-smb devstack@c-api.service[120814]: DEBUG cinder.api.openstack.wsgi [None req-eecbf4eb-c60d-4f89-ab7d-c153c8ddee13 tempest-GroupSnapshotsTest-631626051 tempest-GroupSnapshotsTest-631626051-project] Empty body provided in request {{(pid=120814) get_body /opt/stack/cinder/cinder/api/openstack/wsgi.py:715}}
Feb 02 16:00:27.248230 dv-cinder-827511-1-smb devstack@c-api.service[120814]: DEBUG cinder.api.openstack.wsgi [None req-eecbf4eb-c60d-4f89-ab7d-c153c8ddee13 tempest-GroupSnapshotsTest-631626051 tempest-GroupSnapshotsTest-631626051-project] Calling method 'show' {{(pid=120814) _process_stack /opt/stack/cinder/cinder/api/openstack/wsgi.py:868}}
Feb 02 16:00:27.271342 dv-cinder-827511-1-smb devstack@c-api.service[120813]: DEBUG cinder.quota [None req-947d610b-d7e5-43cc-abf0-d5e3edc8cbf0 tempest-GroupSnapshotsV319Test-2098692512 tempest-GroupSnapshotsV319Test-2098692512-project] Created reservations ['9ec1e428-62d1-4897-8d22-744b99eded11'] {{(pid=120813) reserve /opt/stack/cinder/cinder/quota.py:755}}
Feb 02 16:00:27.307231 dv-cinder-827511-1-smb devstack@c-api.service[120814]: /usr/local/lib/python3.8/dist-packages/oslo_context/context.py:105: DeprecationWarning: Policy enforcement is depending on the value of is_admin. This key is deprecated. Please update your policy file to use the standard policy values.
Feb 02 16:00:27.307231 dv-cinder-827511-1-smb devstack@c-api.service[120814]: warnings.warn('Policy enforcement is depending on the value of '
Feb 02 16:00:27.328608 dv-cinder-827511-1-smb devstack@c-api.service[120814]: INFO cinder.volume.api [None req-eecbf4eb-c60d-4f89-ab7d-c153c8ddee13 tempest-GroupSnapshotsTest-631626051 tempest-GroupSnapshotsTest-631626051-project] Volume info retrieved successfully.
Feb 02 16:00:27.335981 dv-cinder-827511-1-smb devstack@c-api.service[120814]: WARNING stevedore.named [None req-eecbf4eb-c60d-4f89-ab7d-c153c8ddee13 tempest-GroupSnapshotsTest-631626051 tempest-GroupSnapshotsTest-631626051-project] Could not load cinder.keymgr.conf_key_mgr.ConfKeyManager
Feb 02 16:00:27.337939 dv-cinder-827511-1-smb devstack@c-api.service[120814]: WARNING castellan.key_manager [None req-eecbf4eb-c60d-4f89-ab7d-c153c8ddee13 tempest-GroupSnapshotsTest-631626051 tempest-GroupSnapshotsTest-631626051-project] Deprecation Warning : cinder.keymgr.conf_key_mgr.ConfKeyManager is not a stevedore based driver, trying to load it as a class: stevedore.exception.NoMatches: No 'castellan.drivers' driver found, looking for 'cinder.keymgr.conf_key_mgr.ConfKeyManager'
Feb 02 16:00:27.348508 dv-cinder-827511-1-smb devstack@c-api.service[120813]: INFO cinder.api.openstack.wsgi [None req-947d610b-d7e5-43cc-abf0-d5e3edc8cbf0 tempest-GroupSnapshotsV319Test-2098692512 tempest-GroupSnapshotsV319Test-2098692512-project] http://10.222.0.48/volume/v3/4d49754741c94fb0bf1b57da7eacf0ee/groups returned with HTTP 202
Feb 02 16:00:27.363241 dv-cinder-827511-1-smb devstack@c-api.service[120814]: DEBUG oslo_db.sqlalchemy.engines [None req-eecbf4eb-c60d-4f89-ab7d-c153c8ddee13 tempest-GroupSnapshotsTest-631626051 tempest-GroupSnapshotsTest-631626051-project] MySQL server mode set to STRICT_TRANS_TABLES,STRICT_ALL_TABLES,NO_ZERO_IN_DATE,NO_ZERO_DATE,ERROR_FOR_DIVISION_BY_ZERO,TRADITIONAL,NO_ENGINE_SUBSTITUTION {{(pid=120814) _check_effective_sql_mode /usr/local/lib/python3.8/dist-packages/oslo_db/sqlalchemy/engines.py:314}}
Feb 02 16:00:27.363464 dv-cinder-827511-1-smb devstack@c-api.service[120813]: [pid: 120813|app: 0|req: 98/190] 10.222.0.48 () {62 vars in 1273 bytes} [Wed Feb 2 16:00:26 2022] POST /volume/v3/4d49754741c94fb0bf1b57da7eacf0ee/groups => generated 115 bytes in 625 msecs (HTTP/1.1 202) 7 headers in 292 bytes (1 switches on core 0)
Feb 02 16:00:27.369423 dv-cinder-827511-1-smb devstack@c-api.service[120813]: INFO cinder.api.openstack.wsgi [None req-cbbf3106-d970-48f6-b296-a39c694af90d tempest-GroupsTest-1955078829 tempest-GroupsTest-1955078829-project-admin] DELETE http://10.222.0.48/volume/v3/df0d2634ca214698a6b5597a9a308036/group_types/9155e9e7-be8d-4d07-a58c-6abeafaf51fd
Feb 02 16:00:27.371154 dv-cinder-827511-1-smb devstack@c-api.service[120813]: DEBUG cinder.api.openstack.wsgi [None req-cbbf3106-d970-48f6-b296-a39c694af90d tempest-GroupsTest-1955078829 tempest-GroupsTest-1955078829-project-admin] Empty body provided in request {{(pid=120813) get_body /opt/stack/cinder/cinder/api/openstack/wsgi.py:715}}
Feb 02 16:00:27.378249 dv-cinder-827511-1-smb devstack@c-api.service[120813]: DEBUG cinder.api.openstack.wsgi [None req-cbbf3106-d970-48f6-b296-a39c694af90d tempest-GroupsTest-1955078829 tempest-GroupsTest-1955078829-project-admin] Calling method 'version_select' {{(pid=120813) _process_stack /opt/stack/cinder/cinder/api/openstack/wsgi.py:868}}
Feb 02 16:00:27.379485 dv-cinder-827511-1-smb devstack@c-api.service[120813]: /usr/local/lib/python3.8/dist-packages/oslo_context/context.py:105: DeprecationWarning: Policy enforcement is depending on the value of is_admin. This key is deprecated. Please update your policy file to use the standard policy values.
Feb 02 16:00:27.379485 dv-cinder-827511-1-smb devstack@c-api.service[120813]: warnings.warn('Policy enforcement is depending on the value of '
Feb 02 16:00:27.384683 dv-cinder-827511-1-smb devstack@c-api.service[120814]: /usr/local/lib/python3.8/dist-packages/oslo_context/context.py:105: DeprecationWarning: Policy enforcement is depending on the value of is_admin. This key is deprecated. Please update your policy file to use the standard policy values.
Feb 02 16:00:27.384683 dv-cinder-827511-1-smb devstack@c-api.service[120814]: warnings.warn('Policy enforcement is depending on the value of '
Feb 02 16:00:27.434248 dv-cinder-827511-1-smb devstack@c-api.service[120814]: INFO cinder.api.openstack.wsgi [None req-eecbf4eb-c60d-4f89-ab7d-c153c8ddee13 tempest-GroupSnapshotsTest-631626051 tempest-GroupSnapshotsTest-631626051-project] http://10.222.0.48/volume/v3/9f7eadc1e80a4e0492dcfded02d76253/volumes/ae028c9f-9f36-451c-abf5-c952711e094b returned with HTTP 200
Feb 02 16:00:27.435087 dv-cinder-827511-1-smb devstack@c-api.service[120814]: [pid: 120814|app: 0|req: 93/191] 10.222.0.48 () {60 vars in 1365 bytes} [Wed Feb 2 16:00:27 2022] GET /volume/v3/9f7eadc1e80a4e0492dcfded02d76253/volumes/ae028c9f-9f36-451c-abf5-c952711e094b => generated 999 bytes in 200 msecs (HTTP/1.1 200) 7 headers in 286 bytes (1 switches on core 0)
Feb 02 16:00:27.453070 dv-cinder-827511-1-smb devstack@c-api.service[120813]: INFO cinder.api.openstack.wsgi [None req-cbbf3106-d970-48f6-b296-a39c694af90d tempest-GroupsTest-1955078829 tempest-GroupsTest-1955078829-project-admin] http://10.222.0.48/volume/v3/df0d2634ca214698a6b5597a9a308036/group_types/9155e9e7-be8d-4d07-a58c-6abeafaf51fd returned with HTTP 202
Feb 02 16:00:27.458066 dv-cinder-827511-1-smb devstack@c-api.service[120813]: [pid: 120813|app: 0|req: 99/192] 10.222.0.48 () {60 vars in 1380 bytes} [Wed Feb 2 16:00:27 2022] DELETE /volume/v3/df0d2634ca214698a6b5597a9a308036/group_types/9155e9e7-be8d-4d07-a58c-6abeafaf51fd => generated 0 bytes in 93 msecs (HTTP/1.1 202) 6 headers in 234 bytes (1 switches on core 0)
Feb 02 16:00:27.467917 dv-cinder-827511-1-smb devstack@c-api.service[120814]: INFO cinder.api.openstack.wsgi [None req-4b48083c-6a2e-40c4-a0a0-46d8af236247 tempest-GroupSnapshotsV319Test-2098692512 tempest-GroupSnapshotsV319Test-2098692512-project] GET http://10.222.0.48/volume/v3/4d49754741c94fb0bf1b57da7eacf0ee/groups/7fd11be7-75dc-4589-89c7-f2e159509142
Feb 02 16:00:27.468523 dv-cinder-827511-1-smb devstack@c-api.service[120814]: DEBUG cinder.api.openstack.wsgi [None req-4b48083c-6a2e-40c4-a0a0-46d8af236247 tempest-GroupSnapshotsV319Test-2098692512 tempest-GroupSnapshotsV319Test-2098692512-project] Empty body provided in request {{(pid=120814) get_body /opt/stack/cinder/cinder/api/openstack/wsgi.py:715}}
Feb 02 16:00:27.469148 dv-cinder-827511-1-smb devstack@c-api.service[120814]: DEBUG cinder.api.openstack.wsgi [None req-4b48083c-6a2e-40c4-a0a0-46d8af236247 tempest-GroupSnapshotsV319Test-2098692512 tempest-GroupSnapshotsV319Test-2098692512-project] Calling method 'version_select' {{(pid=120814) _process_stack /opt/stack/cinder/cinder/api/openstack/wsgi.py:868}}
Feb 02 16:00:27.469560 dv-cinder-827511-1-smb devstack@c-api.service[120814]: DEBUG cinder.api.v3.groups [None req-4b48083c-6a2e-40c4-a0a0-46d8af236247 tempest-GroupSnapshotsV319Test-2098692512 tempest-GroupSnapshotsV319Test-2098692512-project] show called for member 7fd11be7-75dc-4589-89c7-f2e159509142 {{(pid=120814) show /opt/stack/cinder/cinder/api/v3/groups.py:58}}
Feb 02 16:00:27.474617 dv-cinder-827511-1-smb devstack@c-api.service[120813]: INFO cinder.api.openstack.wsgi [None req-37c63b7c-594d-4731-a892-2831020513dd tempest-GroupSnapshotsTest-631626051 tempest-GroupSnapshotsTest-631626051-project] POST http://10.222.0.48/volume/v3/9f7eadc1e80a4e0492dcfded02d76253/volumes
Feb 02 16:00:27.475554 dv-cinder-827511-1-smb devstack@c-api.service[120813]: DEBUG cinder.api.openstack.wsgi [None req-37c63b7c-594d-4731-a892-2831020513dd tempest-GroupSnapshotsTest-631626051 tempest-GroupSnapshotsTest-631626051-project] Action: 'create', calling method: create, body: {"volume": {"volume_type": "9dbcdad2-3909-489b-8b4a-d401ad8c098f", "group_id": "8356459d-0d13-4811-881d-83be6c41ecd2", "size": 1, "name": "tempest-GroupSnapshotsTest-Volume-2103497060"}} {{(pid=120813) _process_stack /opt/stack/cinder/cinder/api/openstack/wsgi.py:866}}
Feb 02 16:00:27.477907 dv-cinder-827511-1-smb devstack@c-api.service[120813]: DEBUG cinder.api.v3.volumes [None req-37c63b7c-594d-4731-a892-2831020513dd tempest-GroupSnapshotsTest-631626051 tempest-GroupSnapshotsTest-631626051-project] Create volume request body: {'volume': {'volume_type': '9dbcdad2-3909-489b-8b4a-d401ad8c098f', 'group_id': '8356459d-0d13-4811-881d-83be6c41ecd2', 'size': 1, 'name': 'tempest-GroupSnapshotsTest-Volume-2103497060'}} {{(pid=120813) create /opt/stack/cinder/cinder/api/v3/volumes.py:298}}
Feb 02 16:00:27.480304 dv-cinder-827511-1-smb devstack@c-api.service[120814]: /usr/local/lib/python3.8/dist-packages/oslo_context/context.py:105: DeprecationWarning: Policy enforcement is depending on the value of is_admin. This key is deprecated. Please update your policy file to use the standard policy values.
Feb 02 16:00:27.480304 dv-cinder-827511-1-smb devstack@c-api.service[120814]: warnings.warn('Policy enforcement is depending on the value of '
Feb 02 16:00:27.502069 dv-cinder-827511-1-smb devstack@c-api.service[120813]: /usr/local/lib/python3.8/dist-packages/oslo_context/context.py:105: DeprecationWarning: Policy enforcement is depending on the value of is_admin. This key is deprecated. Please update your policy file to use the standard policy values.
Feb 02 16:00:27.502069 dv-cinder-827511-1-smb devstack@c-api.service[120813]: warnings.warn('Policy enforcement is depending on the value of '
Feb 02 16:00:27.505983 dv-cinder-827511-1-smb devstack@c-api.service[120813]: INFO cinder.api.v3.volumes [None req-37c63b7c-594d-4731-a892-2831020513dd tempest-GroupSnapshotsTest-631626051 tempest-GroupSnapshotsTest-631626051-project] Create volume of 1 GB
Feb 02 16:00:27.553142 dv-cinder-827511-1-smb devstack@c-api.service[120813]: INFO cinder.volume.api [None req-37c63b7c-594d-4731-a892-2831020513dd tempest-GroupSnapshotsTest-631626051 tempest-GroupSnapshotsTest-631626051-project] Availability Zones retrieved successfully.
Feb 02 16:00:27.569379 dv-cinder-827511-1-smb devstack@c-api.service[120814]: INFO cinder.api.openstack.wsgi [None req-4b48083c-6a2e-40c4-a0a0-46d8af236247 tempest-GroupSnapshotsV319Test-2098692512 tempest-GroupSnapshotsV319Test-2098692512-project] http://10.222.0.48/volume/v3/4d49754741c94fb0bf1b57da7eacf0ee/groups/7fd11be7-75dc-4589-89c7-f2e159509142 returned with HTTP 200
Feb 02 16:00:27.571718 dv-cinder-827511-1-smb devstack@c-api.service[120814]: [pid: 120814|app: 0|req: 94/193] 10.222.0.48 () {60 vars in 1362 bytes} [Wed Feb 2 16:00:27 2022] GET /volume/v3/4d49754741c94fb0bf1b57da7eacf0ee/groups/7fd11be7-75dc-4589-89c7-f2e159509142 => generated 395 bytes in 130 msecs (HTTP/1.1 200) 7 headers in 286 bytes (1 switches on core 0)
Feb 02 16:00:27.583242 dv-cinder-827511-1-smb devstack@c-api.service[120814]: INFO cinder.api.openstack.wsgi [None req-3ce24911-aabb-4cf9-a7ff-74480cb01e67 tempest-GroupsTest-1308281597 tempest-GroupsTest-1308281597-project] DELETE http://10.222.0.48/volume/v3/5ce0ad5da9ed4727ade16a83ac38a359/volumes/b5ff37ec-5c83-41e4-abf4-b483887cb698
Feb 02 16:00:27.588615 dv-cinder-827511-1-smb devstack@c-api.service[120814]: DEBUG cinder.api.openstack.wsgi [None req-3ce24911-aabb-4cf9-a7ff-74480cb01e67 tempest-GroupsTest-1308281597 tempest-GroupsTest-1308281597-project] Empty body provided in request {{(pid=120814) get_body /opt/stack/cinder/cinder/api/openstack/wsgi.py:715}}
Feb 02 16:00:27.589704 dv-cinder-827511-1-smb devstack@c-api.service[120814]: DEBUG cinder.api.openstack.wsgi [None req-3ce24911-aabb-4cf9-a7ff-74480cb01e67 tempest-GroupsTest-1308281597 tempest-GroupsTest-1308281597-project] Calling method 'delete' {{(pid=120814) _process_stack /opt/stack/cinder/cinder/api/openstack/wsgi.py:868}}
Feb 02 16:00:27.591776 dv-cinder-827511-1-smb devstack@c-api.service[120814]: INFO cinder.api.v3.volumes [None req-3ce24911-aabb-4cf9-a7ff-74480cb01e67 tempest-GroupsTest-1308281597 tempest-GroupsTest-1308281597-project] Delete volume with id: b5ff37ec-5c83-41e4-abf4-b483887cb698
Feb 02 16:00:27.619182 dv-cinder-827511-1-smb devstack@c-api.service[120813]: DEBUG cinder.volume.api [None req-37c63b7c-594d-4731-a892-2831020513dd tempest-GroupSnapshotsTest-631626051 tempest-GroupSnapshotsTest-631626051-project] Flow 'volume_create_api' (eb2dad0c-707e-4300-838a-7504284144bf) transitioned into state 'RUNNING' from state 'PENDING' {{(pid=120813) _flow_receiver /usr/local/lib/python3.8/dist-packages/taskflow/listeners/logging.py:141}}
Feb 02 16:00:27.631754 dv-cinder-827511-1-smb devstack@c-api.service[120813]: DEBUG cinder.volume.api [None req-37c63b7c-594d-4731-a892-2831020513dd tempest-GroupSnapshotsTest-631626051 tempest-GroupSnapshotsTest-631626051-project] Task 'cinder.volume.flows.api.create_volume.ExtractVolumeRequestTask;volume:create' (c8ed4664-8b26-4eee-8d31-a63a05892069) transitioned into state 'RUNNING' from state 'PENDING' {{(pid=120813) _task_receiver /usr/local/lib/python3.8/dist-packages/taskflow/listeners/logging.py:190}}
Feb 02 16:00:27.646662 dv-cinder-827511-1-smb devstack@c-api.service[120813]: /usr/local/lib/python3.8/dist-packages/oslo_context/context.py:105: DeprecationWarning: Policy enforcement is depending on the value of is_admin. This key is deprecated. Please update your policy file to use the standard policy values.
Feb 02 16:00:27.646662 dv-cinder-827511-1-smb devstack@c-api.service[120813]: warnings.warn('Policy enforcement is depending on the value of '
Feb 02 16:00:27.651039 dv-cinder-827511-1-smb devstack@c-api.service[120813]: DEBUG cinder.volume.flows.api.create_volume [None req-37c63b7c-594d-4731-a892-2831020513dd tempest-GroupSnapshotsTest-631626051 tempest-GroupSnapshotsTest-631626051-project] Validating volume size '1' using validate_int {{(pid=120813) _extract_size /opt/stack/cinder/cinder/volume/flows/api/create_volume.py:225}}
Feb 02 16:00:27.681455 dv-cinder-827511-1-smb devstack@c-api.service[120814]: INFO cinder.api.openstack.wsgi [None req-3ce24911-aabb-4cf9-a7ff-74480cb01e67 tempest-GroupsTest-1308281597 tempest-GroupsTest-1308281597-project] http://10.222.0.48/volume/v3/5ce0ad5da9ed4727ade16a83ac38a359/volumes/b5ff37ec-5c83-41e4-abf4-b483887cb698 returned with HTTP 404
Feb 02 16:00:27.685824 dv-cinder-827511-1-smb devstack@c-api.service[120814]: [pid: 120814|app: 0|req: 95/194] 10.222.0.48 () {60 vars in 1368 bytes} [Wed Feb 2 16:00:27 2022] DELETE /volume/v3/5ce0ad5da9ed4727ade16a83ac38a359/volumes/b5ff37ec-5c83-41e4-abf4-b483887cb698 => generated 109 bytes in 113 msecs (HTTP/1.1 404) 7 headers in 293 bytes (1 switches on core 0)
Feb 02 16:00:27.695791 dv-cinder-827511-1-smb devstack@c-api.service[120814]: INFO cinder.api.openstack.wsgi [None req-1d9c3ce3-6c98-4e23-8ab4-f316437f1aaf tempest-GroupsTest-1308281597 tempest-GroupsTest-1308281597-project] DELETE http://10.222.0.48/volume/v3/5ce0ad5da9ed4727ade16a83ac38a359/volumes/ec743fd7-d90c-4e53-9bfd-5ec41d33395c
Feb 02 16:00:27.696287 dv-cinder-827511-1-smb devstack@c-api.service[120814]: DEBUG cinder.api.openstack.wsgi [None req-1d9c3ce3-6c98-4e23-8ab4-f316437f1aaf tempest-GroupsTest-1308281597 tempest-GroupsTest-1308281597-project] Empty body provided in request {{(pid=120814) get_body /opt/stack/cinder/cinder/api/openstack/wsgi.py:715}}
Feb 02 16:00:27.705971 dv-cinder-827511-1-smb devstack@c-api.service[120814]: DEBUG cinder.api.openstack.wsgi [None req-1d9c3ce3-6c98-4e23-8ab4-f316437f1aaf tempest-GroupsTest-1308281597 tempest-GroupsTest-1308281597-project] Calling method 'delete' {{(pid=120814) _process_stack /opt/stack/cinder/cinder/api/openstack/wsgi.py:868}}
Feb 02 16:00:27.706547 dv-cinder-827511-1-smb devstack@c-api.service[120814]: INFO cinder.api.v3.volumes [None req-1d9c3ce3-6c98-4e23-8ab4-f316437f1aaf tempest-GroupsTest-1308281597 tempest-GroupsTest-1308281597-project] Delete volume with id: ec743fd7-d90c-4e53-9bfd-5ec41d33395c
Feb 02 16:00:27.733199 dv-cinder-827511-1-smb devstack@c-api.service[120813]: DEBUG cinder.volume.api [None req-37c63b7c-594d-4731-a892-2831020513dd tempest-GroupSnapshotsTest-631626051 tempest-GroupSnapshotsTest-631626051-project] Task 'cinder.volume.flows.api.create_volume.ExtractVolumeRequestTask;volume:create' (c8ed4664-8b26-4eee-8d31-a63a05892069) transitioned into state 'SUCCESS' from state 'RUNNING' with result '{'size': 1, 'snapshot_id': None, 'source_volid': None, 'volume_type': VolumeType(created_at=2022-02-02T16:00:23Z,deleted=False,deleted_at=None,description=None,extra_specs={},id=9dbcdad2-3909-489b-8b4a-d401ad8c098f,is_public=True,name='tempest-GroupSnapshotsTest-volume-type-251327854',projects=[],qos_specs=,qos_specs_id=None,updated_at=None), 'volume_type_id': '9dbcdad2-3909-489b-8b4a-d401ad8c098f', 'encryption_key_id': None, 'qos_specs': None, 'consistencygroup_id': None, 'cgsnapshot_id': None, 'group_id': '8356459d-0d13-4811-881d-83be6c41ecd2', 'replication_status': 'disabled', 'refresh_az': False, 'backup_id': None, 'multiattach': False, 'availability_zones': ['nova']}' {{(pid=120813) _task_receiver /usr/local/lib/python3.8/dist-packages/taskflow/listeners/logging.py:178}}
Feb 02 16:00:27.739441 dv-cinder-827511-1-smb devstack@c-api.service[120813]: DEBUG cinder.volume.api [None req-37c63b7c-594d-4731-a892-2831020513dd tempest-GroupSnapshotsTest-631626051 tempest-GroupSnapshotsTest-631626051-project] Task 'cinder.volume.flows.api.create_volume.QuotaReserveTask;volume:create' (433d73e8-b0ae-419d-9a90-92cf61deb9b6) transitioned into state 'RUNNING' from state 'PENDING' {{(pid=120813) _task_receiver /usr/local/lib/python3.8/dist-packages/taskflow/listeners/logging.py:190}}
Feb 02 16:00:27.758110 dv-cinder-827511-1-smb devstack@c-api.service[120814]: INFO cinder.api.openstack.wsgi [None req-1d9c3ce3-6c98-4e23-8ab4-f316437f1aaf tempest-GroupsTest-1308281597 tempest-GroupsTest-1308281597-project] http://10.222.0.48/volume/v3/5ce0ad5da9ed4727ade16a83ac38a359/volumes/ec743fd7-d90c-4e53-9bfd-5ec41d33395c returned with HTTP 404
Feb 02 16:00:27.764042 dv-cinder-827511-1-smb devstack@c-api.service[120814]: [pid: 120814|app: 0|req: 96/195] 10.222.0.48 () {60 vars in 1368 bytes} [Wed Feb 2 16:00:27 2022] DELETE /volume/v3/5ce0ad5da9ed4727ade16a83ac38a359/volumes/ec743fd7-d90c-4e53-9bfd-5ec41d33395c => generated 109 bytes in 74 msecs (HTTP/1.1 404) 7 headers in 293 bytes (1 switches on core 0)
Feb 02 16:00:27.778873 dv-cinder-827511-1-smb devstack@c-api.service[120814]: INFO cinder.api.openstack.wsgi [None req-c8c3c935-a0ac-410c-8f7a-ead18d0ff3ef tempest-GroupsTest-1955078829 tempest-GroupsTest-1955078829-project-admin] DELETE http://10.222.0.48/volume/v3/df0d2634ca214698a6b5597a9a308036/types/911098aa-58b5-4e91-98c2-0d7d68781893
Feb 02 16:00:27.779601 dv-cinder-827511-1-smb devstack@c-api.service[120814]: DEBUG cinder.api.openstack.wsgi [None req-c8c3c935-a0ac-410c-8f7a-ead18d0ff3ef tempest-GroupsTest-1955078829 tempest-GroupsTest-1955078829-project-admin] Empty body provided in request {{(pid=120814) get_body /opt/stack/cinder/cinder/api/openstack/wsgi.py:715}}
Feb 02 16:00:27.780262 dv-cinder-827511-1-smb devstack@c-api.service[120814]: DEBUG cinder.api.openstack.wsgi [None req-c8c3c935-a0ac-410c-8f7a-ead18d0ff3ef tempest-GroupsTest-1955078829 tempest-GroupsTest-1955078829-project-admin] Calling method '_delete' {{(pid=120814) _process_stack /opt/stack/cinder/cinder/api/openstack/wsgi.py:868}}
Feb 02 16:00:27.781058 dv-cinder-827511-1-smb devstack@c-api.service[120814]: /usr/local/lib/python3.8/dist-packages/oslo_context/context.py:105: DeprecationWarning: Policy enforcement is depending on the value of is_admin. This key is deprecated. Please update your policy file to use the standard policy values.
Feb 02 16:00:27.781058 dv-cinder-827511-1-smb devstack@c-api.service[120814]: warnings.warn('Policy enforcement is depending on the value of '
Feb 02 16:00:27.899276 dv-cinder-827511-1-smb devstack@c-api.service[120813]: WARNING cinder.quota [None req-37c63b7c-594d-4731-a892-2831020513dd tempest-GroupSnapshotsTest-631626051 tempest-GroupSnapshotsTest-631626051-project] Deprecated: Default quota for resource: volumes_tempest-GroupSnapshotsTest-volume-type-251327854 is set by the default quota flag: quota_volumes_tempest-GroupSnapshotsTest-volume-type-251327854, it is now deprecated. Please use the default quota class for default quota.
Feb 02 16:00:27.915731 dv-cinder-827511-1-smb devstack@c-api.service[120813]: WARNING cinder.quota [None req-37c63b7c-594d-4731-a892-2831020513dd tempest-GroupSnapshotsTest-631626051 tempest-GroupSnapshotsTest-631626051-project] Deprecated: Default quota for resource: gigabytes_tempest-GroupSnapshotsTest-volume-type-251327854 is set by the default quota flag: quota_gigabytes_tempest-GroupSnapshotsTest-volume-type-251327854, it is now deprecated. Please use the default quota class for default quota.
Feb 02 16:00:27.926725 dv-cinder-827511-1-smb devstack@c-api.service[120814]: INFO cinder.api.openstack.wsgi [None req-c8c3c935-a0ac-410c-8f7a-ead18d0ff3ef tempest-GroupsTest-1955078829 tempest-GroupsTest-1955078829-project-admin] http://10.222.0.48/volume/v3/df0d2634ca214698a6b5597a9a308036/types/911098aa-58b5-4e91-98c2-0d7d68781893 returned with HTTP 202
Feb 02 16:00:27.930630 dv-cinder-827511-1-smb devstack@c-api.service[120814]: [pid: 120814|app: 0|req: 97/196] 10.222.0.48 () {58 vars in 1321 bytes} [Wed Feb 2 16:00:27 2022] DELETE /volume/v3/df0d2634ca214698a6b5597a9a308036/types/911098aa-58b5-4e91-98c2-0d7d68781893 => generated 0 bytes in 161 msecs (HTTP/1.1 202) 6 headers in 233 bytes (2 switches on core 0)
Feb 02 16:00:27.948413 dv-cinder-827511-1-smb devstack@c-api.service[120814]: INFO cinder.api.openstack.wsgi [None req-fcff4b96-250a-4713-a933-41eea9d481ec tempest-GroupsTest-1955078829 tempest-GroupsTest-1955078829-project-admin] GET http://10.222.0.48/volume/v3/df0d2634ca214698a6b5597a9a308036/types/911098aa-58b5-4e91-98c2-0d7d68781893
Feb 02 16:00:27.951182 dv-cinder-827511-1-smb devstack@c-api.service[120814]: DEBUG cinder.api.openstack.wsgi [None req-fcff4b96-250a-4713-a933-41eea9d481ec tempest-GroupsTest-1955078829 tempest-GroupsTest-1955078829-project-admin] Empty body provided in request {{(pid=120814) get_body /opt/stack/cinder/cinder/api/openstack/wsgi.py:715}}
Feb 02 16:00:27.953445 dv-cinder-827511-1-smb devstack@c-api.service[120814]: DEBUG cinder.api.openstack.wsgi [None req-fcff4b96-250a-4713-a933-41eea9d481ec tempest-GroupsTest-1955078829 tempest-GroupsTest-1955078829-project-admin] Calling method 'show' {{(pid=120814) _process_stack /opt/stack/cinder/cinder/api/openstack/wsgi.py:868}}
Feb 02 16:00:27.978278 dv-cinder-827511-1-smb devstack@c-api.service[120814]: INFO cinder.api.openstack.wsgi [None req-fcff4b96-250a-4713-a933-41eea9d481ec tempest-GroupsTest-1955078829 tempest-GroupsTest-1955078829-project-admin] http://10.222.0.48/volume/v3/df0d2634ca214698a6b5597a9a308036/types/911098aa-58b5-4e91-98c2-0d7d68781893 returned with HTTP 404
Feb 02 16:00:27.989286 dv-cinder-827511-1-smb devstack@c-api.service[120813]: DEBUG cinder.quota [None req-37c63b7c-594d-4731-a892-2831020513dd tempest-GroupSnapshotsTest-631626051 tempest-GroupSnapshotsTest-631626051-project] Created reservations ['9bd06027-2150-4f1b-a5ab-0cf363059dc2', 'e4931335-4199-4d18-9611-9f95d03e2073', '71d66c40-4cc3-45c0-8778-a08edd01ea6d', '06602cba-bfe4-40c7-94a0-cf1964d6d581'] {{(pid=120813) reserve /opt/stack/cinder/cinder/quota.py:755}}
Feb 02 16:00:27.994250 dv-cinder-827511-1-smb devstack@c-api.service[120813]: DEBUG cinder.volume.api [None req-37c63b7c-594d-4731-a892-2831020513dd tempest-GroupSnapshotsTest-631626051 tempest-GroupSnapshotsTest-631626051-project] Task 'cinder.volume.flows.api.create_volume.QuotaReserveTask;volume:create' (433d73e8-b0ae-419d-9a90-92cf61deb9b6) transitioned into state 'SUCCESS' from state 'RUNNING' with result '{'reservations': ['9bd06027-2150-4f1b-a5ab-0cf363059dc2', 'e4931335-4199-4d18-9611-9f95d03e2073', '71d66c40-4cc3-45c0-8778-a08edd01ea6d', '06602cba-bfe4-40c7-94a0-cf1964d6d581']}' {{(pid=120813) _task_receiver /usr/local/lib/python3.8/dist-packages/taskflow/listeners/logging.py:178}}
Feb 02 16:00:27.996986 dv-cinder-827511-1-smb devstack@c-api.service[120814]: [pid: 120814|app: 0|req: 98/197] 10.222.0.48 () {58 vars in 1318 bytes} [Wed Feb 2 16:00:27 2022] GET /volume/v3/df0d2634ca214698a6b5597a9a308036/types/911098aa-58b5-4e91-98c2-0d7d68781893 => generated 114 bytes in 65 msecs (HTTP/1.1 404) 7 headers in 292 bytes (1 switches on core 0)
Feb 02 16:00:28.005234 dv-cinder-827511-1-smb devstack@c-api.service[120813]: DEBUG cinder.volume.api [None req-37c63b7c-594d-4731-a892-2831020513dd tempest-GroupSnapshotsTest-631626051 tempest-GroupSnapshotsTest-631626051-project] Task 'cinder.volume.flows.api.create_volume.EntryCreateTask;volume:create' (f0bf6d4f-cc2c-4f3d-8262-764bb4590d24) transitioned into state 'RUNNING' from state 'PENDING' {{(pid=120813) _task_receiver /usr/local/lib/python3.8/dist-packages/taskflow/listeners/logging.py:190}}
Feb 02 16:00:28.007256 dv-cinder-827511-1-smb devstack@c-api.service[120814]: INFO cinder.api.openstack.wsgi [None req-826814e9-ce97-4792-a419-be4afc31e922 tempest-GroupsTest-1955078829 tempest-GroupsTest-1955078829-project-admin] DELETE http://10.222.0.48/volume/v3/df0d2634ca214698a6b5597a9a308036/types/4d6cc46b-1cf0-4da8-876c-00ec9c8e53d5
Feb 02 16:00:28.007751 dv-cinder-827511-1-smb devstack@c-api.service[120814]: DEBUG cinder.api.openstack.wsgi [None req-826814e9-ce97-4792-a419-be4afc31e922 tempest-GroupsTest-1955078829 tempest-GroupsTest-1955078829-project-admin] Empty body provided in request {{(pid=120814) get_body /opt/stack/cinder/cinder/api/openstack/wsgi.py:715}}
Feb 02 16:00:28.010174 dv-cinder-827511-1-smb devstack@c-api.service[120814]: DEBUG cinder.api.openstack.wsgi [None req-826814e9-ce97-4792-a419-be4afc31e922 tempest-GroupsTest-1955078829 tempest-GroupsTest-1955078829-project-admin] Calling method '_delete' {{(pid=120814) _process_stack /opt/stack/cinder/cinder/api/openstack/wsgi.py:868}}
