Feb 02 15:54:18.182595 dv-cinder-827511-1-iscsi neutron-server[109039]: DEBUG neutron.pecan_wsgi.hooks.policy_enforcement [req-b849f9bb-1ec5-4488-a204-1924a333e8f9 req-6df5d626-5f3f-472a-af8a-457478ad2383 tempest-DeleteServersTestJSON-361906564 tempest-DeleteServersTestJSON-361906564-project] Attributes excluded by policy engine: ['standard_attr_id', 'binding:profile', 'binding:host_id', 'binding:vif_type', 'binding:vif_details'] {{(pid=109039) _exclude_attributes_by_policy /opt/stack/neutron/neutron/pecan_wsgi/hooks/policy_enforcement.py:255}}
Feb 02 15:54:18.183976 dv-cinder-827511-1-iscsi neutron-server[109040]: DEBUG neutron.plugins.ml2.db [None req-abc84cc2-21fc-42c9-b574-8345a80ca34e None None] For port 07bda9a9-5405-4d9f-bb29-c929ef3b4f5a, host hv-cinder-82751, got binding levels [PortBindingLevel(driver='hyperv',host='hv-cinder-82751',level=0,port_id=07bda9a9-5405-4d9f-bb29-c929ef3b4f5a,segment=NetworkSegment(d4271925-4f0b-46e8-8c1e-4498d24f9aea),segment_id=d4271925-4f0b-46e8-8c1e-4498d24f9aea)] {{(pid=109040) get_binding_level_objs /opt/stack/neutron/neutron/plugins/ml2/db.py:74}}
Feb 02 15:54:18.184097 dv-cinder-827511-1-iscsi neutron-server[109039]: INFO neutron.wsgi [req-b849f9bb-1ec5-4488-a204-1924a333e8f9 req-6df5d626-5f3f-472a-af8a-457478ad2383 tempest-DeleteServersTestJSON-361906564 tempest-DeleteServersTestJSON-361906564-project] 10.222.0.112 "GET /v2.0/ports?device_id=300f2d43-0f6d-441a-9332-bf2c3c2dabd8 HTTP/1.1" status: 200 len: 944 time: 0.0513713
Feb 02 15:54:18.215109 dv-cinder-827511-1-iscsi neutron-server[109040]: DEBUG neutron.plugins.ml2.rpc [None req-abc84cc2-21fc-42c9-b574-8345a80ca34e None None] Returning: {'device': '07bda9a9-5405-4d9f-bb29-c929ef3b4f5a', 'network_id': 'aef6e1da-59e7-4b2f-bb61-abef1a5ae2ca', 'port_id': '07bda9a9-5405-4d9f-bb29-c929ef3b4f5a', 'mac_address': 'fa:16:3e:c1:f9:16', 'admin_state_up': True, 'network_type': 'vlan', 'segmentation_id': 985, 'physical_network': 'physnet1', 'mtu': 1500, 'fixed_ips': [{'subnet_id': '6bef7920-00cb-4a69-a6a7-9d6da3eabd36', 'ip_address': '172.20.0.9'}], 'device_owner': 'compute:nova', 'allowed_address_pairs': [], 'port_security_enabled': True, 'qos_policy_id': None, 'network_qos_policy_id': None, 'profile': {}, 'propagate_uplink_status': False} {{(pid=109040) _get_device_details /opt/stack/neutron/neutron/plugins/ml2/rpc.py:184}}
Feb 02 15:54:18.232909 dv-cinder-827511-1-iscsi neutron-server[109039]: INFO neutron.wsgi [req-b849f9bb-1ec5-4488-a204-1924a333e8f9 req-1946e31a-8cdf-4cba-b59a-3ed8f06b4134 tempest-DeleteServersTestJSON-361906564 tempest-DeleteServersTestJSON-361906564-project] 10.222.0.112 "GET /v2.0/security-groups?id=6cab17ab-0e38-420c-80af-f3ff870192d4&fields=id&fields=name HTTP/1.1" status: 200 len: 286 time: 0.0427384
Feb 02 15:54:18.298346 dv-cinder-827511-1-iscsi neutron-server[109040]: DEBUG neutron.plugins.ml2.plugin [None req-abc84cc2-21fc-42c9-b574-8345a80ca34e None None] Current status of the port 07bda9a9-5405-4d9f-bb29-c929ef3b4f5a is: DOWN; New status is: BUILD {{(pid=109040) _update_individual_port_db_status /opt/stack/neutron/neutron/plugins/ml2/plugin.py:2238}}
Feb 02 15:54:18.298733 dv-cinder-827511-1-iscsi neutron-server[109040]: DEBUG neutron_lib.callbacks.manager [None req-abc84cc2-21fc-42c9-b574-8345a80ca34e None None] Publish callbacks ['neutron.plugins.ml2.plugin.SecurityGroupDbMixin._ensure_default_security_group_handler-1557999'] for port (07bda9a9-5405-4d9f-bb29-c929ef3b4f5a), before_update {{(pid=109040) _notify_loop /usr/local/lib/python3.8/dist-packages/neutron_lib/callbacks/manager.py:176}}
Feb 02 15:54:18.320254 dv-cinder-827511-1-iscsi neutron-server[109040]: DEBUG neutron.notifiers.nova [None req-abc84cc2-21fc-42c9-b574-8345a80ca34e None None] Ignoring state change previous_port_status: DOWN current_port_status: BUILD port_id 07bda9a9-5405-4d9f-bb29-c929ef3b4f5a {{(pid=109040) record_port_status_changed /opt/stack/neutron/neutron/notifiers/nova.py:228}}
Feb 02 15:54:18.359379 dv-cinder-827511-1-iscsi neutron-server[109040]: DEBUG neutron.plugins.ml2.db [None req-abc84cc2-21fc-42c9-b574-8345a80ca34e None None] For port 07bda9a9-5405-4d9f-bb29-c929ef3b4f5a, host hv-cinder-82751, got binding levels [PortBindingLevel(driver='hyperv',host='hv-cinder-82751',level=0,port_id=07bda9a9-5405-4d9f-bb29-c929ef3b4f5a,segment=NetworkSegment(d4271925-4f0b-46e8-8c1e-4498d24f9aea),segment_id=d4271925-4f0b-46e8-8c1e-4498d24f9aea)] {{(pid=109040) get_binding_level_objs /opt/stack/neutron/neutron/plugins/ml2/db.py:74}}
Feb 02 15:54:18.367202 dv-cinder-827511-1-iscsi neutron-server[109040]: DEBUG neutron_lib.callbacks.manager [None req-abc84cc2-21fc-42c9-b574-8345a80ca34e None None] Publish callbacks ['neutron.plugins.ml2.plugin.SecurityGroupServerNotifierRpcMixin._notify_sg_on_port_change-1563356', 'neutron.plugins.ml2.ovo_rpc._ObjectChangeHandler.handle_event-521845', 'neutron.api.rpc.agentnotifiers.dhcp_rpc_agent_api.DhcpAgentNotifyAPI._native_event_send_dhcp_notification-8109529', 'neutron.db.l3_db.L3RpcNotifierMixin._notify_gateway_port_ip_changed-8791047584485', 'neutron.db.l3_dvrscheduler_db._notify_l3_agent_port_update-8791047106371', 'neutron.db.l3_hascheduler_db._notify_l3_agent_ha_port_update-8791047106389'] for port (07bda9a9-5405-4d9f-bb29-c929ef3b4f5a), after_update {{(pid=109040) _notify_loop /usr/local/lib/python3.8/dist-packages/neutron_lib/callbacks/manager.py:176}}
Feb 02 15:54:18.436343 dv-cinder-827511-1-iscsi neutron-server[109040]: DEBUG neutron.api.rpc.handlers.resources_rpc [None req-abc84cc2-21fc-42c9-b574-8345a80ca34e None None] Pushing event updated for resources: {'Port': ['ID=07bda9a9-5405-4d9f-bb29-c929ef3b4f5a,revision_number=4']} {{(pid=109040) push /opt/stack/neutron/neutron/api/rpc/handlers/resources_rpc.py:237}}
Feb 02 15:54:18.726410 dv-cinder-827511-1-iscsi neutron-server[109040]: DEBUG neutron.plugins.ml2.db [None req-abc84cc2-21fc-42c9-b574-8345a80ca34e None None] get_ports_and_sgs() called for port_ids ['07bda9a9-5405-4d9f-bb29-c929ef3b4f5a'] {{(pid=109040) get_ports_and_sgs /opt/stack/neutron/neutron/plugins/ml2/db.py:156}}
Feb 02 15:54:19.151956 dv-cinder-827511-1-iscsi neutron-server[109039]: DEBUG neutron.pecan_wsgi.hooks.policy_enforcement [req-de2dc81a-db59-4d67-ac00-068b538cba74 req-fd176103-66e2-4ec2-9faf-4a38a324c7c3 tempest-AttachVolumeShelveTestJSON-1112866137 tempest-AttachVolumeShelveTestJSON-1112866137-project] Attributes excluded by policy engine: ['standard_attr_id', 'binding:profile', 'binding:host_id', 'binding:vif_type', 'binding:vif_details'] {{(pid=109039) _exclude_attributes_by_policy /opt/stack/neutron/neutron/pecan_wsgi/hooks/policy_enforcement.py:255}}
Feb 02 15:54:19.153528 dv-cinder-827511-1-iscsi neutron-server[109039]: INFO neutron.wsgi [req-de2dc81a-db59-4d67-ac00-068b538cba74 req-fd176103-66e2-4ec2-9faf-4a38a324c7c3 tempest-AttachVolumeShelveTestJSON-1112866137 tempest-AttachVolumeShelveTestJSON-1112866137-project] 10.222.0.112 "GET /v2.0/ports?device_id=dbab2a9b-59f4-4d9b-a34a-f5b1448b689c HTTP/1.1" status: 200 len: 943 time: 0.1121848
Feb 02 15:54:19.179565 dv-cinder-827511-1-iscsi neutron-server[109039]: DEBUG neutron.pecan_wsgi.hooks.policy_enforcement [req-afd47b7f-9df3-486c-9991-1db60a9c0c75 req-63692820-4def-4ba7-84de-b274a568ee66 tempest-ServerRescueNegativeTestJSON-659577800 tempest-ServerRescueNegativeTestJSON-659577800-project] Attributes excluded by policy engine: ['standard_attr_id', 'binding:profile', 'binding:host_id', 'binding:vif_type', 'binding:vif_details'] {{(pid=109039) _exclude_attributes_by_policy /opt/stack/neutron/neutron/pecan_wsgi/hooks/policy_enforcement.py:255}}
Feb 02 15:54:19.182370 dv-cinder-827511-1-iscsi neutron-server[109039]: INFO neutron.wsgi [req-afd47b7f-9df3-486c-9991-1db60a9c0c75 req-63692820-4def-4ba7-84de-b274a568ee66 tempest-ServerRescueNegativeTestJSON-659577800 tempest-ServerRescueNegativeTestJSON-659577800-project] 10.222.0.112 "GET /v2.0/ports?device_id=6cd30118-ebf5-46bb-a080-c704d898b585 HTTP/1.1" status: 200 len: 944 time: 0.0940962
Feb 02 15:54:19.196406 dv-cinder-827511-1-iscsi neutron-server[109040]: DEBUG neutron_lib.callbacks.manager [None req-27446e40-074d-4bf3-94c8-e4e4427588eb None None] Publish callbacks ['neutron.services.segments.db._update_segment_host_mapping_for_agent-8791047536779', 'neutron.plugins.ml2.plugin.Ml2Plugin._retry_binding_revived_agents-1478309'] for agent (b5af8d0a-fb73-41c0-8b14-396d0b8fc477), after_update {{(pid=109040) _notify_loop /usr/local/lib/python3.8/dist-packages/neutron_lib/callbacks/manager.py:176}}
Feb 02 15:54:19.262947 dv-cinder-827511-1-iscsi neutron-server[109039]: INFO neutron.wsgi [req-de2dc81a-db59-4d67-ac00-068b538cba74 req-08a595bc-6233-4dce-83ed-9ab580d7e806 tempest-AttachVolumeShelveTestJSON-1112866137 tempest-AttachVolumeShelveTestJSON-1112866137-project] 10.222.0.112 "GET /v2.0/security-groups?id=a1db4645-04c0-4bf1-93de-221b46388677&fields=id&fields=name HTTP/1.1" status: 200 len: 312 time: 0.0997796
Feb 02 15:54:19.287175 dv-cinder-827511-1-iscsi neutron-server[109039]: INFO neutron.wsgi [req-afd47b7f-9df3-486c-9991-1db60a9c0c75 req-bfeae2b2-0a73-4007-891d-7bda142ab847 tempest-ServerRescueNegativeTestJSON-659577800 tempest-ServerRescueNegativeTestJSON-659577800-project] 10.222.0.112 "GET /v2.0/security-groups?id=a5adbaa4-00a8-4ffd-81e4-bccc96a1ffee&fields=id&fields=name HTTP/1.1" status: 200 len: 286 time: 0.0950363
Feb 02 15:54:19.446668 dv-cinder-827511-1-iscsi neutron-server[109039]: DEBUG neutron.pecan_wsgi.hooks.policy_enforcement [req-c1a1dff8-5ffd-4ded-8cbb-3fec013f842e req-1bad8128-a248-4196-8c5f-34f209cdf6b6 tempest-DeleteServersTestJSON-361906564 tempest-DeleteServersTestJSON-361906564-project] Attributes excluded by policy engine: ['standard_attr_id', 'binding:profile', 'binding:host_id', 'binding:vif_type', 'binding:vif_details'] {{(pid=109039) _exclude_attributes_by_policy /opt/stack/neutron/neutron/pecan_wsgi/hooks/policy_enforcement.py:255}}
Feb 02 15:54:19.448195 dv-cinder-827511-1-iscsi neutron-server[109039]: INFO neutron.wsgi [req-c1a1dff8-5ffd-4ded-8cbb-3fec013f842e req-1bad8128-a248-4196-8c5f-34f209cdf6b6 tempest-DeleteServersTestJSON-361906564 tempest-DeleteServersTestJSON-361906564-project] 10.222.0.112 "GET /v2.0/ports?device_id=300f2d43-0f6d-441a-9332-bf2c3c2dabd8 HTTP/1.1" status: 200 len: 944 time: 0.0736465
Feb 02 15:54:19.507231 dv-cinder-827511-1-iscsi neutron-server[109039]: INFO neutron.wsgi [req-c1a1dff8-5ffd-4ded-8cbb-3fec013f842e req-3c704e7c-37e9-4ec0-88de-7e968a633b11 tempest-DeleteServersTestJSON-361906564 tempest-DeleteServersTestJSON-361906564-project] 10.222.0.112 "GET /v2.0/security-groups?id=6cab17ab-0e38-420c-80af-f3ff870192d4&fields=id&fields=name HTTP/1.1" status: 200 len: 286 time: 0.0510983
Feb 02 15:54:19.539849 dv-cinder-827511-1-iscsi neutron-server[109038]: DEBUG neutron.wsgi [-] (109038) accepted ('10.222.0.112', 57288) {{(pid=109038) server /usr/local/lib/python3.8/dist-packages/eventlet/wsgi.py:1004}}
Feb 02 15:54:19.649765 dv-cinder-827511-1-iscsi neutron-server[109038]: DEBUG neutron_lib.callbacks.manager [None req-7fe81296-b5ac-4ed8-a562-8a4f610fca7f admin admin] Publish callbacks [] for security_group (None), before_create {{(pid=109038) _notify_loop /usr/local/lib/python3.8/dist-packages/neutron_lib/callbacks/manager.py:176}}
Feb 02 15:54:19.722809 dv-cinder-827511-1-iscsi neutron-server[109038]: DEBUG neutron_lib.callbacks.manager [None req-7fe81296-b5ac-4ed8-a562-8a4f610fca7f admin admin] Publish callbacks [] for security_group (85516faf-2b75-4b0a-a34d-db25df022e05), precommit_create {{(pid=109038) _notify_loop /usr/local/lib/python3.8/dist-packages/neutron_lib/callbacks/manager.py:176}}
Feb 02 15:54:19.726824 dv-cinder-827511-1-iscsi neutron-server[109038]: DEBUG neutron_lib.callbacks.manager [None req-7fe81296-b5ac-4ed8-a562-8a4f610fca7f admin admin] Publish callbacks ['neutron.plugins.ml2.ovo_rpc._ObjectChangeHandler.handle_event-7989129'] for security_group (85516faf-2b75-4b0a-a34d-db25df022e05), after_create {{(pid=109038) _notify_loop /usr/local/lib/python3.8/dist-packages/neutron_lib/callbacks/manager.py:176}}
Feb 02 15:54:19.765136 dv-cinder-827511-1-iscsi neutron-server[109038]: INFO neutron.wsgi [None req-7fe81296-b5ac-4ed8-a562-8a4f610fca7f admin admin] 10.222.0.112 "GET /v2.0/security-groups?tenant_id=e5a42e12e2c549d9aa1aab96cb7962db&name=default HTTP/1.1" status: 200 len: 2996 time: 0.2241285
Feb 02 15:54:19.766256 dv-cinder-827511-1-iscsi neutron-server[109038]: DEBUG neutron.api.rpc.handlers.resources_rpc [None req-7fe81296-b5ac-4ed8-a562-8a4f610fca7f admin admin] Pushing event updated for resources: {'SecurityGroup': ['ID=85516faf-2b75-4b0a-a34d-db25df022e05,revision_number=1']} {{(pid=109038) push /opt/stack/neutron/neutron/api/rpc/handlers/resources_rpc.py:237}}
Feb 02 15:54:19.767817 dv-cinder-827511-1-iscsi neutron-server[109039]: DEBUG neutron.wsgi [-] (109039) accepted ('10.222.0.112', 57294) {{(pid=109039) server /usr/local/lib/python3.8/dist-packages/eventlet/wsgi.py:1004}}
Feb 02 15:54:19.819788 dv-cinder-827511-1-iscsi neutron-server[109039]: DEBUG neutron_lib.callbacks.manager [None req-13463373-d754-4ccb-bdd4-dd8d104f9647 admin admin] Publish callbacks [] for security_group (85516faf-2b75-4b0a-a34d-db25df022e05), before_delete {{(pid=109039) _notify_loop /usr/local/lib/python3.8/dist-packages/neutron_lib/callbacks/manager.py:176}}
Feb 02 15:54:19.841349 dv-cinder-827511-1-iscsi neutron-server[109039]: DEBUG neutron_lib.callbacks.manager [None req-13463373-d754-4ccb-bdd4-dd8d104f9647 admin admin] Publish callbacks [] for security_group (85516faf-2b75-4b0a-a34d-db25df022e05), precommit_delete {{(pid=109039) _notify_loop /usr/local/lib/python3.8/dist-packages/neutron_lib/callbacks/manager.py:176}}
Feb 02 15:54:19.890130 dv-cinder-827511-1-iscsi neutron-server[109039]: DEBUG neutron_lib.callbacks.manager [None req-13463373-d754-4ccb-bdd4-dd8d104f9647 admin admin] Publish callbacks ['neutron.plugins.ml2.ovo_rpc._ObjectChangeHandler.handle_event-7989129'] for security_group (85516faf-2b75-4b0a-a34d-db25df022e05), after_delete {{(pid=109039) _notify_loop /usr/local/lib/python3.8/dist-packages/neutron_lib/callbacks/manager.py:176}}
Feb 02 15:54:19.892740 dv-cinder-827511-1-iscsi neutron-server[109039]: DEBUG neutron_lib.callbacks.manager [None req-13463373-d754-4ccb-bdd4-dd8d104f9647 admin admin] Publish callbacks [] for security_group (None), before_response {{(pid=109039) _notify_loop /usr/local/lib/python3.8/dist-packages/neutron_lib/callbacks/manager.py:176}}
Feb 02 15:54:19.893948 dv-cinder-827511-1-iscsi neutron-server[109039]: INFO neutron.wsgi [None req-13463373-d754-4ccb-bdd4-dd8d104f9647 admin admin] 10.222.0.112 "DELETE /v2.0/security-groups/85516faf-2b75-4b0a-a34d-db25df022e05 HTTP/1.1" status: 204 len: 168 time: 0.1250973
Feb 02 15:54:19.904060 dv-cinder-827511-1-iscsi neutron-server[109039]: DEBUG neutron.api.rpc.handlers.resources_rpc [None req-13463373-d754-4ccb-bdd4-dd8d104f9647 admin admin] Pushing event deleted for resources: {'SecurityGroup': ['ID=85516faf-2b75-4b0a-a34d-db25df022e05,revision_number=None']} {{(pid=109039) push /opt/stack/neutron/neutron/api/rpc/handlers/resources_rpc.py:237}}
Feb 02 15:54:20.035917 dv-cinder-827511-1-iscsi neutron-server[109040]: DEBUG neutron.plugins.ml2.rpc [None req-abc84cc2-21fc-42c9-b574-8345a80ca34e None None] Device 4d16a98d-2508-49b3-ab25-411a471febe1 details requested by agent hyperv_hv-cinder-82751 with host hv-cinder-82751 {{(pid=109040) get_device_details /opt/stack/neutron/neutron/plugins/ml2/rpc.py:102}}
Feb 02 15:54:20.064559 dv-cinder-827511-1-iscsi neutron-server[109040]: DEBUG neutron.plugins.ml2.rpc [None req-abc84cc2-21fc-42c9-b574-8345a80ca34e None None] Device ab5a759f-a148-478b-8616-e4749ee00ce6 up at agent hyperv_hv-cinder-82751 {{(pid=109040) update_device_up /opt/stack/neutron/neutron/plugins/ml2/rpc.py:296}}
Feb 02 15:54:20.252276 dv-cinder-827511-1-iscsi neutron-server[109039]: DEBUG neutron.wsgi [-] (109039) accepted ('10.222.0.112', 57310) {{(pid=109039) server /usr/local/lib/python3.8/dist-packages/eventlet/wsgi.py:1004}}
Feb 02 15:54:20.268187 dv-cinder-827511-1-iscsi neutron-server[109039]: DEBUG neutron_lib.callbacks.manager [None req-f74812b4-f80c-44d2-ae09-ae05a6d4b09f admin admin] Publish callbacks [] for security_group (None), before_create {{(pid=109039) _notify_loop /usr/local/lib/python3.8/dist-packages/neutron_lib/callbacks/manager.py:176}}
Feb 02 15:54:20.384706 dv-cinder-827511-1-iscsi neutron-server[109039]: DEBUG neutron_lib.callbacks.manager [None req-f74812b4-f80c-44d2-ae09-ae05a6d4b09f admin admin] Publish callbacks [] for security_group (c42c0425-90d8-4cd6-af81-7f162e2785ad), precommit_create {{(pid=109039) _notify_loop /usr/local/lib/python3.8/dist-packages/neutron_lib/callbacks/manager.py:176}}
Feb 02 15:54:20.399682 dv-cinder-827511-1-iscsi neutron-server[109040]: DEBUG neutron.db.provisioning_blocks [None req-abc84cc2-21fc-42c9-b574-8345a80ca34e None None] Provisioning for port ab5a759f-a148-478b-8616-e4749ee00ce6 completed by entity L2. {{(pid=109040) provisioning_complete /opt/stack/neutron/neutron/db/provisioning_blocks.py:133}}
Feb 02 15:54:20.406421 dv-cinder-827511-1-iscsi neutron-server[109039]: DEBUG neutron_lib.callbacks.manager [None req-f74812b4-f80c-44d2-ae09-ae05a6d4b09f admin admin] Publish callbacks ['neutron.plugins.ml2.ovo_rpc._ObjectChangeHandler.handle_event-7989129'] for security_group (c42c0425-90d8-4cd6-af81-7f162e2785ad), after_create {{(pid=109039) _notify_loop /usr/local/lib/python3.8/dist-packages/neutron_lib/callbacks/manager.py:176}}
Feb 02 15:54:20.411603 dv-cinder-827511-1-iscsi neutron-server[109040]: DEBUG neutron.plugins.ml2.db [None req-abc84cc2-21fc-42c9-b574-8345a80ca34e None None] For port 4d16a98d-2508-49b3-ab25-411a471febe1, host hv-cinder-82751, got binding levels [PortBindingLevel(driver='hyperv',host='hv-cinder-82751',level=0,port_id=4d16a98d-2508-49b3-ab25-411a471febe1,segment=NetworkSegment(72c8047b-a40f-40bf-b022-6f2ccec93ad0),segment_id=72c8047b-a40f-40bf-b022-6f2ccec93ad0)] {{(pid=109040) get_binding_level_objs /opt/stack/neutron/neutron/plugins/ml2/db.py:74}}
Feb 02 15:54:20.415783 dv-cinder-827511-1-iscsi neutron-server[109040]: DEBUG neutron.db.provisioning_blocks [None req-abc84cc2-21fc-42c9-b574-8345a80ca34e None None] Provisioning complete for port ab5a759f-a148-478b-8616-e4749ee00ce6 triggered by entity L2. {{(pid=109040) provisioning_complete /opt/stack/neutron/neutron/db/provisioning_blocks.py:139}}
Feb 02 15:54:20.416542 dv-cinder-827511-1-iscsi neutron-server[109040]: DEBUG neutron_lib.callbacks.manager [None req-abc84cc2-21fc-42c9-b574-8345a80ca34e None None] Publish callbacks ['neutron.plugins.ml2.plugin.Ml2Plugin._port_provisioned-1478147'] for port (ab5a759f-a148-478b-8616-e4749ee00ce6), provisioning_complete {{(pid=109040) _notify_loop /usr/local/lib/python3.8/dist-packages/neutron_lib/callbacks/manager.py:176}}
Feb 02 15:54:20.452920 dv-cinder-827511-1-iscsi neutron-server[109038]: DEBUG neutron.wsgi [-] (109038) accepted ('10.222.0.112', 57328) {{(pid=109038) server /usr/local/lib/python3.8/dist-packages/eventlet/wsgi.py:1004}}
Feb 02 15:54:20.463515 dv-cinder-827511-1-iscsi neutron-server[109040]: DEBUG neutron.plugins.ml2.rpc [None req-abc84cc2-21fc-42c9-b574-8345a80ca34e None None] Returning: {'device': '4d16a98d-2508-49b3-ab25-411a471febe1', 'network_id': 'b0953c76-584e-4cc9-bd10-70c56077e5e6', 'port_id': '4d16a98d-2508-49b3-ab25-411a471febe1', 'mac_address': 'fa:16:3e:3d:48:2e', 'admin_state_up': True, 'network_type': 'vlan', 'segmentation_id': 988, 'physical_network': 'physnet1', 'mtu': 1500, 'fixed_ips': [{'subnet_id': 'f5347cd5-2ddb-4574-9672-af43239849ac', 'ip_address': '172.20.0.8'}], 'device_owner': 'compute:nova', 'allowed_address_pairs': [], 'port_security_enabled': True, 'qos_policy_id': None, 'network_qos_policy_id': None, 'profile': {}, 'propagate_uplink_status': False} {{(pid=109040) _get_device_details /opt/stack/neutron/neutron/plugins/ml2/rpc.py:184}}
Feb 02 15:54:20.513512 dv-cinder-827511-1-iscsi neutron-server[109040]: DEBUG neutron.plugins.ml2.plugin [None req-abc84cc2-21fc-42c9-b574-8345a80ca34e None None] Current status of the port 4d16a98d-2508-49b3-ab25-411a471febe1 is: DOWN; New status is: BUILD {{(pid=109040) _update_individual_port_db_status /opt/stack/neutron/neutron/plugins/ml2/plugin.py:2238}}
Feb 02 15:54:20.513909 dv-cinder-827511-1-iscsi neutron-server[109040]: DEBUG neutron_lib.callbacks.manager [None req-abc84cc2-21fc-42c9-b574-8345a80ca34e None None] Publish callbacks ['neutron.plugins.ml2.plugin.SecurityGroupDbMixin._ensure_default_security_group_handler-1557999'] for port (4d16a98d-2508-49b3-ab25-411a471febe1), before_update {{(pid=109040) _notify_loop /usr/local/lib/python3.8/dist-packages/neutron_lib/callbacks/manager.py:176}}
Feb 02 15:54:20.534525 dv-cinder-827511-1-iscsi neutron-server[109040]: DEBUG neutron.notifiers.nova [None req-abc84cc2-21fc-42c9-b574-8345a80ca34e None None] Ignoring state change previous_port_status: DOWN current_port_status: BUILD port_id 4d16a98d-2508-49b3-ab25-411a471febe1 {{(pid=109040) record_port_status_changed /opt/stack/neutron/neutron/notifiers/nova.py:228}}
Feb 02 15:54:20.541554 dv-cinder-827511-1-iscsi neutron-server[109039]: INFO neutron.wsgi [None req-f74812b4-f80c-44d2-ae09-ae05a6d4b09f admin admin] 10.222.0.112 "GET /v2.0/security-groups?tenant_id=f22119986eb248468a427d32e835a45f&name=default HTTP/1.1" status: 200 len: 2996 time: 0.2880790
Feb 02 15:54:20.543245 dv-cinder-827511-1-iscsi neutron-server[109039]: DEBUG neutron.api.rpc.handlers.resources_rpc [None req-f74812b4-f80c-44d2-ae09-ae05a6d4b09f admin admin] Pushing event updated for resources: {'SecurityGroup': ['ID=c42c0425-90d8-4cd6-af81-7f162e2785ad,revision_number=1']} {{(pid=109039) push /opt/stack/neutron/neutron/api/rpc/handlers/resources_rpc.py:237}}
Feb 02 15:54:20.544426 dv-cinder-827511-1-iscsi neutron-server[109038]: DEBUG neutron.wsgi [-] (109038) accepted ('10.222.0.112', 57338) {{(pid=109038) server /usr/local/lib/python3.8/dist-packages/eventlet/wsgi.py:1004}}
Feb 02 15:54:20.557981 dv-cinder-827511-1-iscsi neutron-server[109040]: DEBUG neutron.plugins.ml2.db [None req-abc84cc2-21fc-42c9-b574-8345a80ca34e None None] For port 4d16a98d-2508-49b3-ab25-411a471febe1, host hv-cinder-82751, got binding levels [PortBindingLevel(driver='hyperv',host='hv-cinder-82751',level=0,port_id=4d16a98d-2508-49b3-ab25-411a471febe1,segment=NetworkSegment(72c8047b-a40f-40bf-b022-6f2ccec93ad0),segment_id=72c8047b-a40f-40bf-b022-6f2ccec93ad0)] {{(pid=109040) get_binding_level_objs /opt/stack/neutron/neutron/plugins/ml2/db.py:74}}
Feb 02 15:54:20.572609 dv-cinder-827511-1-iscsi neutron-server[109040]: DEBUG neutron_lib.callbacks.manager [None req-abc84cc2-21fc-42c9-b574-8345a80ca34e None None] Publish callbacks ['neutron.plugins.ml2.plugin.SecurityGroupServerNotifierRpcMixin._notify_sg_on_port_change-1563356', 'neutron.plugins.ml2.ovo_rpc._ObjectChangeHandler.handle_event-521845', 'neutron.api.rpc.agentnotifiers.dhcp_rpc_agent_api.DhcpAgentNotifyAPI._native_event_send_dhcp_notification-8109529', 'neutron.db.l3_db.L3RpcNotifierMixin._notify_gateway_port_ip_changed-8791047584485', 'neutron.db.l3_dvrscheduler_db._notify_l3_agent_port_update-8791047106371', 'neutron.db.l3_hascheduler_db._notify_l3_agent_ha_port_update-8791047106389'] for port (4d16a98d-2508-49b3-ab25-411a471febe1), after_update {{(pid=109040) _notify_loop /usr/local/lib/python3.8/dist-packages/neutron_lib/callbacks/manager.py:176}}
Feb 02 15:54:20.573317 dv-cinder-827511-1-iscsi neutron-server[109040]: DEBUG neutron.plugins.ml2.rpc [None req-abc84cc2-21fc-42c9-b574-8345a80ca34e None None] Device 853ee009-59c0-4bb8-a9f2-a81aebd05c49 details requested by agent hyperv_hv-cinder-82751 with host hv-cinder-82751 {{(pid=109040) get_device_details /opt/stack/neutron/neutron/plugins/ml2/rpc.py:102}}
Feb 02 15:54:20.581016 dv-cinder-827511-1-iscsi neutron-server[109039]: DEBUG neutron.pecan_wsgi.hooks.policy_enforcement [req-a2658c43-60ec-44a2-8d0e-cfd926fff683 req-6e62ee8d-6c64-4f0e-b700-ae8231849609 tempest-AttachVolumeShelveTestJSON-1112866137 tempest-AttachVolumeShelveTestJSON-1112866137-project] Attributes excluded by policy engine: ['standard_attr_id', 'binding:profile', 'binding:host_id', 'binding:vif_type', 'binding:vif_details'] {{(pid=109039) _exclude_attributes_by_policy /opt/stack/neutron/neutron/pecan_wsgi/hooks/policy_enforcement.py:255}}
Feb 02 15:54:20.582831 dv-cinder-827511-1-iscsi neutron-server[109039]: INFO neutron.wsgi [req-a2658c43-60ec-44a2-8d0e-cfd926fff683 req-6e62ee8d-6c64-4f0e-b700-ae8231849609 tempest-AttachVolumeShelveTestJSON-1112866137 tempest-AttachVolumeShelveTestJSON-1112866137-project] 10.222.0.112 "GET /v2.0/ports?device_id=dbab2a9b-59f4-4d9b-a34a-f5b1448b689c HTTP/1.1" status: 200 len: 943 time: 0.1522074
Feb 02 15:54:20.594794 dv-cinder-827511-1-iscsi neutron-server[109039]: DEBUG neutron.pecan_wsgi.hooks.policy_enforcement [req-bc55f397-5e9a-49d8-a1de-d9c9ae5dc20e req-9f1fd71f-01c0-4a18-b110-3926729cbdac tempest-ServerRescueNegativeTestJSON-659577800 tempest-ServerRescueNegativeTestJSON-659577800-project] Attributes excluded by policy engine: ['standard_attr_id', 'binding:profile', 'binding:host_id', 'binding:vif_type', 'binding:vif_details'] {{(pid=109039) _exclude_attributes_by_policy /opt/stack/neutron/neutron/pecan_wsgi/hooks/policy_enforcement.py:255}}
Feb 02 15:54:20.596511 dv-cinder-827511-1-iscsi neutron-server[109039]: INFO neutron.wsgi [req-bc55f397-5e9a-49d8-a1de-d9c9ae5dc20e req-9f1fd71f-01c0-4a18-b110-3926729cbdac tempest-ServerRescueNegativeTestJSON-659577800 tempest-ServerRescueNegativeTestJSON-659577800-project] 10.222.0.112 "GET /v2.0/ports?device_id=6cd30118-ebf5-46bb-a080-c704d898b585 HTTP/1.1" status: 200 len: 944 time: 0.1454639
Feb 02 15:54:20.651320 dv-cinder-827511-1-iscsi neutron-server[109040]: DEBUG neutron.plugins.ml2.plugin [None req-abc84cc2-21fc-42c9-b574-8345a80ca34e None None] Current status of the port ab5a759f-a148-478b-8616-e4749ee00ce6 is: BUILD; New status is: ACTIVE {{(pid=109040) _update_individual_port_db_status /opt/stack/neutron/neutron/plugins/ml2/plugin.py:2238}}
Feb 02 15:54:20.651721 dv-cinder-827511-1-iscsi neutron-server[109040]: DEBUG neutron_lib.callbacks.manager [None req-abc84cc2-21fc-42c9-b574-8345a80ca34e None None] Publish callbacks ['neutron.plugins.ml2.plugin.SecurityGroupDbMixin._ensure_default_security_group_handler-1557999'] for port (ab5a759f-a148-478b-8616-e4749ee00ce6), before_update {{(pid=109040) _notify_loop /usr/local/lib/python3.8/dist-packages/neutron_lib/callbacks/manager.py:176}}
Feb 02 15:54:20.670870 dv-cinder-827511-1-iscsi neutron-server[109038]: DEBUG neutron_lib.callbacks.manager [None req-406ba71f-7fde-441f-9e49-779739ef872e admin admin] Publish callbacks [] for security_group (c42c0425-90d8-4cd6-af81-7f162e2785ad), before_delete {{(pid=109038) _notify_loop /usr/local/lib/python3.8/dist-packages/neutron_lib/callbacks/manager.py:176}}
Feb 02 15:54:20.697623 dv-cinder-827511-1-iscsi neutron-server[109038]: DEBUG neutron_lib.callbacks.manager [None req-406ba71f-7fde-441f-9e49-779739ef872e admin admin] Publish callbacks [] for security_group (c42c0425-90d8-4cd6-af81-7f162e2785ad), precommit_delete {{(pid=109038) _notify_loop /usr/local/lib/python3.8/dist-packages/neutron_lib/callbacks/manager.py:176}}
Feb 02 15:54:20.708651 dv-cinder-827511-1-iscsi neutron-server[109040]: DEBUG neutron.notifiers.nova [-] Sending events: [{'server_uuid': '300f2d43-0f6d-441a-9332-bf2c3c2dabd8', 'name': 'network-vif-plugged', 'status': 'completed', 'tag': 'ab5a759f-a148-478b-8616-e4749ee00ce6'}] {{(pid=109040) send_events /opt/stack/neutron/neutron/notifiers/nova.py:266}}
Feb 02 15:54:20.722740 dv-cinder-827511-1-iscsi neutron-server[109039]: INFO neutron.wsgi [req-a2658c43-60ec-44a2-8d0e-cfd926fff683 req-a80e13ec-0a7f-4c1f-b192-64ba3d7b85de tempest-AttachVolumeShelveTestJSON-1112866137 tempest-AttachVolumeShelveTestJSON-1112866137-project] 10.222.0.112 "GET /v2.0/security-groups?id=a1db4645-04c0-4bf1-93de-221b46388677&fields=id&fields=name HTTP/1.1" status: 200 len: 312 time: 0.1240602
Feb 02 15:54:20.738482 dv-cinder-827511-1-iscsi neutron-server[109038]: DEBUG neutron_lib.callbacks.manager [None req-60624625-c013-4cc2-a0a8-94a4996def7d admin admin] Publish callbacks [] for security_group (None), before_create {{(pid=109038) _notify_loop /usr/local/lib/python3.8/dist-packages/neutron_lib/callbacks/manager.py:176}}
Feb 02 15:54:20.772460 dv-cinder-827511-1-iscsi neutron-server[109038]: DEBUG neutron_lib.callbacks.manager [None req-406ba71f-7fde-441f-9e49-779739ef872e admin admin] Publish callbacks ['neutron.plugins.ml2.ovo_rpc._ObjectChangeHandler.handle_event-7989129'] for security_group (c42c0425-90d8-4cd6-af81-7f162e2785ad), after_delete {{(pid=109038) _notify_loop /usr/local/lib/python3.8/dist-packages/neutron_lib/callbacks/manager.py:176}}
Feb 02 15:54:20.775551 dv-cinder-827511-1-iscsi neutron-server[109038]: DEBUG neutron_lib.callbacks.manager [None req-406ba71f-7fde-441f-9e49-779739ef872e admin admin] Publish callbacks [] for security_group (None), before_response {{(pid=109038) _notify_loop /usr/local/lib/python3.8/dist-packages/neutron_lib/callbacks/manager.py:176}}
Feb 02 15:54:20.779152 dv-cinder-827511-1-iscsi neutron-server[109039]: INFO neutron.wsgi [req-bc55f397-5e9a-49d8-a1de-d9c9ae5dc20e req-0576301f-9f6d-46c8-9cfd-36a17c62ffc2 tempest-ServerRescueNegativeTestJSON-659577800 tempest-ServerRescueNegativeTestJSON-659577800-project] 10.222.0.112 "GET /v2.0/security-groups?id=a5adbaa4-00a8-4ffd-81e4-bccc96a1ffee&fields=id&fields=name HTTP/1.1" status: 200 len: 286 time: 0.1563954
Feb 02 15:54:20.779957 dv-cinder-827511-1-iscsi neutron-server[109038]: INFO neutron.wsgi [None req-406ba71f-7fde-441f-9e49-779739ef872e admin admin] 10.222.0.112 "DELETE /v2.0/security-groups/c42c0425-90d8-4cd6-af81-7f162e2785ad HTTP/1.1" status: 204 len: 168 time: 0.2343154
Feb 02 15:54:20.818349 dv-cinder-827511-1-iscsi neutron-server[109038]: DEBUG neutron.api.rpc.handlers.resources_rpc [None req-406ba71f-7fde-441f-9e49-779739ef872e admin admin] Pushing event deleted for resources: {'SecurityGroup': ['ID=c42c0425-90d8-4cd6-af81-7f162e2785ad,revision_number=None']} {{(pid=109038) push /opt/stack/neutron/neutron/api/rpc/handlers/resources_rpc.py:237}}
Feb 02 15:54:20.880084 dv-cinder-827511-1-iscsi neutron-server[109040]: DEBUG neutron.plugins.ml2.db [None req-abc84cc2-21fc-42c9-b574-8345a80ca34e None None] For port ab5a759f-a148-478b-8616-e4749ee00ce6, host hv-cinder-82751, got binding levels [PortBindingLevel(driver='hyperv',host='hv-cinder-82751',level=0,port_id=ab5a759f-a148-478b-8616-e4749ee00ce6,segment=NetworkSegment(cf2ff181-a846-4288-9f7c-5844d2b10d41),segment_id=cf2ff181-a846-4288-9f7c-5844d2b10d41)] {{(pid=109040) get_binding_level_objs /opt/stack/neutron/neutron/plugins/ml2/db.py:74}}
Feb 02 15:54:20.918828 dv-cinder-827511-1-iscsi neutron-server[109038]: DEBUG neutron_lib.callbacks.manager [None req-60624625-c013-4cc2-a0a8-94a4996def7d admin admin] Publish callbacks [] for security_group (8d9ffae2-7786-4b6f-aaa1-ecae35b36704), precommit_create {{(pid=109038) _notify_loop /usr/local/lib/python3.8/dist-packages/neutron_lib/callbacks/manager.py:176}}
Feb 02 15:54:20.919123 dv-cinder-827511-1-iscsi neutron-server[109040]: DEBUG neutron.api.rpc.handlers.resources_rpc [None req-abc84cc2-21fc-42c9-b574-8345a80ca34e None None] Pushing event updated for resources: {'Port': ['ID=4d16a98d-2508-49b3-ab25-411a471febe1,revision_number=4']} {{(pid=109040) push /opt/stack/neutron/neutron/api/rpc/handlers/resources_rpc.py:237}}
Feb 02 15:54:20.928274 dv-cinder-827511-1-iscsi neutron-server[109040]: DEBUG neutron_lib.callbacks.manager [None req-abc84cc2-21fc-42c9-b574-8345a80ca34e None None] Publish callbacks ['neutron.plugins.ml2.plugin.SecurityGroupServerNotifierRpcMixin._notify_sg_on_port_change-1563356', 'neutron.plugins.ml2.ovo_rpc._ObjectChangeHandler.handle_event-521845', 'neutron.api.rpc.agentnotifiers.dhcp_rpc_agent_api.DhcpAgentNotifyAPI._native_event_send_dhcp_notification-8109529', 'neutron.db.l3_db.L3RpcNotifierMixin._notify_gateway_port_ip_changed-8791047584485', 'neutron.db.l3_dvrscheduler_db._notify_l3_agent_port_update-8791047106371', 'neutron.db.l3_hascheduler_db._notify_l3_agent_ha_port_update-8791047106389'] for port (ab5a759f-a148-478b-8616-e4749ee00ce6), after_update {{(pid=109040) _notify_loop /usr/local/lib/python3.8/dist-packages/neutron_lib/callbacks/manager.py:176}}
Feb 02 15:54:20.929177 dv-cinder-827511-1-iscsi neutron-server[109040]: DEBUG neutron.plugins.ml2.rpc [None req-abc84cc2-21fc-42c9-b574-8345a80ca34e None None] Device 07bda9a9-5405-4d9f-bb29-c929ef3b4f5a up at agent hyperv_hv-cinder-82751 {{(pid=109040) update_device_up /opt/stack/neutron/neutron/plugins/ml2/rpc.py:296}}
Feb 02 15:54:20.932337 dv-cinder-827511-1-iscsi neutron-server[109038]: DEBUG neutron_lib.callbacks.manager [None req-60624625-c013-4cc2-a0a8-94a4996def7d admin admin] Publish callbacks ['neutron.plugins.ml2.ovo_rpc._ObjectChangeHandler.handle_event-7989129'] for security_group (8d9ffae2-7786-4b6f-aaa1-ecae35b36704), after_create {{(pid=109038) _notify_loop /usr/local/lib/python3.8/dist-packages/neutron_lib/callbacks/manager.py:176}}
Feb 02 15:54:20.980853 dv-cinder-827511-1-iscsi neutron-server[109039]: DEBUG neutron.pecan_wsgi.hooks.policy_enforcement [req-499a9de2-8506-42c4-8138-22f89d11aa49 req-dc2db2c9-feae-4453-a24f-79409515c66a tempest-DeleteServersTestJSON-361906564 tempest-DeleteServersTestJSON-361906564-project] Attributes excluded by policy engine: ['standard_attr_id', 'binding:profile', 'binding:host_id', 'binding:vif_type', 'binding:vif_details'] {{(pid=109039) _exclude_attributes_by_policy /opt/stack/neutron/neutron/pecan_wsgi/hooks/policy_enforcement.py:255}}
Feb 02 15:54:20.984421 dv-cinder-827511-1-iscsi neutron-server[109039]: INFO neutron.wsgi [req-499a9de2-8506-42c4-8138-22f89d11aa49 req-dc2db2c9-feae-4453-a24f-79409515c66a tempest-DeleteServersTestJSON-361906564 tempest-DeleteServersTestJSON-361906564-project] 10.222.0.112 "GET /v2.0/ports?device_id=300f2d43-0f6d-441a-9332-bf2c3c2dabd8 HTTP/1.1" status: 200 len: 944 time: 0.1611998
Feb 02 15:54:21.003147 dv-cinder-827511-1-iscsi neutron-server[109038]: INFO neutron.wsgi [None req-60624625-c013-4cc2-a0a8-94a4996def7d admin admin] 10.222.0.112 "GET /v2.0/security-groups?tenant_id=3565484a4ddb412e9511ae3deeff08fb&name=default HTTP/1.1" status: 200 len: 2996 time: 0.5488570
Feb 02 15:54:21.006221 dv-cinder-827511-1-iscsi neutron-server[109038]: DEBUG neutron.api.rpc.handlers.resources_rpc [None req-60624625-c013-4cc2-a0a8-94a4996def7d admin admin] Pushing event updated for resources: {'SecurityGroup': ['ID=8d9ffae2-7786-4b6f-aaa1-ecae35b36704,revision_number=1']} {{(pid=109038) push /opt/stack/neutron/neutron/api/rpc/handlers/resources_rpc.py:237}}
Feb 02 15:54:21.009823 dv-cinder-827511-1-iscsi neutron-server[109038]: DEBUG neutron.wsgi [-] (109038) accepted ('10.222.0.112', 57360) {{(pid=109038) server /usr/local/lib/python3.8/dist-packages/eventlet/wsgi.py:1004}}
Feb 02 15:54:21.029993 dv-cinder-827511-1-iscsi neutron-server[109040]: DEBUG neutron.plugins.ml2.db [None req-abc84cc2-21fc-42c9-b574-8345a80ca34e None None] For port 853ee009-59c0-4bb8-a9f2-a81aebd05c49, host hv-cinder-82751, got binding levels [PortBindingLevel(driver='hyperv',host='hv-cinder-82751',level=0,port_id=853ee009-59c0-4bb8-a9f2-a81aebd05c49,segment=NetworkSegment(d4271925-4f0b-46e8-8c1e-4498d24f9aea),segment_id=d4271925-4f0b-46e8-8c1e-4498d24f9aea)] {{(pid=109040) get_binding_level_objs /opt/stack/neutron/neutron/plugins/ml2/db.py:74}}
Feb 02 15:54:21.049348 dv-cinder-827511-1-iscsi neutron-server[109040]: DEBUG neutron.api.rpc.handlers.resources_rpc [None req-abc84cc2-21fc-42c9-b574-8345a80ca34e None None] Pushing event updated for resources: {'Port': ['ID=ab5a759f-a148-478b-8616-e4749ee00ce6,revision_number=5']} {{(pid=109040) push /opt/stack/neutron/neutron/api/rpc/handlers/resources_rpc.py:237}}
Feb 02 15:54:21.074942 dv-cinder-827511-1-iscsi neutron-server[109040]: DEBUG neutron.plugins.ml2.rpc [None req-abc84cc2-21fc-42c9-b574-8345a80ca34e None None] Returning: {'device': '853ee009-59c0-4bb8-a9f2-a81aebd05c49', 'network_id': 'aef6e1da-59e7-4b2f-bb61-abef1a5ae2ca', 'port_id': '853ee009-59c0-4bb8-a9f2-a81aebd05c49', 'mac_address': 'fa:16:3e:5b:64:39', 'admin_state_up': True, 'network_type': 'vlan', 'segmentation_id': 985, 'physical_network': 'physnet1', 'mtu': 1500, 'fixed_ips': [{'subnet_id': '6bef7920-00cb-4a69-a6a7-9d6da3eabd36', 'ip_address': '172.20.0.13'}], 'device_owner': 'compute:nova', 'allowed_address_pairs': [], 'port_security_enabled': True, 'qos_policy_id': None, 'network_qos_policy_id': None, 'profile': {}, 'propagate_uplink_status': False} {{(pid=109040) _get_device_details /opt/stack/neutron/neutron/plugins/ml2/rpc.py:184}}
Feb 02 15:54:21.089472 dv-cinder-827511-1-iscsi neutron-server[109039]: INFO neutron.wsgi [req-499a9de2-8506-42c4-8138-22f89d11aa49 req-e3ec2a1f-701b-49b9-934a-601337db806d tempest-DeleteServersTestJSON-361906564 tempest-DeleteServersTestJSON-361906564-project] 10.222.0.112 "GET /v2.0/security-groups?id=6cab17ab-0e38-420c-80af-f3ff870192d4&fields=id&fields=name HTTP/1.1" status: 200 len: 286 time: 0.0954132
Feb 02 15:54:21.118233 dv-cinder-827511-1-iscsi neutron-server[109040]: DEBUG neutron.db.provisioning_blocks [None req-abc84cc2-21fc-42c9-b574-8345a80ca34e None None] Provisioning for port 07bda9a9-5405-4d9f-bb29-c929ef3b4f5a completed by entity L2. {{(pid=109040) provisioning_complete /opt/stack/neutron/neutron/db/provisioning_blocks.py:133}}
Feb 02 15:54:21.120719 dv-cinder-827511-1-iscsi neutron-server[109038]: DEBUG neutron_lib.callbacks.manager [None req-6cd2ace0-9bcb-40b1-9948-4a9386323265 admin admin] Publish callbacks [] for security_group (8d9ffae2-7786-4b6f-aaa1-ecae35b36704), before_delete {{(pid=109038) _notify_loop /usr/local/lib/python3.8/dist-packages/neutron_lib/callbacks/manager.py:176}}
Feb 02 15:54:21.133238 dv-cinder-827511-1-iscsi neutron-server[109040]: DEBUG neutron.plugins.ml2.plugin [None req-abc84cc2-21fc-42c9-b574-8345a80ca34e None None] Current status of the port 853ee009-59c0-4bb8-a9f2-a81aebd05c49 is: DOWN; New status is: BUILD {{(pid=109040) _update_individual_port_db_status /opt/stack/neutron/neutron/plugins/ml2/plugin.py:2238}}
Feb 02 15:54:21.133717 dv-cinder-827511-1-iscsi neutron-server[109040]: DEBUG neutron_lib.callbacks.manager [None req-abc84cc2-21fc-42c9-b574-8345a80ca34e None None] Publish callbacks ['neutron.plugins.ml2.plugin.SecurityGroupDbMixin._ensure_default_security_group_handler-1557999'] for port (853ee009-59c0-4bb8-a9f2-a81aebd05c49), before_update {{(pid=109040) _notify_loop /usr/local/lib/python3.8/dist-packages/neutron_lib/callbacks/manager.py:176}}
Feb 02 15:54:21.144876 dv-cinder-827511-1-iscsi neutron-server[109040]: DEBUG neutron.db.provisioning_blocks [None req-abc84cc2-21fc-42c9-b574-8345a80ca34e None None] Provisioning complete for port 07bda9a9-5405-4d9f-bb29-c929ef3b4f5a triggered by entity L2. {{(pid=109040) provisioning_complete /opt/stack/neutron/neutron/db/provisioning_blocks.py:139}}
Feb 02 15:54:21.145283 dv-cinder-827511-1-iscsi neutron-server[109040]: DEBUG neutron_lib.callbacks.manager [None req-abc84cc2-21fc-42c9-b574-8345a80ca34e None None] Publish callbacks ['neutron.plugins.ml2.plugin.Ml2Plugin._port_provisioned-1478147'] for port (07bda9a9-5405-4d9f-bb29-c929ef3b4f5a), provisioning_complete {{(pid=109040) _notify_loop /usr/local/lib/python3.8/dist-packages/neutron_lib/callbacks/manager.py:176}}
Feb 02 15:54:21.153919 dv-cinder-827511-1-iscsi neutron-server[109038]: DEBUG neutron_lib.callbacks.manager [None req-6cd2ace0-9bcb-40b1-9948-4a9386323265 admin admin] Publish callbacks [] for security_group (8d9ffae2-7786-4b6f-aaa1-ecae35b36704), precommit_delete {{(pid=109038) _notify_loop /usr/local/lib/python3.8/dist-packages/neutron_lib/callbacks/manager.py:176}}
Feb 02 15:54:21.173252 dv-cinder-827511-1-iscsi neutron-server[109040]: DEBUG neutron.notifiers.nova [None req-abc84cc2-21fc-42c9-b574-8345a80ca34e None None] Ignoring state change previous_port_status: DOWN current_port_status: BUILD port_id 853ee009-59c0-4bb8-a9f2-a81aebd05c49 {{(pid=109040) record_port_status_changed /opt/stack/neutron/neutron/notifiers/nova.py:228}}
Feb 02 15:54:21.210420 dv-cinder-827511-1-iscsi neutron-server[109040]: DEBUG neutron.plugins.ml2.db [None req-abc84cc2-21fc-42c9-b574-8345a80ca34e None None] For port 853ee009-59c0-4bb8-a9f2-a81aebd05c49, host hv-cinder-82751, got binding levels [PortBindingLevel(driver='hyperv',host='hv-cinder-82751',level=0,port_id=853ee009-59c0-4bb8-a9f2-a81aebd05c49,segment=NetworkSegment(d4271925-4f0b-46e8-8c1e-4498d24f9aea),segment_id=d4271925-4f0b-46e8-8c1e-4498d24f9aea)] {{(pid=109040) get_binding_level_objs /opt/stack/neutron/neutron/plugins/ml2/db.py:74}}
Feb 02 15:54:21.215817 dv-cinder-827511-1-iscsi neutron-server[109039]: DEBUG neutron.wsgi [-] (109039) accepted ('10.222.0.112', 57370) {{(pid=109039) server /usr/local/lib/python3.8/dist-packages/eventlet/wsgi.py:1004}}
Feb 02 15:54:21.223880 dv-cinder-827511-1-iscsi neutron-server[109040]: DEBUG neutron_lib.callbacks.manager [None req-abc84cc2-21fc-42c9-b574-8345a80ca34e None None] Publish callbacks ['neutron.plugins.ml2.plugin.SecurityGroupServerNotifierRpcMixin._notify_sg_on_port_change-1563356', 'neutron.plugins.ml2.ovo_rpc._ObjectChangeHandler.handle_event-521845', 'neutron.api.rpc.agentnotifiers.dhcp_rpc_agent_api.DhcpAgentNotifyAPI._native_event_send_dhcp_notification-8109529', 'neutron.db.l3_db.L3RpcNotifierMixin._notify_gateway_port_ip_changed-8791047584485', 'neutron.db.l3_dvrscheduler_db._notify_l3_agent_port_update-8791047106371', 'neutron.db.l3_hascheduler_db._notify_l3_agent_ha_port_update-8791047106389'] for port (853ee009-59c0-4bb8-a9f2-a81aebd05c49), after_update {{(pid=109040) _notify_loop /usr/local/lib/python3.8/dist-packages/neutron_lib/callbacks/manager.py:176}}
Feb 02 15:54:21.338032 dv-cinder-827511-1-iscsi neutron-server[109040]: DEBUG novaclient.v2.client [-] REQ: curl -g -i --cacert "/opt/stack/data/ca-bundle.pem" -X POST http://10.222.0.112/compute/v2.1/os-server-external-events -H "Accept: application/json" -H "Content-Type: application/json" -H "User-Agent: python-novaclient" -H "X-Auth-Token: {SHA256}bc1d7bcdb5a183cc49b107777b4db9278503cec4984c40d99c754c4d9ca4724a" -H "X-OpenStack-Nova-API-Version: 2.1" -H "X-OpenStack-Request-ID: req-ef559f0f-f51a-493b-9826-8308f98da42e" -d '{"events": [{"server_uuid": "300f2d43-0f6d-441a-9332-bf2c3c2dabd8", "name": "network-vif-plugged", "status": "completed", "tag": "ab5a759f-a148-478b-8616-e4749ee00ce6"}]}' {{(pid=109040) _http_log_request /usr/local/lib/python3.8/dist-packages/keystoneauth1/session.py:519}}
Feb 02 15:54:21.346606 dv-cinder-827511-1-iscsi neutron-server[109040]: DEBUG neutron.plugins.ml2.plugin [None req-abc84cc2-21fc-42c9-b574-8345a80ca34e None None] Current status of the port 07bda9a9-5405-4d9f-bb29-c929ef3b4f5a is: BUILD; New status is: ACTIVE {{(pid=109040) _update_individual_port_db_status /opt/stack/neutron/neutron/plugins/ml2/plugin.py:2238}}
Feb 02 15:54:21.349531 dv-cinder-827511-1-iscsi neutron-server[109040]: DEBUG neutron_lib.callbacks.manager [None req-abc84cc2-21fc-42c9-b574-8345a80ca34e None None] Publish callbacks ['neutron.plugins.ml2.plugin.SecurityGroupDbMixin._ensure_default_security_group_handler-1557999'] for port (07bda9a9-5405-4d9f-bb29-c929ef3b4f5a), before_update {{(pid=109040) _notify_loop /usr/local/lib/python3.8/dist-packages/neutron_lib/callbacks/manager.py:176}}
Feb 02 15:54:21.410169 dv-cinder-827511-1-iscsi neutron-server[109040]: DEBUG neutron.api.rpc.handlers.resources_rpc [None req-abc84cc2-21fc-42c9-b574-8345a80ca34e None None] Pushing event updated for resources: {'Port': ['ID=853ee009-59c0-4bb8-a9f2-a81aebd05c49,revision_number=4']} {{(pid=109040) push /opt/stack/neutron/neutron/api/rpc/handlers/resources_rpc.py:237}}
Feb 02 15:54:21.437349 dv-cinder-827511-1-iscsi neutron-server[109040]: DEBUG neutron.plugins.ml2.db [None req-abc84cc2-21fc-42c9-b574-8345a80ca34e None None] For port 07bda9a9-5405-4d9f-bb29-c929ef3b4f5a, host hv-cinder-82751, got binding levels [PortBindingLevel(driver='hyperv',host='hv-cinder-82751',level=0,port_id=07bda9a9-5405-4d9f-bb29-c929ef3b4f5a,segment=NetworkSegment(d4271925-4f0b-46e8-8c1e-4498d24f9aea),segment_id=d4271925-4f0b-46e8-8c1e-4498d24f9aea)] {{(pid=109040) get_binding_level_objs /opt/stack/neutron/neutron/plugins/ml2/db.py:74}}
Feb 02 15:54:21.445458 dv-cinder-827511-1-iscsi neutron-server[109040]: DEBUG neutron_lib.callbacks.manager [None req-abc84cc2-21fc-42c9-b574-8345a80ca34e None None] Publish callbacks ['neutron.plugins.ml2.plugin.SecurityGroupServerNotifierRpcMixin._notify_sg_on_port_change-1563356', 'neutron.plugins.ml2.ovo_rpc._ObjectChangeHandler.handle_event-521845', 'neutron.api.rpc.agentnotifiers.dhcp_rpc_agent_api.DhcpAgentNotifyAPI._native_event_send_dhcp_notification-8109529', 'neutron.db.l3_db.L3RpcNotifierMixin._notify_gateway_port_ip_changed-8791047584485', 'neutron.db.l3_dvrscheduler_db._notify_l3_agent_port_update-8791047106371', 'neutron.db.l3_hascheduler_db._notify_l3_agent_ha_port_update-8791047106389'] for port (07bda9a9-5405-4d9f-bb29-c929ef3b4f5a), after_update {{(pid=109040) _notify_loop /usr/local/lib/python3.8/dist-packages/neutron_lib/callbacks/manager.py:176}}
Feb 02 15:54:21.476907 dv-cinder-827511-1-iscsi neutron-server[109039]: DEBUG neutron_lib.callbacks.manager [None req-6a5f3ae3-417c-4bc6-b0a6-14766138548f admin admin] Publish callbacks [] for security_group (None), before_create {{(pid=109039) _notify_loop /usr/local/lib/python3.8/dist-packages/neutron_lib/callbacks/manager.py:176}}
Feb 02 15:54:21.499451 dv-cinder-827511-1-iscsi neutron-server[109038]: DEBUG neutron_lib.callbacks.manager [None req-6cd2ace0-9bcb-40b1-9948-4a9386323265 admin admin] Publish callbacks ['neutron.plugins.ml2.ovo_rpc._ObjectChangeHandler.handle_event-7989129'] for security_group (8d9ffae2-7786-4b6f-aaa1-ecae35b36704), after_delete {{(pid=109038) _notify_loop /usr/local/lib/python3.8/dist-packages/neutron_lib/callbacks/manager.py:176}}
Feb 02 15:54:21.504060 dv-cinder-827511-1-iscsi neutron-server[109038]: DEBUG neutron_lib.callbacks.manager [None req-6cd2ace0-9bcb-40b1-9948-4a9386323265 admin admin] Publish callbacks [] for security_group (None), before_response {{(pid=109038) _notify_loop /usr/local/lib/python3.8/dist-packages/neutron_lib/callbacks/manager.py:176}}
Feb 02 15:54:21.505769 dv-cinder-827511-1-iscsi neutron-server[109038]: INFO neutron.wsgi [None req-6cd2ace0-9bcb-40b1-9948-4a9386323265 admin admin] 10.222.0.112 "DELETE /v2.0/security-groups/8d9ffae2-7786-4b6f-aaa1-ecae35b36704 HTTP/1.1" status: 204 len: 168 time: 0.4947853
Feb 02 15:54:21.526000 dv-cinder-827511-1-iscsi neutron-server[109038]: DEBUG neutron.api.rpc.handlers.resources_rpc [None req-6cd2ace0-9bcb-40b1-9948-4a9386323265 admin admin] Pushing event deleted for resources: {'SecurityGroup': ['ID=8d9ffae2-7786-4b6f-aaa1-ecae35b36704,revision_number=None']} {{(pid=109038) push /opt/stack/neutron/neutron/api/rpc/handlers/resources_rpc.py:237}}
Feb 02 15:54:21.562392 dv-cinder-827511-1-iscsi neutron-server[109040]: DEBUG neutron.api.rpc.handlers.resources_rpc [None req-abc84cc2-21fc-42c9-b574-8345a80ca34e None None] Pushing event updated for resources: {'Port': ['ID=07bda9a9-5405-4d9f-bb29-c929ef3b4f5a,revision_number=5']} {{(pid=109040) push /opt/stack/neutron/neutron/api/rpc/handlers/resources_rpc.py:237}}
Feb 02 15:54:21.574015 dv-cinder-827511-1-iscsi neutron-server[109040]: DEBUG neutron.plugins.ml2.db [None req-abc84cc2-21fc-42c9-b574-8345a80ca34e None None] get_ports_and_sgs() called for port_ids ['4d16a98d-2508-49b3-ab25-411a471febe1'] {{(pid=109040) get_ports_and_sgs /opt/stack/neutron/neutron/plugins/ml2/db.py:156}}
Feb 02 15:54:21.600506 dv-cinder-827511-1-iscsi neutron-server[109039]: DEBUG neutron_lib.callbacks.manager [None req-6a5f3ae3-417c-4bc6-b0a6-14766138548f admin admin] Publish callbacks [] for security_group (fd0b8e99-5938-4bea-95df-63345d91b7c1), precommit_create {{(pid=109039) _notify_loop /usr/local/lib/python3.8/dist-packages/neutron_lib/callbacks/manager.py:176}}
Feb 02 15:54:21.607740 dv-cinder-827511-1-iscsi neutron-server[109039]: DEBUG neutron_lib.callbacks.manager [None req-6a5f3ae3-417c-4bc6-b0a6-14766138548f admin admin] Publish callbacks ['neutron.plugins.ml2.ovo_rpc._ObjectChangeHandler.handle_event-7989129'] for security_group (fd0b8e99-5938-4bea-95df-63345d91b7c1), after_create {{(pid=109039) _notify_loop /usr/local/lib/python3.8/dist-packages/neutron_lib/callbacks/manager.py:176}}
Feb 02 15:54:21.665414 dv-cinder-827511-1-iscsi neutron-server[109039]: DEBUG neutron.api.rpc.handlers.resources_rpc [None req-6a5f3ae3-417c-4bc6-b0a6-14766138548f admin admin] Pushing event updated for resources: {'SecurityGroup': ['ID=fd0b8e99-5938-4bea-95df-63345d91b7c1,revision_number=1']} {{(pid=109039) push /opt/stack/neutron/neutron/api/rpc/handlers/resources_rpc.py:237}}
Feb 02 15:54:21.670785 dv-cinder-827511-1-iscsi neutron-server[109039]: INFO neutron.wsgi [None req-6a5f3ae3-417c-4bc6-b0a6-14766138548f admin admin] 10.222.0.112 "GET /v2.0/security-groups?tenant_id=34a2c3f0952f40ccad7c3ba5e6f9b5f6&name=default HTTP/1.1" status: 200 len: 2996 time: 0.4523032
Feb 02 15:54:21.672212 dv-cinder-827511-1-iscsi neutron-server[109038]: DEBUG neutron.wsgi [-] (109038) accepted ('10.222.0.112', 57396) {{(pid=109038) server /usr/local/lib/python3.8/dist-packages/eventlet/wsgi.py:1004}}
Feb 02 15:54:21.690121 dv-cinder-827511-1-iscsi neutron-server[109040]: DEBUG neutron.plugins.ml2.db [None req-abc84cc2-21fc-42c9-b574-8345a80ca34e None None] get_ports_and_sgs() called for port_ids ['853ee009-59c0-4bb8-a9f2-a81aebd05c49'] {{(pid=109040) get_ports_and_sgs /opt/stack/neutron/neutron/plugins/ml2/db.py:156}}
