Feb 02 15:54:14.885263 dv-cinder-827511-1-iscsi devstack@c-api.service[116004]: DEBUG cinder.api.openstack.wsgi [None req-d22d63aa-f356-4386-a2ad-ba8fe55031c2 tempest-VolumeRetypeWithoutMigrationTest-222176915 tempest-VolumeRetypeWithoutMigrationTest-222176915-project] Action: 'action', calling method: _retype, body: {"os-retype": {"new_type": "volume-type-2", "migration_policy": "never"}} {{(pid=116004) _process_stack /opt/stack/cinder/cinder/api/openstack/wsgi.py:866}}
Feb 02 15:54:14.894395 dv-cinder-827511-1-iscsi devstack@c-api.service[116005]: INFO cinder.api.openstack.wsgi [None req-0c5e98c3-9333-4171-841f-3219c38eddb7 tempest-VolumesServicesTestJSON-1939502 tempest-VolumesServicesTestJSON-1939502-project-admin] http://10.222.0.112/volume/v3/a4532ec57edc4073ba8e94d31816cf4d/os-services?host=dv-cinder-827511-1-iscsi&binary=cinder-scheduler returned with HTTP 200
Feb 02 15:54:14.895488 dv-cinder-827511-1-iscsi devstack@c-api.service[116005]: [pid: 116005|app: 0|req: 115/224] 10.222.0.112 () {58 vars in 1337 bytes} [Wed Feb 2 15:54:14 2022] GET /volume/v3/a4532ec57edc4073ba8e94d31816cf4d/os-services?host=dv-cinder-827511-1-iscsi&binary=cinder-scheduler => generated 203 bytes in 28 msecs (HTTP/1.1 200) 7 headers in 285 bytes (2 switches on core 0)
Feb 02 15:54:14.902528 dv-cinder-827511-1-iscsi devstack@c-api.service[116004]: /usr/local/lib/python3.8/dist-packages/oslo_context/context.py:105: DeprecationWarning: Policy enforcement is depending on the value of is_admin. This key is deprecated. Please update your policy file to use the standard policy values.
Feb 02 15:54:14.902528 dv-cinder-827511-1-iscsi devstack@c-api.service[116004]: warnings.warn('Policy enforcement is depending on the value of '
Feb 02 15:54:14.903862 dv-cinder-827511-1-iscsi devstack@c-api.service[116004]: INFO cinder.volume.api [None req-d22d63aa-f356-4386-a2ad-ba8fe55031c2 tempest-VolumeRetypeWithoutMigrationTest-222176915 tempest-VolumeRetypeWithoutMigrationTest-222176915-project] Volume info retrieved successfully.
Feb 02 15:54:14.908267 dv-cinder-827511-1-iscsi devstack@c-api.service[116005]: INFO cinder.api.openstack.wsgi [None req-ae117f21-666d-4e9f-b3f7-e86213873a7b tempest-VolumesServicesTestJSON-1939502 tempest-VolumesServicesTestJSON-1939502-project-admin] GET http://10.222.0.112/volume/v3/a4532ec57edc4073ba8e94d31816cf4d/os-services?binary=cinder-scheduler
Feb 02 15:54:14.909132 dv-cinder-827511-1-iscsi devstack@c-api.service[116005]: DEBUG cinder.api.openstack.wsgi [None req-ae117f21-666d-4e9f-b3f7-e86213873a7b tempest-VolumesServicesTestJSON-1939502 tempest-VolumesServicesTestJSON-1939502-project-admin] Empty body provided in request {{(pid=116005) get_body /opt/stack/cinder/cinder/api/openstack/wsgi.py:715}}
Feb 02 15:54:14.909901 dv-cinder-827511-1-iscsi devstack@c-api.service[116005]: DEBUG cinder.api.openstack.wsgi [None req-ae117f21-666d-4e9f-b3f7-e86213873a7b tempest-VolumesServicesTestJSON-1939502 tempest-VolumesServicesTestJSON-1939502-project-admin] Calling method 'index' {{(pid=116005) _process_stack /opt/stack/cinder/cinder/api/openstack/wsgi.py:868}}
Feb 02 15:54:14.918591 dv-cinder-827511-1-iscsi devstack@c-api.service[116005]: INFO cinder.api.openstack.wsgi [None req-ae117f21-666d-4e9f-b3f7-e86213873a7b tempest-VolumesServicesTestJSON-1939502 tempest-VolumesServicesTestJSON-1939502-project-admin] http://10.222.0.112/volume/v3/a4532ec57edc4073ba8e94d31816cf4d/os-services?binary=cinder-scheduler returned with HTTP 200
Feb 02 15:54:14.920080 dv-cinder-827511-1-iscsi devstack@c-api.service[116005]: [pid: 116005|app: 0|req: 116/225] 10.222.0.112 () {58 vars in 1277 bytes} [Wed Feb 2 15:54:14 2022] GET /volume/v3/a4532ec57edc4073ba8e94d31816cf4d/os-services?binary=cinder-scheduler => generated 203 bytes in 18 msecs (HTTP/1.1 200) 7 headers in 285 bytes (1 switches on core 0)
Feb 02 15:54:14.958534 dv-cinder-827511-1-iscsi devstack@c-api.service[116004]: WARNING cinder.quota [None req-d22d63aa-f356-4386-a2ad-ba8fe55031c2 tempest-VolumeRetypeWithoutMigrationTest-222176915 tempest-VolumeRetypeWithoutMigrationTest-222176915-project] Deprecated: Default quota for resource: volumes_volume-type-2 is set by the default quota flag: quota_volumes_volume-type-2, it is now deprecated. Please use the default quota class for default quota.
Feb 02 15:54:14.959303 dv-cinder-827511-1-iscsi devstack@c-api.service[116004]: WARNING cinder.quota [None req-d22d63aa-f356-4386-a2ad-ba8fe55031c2 tempest-VolumeRetypeWithoutMigrationTest-222176915 tempest-VolumeRetypeWithoutMigrationTest-222176915-project] Deprecated: Default quota for resource: gigabytes_volume-type-2 is set by the default quota flag: quota_gigabytes_volume-type-2, it is now deprecated. Please use the default quota class for default quota.
Feb 02 15:54:15.038210 dv-cinder-827511-1-iscsi devstack@c-api.service[116004]: DEBUG cinder.quota [None req-d22d63aa-f356-4386-a2ad-ba8fe55031c2 tempest-VolumeRetypeWithoutMigrationTest-222176915 tempest-VolumeRetypeWithoutMigrationTest-222176915-project] Created reservations ['bf8ebb50-a837-4a75-b4ab-cf20fdae60e0', '10431dfd-bbe9-4090-81bd-bfeec4fa95ca'] {{(pid=116004) reserve /opt/stack/cinder/cinder/quota.py:755}}
Feb 02 15:54:15.082689 dv-cinder-827511-1-iscsi devstack@c-api.service[116004]: WARNING cinder.quota [None req-d22d63aa-f356-4386-a2ad-ba8fe55031c2 tempest-VolumeRetypeWithoutMigrationTest-222176915 tempest-VolumeRetypeWithoutMigrationTest-222176915-project] Deprecated: Default quota for resource: volumes_volume-type-1 is set by the default quota flag: quota_volumes_volume-type-1, it is now deprecated. Please use the default quota class for default quota.
Feb 02 15:54:15.083789 dv-cinder-827511-1-iscsi devstack@c-api.service[116004]: WARNING cinder.quota [None req-d22d63aa-f356-4386-a2ad-ba8fe55031c2 tempest-VolumeRetypeWithoutMigrationTest-222176915 tempest-VolumeRetypeWithoutMigrationTest-222176915-project] Deprecated: Default quota for resource: gigabytes_volume-type-1 is set by the default quota flag: quota_gigabytes_volume-type-1, it is now deprecated. Please use the default quota class for default quota.
Feb 02 15:54:15.101609 dv-cinder-827511-1-iscsi devstack@c-api.service[116004]: DEBUG cinder.quota [None req-d22d63aa-f356-4386-a2ad-ba8fe55031c2 tempest-VolumeRetypeWithoutMigrationTest-222176915 tempest-VolumeRetypeWithoutMigrationTest-222176915-project] Created reservations ['b829bb9b-37ec-4344-896b-5ffb6a257dd1', '716afc3b-c2f4-44f7-87d7-6f9b3f66a234'] {{(pid=116004) reserve /opt/stack/cinder/cinder/quota.py:755}}
Feb 02 15:54:15.105461 dv-cinder-827511-1-iscsi devstack@c-api.service[116005]: INFO cinder.api.openstack.wsgi [None req-6600cb83-9d4c-4f6c-8811-81ce58d96606 tempest-VolumesServicesTestJSON-546767299 tempest-VolumesServicesTestJSON-546767299-project] POST http://10.222.0.112/volume/v3/3565484a4ddb412e9511ae3deeff08fb/volumes
Feb 02 15:54:15.106497 dv-cinder-827511-1-iscsi devstack@c-api.service[116005]: DEBUG cinder.api.openstack.wsgi [None req-6600cb83-9d4c-4f6c-8811-81ce58d96606 tempest-VolumesServicesTestJSON-546767299 tempest-VolumesServicesTestJSON-546767299-project] Action: 'create', calling method: create, body: {"volume": {"size": 1, "name": "tempest-VolumesServicesTestJSON-Volume-801674970"}} {{(pid=116005) _process_stack /opt/stack/cinder/cinder/api/openstack/wsgi.py:866}}
Feb 02 15:54:15.108341 dv-cinder-827511-1-iscsi devstack@c-api.service[116005]: DEBUG cinder.api.v3.volumes [None req-6600cb83-9d4c-4f6c-8811-81ce58d96606 tempest-VolumesServicesTestJSON-546767299 tempest-VolumesServicesTestJSON-546767299-project] Create volume request body: {'volume': {'size': 1, 'name': 'tempest-VolumesServicesTestJSON-Volume-801674970'}} {{(pid=116005) create /opt/stack/cinder/cinder/api/v3/volumes.py:298}}
Feb 02 15:54:15.108850 dv-cinder-827511-1-iscsi devstack@c-api.service[116005]: INFO cinder.api.v3.volumes [None req-6600cb83-9d4c-4f6c-8811-81ce58d96606 tempest-VolumesServicesTestJSON-546767299 tempest-VolumesServicesTestJSON-546767299-project] Create volume of 1 GB
Feb 02 15:54:15.116339 dv-cinder-827511-1-iscsi devstack@c-api.service[116004]: /opt/stack/cinder/cinder/db/sqlalchemy/api.py:2733: SADeprecationWarning: The SelectBase.as_scalar() method is deprecated and will be removed in a future release. Please refer to SelectBase.scalar_subquery(). (deprecated since: 1.4)
Feb 02 15:54:15.116339 dv-cinder-827511-1-iscsi devstack@c-api.service[116004]: models.VolumeType.qos_specs_id == q.as_scalar())),
Feb 02 15:54:15.131695 dv-cinder-827511-1-iscsi devstack@c-api.service[116005]: INFO cinder.volume.api [None req-6600cb83-9d4c-4f6c-8811-81ce58d96606 tempest-VolumesServicesTestJSON-546767299 tempest-VolumesServicesTestJSON-546767299-project] Availability Zones retrieved successfully.
Feb 02 15:54:15.149448 dv-cinder-827511-1-iscsi devstack@c-api.service[116005]: DEBUG cinder.volume.api [None req-6600cb83-9d4c-4f6c-8811-81ce58d96606 tempest-VolumesServicesTestJSON-546767299 tempest-VolumesServicesTestJSON-546767299-project] Flow 'volume_create_api' (b4e367b1-81a6-4f1b-a933-d9d648a4a442) transitioned into state 'RUNNING' from state 'PENDING' {{(pid=116005) _flow_receiver /usr/local/lib/python3.8/dist-packages/taskflow/listeners/logging.py:141}}
Feb 02 15:54:15.152171 dv-cinder-827511-1-iscsi devstack@c-api.service[116005]: DEBUG cinder.volume.api [None req-6600cb83-9d4c-4f6c-8811-81ce58d96606 tempest-VolumesServicesTestJSON-546767299 tempest-VolumesServicesTestJSON-546767299-project] Task 'cinder.volume.flows.api.create_volume.ExtractVolumeRequestTask;volume:create' (48882cce-3aec-4c5d-9b70-580aa83927de) transitioned into state 'RUNNING' from state 'PENDING' {{(pid=116005) _task_receiver /usr/local/lib/python3.8/dist-packages/taskflow/listeners/logging.py:190}}
Feb 02 15:54:15.154893 dv-cinder-827511-1-iscsi devstack@c-api.service[116005]: DEBUG cinder.volume.flows.api.create_volume [None req-6600cb83-9d4c-4f6c-8811-81ce58d96606 tempest-VolumesServicesTestJSON-546767299 tempest-VolumesServicesTestJSON-546767299-project] Validating volume size '1' using validate_int {{(pid=116005) _extract_size /opt/stack/cinder/cinder/volume/flows/api/create_volume.py:225}}
Feb 02 15:54:15.194408 dv-cinder-827511-1-iscsi devstack@c-api.service[116004]: INFO cinder.volume.api [None req-d22d63aa-f356-4386-a2ad-ba8fe55031c2 tempest-VolumeRetypeWithoutMigrationTest-222176915 tempest-VolumeRetypeWithoutMigrationTest-222176915-project] Retype volume request issued successfully.
Feb 02 15:54:15.194878 dv-cinder-827511-1-iscsi devstack@c-api.service[116004]: INFO cinder.api.openstack.wsgi [None req-d22d63aa-f356-4386-a2ad-ba8fe55031c2 tempest-VolumeRetypeWithoutMigrationTest-222176915 tempest-VolumeRetypeWithoutMigrationTest-222176915-project] http://10.222.0.112/volume/v3/e5a42e12e2c549d9aa1aab96cb7962db/volumes/c2e2d2a3-c8df-4173-8462-ae593b355196/action returned with HTTP 202
Feb 02 15:54:15.196265 dv-cinder-827511-1-iscsi devstack@c-api.service[116004]: [pid: 116004|app: 0|req: 110/226] 10.222.0.112 () {60 vars in 1371 bytes} [Wed Feb 2 15:54:14 2022] POST /volume/v3/e5a42e12e2c549d9aa1aab96cb7962db/volumes/c2e2d2a3-c8df-4173-8462-ae593b355196/action => generated 0 bytes in 316 msecs (HTTP/1.1 202) 7 headers in 289 bytes (1 switches on core 0)
Feb 02 15:54:15.203871 dv-cinder-827511-1-iscsi devstack@c-api.service[116004]: INFO cinder.api.openstack.wsgi [None req-39fce9b5-9784-42ff-a2bc-6ec2c397ffc6 tempest-VolumeRetypeWithoutMigrationTest-222176915 tempest-VolumeRetypeWithoutMigrationTest-222176915-project] GET http://10.222.0.112/volume/v3/e5a42e12e2c549d9aa1aab96cb7962db/volumes/c2e2d2a3-c8df-4173-8462-ae593b355196
Feb 02 15:54:15.208348 dv-cinder-827511-1-iscsi devstack@c-api.service[116004]: DEBUG cinder.api.openstack.wsgi [None req-39fce9b5-9784-42ff-a2bc-6ec2c397ffc6 tempest-VolumeRetypeWithoutMigrationTest-222176915 tempest-VolumeRetypeWithoutMigrationTest-222176915-project] Empty body provided in request {{(pid=116004) get_body /opt/stack/cinder/cinder/api/openstack/wsgi.py:715}}
Feb 02 15:54:15.212651 dv-cinder-827511-1-iscsi devstack@c-api.service[116004]: DEBUG cinder.api.openstack.wsgi [None req-39fce9b5-9784-42ff-a2bc-6ec2c397ffc6 tempest-VolumeRetypeWithoutMigrationTest-222176915 tempest-VolumeRetypeWithoutMigrationTest-222176915-project] Calling method 'show' {{(pid=116004) _process_stack /opt/stack/cinder/cinder/api/openstack/wsgi.py:868}}
Feb 02 15:54:15.230571 dv-cinder-827511-1-iscsi devstack@c-api.service[116005]: DEBUG cinder.volume.api [None req-6600cb83-9d4c-4f6c-8811-81ce58d96606 tempest-VolumesServicesTestJSON-546767299 tempest-VolumesServicesTestJSON-546767299-project] Task 'cinder.volume.flows.api.create_volume.ExtractVolumeRequestTask;volume:create' (48882cce-3aec-4c5d-9b70-580aa83927de) transitioned into state 'SUCCESS' from state 'RUNNING' with result '{'size': 1, 'snapshot_id': None, 'source_volid': None, 'volume_type': VolumeType(created_at=2022-02-02T15:44:16Z,deleted=False,deleted_at=None,description='Default Volume Type',extra_specs={},id=368dd3e2-6503-4a3c-a3ac-a540542f4e9a,is_public=True,name='__DEFAULT__',projects=[],qos_specs=,qos_specs_id=None,updated_at=2022-02-02T15:44:16Z), 'volume_type_id': '368dd3e2-6503-4a3c-a3ac-a540542f4e9a', 'encryption_key_id': None, 'qos_specs': None, 'consistencygroup_id': None, 'cgsnapshot_id': None, 'group_id': None, 'replication_status': 'disabled', 'refresh_az': False, 'backup_id': None, 'multiattach': False, 'availability_zones': ['nova']}' {{(pid=116005) _task_receiver /usr/local/lib/python3.8/dist-packages/taskflow/listeners/logging.py:178}}
Feb 02 15:54:15.233358 dv-cinder-827511-1-iscsi devstack@c-api.service[116005]: DEBUG cinder.volume.api [None req-6600cb83-9d4c-4f6c-8811-81ce58d96606 tempest-VolumesServicesTestJSON-546767299 tempest-VolumesServicesTestJSON-546767299-project] Task 'cinder.volume.flows.api.create_volume.QuotaReserveTask;volume:create' (7061515d-b9cf-4279-bb36-5e0025d13554) transitioned into state 'RUNNING' from state 'PENDING' {{(pid=116005) _task_receiver /usr/local/lib/python3.8/dist-packages/taskflow/listeners/logging.py:190}}
Feb 02 15:54:15.245039 dv-cinder-827511-1-iscsi devstack@c-api.service[116004]: /usr/local/lib/python3.8/dist-packages/oslo_context/context.py:105: DeprecationWarning: Policy enforcement is depending on the value of is_admin. This key is deprecated. Please update your policy file to use the standard policy values.
Feb 02 15:54:15.245039 dv-cinder-827511-1-iscsi devstack@c-api.service[116004]: warnings.warn('Policy enforcement is depending on the value of '
Feb 02 15:54:15.254721 dv-cinder-827511-1-iscsi devstack@c-api.service[116004]: INFO cinder.volume.api [None req-39fce9b5-9784-42ff-a2bc-6ec2c397ffc6 tempest-VolumeRetypeWithoutMigrationTest-222176915 tempest-VolumeRetypeWithoutMigrationTest-222176915-project] Volume info retrieved successfully.
Feb 02 15:54:15.268290 dv-cinder-827511-1-iscsi devstack@c-api.service[116004]: INFO cinder.api.openstack.wsgi [None req-39fce9b5-9784-42ff-a2bc-6ec2c397ffc6 tempest-VolumeRetypeWithoutMigrationTest-222176915 tempest-VolumeRetypeWithoutMigrationTest-222176915-project] http://10.222.0.112/volume/v3/e5a42e12e2c549d9aa1aab96cb7962db/volumes/c2e2d2a3-c8df-4173-8462-ae593b355196 returned with HTTP 200
Feb 02 15:54:15.271245 dv-cinder-827511-1-iscsi devstack@c-api.service[116004]: [pid: 116004|app: 0|req: 111/227] 10.222.0.112 () {58 vars in 1329 bytes} [Wed Feb 2 15:54:15 2022] GET /volume/v3/e5a42e12e2c549d9aa1aab96cb7962db/volumes/c2e2d2a3-c8df-4173-8462-ae593b355196 => generated 926 bytes in 71 msecs (HTTP/1.1 200) 7 headers in 285 bytes (1 switches on core 0)
Feb 02 15:54:15.392486 dv-cinder-827511-1-iscsi devstack@c-api.service[116005]: DEBUG cinder.quota [None req-6600cb83-9d4c-4f6c-8811-81ce58d96606 tempest-VolumesServicesTestJSON-546767299 tempest-VolumesServicesTestJSON-546767299-project] Created reservations ['1ca11d52-1d11-41a2-be0e-950794be3419', 'a52c11a8-73d2-47b6-aaa1-6560cbd04a5c', '9ff87147-1399-4ec1-b516-acb8091bb8a3', 'c7a64a16-7692-4f9d-a5e9-7694491d78b6'] {{(pid=116005) reserve /opt/stack/cinder/cinder/quota.py:755}}
Feb 02 15:54:15.395029 dv-cinder-827511-1-iscsi devstack@c-api.service[116005]: DEBUG cinder.volume.api [None req-6600cb83-9d4c-4f6c-8811-81ce58d96606 tempest-VolumesServicesTestJSON-546767299 tempest-VolumesServicesTestJSON-546767299-project] Task 'cinder.volume.flows.api.create_volume.QuotaReserveTask;volume:create' (7061515d-b9cf-4279-bb36-5e0025d13554) transitioned into state 'SUCCESS' from state 'RUNNING' with result '{'reservations': ['1ca11d52-1d11-41a2-be0e-950794be3419', 'a52c11a8-73d2-47b6-aaa1-6560cbd04a5c', '9ff87147-1399-4ec1-b516-acb8091bb8a3', 'c7a64a16-7692-4f9d-a5e9-7694491d78b6']}' {{(pid=116005) _task_receiver /usr/local/lib/python3.8/dist-packages/taskflow/listeners/logging.py:178}}
Feb 02 15:54:15.397090 dv-cinder-827511-1-iscsi devstack@c-api.service[116005]: DEBUG cinder.volume.api [None req-6600cb83-9d4c-4f6c-8811-81ce58d96606 tempest-VolumesServicesTestJSON-546767299 tempest-VolumesServicesTestJSON-546767299-project] Task 'cinder.volume.flows.api.create_volume.EntryCreateTask;volume:create' (db1074f7-ebf4-4f80-b961-aaf11e3a1888) transitioned into state 'RUNNING' from state 'PENDING' {{(pid=116005) _task_receiver /usr/local/lib/python3.8/dist-packages/taskflow/listeners/logging.py:190}}
Feb 02 15:54:15.431057 dv-cinder-827511-1-iscsi devstack@c-api.service[116005]: DEBUG cinder.volume.api [None req-6600cb83-9d4c-4f6c-8811-81ce58d96606 tempest-VolumesServicesTestJSON-546767299 tempest-VolumesServicesTestJSON-546767299-project] Task 'cinder.volume.flows.api.create_volume.EntryCreateTask;volume:create' (db1074f7-ebf4-4f80-b961-aaf11e3a1888) transitioned into state 'SUCCESS' from state 'RUNNING' with result '{'volume_id': '75e886ac-c950-4e4c-8cc7-1b292a9fb961', 'volume_properties': VolumeProperties(attach_status='detached',availability_zone='nova',cgsnapshot_id=None,consistencygroup_id=None,display_description=None,display_name='tempest-VolumesServicesTestJSON-Volume-801674970',encryption_key_id=None,group_id=None,group_type_id=,metadata={},multiattach=False,project_id='3565484a4ddb412e9511ae3deeff08fb',qos_specs=None,replication_status=,reservations=['1ca11d52-1d11-41a2-be0e-950794be3419','a52c11a8-73d2-47b6-aaa1-6560cbd04a5c','9ff87147-1399-4ec1-b516-acb8091bb8a3','c7a64a16-7692-4f9d-a5e9-7694491d78b6'],size=1,snapshot_id=None,source_replicaid=,source_volid=None,status='creating',user_id='a8c85549a3b04282b58c0d19e8a2cfaa',volume_type_id=368dd3e2-6503-4a3c-a3ac-a540542f4e9a), 'volume': Volume(_name_id=None,admin_metadata=,attach_status='detached',availability_zone='nova',bootable=False,cluster=,cluster_name=None,consistencygroup=,consistencygroup_id=None,created_at=2022-02-02T15:54:15Z,deleted=False,deleted_at=None,display_description=None,display_name='tempest-VolumesServicesTestJSON-Volume-801674970',ec2_id=None,encryption_key_id=None,glance_metadata=,group=,group_id=None,host=None,id=75e886ac-c950-4e4c-8cc7-1b292a9fb961,launched_at=None,metadata={},migration_status=None,multiattach=False,previous_status=None,project_id='3565484a4ddb412e9511ae3deeff08fb',provider_auth=None,provider_geometry=None,provider_id=None,provider_location=None,replication_driver_data=None,replication_extended_status=None,replication_status=None,scheduled_at=None,service_uuid=None,shared_targets=True,size=1,snapshot_id=None,snapshots=,source_volid=None,status='creating',terminated_at=None,updated_at=None,use_quota=True,user_id='a8c85549a3b04282b58c0d19e8a2cfaa',volume_attachment=VolumeAttachmentList,volume_type=VolumeType(368dd3e2-6503-4a3c-a3ac-a540542f4e9a),volume_type_id=368dd3e2-6503-4a3c-a3ac-a540542f4e9a)}' {{(pid=116005) _task_receiver /usr/local/lib/python3.8/dist-packages/taskflow/listeners/logging.py:178}}
Feb 02 15:54:15.433128 dv-cinder-827511-1-iscsi devstack@c-api.service[116005]: DEBUG cinder.volume.api [None req-6600cb83-9d4c-4f6c-8811-81ce58d96606 tempest-VolumesServicesTestJSON-546767299 tempest-VolumesServicesTestJSON-546767299-project] Task 'cinder.volume.flows.api.create_volume.QuotaCommitTask;volume:create' (640444cf-72c7-488b-89b8-d04f03e07746) transitioned into state 'RUNNING' from state 'PENDING' {{(pid=116005) _task_receiver /usr/local/lib/python3.8/dist-packages/taskflow/listeners/logging.py:190}}
Feb 02 15:54:15.462297 dv-cinder-827511-1-iscsi devstack@c-api.service[116005]: DEBUG cinder.volume.api [None req-6600cb83-9d4c-4f6c-8811-81ce58d96606 tempest-VolumesServicesTestJSON-546767299 tempest-VolumesServicesTestJSON-546767299-project] Task 'cinder.volume.flows.api.create_volume.QuotaCommitTask;volume:create' (640444cf-72c7-488b-89b8-d04f03e07746) transitioned into state 'SUCCESS' from state 'RUNNING' with result '{'volume_properties': VolumeProperties(attach_status='detached',availability_zone='nova',cgsnapshot_id=None,consistencygroup_id=None,display_description=None,display_name='tempest-VolumesServicesTestJSON-Volume-801674970',encryption_key_id=None,group_id=None,group_type_id=,metadata={},multiattach=False,project_id='3565484a4ddb412e9511ae3deeff08fb',qos_specs=None,replication_status=,reservations=['1ca11d52-1d11-41a2-be0e-950794be3419','a52c11a8-73d2-47b6-aaa1-6560cbd04a5c','9ff87147-1399-4ec1-b516-acb8091bb8a3','c7a64a16-7692-4f9d-a5e9-7694491d78b6'],size=1,snapshot_id=None,source_replicaid=,source_volid=None,status='creating',user_id='a8c85549a3b04282b58c0d19e8a2cfaa',volume_type_id=368dd3e2-6503-4a3c-a3ac-a540542f4e9a)}' {{(pid=116005) _task_receiver /usr/local/lib/python3.8/dist-packages/taskflow/listeners/logging.py:178}}
Feb 02 15:54:15.464211 dv-cinder-827511-1-iscsi devstack@c-api.service[116005]: DEBUG cinder.volume.api [None req-6600cb83-9d4c-4f6c-8811-81ce58d96606 tempest-VolumesServicesTestJSON-546767299 tempest-VolumesServicesTestJSON-546767299-project] Task 'cinder.volume.flows.api.create_volume.VolumeCastTask;volume:create' (2b3018d8-bec8-46ed-bdf2-b8edc5a864d4) transitioned into state 'RUNNING' from state 'PENDING' {{(pid=116005) _task_receiver /usr/local/lib/python3.8/dist-packages/taskflow/listeners/logging.py:190}}
Feb 02 15:54:15.484431 dv-cinder-827511-1-iscsi devstack@c-api.service[116005]: DEBUG cinder.volume.api [None req-6600cb83-9d4c-4f6c-8811-81ce58d96606 tempest-VolumesServicesTestJSON-546767299 tempest-VolumesServicesTestJSON-546767299-project] Task 'cinder.volume.flows.api.create_volume.VolumeCastTask;volume:create' (2b3018d8-bec8-46ed-bdf2-b8edc5a864d4) transitioned into state 'SUCCESS' from state 'RUNNING' with result 'None' {{(pid=116005) _task_receiver /usr/local/lib/python3.8/dist-packages/taskflow/listeners/logging.py:178}}
Feb 02 15:54:15.487655 dv-cinder-827511-1-iscsi devstack@c-api.service[116005]: DEBUG cinder.volume.api [None req-6600cb83-9d4c-4f6c-8811-81ce58d96606 tempest-VolumesServicesTestJSON-546767299 tempest-VolumesServicesTestJSON-546767299-project] Flow 'volume_create_api' (b4e367b1-81a6-4f1b-a933-d9d648a4a442) transitioned into state 'SUCCESS' from state 'RUNNING' {{(pid=116005) _flow_receiver /usr/local/lib/python3.8/dist-packages/taskflow/listeners/logging.py:141}}
Feb 02 15:54:15.489198 dv-cinder-827511-1-iscsi devstack@c-api.service[116005]: INFO cinder.volume.api [None req-6600cb83-9d4c-4f6c-8811-81ce58d96606 tempest-VolumesServicesTestJSON-546767299 tempest-VolumesServicesTestJSON-546767299-project] Create volume request issued successfully.
Feb 02 15:54:15.491496 dv-cinder-827511-1-iscsi devstack@c-api.service[116005]: INFO cinder.api.openstack.wsgi [None req-6600cb83-9d4c-4f6c-8811-81ce58d96606 tempest-VolumesServicesTestJSON-546767299 tempest-VolumesServicesTestJSON-546767299-project] http://10.222.0.112/volume/v3/3565484a4ddb412e9511ae3deeff08fb/volumes returned with HTTP 202
Feb 02 15:54:15.501080 dv-cinder-827511-1-iscsi devstack@c-api.service[116005]: [pid: 116005|app: 0|req: 117/228] 10.222.0.112 () {60 vars in 1239 bytes} [Wed Feb 2 15:54:14 2022] POST /volume/v3/3565484a4ddb412e9511ae3deeff08fb/volumes => generated 824 bytes in 564 msecs (HTTP/1.1 202) 7 headers in 291 bytes (1 switches on core 0)
Feb 02 15:54:15.511721 dv-cinder-827511-1-iscsi devstack@c-api.service[116004]: INFO cinder.api.openstack.wsgi [None req-9c5dc265-8f37-47dc-a2be-6d9126bc6352 tempest-VolumesServicesTestJSON-546767299 tempest-VolumesServicesTestJSON-546767299-project] GET http://10.222.0.112/volume/v3/3565484a4ddb412e9511ae3deeff08fb/volumes/75e886ac-c950-4e4c-8cc7-1b292a9fb961
Feb 02 15:54:15.512188 dv-cinder-827511-1-iscsi devstack@c-api.service[116004]: DEBUG cinder.api.openstack.wsgi [None req-9c5dc265-8f37-47dc-a2be-6d9126bc6352 tempest-VolumesServicesTestJSON-546767299 tempest-VolumesServicesTestJSON-546767299-project] Empty body provided in request {{(pid=116004) get_body /opt/stack/cinder/cinder/api/openstack/wsgi.py:715}}
Feb 02 15:54:15.512653 dv-cinder-827511-1-iscsi devstack@c-api.service[116004]: DEBUG cinder.api.openstack.wsgi [None req-9c5dc265-8f37-47dc-a2be-6d9126bc6352 tempest-VolumesServicesTestJSON-546767299 tempest-VolumesServicesTestJSON-546767299-project] Calling method 'show' {{(pid=116004) _process_stack /opt/stack/cinder/cinder/api/openstack/wsgi.py:868}}
Feb 02 15:54:15.528956 dv-cinder-827511-1-iscsi devstack@c-api.service[116004]: /usr/local/lib/python3.8/dist-packages/oslo_context/context.py:105: DeprecationWarning: Policy enforcement is depending on the value of is_admin. This key is deprecated. Please update your policy file to use the standard policy values.
Feb 02 15:54:15.528956 dv-cinder-827511-1-iscsi devstack@c-api.service[116004]: warnings.warn('Policy enforcement is depending on the value of '
Feb 02 15:54:15.542017 dv-cinder-827511-1-iscsi devstack@c-api.service[116004]: INFO cinder.volume.api [None req-9c5dc265-8f37-47dc-a2be-6d9126bc6352 tempest-VolumesServicesTestJSON-546767299 tempest-VolumesServicesTestJSON-546767299-project] Volume info retrieved successfully.
Feb 02 15:54:15.556485 dv-cinder-827511-1-iscsi devstack@c-api.service[116004]: INFO cinder.api.openstack.wsgi [None req-9c5dc265-8f37-47dc-a2be-6d9126bc6352 tempest-VolumesServicesTestJSON-546767299 tempest-VolumesServicesTestJSON-546767299-project] http://10.222.0.112/volume/v3/3565484a4ddb412e9511ae3deeff08fb/volumes/75e886ac-c950-4e4c-8cc7-1b292a9fb961 returned with HTTP 200
Feb 02 15:54:15.558695 dv-cinder-827511-1-iscsi devstack@c-api.service[116004]: [pid: 116004|app: 0|req: 112/229] 10.222.0.112 () {58 vars in 1329 bytes} [Wed Feb 2 15:54:15 2022] GET /volume/v3/3565484a4ddb412e9511ae3deeff08fb/volumes/75e886ac-c950-4e4c-8cc7-1b292a9fb961 => generated 892 bytes in 51 msecs (HTTP/1.1 200) 7 headers in 285 bytes (1 switches on core 0)
Feb 02 15:54:15.648721 dv-cinder-827511-1-iscsi devstack@c-api.service[116005]: INFO cinder.api.openstack.wsgi [None req-8dee38ea-2526-4adf-b6fc-ffb013b2a3d1 tempest-GroupSnapshotsTest-210246533 tempest-GroupSnapshotsTest-210246533-project] GET http://10.222.0.112/volume/v3/66c5c632d60a41d281ef9477441e2508/group_snapshots/1414ad9b-672b-4740-b165-ac995c2b2986
Feb 02 15:54:15.649268 dv-cinder-827511-1-iscsi devstack@c-api.service[116005]: DEBUG cinder.api.openstack.wsgi [None req-8dee38ea-2526-4adf-b6fc-ffb013b2a3d1 tempest-GroupSnapshotsTest-210246533 tempest-GroupSnapshotsTest-210246533-project] Empty body provided in request {{(pid=116005) get_body /opt/stack/cinder/cinder/api/openstack/wsgi.py:715}}
Feb 02 15:54:15.650278 dv-cinder-827511-1-iscsi devstack@c-api.service[116005]: DEBUG cinder.api.openstack.wsgi [None req-8dee38ea-2526-4adf-b6fc-ffb013b2a3d1 tempest-GroupSnapshotsTest-210246533 tempest-GroupSnapshotsTest-210246533-project] Calling method 'version_select' {{(pid=116005) _process_stack /opt/stack/cinder/cinder/api/openstack/wsgi.py:868}}
Feb 02 15:54:15.650970 dv-cinder-827511-1-iscsi devstack@c-api.service[116005]: DEBUG cinder.api.v3.group_snapshots [None req-8dee38ea-2526-4adf-b6fc-ffb013b2a3d1 tempest-GroupSnapshotsTest-210246533 tempest-GroupSnapshotsTest-210246533-project] show called for member 1414ad9b-672b-4740-b165-ac995c2b2986 {{(pid=116005) show /opt/stack/cinder/cinder/api/v3/group_snapshots.py:58}}
Feb 02 15:54:15.659212 dv-cinder-827511-1-iscsi devstack@c-api.service[116005]: /usr/local/lib/python3.8/dist-packages/oslo_context/context.py:105: DeprecationWarning: Policy enforcement is depending on the value of is_admin. This key is deprecated. Please update your policy file to use the standard policy values.
Feb 02 15:54:15.659212 dv-cinder-827511-1-iscsi devstack@c-api.service[116005]: warnings.warn('Policy enforcement is depending on the value of '
Feb 02 15:54:15.666710 dv-cinder-827511-1-iscsi devstack@c-api.service[116005]: INFO cinder.api.openstack.wsgi [None req-8dee38ea-2526-4adf-b6fc-ffb013b2a3d1 tempest-GroupSnapshotsTest-210246533 tempest-GroupSnapshotsTest-210246533-project] http://10.222.0.112/volume/v3/66c5c632d60a41d281ef9477441e2508/group_snapshots/1414ad9b-672b-4740-b165-ac995c2b2986 returned with HTTP 200
Feb 02 15:54:15.667872 dv-cinder-827511-1-iscsi devstack@c-api.service[116005]: [pid: 116005|app: 0|req: 118/230] 10.222.0.112 () {60 vars in 1394 bytes} [Wed Feb 2 15:54:15 2022] GET /volume/v3/66c5c632d60a41d281ef9477441e2508/group_snapshots/1414ad9b-672b-4740-b165-ac995c2b2986 => generated 326 bytes in 25 msecs (HTTP/1.1 200) 7 headers in 286 bytes (1 switches on core 0)
Feb 02 15:54:16.220606 dv-cinder-827511-1-iscsi devstack@c-api.service[116004]: INFO cinder.api.openstack.wsgi [None req-a88418a9-534b-41f2-ba89-25aacdd084fc tempest-VolumeTypesAccessTest-143931675 tempest-VolumeTypesAccessTest-143931675-project-admin] POST http://10.222.0.112/volume/v3/b2dd29f394654e62a393d52df7d6fc8e/types
Feb 02 15:54:16.221370 dv-cinder-827511-1-iscsi devstack@c-api.service[116004]: DEBUG cinder.api.openstack.wsgi [None req-a88418a9-534b-41f2-ba89-25aacdd084fc tempest-VolumeTypesAccessTest-143931675 tempest-VolumeTypesAccessTest-143931675-project-admin] Action: 'create', calling method: _create, body: {"volume_type": {"name": "tempest-VolumeTypesAccessTest-volume-type-905289834", "os-volume-type-access:is_public": false}} {{(pid=116004) _process_stack /opt/stack/cinder/cinder/api/openstack/wsgi.py:866}}
Feb 02 15:54:16.244376 dv-cinder-827511-1-iscsi devstack@c-api.service[116004]: INFO cinder.api.openstack.wsgi [None req-a88418a9-534b-41f2-ba89-25aacdd084fc tempest-VolumeTypesAccessTest-143931675 tempest-VolumeTypesAccessTest-143931675-project-admin] http://10.222.0.112/volume/v3/b2dd29f394654e62a393d52df7d6fc8e/types returned with HTTP 200
Feb 02 15:54:16.245069 dv-cinder-827511-1-iscsi devstack@c-api.service[116004]: [pid: 116004|app: 0|req: 113/231] 10.222.0.112 () {60 vars in 1234 bytes} [Wed Feb 2 15:54:16 2022] POST /volume/v3/b2dd29f394654e62a393d52df7d6fc8e/types => generated 228 bytes in 175 msecs (HTTP/1.1 200) 7 headers in 285 bytes (1 switches on core 0)
Feb 02 15:54:16.285562 dv-cinder-827511-1-iscsi devstack@c-api.service[116004]: INFO cinder.api.openstack.wsgi [None req-4339c3ac-b98d-4b79-965b-23f373260bf0 tempest-VolumeRetypeWithoutMigrationTest-222176915 tempest-VolumeRetypeWithoutMigrationTest-222176915-project] GET http://10.222.0.112/volume/v3/e5a42e12e2c549d9aa1aab96cb7962db/volumes/c2e2d2a3-c8df-4173-8462-ae593b355196
Feb 02 15:54:16.286347 dv-cinder-827511-1-iscsi devstack@c-api.service[116004]: DEBUG cinder.api.openstack.wsgi [None req-4339c3ac-b98d-4b79-965b-23f373260bf0 tempest-VolumeRetypeWithoutMigrationTest-222176915 tempest-VolumeRetypeWithoutMigrationTest-222176915-project] Empty body provided in request {{(pid=116004) get_body /opt/stack/cinder/cinder/api/openstack/wsgi.py:715}}
Feb 02 15:54:16.286949 dv-cinder-827511-1-iscsi devstack@c-api.service[116004]: DEBUG cinder.api.openstack.wsgi [None req-4339c3ac-b98d-4b79-965b-23f373260bf0 tempest-VolumeRetypeWithoutMigrationTest-222176915 tempest-VolumeRetypeWithoutMigrationTest-222176915-project] Calling method 'show' {{(pid=116004) _process_stack /opt/stack/cinder/cinder/api/openstack/wsgi.py:868}}
Feb 02 15:54:16.302565 dv-cinder-827511-1-iscsi devstack@c-api.service[116004]: /usr/local/lib/python3.8/dist-packages/oslo_context/context.py:105: DeprecationWarning: Policy enforcement is depending on the value of is_admin. This key is deprecated. Please update your policy file to use the standard policy values.
Feb 02 15:54:16.302565 dv-cinder-827511-1-iscsi devstack@c-api.service[116004]: warnings.warn('Policy enforcement is depending on the value of '
Feb 02 15:54:16.310200 dv-cinder-827511-1-iscsi devstack@c-api.service[116004]: INFO cinder.volume.api [None req-4339c3ac-b98d-4b79-965b-23f373260bf0 tempest-VolumeRetypeWithoutMigrationTest-222176915 tempest-VolumeRetypeWithoutMigrationTest-222176915-project] Volume info retrieved successfully.
Feb 02 15:54:16.320954 dv-cinder-827511-1-iscsi devstack@c-api.service[116004]: INFO cinder.api.openstack.wsgi [None req-4339c3ac-b98d-4b79-965b-23f373260bf0 tempest-VolumeRetypeWithoutMigrationTest-222176915 tempest-VolumeRetypeWithoutMigrationTest-222176915-project] http://10.222.0.112/volume/v3/e5a42e12e2c549d9aa1aab96cb7962db/volumes/c2e2d2a3-c8df-4173-8462-ae593b355196 returned with HTTP 200
Feb 02 15:54:16.321708 dv-cinder-827511-1-iscsi devstack@c-api.service[116004]: [pid: 116004|app: 0|req: 114/232] 10.222.0.112 () {58 vars in 1329 bytes} [Wed Feb 2 15:54:16 2022] GET /volume/v3/e5a42e12e2c549d9aa1aab96cb7962db/volumes/c2e2d2a3-c8df-4173-8462-ae593b355196 => generated 927 bytes in 40 msecs (HTTP/1.1 200) 7 headers in 285 bytes (2 switches on core 0)
Feb 02 15:54:16.341445 dv-cinder-827511-1-iscsi devstack@c-api.service[116004]: INFO cinder.api.openstack.wsgi [None req-d1865dff-ea91-4385-9cbc-d9cdbd81016e tempest-VolumeRetypeWithoutMigrationTest-1446119566 tempest-VolumeRetypeWithoutMigrationTest-1446119566-project-admin] GET http://10.222.0.112/volume/v3/f22119986eb248468a427d32e835a45f/volumes/c2e2d2a3-c8df-4173-8462-ae593b355196
Feb 02 15:54:16.342120 dv-cinder-827511-1-iscsi devstack@c-api.service[116004]: DEBUG cinder.api.openstack.wsgi [None req-d1865dff-ea91-4385-9cbc-d9cdbd81016e tempest-VolumeRetypeWithoutMigrationTest-1446119566 tempest-VolumeRetypeWithoutMigrationTest-1446119566-project-admin] Empty body provided in request {{(pid=116004) get_body /opt/stack/cinder/cinder/api/openstack/wsgi.py:715}}
Feb 02 15:54:16.342520 dv-cinder-827511-1-iscsi devstack@c-api.service[116004]: DEBUG cinder.api.openstack.wsgi [None req-d1865dff-ea91-4385-9cbc-d9cdbd81016e tempest-VolumeRetypeWithoutMigrationTest-1446119566 tempest-VolumeRetypeWithoutMigrationTest-1446119566-project-admin] Calling method 'show' {{(pid=116004) _process_stack /opt/stack/cinder/cinder/api/openstack/wsgi.py:868}}
Feb 02 15:54:16.393775 dv-cinder-827511-1-iscsi devstack@c-api.service[116004]: /usr/local/lib/python3.8/dist-packages/oslo_context/context.py:105: DeprecationWarning: Policy enforcement is depending on the value of is_admin. This key is deprecated. Please update your policy file to use the standard policy values.
Feb 02 15:54:16.393775 dv-cinder-827511-1-iscsi devstack@c-api.service[116004]: warnings.warn('Policy enforcement is depending on the value of '
Feb 02 15:54:16.401919 dv-cinder-827511-1-iscsi devstack@c-api.service[116004]: INFO cinder.volume.api [None req-d1865dff-ea91-4385-9cbc-d9cdbd81016e tempest-VolumeRetypeWithoutMigrationTest-1446119566 tempest-VolumeRetypeWithoutMigrationTest-1446119566-project-admin] Volume info retrieved successfully.
Feb 02 15:54:16.411672 dv-cinder-827511-1-iscsi devstack@c-api.service[116004]: INFO cinder.api.openstack.wsgi [None req-d1865dff-ea91-4385-9cbc-d9cdbd81016e tempest-VolumeRetypeWithoutMigrationTest-1446119566 tempest-VolumeRetypeWithoutMigrationTest-1446119566-project-admin] http://10.222.0.112/volume/v3/f22119986eb248468a427d32e835a45f/volumes/c2e2d2a3-c8df-4173-8462-ae593b355196 returned with HTTP 200
Feb 02 15:54:16.412404 dv-cinder-827511-1-iscsi devstack@c-api.service[116004]: [pid: 116004|app: 0|req: 115/233] 10.222.0.112 () {58 vars in 1329 bytes} [Wed Feb 2 15:54:16 2022] GET /volume/v3/f22119986eb248468a427d32e835a45f/volumes/c2e2d2a3-c8df-4173-8462-ae593b355196 => generated 1103 bytes in 74 msecs (HTTP/1.1 200) 7 headers in 286 bytes (1 switches on core 0)
Feb 02 15:54:16.426325 dv-cinder-827511-1-iscsi devstack@c-api.service[116005]: INFO cinder.api.openstack.wsgi [None req-f4e71a3b-8103-49a5-90f7-9d6551f1b060 tempest-VolumeTypesAccessTest-2064040712 tempest-VolumeTypesAccessTest-2064040712-project] POST http://10.222.0.112/volume/v3/34a2c3f0952f40ccad7c3ba5e6f9b5f6/volumes
Feb 02 15:54:16.426996 dv-cinder-827511-1-iscsi devstack@c-api.service[116004]: INFO cinder.api.openstack.wsgi [None req-5ac411e2-d373-497b-90ba-6fc9db8a7f40 tempest-VolumeRetypeWithoutMigrationTest-1446119566 tempest-VolumeRetypeWithoutMigrationTest-1446119566-project-admin] GET http://10.222.0.112/volume/v3/f22119986eb248468a427d32e835a45f/volumes?all_tenants=True&name=tempest-VolumeRetypeWithoutMigrationTest-Volume-17790979
Feb 02 15:54:16.427104 dv-cinder-827511-1-iscsi devstack@c-api.service[116005]: DEBUG cinder.api.openstack.wsgi [None req-f4e71a3b-8103-49a5-90f7-9d6551f1b060 tempest-VolumeTypesAccessTest-2064040712 tempest-VolumeTypesAccessTest-2064040712-project] Action: 'create', calling method: create, body: {"volume": {"volume_type": "41754893-8b66-4276-8082-6542e543af2f", "size": 1}} {{(pid=116005) _process_stack /opt/stack/cinder/cinder/api/openstack/wsgi.py:866}}
Feb 02 15:54:16.427436 dv-cinder-827511-1-iscsi devstack@c-api.service[116004]: DEBUG cinder.api.openstack.wsgi [None req-5ac411e2-d373-497b-90ba-6fc9db8a7f40 tempest-VolumeRetypeWithoutMigrationTest-1446119566 tempest-VolumeRetypeWithoutMigrationTest-1446119566-project-admin] Empty body provided in request {{(pid=116004) get_body /opt/stack/cinder/cinder/api/openstack/wsgi.py:715}}
Feb 02 15:54:16.427874 dv-cinder-827511-1-iscsi devstack@c-api.service[116004]: DEBUG cinder.api.openstack.wsgi [None req-5ac411e2-d373-497b-90ba-6fc9db8a7f40 tempest-VolumeRetypeWithoutMigrationTest-1446119566 tempest-VolumeRetypeWithoutMigrationTest-1446119566-project-admin] Calling method 'index' {{(pid=116004) _process_stack /opt/stack/cinder/cinder/api/openstack/wsgi.py:868}}
Feb 02 15:54:16.428388 dv-cinder-827511-1-iscsi devstack@c-api.service[116005]: DEBUG cinder.api.v3.volumes [None req-f4e71a3b-8103-49a5-90f7-9d6551f1b060 tempest-VolumeTypesAccessTest-2064040712 tempest-VolumeTypesAccessTest-2064040712-project] Create volume request body: {'volume': {'volume_type': '41754893-8b66-4276-8082-6542e543af2f', 'size': 1}} {{(pid=116005) create /opt/stack/cinder/cinder/api/v3/volumes.py:298}}
Feb 02 15:54:16.429688 dv-cinder-827511-1-iscsi devstack@c-api.service[116004]: DEBUG cinder.volume.api [None req-5ac411e2-d373-497b-90ba-6fc9db8a7f40 tempest-VolumeRetypeWithoutMigrationTest-1446119566 tempest-VolumeRetypeWithoutMigrationTest-1446119566-project-admin] Searching by: MultiDict([('display_name', 'tempest-VolumeRetypeWithoutMigrationTest-Volume-17790979'), ('all_tenants', True)]). {{(pid=116004) get_all /opt/stack/cinder/cinder/volume/api.py:661}}
Feb 02 15:54:16.442757 dv-cinder-827511-1-iscsi devstack@c-api.service[116005]: INFO cinder.api.openstack.wsgi [None req-f4e71a3b-8103-49a5-90f7-9d6551f1b060 tempest-VolumeTypesAccessTest-2064040712 tempest-VolumeTypesAccessTest-2064040712-project] http://10.222.0.112/volume/v3/34a2c3f0952f40ccad7c3ba5e6f9b5f6/volumes returned with HTTP 404
Feb 02 15:54:16.444916 dv-cinder-827511-1-iscsi devstack@c-api.service[116005]: [pid: 116005|app: 0|req: 119/234] 10.222.0.112 () {60 vars in 1239 bytes} [Wed Feb 2 15:54:16 2022] POST /volume/v3/34a2c3f0952f40ccad7c3ba5e6f9b5f6/volumes => generated 114 bytes in 194 msecs (HTTP/1.1 404) 7 headers in 292 bytes (1 switches on core 0)
Feb 02 15:54:16.453682 dv-cinder-827511-1-iscsi devstack@c-api.service[116005]: INFO cinder.api.openstack.wsgi [None req-922dd55c-7f9b-4c75-a4ce-cbe2f7fec2e9 tempest-VolumeTypesAccessTest-143931675 tempest-VolumeTypesAccessTest-143931675-project-admin] POST http://10.222.0.112/volume/v3/b2dd29f394654e62a393d52df7d6fc8e/types/41754893-8b66-4276-8082-6542e543af2f/action
Feb 02 15:54:16.454785 dv-cinder-827511-1-iscsi devstack@c-api.service[116005]: DEBUG cinder.api.openstack.wsgi [None req-922dd55c-7f9b-4c75-a4ce-cbe2f7fec2e9 tempest-VolumeTypesAccessTest-143931675 tempest-VolumeTypesAccessTest-143931675-project-admin] Action body: b'{"addProjectAccess": {"project": "34a2c3f0952f40ccad7c3ba5e6f9b5f6"}}' {{(pid=116005) get_method /opt/stack/cinder/cinder/api/openstack/wsgi.py:983}}
Feb 02 15:54:16.455111 dv-cinder-827511-1-iscsi devstack@c-api.service[116005]: DEBUG cinder.api.openstack.wsgi [None req-922dd55c-7f9b-4c75-a4ce-cbe2f7fec2e9 tempest-VolumeTypesAccessTest-143931675 tempest-VolumeTypesAccessTest-143931675-project-admin] Action: 'action', calling method: _addProjectAccess, body: {"addProjectAccess": {"project": "34a2c3f0952f40ccad7c3ba5e6f9b5f6"}} {{(pid=116005) _process_stack /opt/stack/cinder/cinder/api/openstack/wsgi.py:866}}
Feb 02 15:54:16.475001 dv-cinder-827511-1-iscsi devstack@c-api.service[116005]: INFO cinder.api.openstack.wsgi [None req-922dd55c-7f9b-4c75-a4ce-cbe2f7fec2e9 tempest-VolumeTypesAccessTest-143931675 tempest-VolumeTypesAccessTest-143931675-project-admin] http://10.222.0.112/volume/v3/b2dd29f394654e62a393d52df7d6fc8e/types/41754893-8b66-4276-8082-6542e543af2f/action returned with HTTP 202
Feb 02 15:54:16.476509 dv-cinder-827511-1-iscsi devstack@c-api.service[116005]: [pid: 116005|app: 0|req: 120/235] 10.222.0.112 () {60 vars in 1365 bytes} [Wed Feb 2 15:54:16 2022] POST /volume/v3/b2dd29f394654e62a393d52df7d6fc8e/types/41754893-8b66-4276-8082-6542e543af2f/action => generated 0 bytes in 26 msecs (HTTP/1.1 202) 6 headers in 233 bytes (1 switches on core 0)
Feb 02 15:54:16.487165 dv-cinder-827511-1-iscsi devstack@c-api.service[116005]: INFO cinder.api.openstack.wsgi [None req-3ab4138c-a2ed-4c61-99ec-07c65f3b1973 tempest-VolumeTypesAccessTest-2064040712 tempest-VolumeTypesAccessTest-2064040712-project] POST http://10.222.0.112/volume/v3/34a2c3f0952f40ccad7c3ba5e6f9b5f6/volumes
Feb 02 15:54:16.488971 dv-cinder-827511-1-iscsi devstack@c-api.service[116005]: DEBUG cinder.api.openstack.wsgi [None req-3ab4138c-a2ed-4c61-99ec-07c65f3b1973 tempest-VolumeTypesAccessTest-2064040712 tempest-VolumeTypesAccessTest-2064040712-project] Action: 'create', calling method: create, body: {"volume": {"volume_type": "41754893-8b66-4276-8082-6542e543af2f", "size": 1, "name": "tempest-VolumeTypesAccessTest-Volume-930675139"}} {{(pid=116005) _process_stack /opt/stack/cinder/cinder/api/openstack/wsgi.py:866}}
Feb 02 15:54:16.490405 dv-cinder-827511-1-iscsi devstack@c-api.service[116005]: DEBUG cinder.api.v3.volumes [None req-3ab4138c-a2ed-4c61-99ec-07c65f3b1973 tempest-VolumeTypesAccessTest-2064040712 tempest-VolumeTypesAccessTest-2064040712-project] Create volume request body: {'volume': {'volume_type': '41754893-8b66-4276-8082-6542e543af2f', 'size': 1, 'name': 'tempest-VolumeTypesAccessTest-Volume-930675139'}} {{(pid=116005) create /opt/stack/cinder/cinder/api/v3/volumes.py:298}}
Feb 02 15:54:16.497927 dv-cinder-827511-1-iscsi devstack@c-api.service[116005]: INFO cinder.api.v3.volumes [None req-3ab4138c-a2ed-4c61-99ec-07c65f3b1973 tempest-VolumeTypesAccessTest-2064040712 tempest-VolumeTypesAccessTest-2064040712-project] Create volume of 1 GB
Feb 02 15:54:16.499088 dv-cinder-827511-1-iscsi devstack@c-api.service[116005]: /usr/local/lib/python3.8/dist-packages/oslo_context/context.py:105: DeprecationWarning: Policy enforcement is depending on the value of is_admin. This key is deprecated. Please update your policy file to use the standard policy values.
Feb 02 15:54:16.499088 dv-cinder-827511-1-iscsi devstack@c-api.service[116005]: warnings.warn('Policy enforcement is depending on the value of '
Feb 02 15:54:16.500829 dv-cinder-827511-1-iscsi devstack@c-api.service[116005]: INFO cinder.volume.api [None req-3ab4138c-a2ed-4c61-99ec-07c65f3b1973 tempest-VolumeTypesAccessTest-2064040712 tempest-VolumeTypesAccessTest-2064040712-project] Availability Zones retrieved successfully.
Feb 02 15:54:16.507516 dv-cinder-827511-1-iscsi devstack@c-api.service[116004]: INFO cinder.volume.api [None req-5ac411e2-d373-497b-90ba-6fc9db8a7f40 tempest-VolumeRetypeWithoutMigrationTest-1446119566 tempest-VolumeRetypeWithoutMigrationTest-1446119566-project-admin] Get all volumes completed successfully.
Feb 02 15:54:16.508697 dv-cinder-827511-1-iscsi devstack@c-api.service[116004]: INFO cinder.api.openstack.wsgi [None req-5ac411e2-d373-497b-90ba-6fc9db8a7f40 tempest-VolumeRetypeWithoutMigrationTest-1446119566 tempest-VolumeRetypeWithoutMigrationTest-1446119566-project-admin] http://10.222.0.112/volume/v3/f22119986eb248468a427d32e835a45f/volumes?all_tenants=True&name=tempest-VolumeRetypeWithoutMigrationTest-Volume-17790979 returned with HTTP 200
Feb 02 15:54:16.510254 dv-cinder-827511-1-iscsi devstack@c-api.service[116004]: [pid: 116004|app: 0|req: 116/236] 10.222.0.112 () {58 vars in 1375 bytes} [Wed Feb 2 15:54:16 2022] GET /volume/v3/f22119986eb248468a427d32e835a45f/volumes?all_tenants=True&name=tempest-VolumeRetypeWithoutMigrationTest-Volume-17790979 => generated 413 bytes in 87 msecs (HTTP/1.1 200) 7 headers in 285 bytes (2 switches on core 0)
Feb 02 15:54:16.521905 dv-cinder-827511-1-iscsi devstack@c-api.service[116004]: INFO cinder.api.openstack.wsgi [None req-8d9a7f84-81e0-48b6-9bb8-7e7d7e4befc1 tempest-VolumeRetypeWithoutMigrationTest-222176915 tempest-VolumeRetypeWithoutMigrationTest-222176915-project] DELETE http://10.222.0.112/volume/v3/e5a42e12e2c549d9aa1aab96cb7962db/volumes/c2e2d2a3-c8df-4173-8462-ae593b355196
Feb 02 15:54:16.522646 dv-cinder-827511-1-iscsi devstack@c-api.service[116004]: DEBUG cinder.api.openstack.wsgi [None req-8d9a7f84-81e0-48b6-9bb8-7e7d7e4befc1 tempest-VolumeRetypeWithoutMigrationTest-222176915 tempest-VolumeRetypeWithoutMigrationTest-222176915-project] Empty body provided in request {{(pid=116004) get_body /opt/stack/cinder/cinder/api/openstack/wsgi.py:715}}
Feb 02 15:54:16.523334 dv-cinder-827511-1-iscsi devstack@c-api.service[116004]: DEBUG cinder.api.openstack.wsgi [None req-8d9a7f84-81e0-48b6-9bb8-7e7d7e4befc1 tempest-VolumeRetypeWithoutMigrationTest-222176915 tempest-VolumeRetypeWithoutMigrationTest-222176915-project] Calling method 'delete' {{(pid=116004) _process_stack /opt/stack/cinder/cinder/api/openstack/wsgi.py:868}}
Feb 02 15:54:16.523880 dv-cinder-827511-1-iscsi devstack@c-api.service[116004]: INFO cinder.api.v3.volumes [None req-8d9a7f84-81e0-48b6-9bb8-7e7d7e4befc1 tempest-VolumeRetypeWithoutMigrationTest-222176915 tempest-VolumeRetypeWithoutMigrationTest-222176915-project] Delete volume with id: c2e2d2a3-c8df-4173-8462-ae593b355196
Feb 02 15:54:16.525702 dv-cinder-827511-1-iscsi devstack@c-api.service[116005]: DEBUG cinder.volume.api [None req-3ab4138c-a2ed-4c61-99ec-07c65f3b1973 tempest-VolumeTypesAccessTest-2064040712 tempest-VolumeTypesAccessTest-2064040712-project] Flow 'volume_create_api' (df9dcbb6-78d4-4588-91bf-120ec03a11c0) transitioned into state 'RUNNING' from state 'PENDING' {{(pid=116005) _flow_receiver /usr/local/lib/python3.8/dist-packages/taskflow/listeners/logging.py:141}}
Feb 02 15:54:16.528969 dv-cinder-827511-1-iscsi devstack@c-api.service[116005]: DEBUG cinder.volume.api [None req-3ab4138c-a2ed-4c61-99ec-07c65f3b1973 tempest-VolumeTypesAccessTest-2064040712 tempest-VolumeTypesAccessTest-2064040712-project] Task 'cinder.volume.flows.api.create_volume.ExtractVolumeRequestTask;volume:create' (18874dce-4bf4-4ffb-971e-93a45f18385b) transitioned into state 'RUNNING' from state 'PENDING' {{(pid=116005) _task_receiver /usr/local/lib/python3.8/dist-packages/taskflow/listeners/logging.py:190}}
Feb 02 15:54:16.531935 dv-cinder-827511-1-iscsi devstack@c-api.service[116005]: DEBUG cinder.volume.flows.api.create_volume [None req-3ab4138c-a2ed-4c61-99ec-07c65f3b1973 tempest-VolumeTypesAccessTest-2064040712 tempest-VolumeTypesAccessTest-2064040712-project] Validating volume size '1' using validate_int {{(pid=116005) _extract_size /opt/stack/cinder/cinder/volume/flows/api/create_volume.py:225}}
Feb 02 15:54:16.543147 dv-cinder-827511-1-iscsi devstack@c-api.service[116004]: /usr/local/lib/python3.8/dist-packages/oslo_context/context.py:105: DeprecationWarning: Policy enforcement is depending on the value of is_admin. This key is deprecated. Please update your policy file to use the standard policy values.
Feb 02 15:54:16.543147 dv-cinder-827511-1-iscsi devstack@c-api.service[116004]: warnings.warn('Policy enforcement is depending on the value of '
Feb 02 15:54:16.544715 dv-cinder-827511-1-iscsi devstack@c-api.service[116004]: INFO cinder.volume.api [None req-8d9a7f84-81e0-48b6-9bb8-7e7d7e4befc1 tempest-VolumeRetypeWithoutMigrationTest-222176915 tempest-VolumeRetypeWithoutMigrationTest-222176915-project] Volume info retrieved successfully.
