Apr 28 19:45:29.225815 dv-cinder-826949-7-smb devstack@c-api.service[116734]: DEBUG cinder.api.openstack.wsgi [None req-20850cfa-914d-42d9-8c04-8b233e3330ac tempest-GroupSnapshotsTest-1396786661 tempest-GroupSnapshotsTest-1396786661-project] Empty body provided in request {{(pid=116734) get_body /opt/stack/cinder/cinder/api/openstack/wsgi.py:715}}
Apr 28 19:45:29.226304 dv-cinder-826949-7-smb devstack@c-api.service[116734]: DEBUG cinder.api.openstack.wsgi [None req-20850cfa-914d-42d9-8c04-8b233e3330ac tempest-GroupSnapshotsTest-1396786661 tempest-GroupSnapshotsTest-1396786661-project] Calling method 'detail' {{(pid=116734) _process_stack /opt/stack/cinder/cinder/api/openstack/wsgi.py:868}}
Apr 28 19:45:29.226878 dv-cinder-826949-7-smb devstack@c-api.service[116734]: DEBUG cinder.api.api_utils [None req-20850cfa-914d-42d9-8c04-8b233e3330ac tempest-GroupSnapshotsTest-1396786661 tempest-GroupSnapshotsTest-1396786661-project] Removing options '' from query. {{(pid=116734) remove_invalid_filter_options /opt/stack/cinder/cinder/api/api_utils.py:73}}
Apr 28 19:45:29.229100 dv-cinder-826949-7-smb devstack@c-api.service[116734]: DEBUG cinder.volume.api [None req-20850cfa-914d-42d9-8c04-8b233e3330ac tempest-GroupSnapshotsTest-1396786661 tempest-GroupSnapshotsTest-1396786661-project] Searching by: MultiDict([('no_migration_targets', True)]). {{(pid=116734) get_all /opt/stack/cinder/cinder/volume/api.py:662}}
Apr 28 19:45:29.258134 dv-cinder-826949-7-smb devstack@c-api.service[116735]: INFO cinder.volume.api [None req-26c83fe0-7320-4cc0-a970-5376db78e496 tempest-SnapshotMetadataTestJSON-1697061354 tempest-SnapshotMetadataTestJSON-1697061354-project] Update snapshot metadata completed successfully.
Apr 28 19:45:29.260081 dv-cinder-826949-7-smb devstack@c-api.service[116735]: INFO cinder.api.openstack.wsgi [None req-26c83fe0-7320-4cc0-a970-5376db78e496 tempest-SnapshotMetadataTestJSON-1697061354 tempest-SnapshotMetadataTestJSON-1697061354-project] http://10.222.0.62/volume/v3/03c2298678ff440c88e0ac5af5f25dc2/snapshots/90afb98d-3712-4e5c-87ff-249d68a11d48/metadata/key3 returned with HTTP 200
Apr 28 19:45:29.264749 dv-cinder-826949-7-smb devstack@c-api.service[116735]: [pid: 116735|app: 0|req: 215/432] 10.222.0.62 () {60 vars in 1392 bytes} [Thu Apr 28 19:45:29 2022] PUT /volume/v3/03c2298678ff440c88e0ac5af5f25dc2/snapshots/90afb98d-3712-4e5c-87ff-249d68a11d48/metadata/key3 => generated 35 bytes in 100 msecs (HTTP/1.1 200) 7 headers in 284 bytes (1 switches on core 0)
Apr 28 19:45:29.270885 dv-cinder-826949-7-smb devstack@c-api.service[116735]: DEBUG cinder.api.middleware.request_id [None req-96fb709f-3e6d-44da-b549-f6c41ba50d7c None None] RequestId filter calling following filter/app {{(pid=116735) _context_setter /opt/stack/cinder/cinder/api/middleware/request_id.py:62}}
Apr 28 19:45:29.278200 dv-cinder-826949-7-smb devstack@c-api.service[116735]: INFO cinder.api.openstack.wsgi [None req-96fb709f-3e6d-44da-b549-f6c41ba50d7c tempest-SnapshotMetadataTestJSON-1697061354 tempest-SnapshotMetadataTestJSON-1697061354-project] GET http://10.222.0.62/volume/v3/03c2298678ff440c88e0ac5af5f25dc2/snapshots/90afb98d-3712-4e5c-87ff-249d68a11d48/metadata/key3
Apr 28 19:45:29.279773 dv-cinder-826949-7-smb devstack@c-api.service[116735]: DEBUG cinder.api.openstack.wsgi [None req-96fb709f-3e6d-44da-b549-f6c41ba50d7c tempest-SnapshotMetadataTestJSON-1697061354 tempest-SnapshotMetadataTestJSON-1697061354-project] Empty body provided in request {{(pid=116735) get_body /opt/stack/cinder/cinder/api/openstack/wsgi.py:715}}
Apr 28 19:45:29.280888 dv-cinder-826949-7-smb devstack@c-api.service[116735]: DEBUG cinder.api.openstack.wsgi [None req-96fb709f-3e6d-44da-b549-f6c41ba50d7c tempest-SnapshotMetadataTestJSON-1697061354 tempest-SnapshotMetadataTestJSON-1697061354-project] Calling method 'show' {{(pid=116735) _process_stack /opt/stack/cinder/cinder/api/openstack/wsgi.py:868}}
Apr 28 19:45:29.293418 dv-cinder-826949-7-smb devstack@c-api.service[116735]: /usr/local/lib/python3.8/dist-packages/oslo_context/context.py:100: DeprecationWarning: Policy enforcement is depending on the value of is_admin. This key is deprecated. Please update your policy file to use the standard policy values.
Apr 28 19:45:29.293418 dv-cinder-826949-7-smb devstack@c-api.service[116735]: warnings.warn('Policy enforcement is depending on the value of '
Apr 28 19:45:29.295675 dv-cinder-826949-7-smb devstack@c-api.service[116735]: INFO cinder.volume.api [None req-96fb709f-3e6d-44da-b549-f6c41ba50d7c tempest-SnapshotMetadataTestJSON-1697061354 tempest-SnapshotMetadataTestJSON-1697061354-project] Snapshot retrieved successfully.
Apr 28 19:45:29.298100 dv-cinder-826949-7-smb devstack@c-api.service[116735]: INFO cinder.volume.api [None req-96fb709f-3e6d-44da-b549-f6c41ba50d7c tempest-SnapshotMetadataTestJSON-1697061354 tempest-SnapshotMetadataTestJSON-1697061354-project] Get snapshot metadata completed successfully.
Apr 28 19:45:29.298999 dv-cinder-826949-7-smb devstack@c-api.service[116735]: INFO cinder.api.openstack.wsgi [None req-96fb709f-3e6d-44da-b549-f6c41ba50d7c tempest-SnapshotMetadataTestJSON-1697061354 tempest-SnapshotMetadataTestJSON-1697061354-project] http://10.222.0.62/volume/v3/03c2298678ff440c88e0ac5af5f25dc2/snapshots/90afb98d-3712-4e5c-87ff-249d68a11d48/metadata/key3 returned with HTTP 200
Apr 28 19:45:29.300420 dv-cinder-826949-7-smb devstack@c-api.service[116735]: [pid: 116735|app: 0|req: 216/433] 10.222.0.62 () {58 vars in 1372 bytes} [Thu Apr 28 19:45:29 2022] GET /volume/v3/03c2298678ff440c88e0ac5af5f25dc2/snapshots/90afb98d-3712-4e5c-87ff-249d68a11d48/metadata/key3 => generated 35 bytes in 30 msecs (HTTP/1.1 200) 7 headers in 284 bytes (1 switches on core 0)
Apr 28 19:45:29.306755 dv-cinder-826949-7-smb devstack@c-api.service[116735]: DEBUG cinder.api.middleware.request_id [None req-92d6b664-903d-4e5a-9463-c68700bb188b None None] RequestId filter calling following filter/app {{(pid=116735) _context_setter /opt/stack/cinder/cinder/api/middleware/request_id.py:62}}
Apr 28 19:45:29.314619 dv-cinder-826949-7-smb devstack@c-api.service[116735]: INFO cinder.api.openstack.wsgi [None req-92d6b664-903d-4e5a-9463-c68700bb188b tempest-SnapshotMetadataTestJSON-1697061354 tempest-SnapshotMetadataTestJSON-1697061354-project] GET http://10.222.0.62/volume/v3/03c2298678ff440c88e0ac5af5f25dc2/snapshots/90afb98d-3712-4e5c-87ff-249d68a11d48/metadata
Apr 28 19:45:29.315034 dv-cinder-826949-7-smb devstack@c-api.service[116735]: DEBUG cinder.api.openstack.wsgi [None req-92d6b664-903d-4e5a-9463-c68700bb188b tempest-SnapshotMetadataTestJSON-1697061354 tempest-SnapshotMetadataTestJSON-1697061354-project] Empty body provided in request {{(pid=116735) get_body /opt/stack/cinder/cinder/api/openstack/wsgi.py:715}}
Apr 28 19:45:29.316173 dv-cinder-826949-7-smb devstack@c-api.service[116735]: DEBUG cinder.api.openstack.wsgi [None req-92d6b664-903d-4e5a-9463-c68700bb188b tempest-SnapshotMetadataTestJSON-1697061354 tempest-SnapshotMetadataTestJSON-1697061354-project] Calling method 'index' {{(pid=116735) _process_stack /opt/stack/cinder/cinder/api/openstack/wsgi.py:868}}
Apr 28 19:45:29.324817 dv-cinder-826949-7-smb devstack@c-api.service[116734]: INFO cinder.volume.api [None req-20850cfa-914d-42d9-8c04-8b233e3330ac tempest-GroupSnapshotsTest-1396786661 tempest-GroupSnapshotsTest-1396786661-project] Get all volumes completed successfully.
Apr 28 19:45:29.327959 dv-cinder-826949-7-smb devstack@c-api.service[116734]: WARNING stevedore.named [None req-20850cfa-914d-42d9-8c04-8b233e3330ac tempest-GroupSnapshotsTest-1396786661 tempest-GroupSnapshotsTest-1396786661-project] Could not load cinder.keymgr.conf_key_mgr.ConfKeyManager
Apr 28 19:45:29.328411 dv-cinder-826949-7-smb devstack@c-api.service[116735]: /usr/local/lib/python3.8/dist-packages/oslo_context/context.py:100: DeprecationWarning: Policy enforcement is depending on the value of is_admin. This key is deprecated. Please update your policy file to use the standard policy values.
Apr 28 19:45:29.328411 dv-cinder-826949-7-smb devstack@c-api.service[116735]: warnings.warn('Policy enforcement is depending on the value of '
Apr 28 19:45:29.328812 dv-cinder-826949-7-smb devstack@c-api.service[116734]: WARNING castellan.key_manager [None req-20850cfa-914d-42d9-8c04-8b233e3330ac tempest-GroupSnapshotsTest-1396786661 tempest-GroupSnapshotsTest-1396786661-project] Deprecation Warning : cinder.keymgr.conf_key_mgr.ConfKeyManager is not a stevedore based driver, trying to load it as a class: stevedore.exception.NoMatches: No 'castellan.drivers' driver found, looking for 'cinder.keymgr.conf_key_mgr.ConfKeyManager'
Apr 28 19:45:29.329432 dv-cinder-826949-7-smb devstack@c-api.service[116735]: INFO cinder.volume.api [None req-92d6b664-903d-4e5a-9463-c68700bb188b tempest-SnapshotMetadataTestJSON-1697061354 tempest-SnapshotMetadataTestJSON-1697061354-project] Snapshot retrieved successfully.
Apr 28 19:45:29.331728 dv-cinder-826949-7-smb devstack@c-api.service[116735]: INFO cinder.volume.api [None req-92d6b664-903d-4e5a-9463-c68700bb188b tempest-SnapshotMetadataTestJSON-1697061354 tempest-SnapshotMetadataTestJSON-1697061354-project] Get snapshot metadata completed successfully.
Apr 28 19:45:29.332485 dv-cinder-826949-7-smb devstack@c-api.service[116735]: INFO cinder.api.openstack.wsgi [None req-92d6b664-903d-4e5a-9463-c68700bb188b tempest-SnapshotMetadataTestJSON-1697061354 tempest-SnapshotMetadataTestJSON-1697061354-project] http://10.222.0.62/volume/v3/03c2298678ff440c88e0ac5af5f25dc2/snapshots/90afb98d-3712-4e5c-87ff-249d68a11d48/metadata returned with HTTP 200
Apr 28 19:45:29.333708 dv-cinder-826949-7-smb devstack@c-api.service[116735]: [pid: 116735|app: 0|req: 217/434] 10.222.0.62 () {58 vars in 1357 bytes} [Thu Apr 28 19:45:29 2022] GET /volume/v3/03c2298678ff440c88e0ac5af5f25dc2/snapshots/90afb98d-3712-4e5c-87ff-249d68a11d48/metadata => generated 75 bytes in 28 msecs (HTTP/1.1 200) 7 headers in 284 bytes (1 switches on core 0)
Apr 28 19:45:29.338281 dv-cinder-826949-7-smb devstack@c-api.service[116734]: DEBUG oslo_db.sqlalchemy.engines [None req-20850cfa-914d-42d9-8c04-8b233e3330ac tempest-GroupSnapshotsTest-1396786661 tempest-GroupSnapshotsTest-1396786661-project] MySQL server mode set to STRICT_TRANS_TABLES,STRICT_ALL_TABLES,NO_ZERO_IN_DATE,NO_ZERO_DATE,ERROR_FOR_DIVISION_BY_ZERO,TRADITIONAL,NO_ENGINE_SUBSTITUTION {{(pid=116734) _check_effective_sql_mode /usr/local/lib/python3.8/dist-packages/oslo_db/sqlalchemy/engines.py:314}}
Apr 28 19:45:29.340394 dv-cinder-826949-7-smb devstack@c-api.service[116735]: DEBUG cinder.api.middleware.request_id [None req-55978f78-d1d7-4416-8d14-2ae6395349d0 None None] RequestId filter calling following filter/app {{(pid=116735) _context_setter /opt/stack/cinder/cinder/api/middleware/request_id.py:62}}
Apr 28 19:45:29.346883 dv-cinder-826949-7-smb devstack@c-api.service[116735]: INFO cinder.api.openstack.wsgi [None req-55978f78-d1d7-4416-8d14-2ae6395349d0 tempest-SnapshotMetadataTestJSON-1697061354 tempest-SnapshotMetadataTestJSON-1697061354-project] PUT http://10.222.0.62/volume/v3/03c2298678ff440c88e0ac5af5f25dc2/snapshots/90afb98d-3712-4e5c-87ff-249d68a11d48/metadata
Apr 28 19:45:29.347367 dv-cinder-826949-7-smb devstack@c-api.service[116734]: /usr/local/lib/python3.8/dist-packages/oslo_context/context.py:100: DeprecationWarning: Policy enforcement is depending on the value of is_admin. This key is deprecated. Please update your policy file to use the standard policy values.
Apr 28 19:45:29.347367 dv-cinder-826949-7-smb devstack@c-api.service[116734]: warnings.warn('Policy enforcement is depending on the value of '
Apr 28 19:45:29.347575 dv-cinder-826949-7-smb devstack@c-api.service[116735]: DEBUG cinder.api.openstack.wsgi [None req-55978f78-d1d7-4416-8d14-2ae6395349d0 tempest-SnapshotMetadataTestJSON-1697061354 tempest-SnapshotMetadataTestJSON-1697061354-project] Action: 'update_all', calling method: update_all, body: {"metadata": {}} {{(pid=116735) _process_stack /opt/stack/cinder/cinder/api/openstack/wsgi.py:866}}
Apr 28 19:45:29.362272 dv-cinder-826949-7-smb devstack@c-api.service[116735]: /usr/local/lib/python3.8/dist-packages/oslo_context/context.py:100: DeprecationWarning: Policy enforcement is depending on the value of is_admin. This key is deprecated. Please update your policy file to use the standard policy values.
Apr 28 19:45:29.362272 dv-cinder-826949-7-smb devstack@c-api.service[116735]: warnings.warn('Policy enforcement is depending on the value of '
Apr 28 19:45:29.363704 dv-cinder-826949-7-smb devstack@c-api.service[116735]: INFO cinder.volume.api [None req-55978f78-d1d7-4416-8d14-2ae6395349d0 tempest-SnapshotMetadataTestJSON-1697061354 tempest-SnapshotMetadataTestJSON-1697061354-project] Snapshot retrieved successfully.
Apr 28 19:45:29.373575 dv-cinder-826949-7-smb devstack@c-api.service[116734]: INFO cinder.api.openstack.wsgi [None req-20850cfa-914d-42d9-8c04-8b233e3330ac tempest-GroupSnapshotsTest-1396786661 tempest-GroupSnapshotsTest-1396786661-project] http://10.222.0.62/volume/v3/547a758783ef4718aca4e17516f60c01/volumes/detail returned with HTTP 200
Apr 28 19:45:29.374446 dv-cinder-826949-7-smb devstack@c-api.service[116734]: [pid: 116734|app: 0|req: 218/435] 10.222.0.62 () {60 vars in 1275 bytes} [Thu Apr 28 19:45:29 2022] GET /volume/v3/547a758783ef4718aca4e17516f60c01/volumes/detail => generated 1004 bytes in 154 msecs (HTTP/1.1 200) 7 headers in 287 bytes (1 switches on core 0)
Apr 28 19:45:29.387565 dv-cinder-826949-7-smb devstack@c-api.service[116734]: DEBUG cinder.api.middleware.request_id [None req-7a42e7d5-0ecb-4111-b6b8-ef474c410fa8 None None] RequestId filter calling following filter/app {{(pid=116734) _context_setter /opt/stack/cinder/cinder/api/middleware/request_id.py:62}}
Apr 28 19:45:29.393514 dv-cinder-826949-7-smb devstack@c-api.service[116734]: INFO cinder.api.openstack.wsgi [None req-7a42e7d5-0ecb-4111-b6b8-ef474c410fa8 tempest-GroupSnapshotsTest-1396786661 tempest-GroupSnapshotsTest-1396786661-project] POST http://10.222.0.62/volume/v3/547a758783ef4718aca4e17516f60c01/groups/5394d1e2-7d2e-40f5-9db2-ecba5478ae9c/action
Apr 28 19:45:29.394991 dv-cinder-826949-7-smb devstack@c-api.service[116734]: DEBUG cinder.api.openstack.wsgi [None req-7a42e7d5-0ecb-4111-b6b8-ef474c410fa8 tempest-GroupSnapshotsTest-1396786661 tempest-GroupSnapshotsTest-1396786661-project] Action body: b'{"delete": {"delete-volumes": true}}' {{(pid=116734) get_method /opt/stack/cinder/cinder/api/openstack/wsgi.py:983}}
Apr 28 19:45:29.394991 dv-cinder-826949-7-smb devstack@c-api.service[116734]: DEBUG cinder.api.openstack.wsgi [None req-7a42e7d5-0ecb-4111-b6b8-ef474c410fa8 tempest-GroupSnapshotsTest-1396786661 tempest-GroupSnapshotsTest-1396786661-project] Action: 'action', calling method: delete_group, body: {"delete": {"delete-volumes": true}} {{(pid=116734) _process_stack /opt/stack/cinder/cinder/api/openstack/wsgi.py:866}}
Apr 28 19:45:29.395700 dv-cinder-826949-7-smb devstack@c-api.service[116734]: DEBUG cinder.api.v3.groups [None req-7a42e7d5-0ecb-4111-b6b8-ef474c410fa8 tempest-GroupSnapshotsTest-1396786661 tempest-GroupSnapshotsTest-1396786661-project] delete called for group 5394d1e2-7d2e-40f5-9db2-ecba5478ae9c {{(pid=116734) _delete /opt/stack/cinder/cinder/api/v3/groups.py:117}}
Apr 28 19:45:29.396040 dv-cinder-826949-7-smb devstack@c-api.service[116734]: INFO cinder.api.v3.groups [None req-7a42e7d5-0ecb-4111-b6b8-ef474c410fa8 tempest-GroupSnapshotsTest-1396786661 tempest-GroupSnapshotsTest-1396786661-project] Delete group with id: 5394d1e2-7d2e-40f5-9db2-ecba5478ae9c
Apr 28 19:45:29.411600 dv-cinder-826949-7-smb devstack@c-api.service[116734]: /usr/local/lib/python3.8/dist-packages/oslo_context/context.py:100: DeprecationWarning: Policy enforcement is depending on the value of is_admin. This key is deprecated. Please update your policy file to use the standard policy values.
Apr 28 19:45:29.411600 dv-cinder-826949-7-smb devstack@c-api.service[116734]: warnings.warn('Policy enforcement is depending on the value of '
Apr 28 19:45:29.443740 dv-cinder-826949-7-smb devstack@c-api.service[116735]: INFO cinder.volume.api [None req-55978f78-d1d7-4416-8d14-2ae6395349d0 tempest-SnapshotMetadataTestJSON-1697061354 tempest-SnapshotMetadataTestJSON-1697061354-project] Update snapshot metadata completed successfully.
Apr 28 19:45:29.445180 dv-cinder-826949-7-smb devstack@c-api.service[116735]: INFO cinder.api.openstack.wsgi [None req-55978f78-d1d7-4416-8d14-2ae6395349d0 tempest-SnapshotMetadataTestJSON-1697061354 tempest-SnapshotMetadataTestJSON-1697061354-project] http://10.222.0.62/volume/v3/03c2298678ff440c88e0ac5af5f25dc2/snapshots/90afb98d-3712-4e5c-87ff-249d68a11d48/metadata returned with HTTP 200
Apr 28 19:45:29.451667 dv-cinder-826949-7-smb devstack@c-api.service[116735]: [pid: 116735|app: 0|req: 218/436] 10.222.0.62 () {60 vars in 1377 bytes} [Thu Apr 28 19:45:29 2022] PUT /volume/v3/03c2298678ff440c88e0ac5af5f25dc2/snapshots/90afb98d-3712-4e5c-87ff-249d68a11d48/metadata => generated 16 bytes in 113 msecs (HTTP/1.1 200) 7 headers in 284 bytes (2 switches on core 0)
Apr 28 19:45:29.464470 dv-cinder-826949-7-smb devstack@c-api.service[116735]: DEBUG cinder.api.middleware.request_id [None req-f299f859-e3c4-408f-8bdc-62efbac19895 None None] RequestId filter calling following filter/app {{(pid=116735) _context_setter /opt/stack/cinder/cinder/api/middleware/request_id.py:62}}
Apr 28 19:45:29.478736 dv-cinder-826949-7-smb devstack@c-api.service[116735]: INFO cinder.api.openstack.wsgi [None req-f299f859-e3c4-408f-8bdc-62efbac19895 tempest-SnapshotMetadataTestJSON-1697061354 tempest-SnapshotMetadataTestJSON-1697061354-project] DELETE http://10.222.0.62/volume/v3/03c2298678ff440c88e0ac5af5f25dc2/snapshots/90afb98d-3712-4e5c-87ff-249d68a11d48
Apr 28 19:45:29.488159 dv-cinder-826949-7-smb devstack@c-api.service[116735]: DEBUG cinder.api.openstack.wsgi [None req-f299f859-e3c4-408f-8bdc-62efbac19895 tempest-SnapshotMetadataTestJSON-1697061354 tempest-SnapshotMetadataTestJSON-1697061354-project] Empty body provided in request {{(pid=116735) get_body /opt/stack/cinder/cinder/api/openstack/wsgi.py:715}}
Apr 28 19:45:29.488730 dv-cinder-826949-7-smb devstack@c-api.service[116735]: DEBUG cinder.api.openstack.wsgi [None req-f299f859-e3c4-408f-8bdc-62efbac19895 tempest-SnapshotMetadataTestJSON-1697061354 tempest-SnapshotMetadataTestJSON-1697061354-project] Calling method 'delete' {{(pid=116735) _process_stack /opt/stack/cinder/cinder/api/openstack/wsgi.py:868}}
Apr 28 19:45:29.489065 dv-cinder-826949-7-smb devstack@c-api.service[116735]: INFO cinder.api.v2.snapshots [None req-f299f859-e3c4-408f-8bdc-62efbac19895 tempest-SnapshotMetadataTestJSON-1697061354 tempest-SnapshotMetadataTestJSON-1697061354-project] Delete snapshot with id: 90afb98d-3712-4e5c-87ff-249d68a11d48
Apr 28 19:45:29.537406 dv-cinder-826949-7-smb devstack@c-api.service[116735]: /usr/local/lib/python3.8/dist-packages/oslo_context/context.py:100: DeprecationWarning: Policy enforcement is depending on the value of is_admin. This key is deprecated. Please update your policy file to use the standard policy values.
Apr 28 19:45:29.537406 dv-cinder-826949-7-smb devstack@c-api.service[116735]: warnings.warn('Policy enforcement is depending on the value of '
Apr 28 19:45:29.538418 dv-cinder-826949-7-smb devstack@c-api.service[116735]: INFO cinder.volume.api [None req-f299f859-e3c4-408f-8bdc-62efbac19895 tempest-SnapshotMetadataTestJSON-1697061354 tempest-SnapshotMetadataTestJSON-1697061354-project] Snapshot retrieved successfully.
Apr 28 19:45:29.642587 dv-cinder-826949-7-smb devstack@c-api.service[116734]: INFO cinder.api.openstack.wsgi [None req-7a42e7d5-0ecb-4111-b6b8-ef474c410fa8 tempest-GroupSnapshotsTest-1396786661 tempest-GroupSnapshotsTest-1396786661-project] http://10.222.0.62/volume/v3/547a758783ef4718aca4e17516f60c01/groups/5394d1e2-7d2e-40f5-9db2-ecba5478ae9c/action returned with HTTP 202
Apr 28 19:45:29.651541 dv-cinder-826949-7-smb devstack@c-api.service[116735]: INFO cinder.volume.api [None req-f299f859-e3c4-408f-8bdc-62efbac19895 tempest-SnapshotMetadataTestJSON-1697061354 tempest-SnapshotMetadataTestJSON-1697061354-project] Snapshot delete request issued successfully.
Apr 28 19:45:29.651952 dv-cinder-826949-7-smb devstack@c-api.service[116734]: [pid: 116734|app: 0|req: 219/437] 10.222.0.62 () {62 vars in 1404 bytes} [Thu Apr 28 19:45:29 2022] POST /volume/v3/547a758783ef4718aca4e17516f60c01/groups/5394d1e2-7d2e-40f5-9db2-ecba5478ae9c/action => generated 0 bytes in 265 msecs (HTTP/1.1 202) 6 headers in 234 bytes (1 switches on core 0)
Apr 28 19:45:29.652254 dv-cinder-826949-7-smb devstack@c-api.service[116735]: INFO cinder.api.openstack.wsgi [None req-f299f859-e3c4-408f-8bdc-62efbac19895 tempest-SnapshotMetadataTestJSON-1697061354 tempest-SnapshotMetadataTestJSON-1697061354-project] http://10.222.0.62/volume/v3/03c2298678ff440c88e0ac5af5f25dc2/snapshots/90afb98d-3712-4e5c-87ff-249d68a11d48 returned with HTTP 202
Apr 28 19:45:29.652938 dv-cinder-826949-7-smb devstack@c-api.service[116735]: [pid: 116735|app: 0|req: 219/438] 10.222.0.62 () {58 vars in 1333 bytes} [Thu Apr 28 19:45:29 2022] DELETE /volume/v3/03c2298678ff440c88e0ac5af5f25dc2/snapshots/90afb98d-3712-4e5c-87ff-249d68a11d48 => generated 0 bytes in 192 msecs (HTTP/1.1 202) 6 headers in 233 bytes (1 switches on core 0)
Apr 28 19:45:29.658573 dv-cinder-826949-7-smb devstack@c-api.service[116735]: DEBUG cinder.api.middleware.request_id [None req-620292e3-d7e8-4a90-a322-3f5cda0f31fb None None] RequestId filter calling following filter/app {{(pid=116735) _context_setter /opt/stack/cinder/cinder/api/middleware/request_id.py:62}}
Apr 28 19:45:29.659187 dv-cinder-826949-7-smb devstack@c-api.service[116734]: DEBUG cinder.api.middleware.request_id [None req-33ec4beb-4153-41bb-abb0-27c24ec3c1fd None None] RequestId filter calling following filter/app {{(pid=116734) _context_setter /opt/stack/cinder/cinder/api/middleware/request_id.py:62}}
Apr 28 19:45:29.672863 dv-cinder-826949-7-smb devstack@c-api.service[116735]: INFO cinder.api.openstack.wsgi [None req-620292e3-d7e8-4a90-a322-3f5cda0f31fb tempest-SnapshotMetadataTestJSON-1697061354 tempest-SnapshotMetadataTestJSON-1697061354-project] GET http://10.222.0.62/volume/v3/03c2298678ff440c88e0ac5af5f25dc2/snapshots/90afb98d-3712-4e5c-87ff-249d68a11d48
Apr 28 19:45:29.678061 dv-cinder-826949-7-smb devstack@c-api.service[116735]: DEBUG cinder.api.openstack.wsgi [None req-620292e3-d7e8-4a90-a322-3f5cda0f31fb tempest-SnapshotMetadataTestJSON-1697061354 tempest-SnapshotMetadataTestJSON-1697061354-project] Empty body provided in request {{(pid=116735) get_body /opt/stack/cinder/cinder/api/openstack/wsgi.py:715}}
Apr 28 19:45:29.679113 dv-cinder-826949-7-smb devstack@c-api.service[116735]: DEBUG cinder.api.openstack.wsgi [None req-620292e3-d7e8-4a90-a322-3f5cda0f31fb tempest-SnapshotMetadataTestJSON-1697061354 tempest-SnapshotMetadataTestJSON-1697061354-project] Calling method 'show' {{(pid=116735) _process_stack /opt/stack/cinder/cinder/api/openstack/wsgi.py:868}}
Apr 28 19:45:29.688324 dv-cinder-826949-7-smb devstack@c-api.service[116734]: INFO cinder.api.openstack.wsgi [None req-33ec4beb-4153-41bb-abb0-27c24ec3c1fd tempest-GroupSnapshotsTest-1396786661 tempest-GroupSnapshotsTest-1396786661-project] GET http://10.222.0.62/volume/v3/547a758783ef4718aca4e17516f60c01/volumes/886018f6-b427-4976-b5e3-23cf4ef2869b
Apr 28 19:45:29.691592 dv-cinder-826949-7-smb devstack@c-api.service[116734]: DEBUG cinder.api.openstack.wsgi [None req-33ec4beb-4153-41bb-abb0-27c24ec3c1fd tempest-GroupSnapshotsTest-1396786661 tempest-GroupSnapshotsTest-1396786661-project] Empty body provided in request {{(pid=116734) get_body /opt/stack/cinder/cinder/api/openstack/wsgi.py:715}}
Apr 28 19:45:29.692399 dv-cinder-826949-7-smb devstack@c-api.service[116734]: DEBUG cinder.api.openstack.wsgi [None req-33ec4beb-4153-41bb-abb0-27c24ec3c1fd tempest-GroupSnapshotsTest-1396786661 tempest-GroupSnapshotsTest-1396786661-project] Calling method 'show' {{(pid=116734) _process_stack /opt/stack/cinder/cinder/api/openstack/wsgi.py:868}}
Apr 28 19:45:29.726537 dv-cinder-826949-7-smb devstack@c-api.service[116735]: /usr/local/lib/python3.8/dist-packages/oslo_context/context.py:100: DeprecationWarning: Policy enforcement is depending on the value of is_admin. This key is deprecated. Please update your policy file to use the standard policy values.
Apr 28 19:45:29.726537 dv-cinder-826949-7-smb devstack@c-api.service[116735]: warnings.warn('Policy enforcement is depending on the value of '
Apr 28 19:45:29.728535 dv-cinder-826949-7-smb devstack@c-api.service[116735]: INFO cinder.volume.api [None req-620292e3-d7e8-4a90-a322-3f5cda0f31fb tempest-SnapshotMetadataTestJSON-1697061354 tempest-SnapshotMetadataTestJSON-1697061354-project] Snapshot retrieved successfully.
Apr 28 19:45:29.751858 dv-cinder-826949-7-smb devstack@c-api.service[116734]: /usr/local/lib/python3.8/dist-packages/oslo_context/context.py:100: DeprecationWarning: Policy enforcement is depending on the value of is_admin. This key is deprecated. Please update your policy file to use the standard policy values.
Apr 28 19:45:29.751858 dv-cinder-826949-7-smb devstack@c-api.service[116734]: warnings.warn('Policy enforcement is depending on the value of '
Apr 28 19:45:29.761740 dv-cinder-826949-7-smb devstack@c-api.service[116735]: INFO cinder.api.openstack.wsgi [None req-620292e3-d7e8-4a90-a322-3f5cda0f31fb tempest-SnapshotMetadataTestJSON-1697061354 tempest-SnapshotMetadataTestJSON-1697061354-project] http://10.222.0.62/volume/v3/03c2298678ff440c88e0ac5af5f25dc2/snapshots/90afb98d-3712-4e5c-87ff-249d68a11d48 returned with HTTP 200
Apr 28 19:45:29.763147 dv-cinder-826949-7-smb devstack@c-api.service[116735]: [pid: 116735|app: 0|req: 220/439] 10.222.0.62 () {58 vars in 1330 bytes} [Thu Apr 28 19:45:29 2022] GET /volume/v3/03c2298678ff440c88e0ac5af5f25dc2/snapshots/90afb98d-3712-4e5c-87ff-249d68a11d48 => generated 468 bytes in 106 msecs (HTTP/1.1 200) 7 headers in 285 bytes (1 switches on core 0)
Apr 28 19:45:29.790531 dv-cinder-826949-7-smb devstack@c-api.service[116734]: INFO cinder.volume.api [None req-33ec4beb-4153-41bb-abb0-27c24ec3c1fd tempest-GroupSnapshotsTest-1396786661 tempest-GroupSnapshotsTest-1396786661-project] Volume info retrieved successfully.
Apr 28 19:45:29.795833 dv-cinder-826949-7-smb devstack@c-api.service[116734]: WARNING stevedore.named [None req-33ec4beb-4153-41bb-abb0-27c24ec3c1fd tempest-GroupSnapshotsTest-1396786661 tempest-GroupSnapshotsTest-1396786661-project] Could not load cinder.keymgr.conf_key_mgr.ConfKeyManager
Apr 28 19:45:29.796776 dv-cinder-826949-7-smb devstack@c-api.service[116734]: WARNING castellan.key_manager [None req-33ec4beb-4153-41bb-abb0-27c24ec3c1fd tempest-GroupSnapshotsTest-1396786661 tempest-GroupSnapshotsTest-1396786661-project] Deprecation Warning : cinder.keymgr.conf_key_mgr.ConfKeyManager is not a stevedore based driver, trying to load it as a class: stevedore.exception.NoMatches: No 'castellan.drivers' driver found, looking for 'cinder.keymgr.conf_key_mgr.ConfKeyManager'
Apr 28 19:45:29.855854 dv-cinder-826949-7-smb devstack@c-api.service[116734]: DEBUG oslo_db.sqlalchemy.engines [None req-33ec4beb-4153-41bb-abb0-27c24ec3c1fd tempest-GroupSnapshotsTest-1396786661 tempest-GroupSnapshotsTest-1396786661-project] MySQL server mode set to STRICT_TRANS_TABLES,STRICT_ALL_TABLES,NO_ZERO_IN_DATE,NO_ZERO_DATE,ERROR_FOR_DIVISION_BY_ZERO,TRADITIONAL,NO_ENGINE_SUBSTITUTION {{(pid=116734) _check_effective_sql_mode /usr/local/lib/python3.8/dist-packages/oslo_db/sqlalchemy/engines.py:314}}
Apr 28 19:45:29.887668 dv-cinder-826949-7-smb devstack@c-api.service[116734]: /usr/local/lib/python3.8/dist-packages/oslo_context/context.py:100: DeprecationWarning: Policy enforcement is depending on the value of is_admin. This key is deprecated. Please update your policy file to use the standard policy values.
Apr 28 19:45:29.887668 dv-cinder-826949-7-smb devstack@c-api.service[116734]: warnings.warn('Policy enforcement is depending on the value of '
Apr 28 19:45:29.962076 dv-cinder-826949-7-smb devstack@c-api.service[116734]: INFO cinder.api.openstack.wsgi [None req-33ec4beb-4153-41bb-abb0-27c24ec3c1fd tempest-GroupSnapshotsTest-1396786661 tempest-GroupSnapshotsTest-1396786661-project] http://10.222.0.62/volume/v3/547a758783ef4718aca4e17516f60c01/volumes/886018f6-b427-4976-b5e3-23cf4ef2869b returned with HTTP 200
Apr 28 19:45:29.966445 dv-cinder-826949-7-smb devstack@c-api.service[116734]: [pid: 116734|app: 0|req: 220/440] 10.222.0.62 () {60 vars in 1365 bytes} [Thu Apr 28 19:45:29 2022] GET /volume/v3/547a758783ef4718aca4e17516f60c01/volumes/886018f6-b427-4976-b5e3-23cf4ef2869b => generated 1000 bytes in 314 msecs (HTTP/1.1 200) 7 headers in 287 bytes (1 switches on core 0)
Apr 28 19:45:30.778323 dv-cinder-826949-7-smb devstack@c-api.service[116735]: DEBUG cinder.api.middleware.request_id [None req-3b80f81b-f9ce-47a1-875f-6a30f5fae909 None None] RequestId filter calling following filter/app {{(pid=116735) _context_setter /opt/stack/cinder/cinder/api/middleware/request_id.py:62}}
Apr 28 19:45:30.793253 dv-cinder-826949-7-smb devstack@c-api.service[116735]: INFO cinder.api.openstack.wsgi [None req-3b80f81b-f9ce-47a1-875f-6a30f5fae909 tempest-SnapshotMetadataTestJSON-1697061354 tempest-SnapshotMetadataTestJSON-1697061354-project] GET http://10.222.0.62/volume/v3/03c2298678ff440c88e0ac5af5f25dc2/snapshots/90afb98d-3712-4e5c-87ff-249d68a11d48
Apr 28 19:45:30.795288 dv-cinder-826949-7-smb devstack@c-api.service[116735]: DEBUG cinder.api.openstack.wsgi [None req-3b80f81b-f9ce-47a1-875f-6a30f5fae909 tempest-SnapshotMetadataTestJSON-1697061354 tempest-SnapshotMetadataTestJSON-1697061354-project] Empty body provided in request {{(pid=116735) get_body /opt/stack/cinder/cinder/api/openstack/wsgi.py:715}}
Apr 28 19:45:30.796899 dv-cinder-826949-7-smb devstack@c-api.service[116735]: DEBUG cinder.api.openstack.wsgi [None req-3b80f81b-f9ce-47a1-875f-6a30f5fae909 tempest-SnapshotMetadataTestJSON-1697061354 tempest-SnapshotMetadataTestJSON-1697061354-project] Calling method 'show' {{(pid=116735) _process_stack /opt/stack/cinder/cinder/api/openstack/wsgi.py:868}}
Apr 28 19:45:30.866328 dv-cinder-826949-7-smb devstack@c-api.service[116735]: INFO cinder.api.openstack.wsgi [None req-3b80f81b-f9ce-47a1-875f-6a30f5fae909 tempest-SnapshotMetadataTestJSON-1697061354 tempest-SnapshotMetadataTestJSON-1697061354-project] http://10.222.0.62/volume/v3/03c2298678ff440c88e0ac5af5f25dc2/snapshots/90afb98d-3712-4e5c-87ff-249d68a11d48 returned with HTTP 404
Apr 28 19:45:30.867270 dv-cinder-826949-7-smb devstack@c-api.service[116735]: [pid: 116735|app: 0|req: 221/441] 10.222.0.62 () {58 vars in 1330 bytes} [Thu Apr 28 19:45:30 2022] GET /volume/v3/03c2298678ff440c88e0ac5af5f25dc2/snapshots/90afb98d-3712-4e5c-87ff-249d68a11d48 => generated 111 bytes in 93 msecs (HTTP/1.1 404) 7 headers in 292 bytes (1 switches on core 0)
Apr 28 19:45:30.878867 dv-cinder-826949-7-smb devstack@c-api.service[116734]: DEBUG cinder.api.middleware.request_id [None req-5a8e455d-ecfe-4aec-8936-f5652fc12e4d None None] RequestId filter calling following filter/app {{(pid=116734) _context_setter /opt/stack/cinder/cinder/api/middleware/request_id.py:62}}
Apr 28 19:45:30.882174 dv-cinder-826949-7-smb devstack@c-api.service[116734]: INFO cinder.api.openstack.wsgi [None req-5a8e455d-ecfe-4aec-8936-f5652fc12e4d tempest-SnapshotMetadataTestJSON-1697061354 tempest-SnapshotMetadataTestJSON-1697061354-project] DELETE http://10.222.0.62/volume/v3/03c2298678ff440c88e0ac5af5f25dc2/volumes/198a6293-5caa-4564-934f-f1b02b6b9b14
Apr 28 19:45:30.882982 dv-cinder-826949-7-smb devstack@c-api.service[116734]: DEBUG cinder.api.openstack.wsgi [None req-5a8e455d-ecfe-4aec-8936-f5652fc12e4d tempest-SnapshotMetadataTestJSON-1697061354 tempest-SnapshotMetadataTestJSON-1697061354-project] Empty body provided in request {{(pid=116734) get_body /opt/stack/cinder/cinder/api/openstack/wsgi.py:715}}
Apr 28 19:45:30.883825 dv-cinder-826949-7-smb devstack@c-api.service[116734]: DEBUG cinder.api.openstack.wsgi [None req-5a8e455d-ecfe-4aec-8936-f5652fc12e4d tempest-SnapshotMetadataTestJSON-1697061354 tempest-SnapshotMetadataTestJSON-1697061354-project] Calling method 'delete' {{(pid=116734) _process_stack /opt/stack/cinder/cinder/api/openstack/wsgi.py:868}}
Apr 28 19:45:30.884528 dv-cinder-826949-7-smb devstack@c-api.service[116734]: INFO cinder.api.v3.volumes [None req-5a8e455d-ecfe-4aec-8936-f5652fc12e4d tempest-SnapshotMetadataTestJSON-1697061354 tempest-SnapshotMetadataTestJSON-1697061354-project] Delete volume with id: 198a6293-5caa-4564-934f-f1b02b6b9b14
Apr 28 19:45:30.920443 dv-cinder-826949-7-smb devstack@c-api.service[116734]: /usr/local/lib/python3.8/dist-packages/oslo_context/context.py:100: DeprecationWarning: Policy enforcement is depending on the value of is_admin. This key is deprecated. Please update your policy file to use the standard policy values.
Apr 28 19:45:30.920443 dv-cinder-826949-7-smb devstack@c-api.service[116734]: warnings.warn('Policy enforcement is depending on the value of '
Apr 28 19:45:30.922714 dv-cinder-826949-7-smb devstack@c-api.service[116734]: INFO cinder.volume.api [None req-5a8e455d-ecfe-4aec-8936-f5652fc12e4d tempest-SnapshotMetadataTestJSON-1697061354 tempest-SnapshotMetadataTestJSON-1697061354-project] Volume info retrieved successfully.
Apr 28 19:45:30.984982 dv-cinder-826949-7-smb devstack@c-api.service[116734]: INFO cinder.volume.api [None req-5a8e455d-ecfe-4aec-8936-f5652fc12e4d tempest-SnapshotMetadataTestJSON-1697061354 tempest-SnapshotMetadataTestJSON-1697061354-project] Delete volume request issued successfully.
Apr 28 19:45:30.986009 dv-cinder-826949-7-smb devstack@c-api.service[116734]: INFO cinder.api.openstack.wsgi [None req-5a8e455d-ecfe-4aec-8936-f5652fc12e4d tempest-SnapshotMetadataTestJSON-1697061354 tempest-SnapshotMetadataTestJSON-1697061354-project] http://10.222.0.62/volume/v3/03c2298678ff440c88e0ac5af5f25dc2/volumes/198a6293-5caa-4564-934f-f1b02b6b9b14 returned with HTTP 202
Apr 28 19:45:30.986148 dv-cinder-826949-7-smb devstack@c-api.service[116734]: [pid: 116734|app: 0|req: 221/442] 10.222.0.62 () {58 vars in 1327 bytes} [Thu Apr 28 19:45:30 2022] DELETE /volume/v3/03c2298678ff440c88e0ac5af5f25dc2/volumes/198a6293-5caa-4564-934f-f1b02b6b9b14 => generated 0 bytes in 112 msecs (HTTP/1.1 202) 6 headers in 233 bytes (1 switches on core 0)
Apr 28 19:45:30.988391 dv-cinder-826949-7-smb devstack@c-api.service[116735]: DEBUG cinder.api.middleware.request_id [None req-008c04f1-985f-45bc-a822-d3ee45065e21 None None] RequestId filter calling following filter/app {{(pid=116735) _context_setter /opt/stack/cinder/cinder/api/middleware/request_id.py:62}}
Apr 28 19:45:30.993071 dv-cinder-826949-7-smb devstack@c-api.service[116734]: DEBUG cinder.api.middleware.request_id [None req-d817ca6e-1249-4103-9106-47a00af7ac0f None None] RequestId filter calling following filter/app {{(pid=116734) _context_setter /opt/stack/cinder/cinder/api/middleware/request_id.py:62}}
Apr 28 19:45:30.996224 dv-cinder-826949-7-smb devstack@c-api.service[116735]: INFO cinder.api.openstack.wsgi [None req-008c04f1-985f-45bc-a822-d3ee45065e21 tempest-GroupSnapshotsTest-1396786661 tempest-GroupSnapshotsTest-1396786661-project] GET http://10.222.0.62/volume/v3/547a758783ef4718aca4e17516f60c01/volumes/886018f6-b427-4976-b5e3-23cf4ef2869b
Apr 28 19:45:30.996953 dv-cinder-826949-7-smb devstack@c-api.service[116734]: INFO cinder.api.openstack.wsgi [None req-d817ca6e-1249-4103-9106-47a00af7ac0f tempest-SnapshotMetadataTestJSON-1697061354 tempest-SnapshotMetadataTestJSON-1697061354-project] GET http://10.222.0.62/volume/v3/03c2298678ff440c88e0ac5af5f25dc2/volumes/198a6293-5caa-4564-934f-f1b02b6b9b14
Apr 28 19:45:30.997146 dv-cinder-826949-7-smb devstack@c-api.service[116735]: DEBUG cinder.api.openstack.wsgi [None req-008c04f1-985f-45bc-a822-d3ee45065e21 tempest-GroupSnapshotsTest-1396786661 tempest-GroupSnapshotsTest-1396786661-project] Empty body provided in request {{(pid=116735) get_body /opt/stack/cinder/cinder/api/openstack/wsgi.py:715}}
Apr 28 19:45:30.997957 dv-cinder-826949-7-smb devstack@c-api.service[116734]: DEBUG cinder.api.openstack.wsgi [None req-d817ca6e-1249-4103-9106-47a00af7ac0f tempest-SnapshotMetadataTestJSON-1697061354 tempest-SnapshotMetadataTestJSON-1697061354-project] Empty body provided in request {{(pid=116734) get_body /opt/stack/cinder/cinder/api/openstack/wsgi.py:715}}
Apr 28 19:45:30.998774 dv-cinder-826949-7-smb devstack@c-api.service[116735]: DEBUG cinder.api.openstack.wsgi [None req-008c04f1-985f-45bc-a822-d3ee45065e21 tempest-GroupSnapshotsTest-1396786661 tempest-GroupSnapshotsTest-1396786661-project] Calling method 'show' {{(pid=116735) _process_stack /opt/stack/cinder/cinder/api/openstack/wsgi.py:868}}
Apr 28 19:45:30.999401 dv-cinder-826949-7-smb devstack@c-api.service[116734]: DEBUG cinder.api.openstack.wsgi [None req-d817ca6e-1249-4103-9106-47a00af7ac0f tempest-SnapshotMetadataTestJSON-1697061354 tempest-SnapshotMetadataTestJSON-1697061354-project] Calling method 'show' {{(pid=116734) _process_stack /opt/stack/cinder/cinder/api/openstack/wsgi.py:868}}
Apr 28 19:45:31.017696 dv-cinder-826949-7-smb devstack@c-api.service[116734]: /usr/local/lib/python3.8/dist-packages/oslo_context/context.py:100: DeprecationWarning: Policy enforcement is depending on the value of is_admin. This key is deprecated. Please update your policy file to use the standard policy values.
Apr 28 19:45:31.017696 dv-cinder-826949-7-smb devstack@c-api.service[116734]: warnings.warn('Policy enforcement is depending on the value of '
Apr 28 19:45:31.029638 dv-cinder-826949-7-smb devstack@c-api.service[116734]: INFO cinder.volume.api [None req-d817ca6e-1249-4103-9106-47a00af7ac0f tempest-SnapshotMetadataTestJSON-1697061354 tempest-SnapshotMetadataTestJSON-1697061354-project] Volume info retrieved successfully.
Apr 28 19:45:31.044312 dv-cinder-826949-7-smb devstack@c-api.service[116734]: INFO cinder.api.openstack.wsgi [None req-d817ca6e-1249-4103-9106-47a00af7ac0f tempest-SnapshotMetadataTestJSON-1697061354 tempest-SnapshotMetadataTestJSON-1697061354-project] http://10.222.0.62/volume/v3/03c2298678ff440c88e0ac5af5f25dc2/volumes/198a6293-5caa-4564-934f-f1b02b6b9b14 returned with HTTP 200
Apr 28 19:45:31.046399 dv-cinder-826949-7-smb devstack@c-api.service[116735]: INFO cinder.api.openstack.wsgi [None req-008c04f1-985f-45bc-a822-d3ee45065e21 tempest-GroupSnapshotsTest-1396786661 tempest-GroupSnapshotsTest-1396786661-project] http://10.222.0.62/volume/v3/547a758783ef4718aca4e17516f60c01/volumes/886018f6-b427-4976-b5e3-23cf4ef2869b returned with HTTP 404
Apr 28 19:45:31.046706 dv-cinder-826949-7-smb devstack@c-api.service[116734]: [pid: 116734|app: 0|req: 222/443] 10.222.0.62 () {58 vars in 1324 bytes} [Thu Apr 28 19:45:30 2022] GET /volume/v3/03c2298678ff440c88e0ac5af5f25dc2/volumes/198a6293-5caa-4564-934f-f1b02b6b9b14 => generated 914 bytes in 54 msecs (HTTP/1.1 200) 7 headers in 285 bytes (1 switches on core 0)
Apr 28 19:45:31.048956 dv-cinder-826949-7-smb devstack@c-api.service[116735]: [pid: 116735|app: 0|req: 222/444] 10.222.0.62 () {60 vars in 1365 bytes} [Thu Apr 28 19:45:30 2022] GET /volume/v3/547a758783ef4718aca4e17516f60c01/volumes/886018f6-b427-4976-b5e3-23cf4ef2869b => generated 109 bytes in 62 msecs (HTTP/1.1 404) 7 headers in 293 bytes (1 switches on core 0)
Apr 28 19:45:31.063473 dv-cinder-826949-7-smb devstack@c-api.service[116734]: DEBUG cinder.api.middleware.request_id [None req-012ed810-fe8f-4f39-9395-3b531b6a1749 None None] RequestId filter calling following filter/app {{(pid=116734) _context_setter /opt/stack/cinder/cinder/api/middleware/request_id.py:62}}
Apr 28 19:45:31.068882 dv-cinder-826949-7-smb devstack@c-api.service[116734]: INFO cinder.api.openstack.wsgi [None req-012ed810-fe8f-4f39-9395-3b531b6a1749 tempest-GroupSnapshotsTest-1396786661 tempest-GroupSnapshotsTest-1396786661-project] GET http://10.222.0.62/volume/v3/547a758783ef4718aca4e17516f60c01/groups/5394d1e2-7d2e-40f5-9db2-ecba5478ae9c
Apr 28 19:45:31.069486 dv-cinder-826949-7-smb devstack@c-api.service[116734]: DEBUG cinder.api.openstack.wsgi [None req-012ed810-fe8f-4f39-9395-3b531b6a1749 tempest-GroupSnapshotsTest-1396786661 tempest-GroupSnapshotsTest-1396786661-project] Empty body provided in request {{(pid=116734) get_body /opt/stack/cinder/cinder/api/openstack/wsgi.py:715}}
Apr 28 19:45:31.070071 dv-cinder-826949-7-smb devstack@c-api.service[116734]: DEBUG cinder.api.openstack.wsgi [None req-012ed810-fe8f-4f39-9395-3b531b6a1749 tempest-GroupSnapshotsTest-1396786661 tempest-GroupSnapshotsTest-1396786661-project] Calling method 'version_select' {{(pid=116734) _process_stack /opt/stack/cinder/cinder/api/openstack/wsgi.py:868}}
Apr 28 19:45:31.070498 dv-cinder-826949-7-smb devstack@c-api.service[116734]: DEBUG cinder.api.v3.groups [None req-012ed810-fe8f-4f39-9395-3b531b6a1749 tempest-GroupSnapshotsTest-1396786661 tempest-GroupSnapshotsTest-1396786661-project] show called for member 5394d1e2-7d2e-40f5-9db2-ecba5478ae9c {{(pid=116734) show /opt/stack/cinder/cinder/api/v3/groups.py:58}}
Apr 28 19:45:31.083835 dv-cinder-826949-7-smb devstack@c-api.service[116734]: INFO cinder.api.openstack.wsgi [None req-012ed810-fe8f-4f39-9395-3b531b6a1749 tempest-GroupSnapshotsTest-1396786661 tempest-GroupSnapshotsTest-1396786661-project] http://10.222.0.62/volume/v3/547a758783ef4718aca4e17516f60c01/groups/5394d1e2-7d2e-40f5-9db2-ecba5478ae9c returned with HTTP 404
Apr 28 19:45:31.084785 dv-cinder-826949-7-smb devstack@c-api.service[116734]: [pid: 116734|app: 0|req: 223/445] 10.222.0.62 () {60 vars in 1362 bytes} [Thu Apr 28 19:45:31 2022] GET /volume/v3/547a758783ef4718aca4e17516f60c01/groups/5394d1e2-7d2e-40f5-9db2-ecba5478ae9c => generated 108 bytes in 23 msecs (HTTP/1.1 404) 7 headers in 293 bytes (2 switches on core 0)
Apr 28 19:45:31.094121 dv-cinder-826949-7-smb devstack@c-api.service[116735]: DEBUG cinder.api.middleware.request_id [None req-bc99446a-e7db-4478-bce0-6f2fc9c4ab97 None None] RequestId filter calling following filter/app {{(pid=116735) _context_setter /opt/stack/cinder/cinder/api/middleware/request_id.py:62}}
Apr 28 19:45:31.102086 dv-cinder-826949-7-smb devstack@c-api.service[116735]: INFO cinder.api.openstack.wsgi [None req-bc99446a-e7db-4478-bce0-6f2fc9c4ab97 tempest-GroupSnapshotsTest-236030835 tempest-GroupSnapshotsTest-236030835-project-admin] DELETE http://10.222.0.62/volume/v3/a5b165b3c573475f95bf997a5354bcec/group_types/af6b6165-4b51-4d00-ab6f-75ff11ed3931
Apr 28 19:45:31.102599 dv-cinder-826949-7-smb devstack@c-api.service[116735]: DEBUG cinder.api.openstack.wsgi [None req-bc99446a-e7db-4478-bce0-6f2fc9c4ab97 tempest-GroupSnapshotsTest-236030835 tempest-GroupSnapshotsTest-236030835-project-admin] Empty body provided in request {{(pid=116735) get_body /opt/stack/cinder/cinder/api/openstack/wsgi.py:715}}
Apr 28 19:45:31.103059 dv-cinder-826949-7-smb devstack@c-api.service[116735]: DEBUG cinder.api.openstack.wsgi [None req-bc99446a-e7db-4478-bce0-6f2fc9c4ab97 tempest-GroupSnapshotsTest-236030835 tempest-GroupSnapshotsTest-236030835-project-admin] Calling method 'version_select' {{(pid=116735) _process_stack /opt/stack/cinder/cinder/api/openstack/wsgi.py:868}}
Apr 28 19:45:31.158787 dv-cinder-826949-7-smb devstack@c-api.service[116735]: INFO cinder.api.openstack.wsgi [None req-bc99446a-e7db-4478-bce0-6f2fc9c4ab97 tempest-GroupSnapshotsTest-236030835 tempest-GroupSnapshotsTest-236030835-project-admin] http://10.222.0.62/volume/v3/a5b165b3c573475f95bf997a5354bcec/group_types/af6b6165-4b51-4d00-ab6f-75ff11ed3931 returned with HTTP 202
Apr 28 19:45:31.166744 dv-cinder-826949-7-smb devstack@c-api.service[116735]: [pid: 116735|app: 0|req: 223/446] 10.222.0.62 () {60 vars in 1380 bytes} [Thu Apr 28 19:45:31 2022] DELETE /volume/v3/a5b165b3c573475f95bf997a5354bcec/group_types/af6b6165-4b51-4d00-ab6f-75ff11ed3931 => generated 0 bytes in 69 msecs (HTTP/1.1 202) 6 headers in 234 bytes (1 switches on core 0)
Apr 28 19:45:31.173102 dv-cinder-826949-7-smb devstack@c-api.service[116734]: DEBUG cinder.api.middleware.request_id [None req-df68f76c-a2d3-4d07-af17-14a52a5efcac None None] RequestId filter calling following filter/app {{(pid=116734) _context_setter /opt/stack/cinder/cinder/api/middleware/request_id.py:62}}
Apr 28 19:45:31.179818 dv-cinder-826949-7-smb devstack@c-api.service[116734]: INFO cinder.api.openstack.wsgi [None req-df68f76c-a2d3-4d07-af17-14a52a5efcac tempest-GroupSnapshotsTest-1396786661 tempest-GroupSnapshotsTest-1396786661-project] DELETE http://10.222.0.62/volume/v3/547a758783ef4718aca4e17516f60c01/volumes/886018f6-b427-4976-b5e3-23cf4ef2869b
Apr 28 19:45:31.180424 dv-cinder-826949-7-smb devstack@c-api.service[116734]: DEBUG cinder.api.openstack.wsgi [None req-df68f76c-a2d3-4d07-af17-14a52a5efcac tempest-GroupSnapshotsTest-1396786661 tempest-GroupSnapshotsTest-1396786661-project] Empty body provided in request {{(pid=116734) get_body /opt/stack/cinder/cinder/api/openstack/wsgi.py:715}}
Apr 28 19:45:31.181296 dv-cinder-826949-7-smb devstack@c-api.service[116734]: DEBUG cinder.api.openstack.wsgi [None req-df68f76c-a2d3-4d07-af17-14a52a5efcac tempest-GroupSnapshotsTest-1396786661 tempest-GroupSnapshotsTest-1396786661-project] Calling method 'delete' {{(pid=116734) _process_stack /opt/stack/cinder/cinder/api/openstack/wsgi.py:868}}
Apr 28 19:45:31.182475 dv-cinder-826949-7-smb devstack@c-api.service[116734]: INFO cinder.api.v3.volumes [None req-df68f76c-a2d3-4d07-af17-14a52a5efcac tempest-GroupSnapshotsTest-1396786661 tempest-GroupSnapshotsTest-1396786661-project] Delete volume with id: 886018f6-b427-4976-b5e3-23cf4ef2869b
Apr 28 19:45:31.194192 dv-cinder-826949-7-smb devstack@c-api.service[116735]: DEBUG cinder.api.middleware.request_id [None req-118f64f1-5a20-407d-9f08-ce066d6a42ae None None] RequestId filter calling following filter/app {{(pid=116735) _context_setter /opt/stack/cinder/cinder/api/middleware/request_id.py:62}}
Apr 28 19:45:31.204173 dv-cinder-826949-7-smb devstack@c-api.service[116735]: INFO cinder.api.openstack.wsgi [None req-118f64f1-5a20-407d-9f08-ce066d6a42ae tempest-DeleteServersTestJSON-616072886 tempest-DeleteServersTestJSON-616072886-project] GET http://10.222.0.62/volume/v3/51925dfe01a84b1ca222f2afc1fd79d0/volumes/1c84d7f4-ae29-4ebe-87a0-82fed9a056f7
Apr 28 19:45:31.205426 dv-cinder-826949-7-smb devstack@c-api.service[116735]: DEBUG cinder.api.openstack.wsgi [None req-118f64f1-5a20-407d-9f08-ce066d6a42ae tempest-DeleteServersTestJSON-616072886 tempest-DeleteServersTestJSON-616072886-project] Empty body provided in request {{(pid=116735) get_body /opt/stack/cinder/cinder/api/openstack/wsgi.py:715}}
Apr 28 19:45:31.206589 dv-cinder-826949-7-smb devstack@c-api.service[116735]: DEBUG cinder.api.openstack.wsgi [None req-118f64f1-5a20-407d-9f08-ce066d6a42ae tempest-DeleteServersTestJSON-616072886 tempest-DeleteServersTestJSON-616072886-project] Calling method 'show' {{(pid=116735) _process_stack /opt/stack/cinder/cinder/api/openstack/wsgi.py:868}}
Apr 28 19:45:31.215868 dv-cinder-826949-7-smb devstack@c-api.service[116734]: INFO cinder.api.openstack.wsgi [None req-df68f76c-a2d3-4d07-af17-14a52a5efcac tempest-GroupSnapshotsTest-1396786661 tempest-GroupSnapshotsTest-1396786661-project] http://10.222.0.62/volume/v3/547a758783ef4718aca4e17516f60c01/volumes/886018f6-b427-4976-b5e3-23cf4ef2869b returned with HTTP 404
Apr 28 19:45:31.218531 dv-cinder-826949-7-smb devstack@c-api.service[116734]: [pid: 116734|app: 0|req: 224/447] 10.222.0.62 () {60 vars in 1368 bytes} [Thu Apr 28 19:45:31 2022] DELETE /volume/v3/547a758783ef4718aca4e17516f60c01/volumes/886018f6-b427-4976-b5e3-23cf4ef2869b => generated 109 bytes in 49 msecs (HTTP/1.1 404) 7 headers in 293 bytes (1 switches on core 0)
Apr 28 19:45:31.230433 dv-cinder-826949-7-smb devstack@c-api.service[116734]: DEBUG cinder.api.middleware.request_id [None req-e9a3e091-f5da-4a14-b385-9f3d02481094 None None] RequestId filter calling following filter/app {{(pid=116734) _context_setter /opt/stack/cinder/cinder/api/middleware/request_id.py:62}}
Apr 28 19:45:31.243606 dv-cinder-826949-7-smb devstack@c-api.service[116734]: INFO cinder.api.openstack.wsgi [None req-e9a3e091-f5da-4a14-b385-9f3d02481094 tempest-GroupSnapshotsTest-236030835 tempest-GroupSnapshotsTest-236030835-project-admin] DELETE http://10.222.0.62/volume/v3/a5b165b3c573475f95bf997a5354bcec/types/8b5ca287-150c-491d-9b9c-5358fd88999d
Apr 28 19:45:31.244697 dv-cinder-826949-7-smb devstack@c-api.service[116734]: DEBUG cinder.api.openstack.wsgi [None req-e9a3e091-f5da-4a14-b385-9f3d02481094 tempest-GroupSnapshotsTest-236030835 tempest-GroupSnapshotsTest-236030835-project-admin] Empty body provided in request {{(pid=116734) get_body /opt/stack/cinder/cinder/api/openstack/wsgi.py:715}}
Apr 28 19:45:31.245628 dv-cinder-826949-7-smb devstack@c-api.service[116734]: DEBUG cinder.api.openstack.wsgi [None req-e9a3e091-f5da-4a14-b385-9f3d02481094 tempest-GroupSnapshotsTest-236030835 tempest-GroupSnapshotsTest-236030835-project-admin] Calling method '_delete' {{(pid=116734) _process_stack /opt/stack/cinder/cinder/api/openstack/wsgi.py:868}}
Apr 28 19:45:31.249018 dv-cinder-826949-7-smb devstack@c-api.service[116735]: /usr/local/lib/python3.8/dist-packages/oslo_context/context.py:100: DeprecationWarning: Policy enforcement is depending on the value of is_admin. This key is deprecated. Please update your policy file to use the standard policy values.
Apr 28 19:45:31.249018 dv-cinder-826949-7-smb devstack@c-api.service[116735]: warnings.warn('Policy enforcement is depending on the value of '
Apr 28 19:45:31.267472 dv-cinder-826949-7-smb devstack@c-api.service[116735]: INFO cinder.volume.api [None req-118f64f1-5a20-407d-9f08-ce066d6a42ae tempest-DeleteServersTestJSON-616072886 tempest-DeleteServersTestJSON-616072886-project] Volume info retrieved successfully.
