Jan 29 03:44:47.208083 dv-cinder-826949-1-iscsi neutron-server[109550]: DEBUG neutron.notifiers.nova [-] Sending events: [{'name': 'network-changed', 'server_uuid': 'ce5ee017-4daf-4262-8ab0-d31cbfc42bce', 'tag': '5e8c426e-0aed-4140-8239-4f445cd530d4'}] {{(pid=109550) send_events /opt/stack/neutron/neutron/notifiers/nova.py:266}}
Jan 29 03:44:47.208083 dv-cinder-826949-1-iscsi neutron-server[109550]: DEBUG novaclient.v2.client [-] REQ: curl -g -i --cacert "/opt/stack/data/ca-bundle.pem" -X POST http://10.222.0.16/compute/v2.1/os-server-external-events -H "Accept: application/json" -H "Content-Type: application/json" -H "User-Agent: python-novaclient" -H "X-Auth-Token: {SHA256}00fa7e8514ec8b1871638cf3d0c6bf241b62bf17ffd430199c6215cc57604ce7" -H "X-OpenStack-Nova-API-Version: 2.1" -H "X-OpenStack-Request-ID: req-940f02c7-b744-4e4c-bd9f-974135594d92" -d '{"events": [{"name": "network-changed", "server_uuid": "ce5ee017-4daf-4262-8ab0-d31cbfc42bce", "tag": "5e8c426e-0aed-4140-8239-4f445cd530d4"}]}' {{(pid=109550) _http_log_request /usr/local/lib/python3.8/dist-packages/keystoneauth1/session.py:519}}
Jan 29 03:44:47.276941 dv-cinder-826949-1-iscsi neutron-server[109550]: DEBUG neutron.api.rpc.handlers.resources_rpc [None req-ea73dae5-dba3-4b11-acd2-15834f631db0 service neutron] Pushing event updated for resources: {'Port': ['ID=5e8c426e-0aed-4140-8239-4f445cd530d4,revision_number=3']} {{(pid=109550) push /opt/stack/neutron/neutron/api/rpc/handlers/resources_rpc.py:237}}
Jan 29 03:44:47.285375 dv-cinder-826949-1-iscsi neutron-server[109549]: DEBUG neutron_lib.callbacks.manager [None req-adbc61ac-4a85-435f-8490-811163e29d27 admin admin] Publish callbacks [] for security_group (5a8916a9-afd2-4dd5-aa1d-f7aded9a4c92), before_delete {{(pid=109549) _notify_loop /usr/local/lib/python3.8/dist-packages/neutron_lib/callbacks/manager.py:176}}
Jan 29 03:44:47.293127 dv-cinder-826949-1-iscsi neutron-server[109550]: DEBUG novaclient.v2.client [-] RESP: [200] Connection: close Content-Length: 179 Content-Type: application/json Date: Sat, 29 Jan 2022 03:44:47 GMT OpenStack-API-Version: compute 2.1 Server: Apache/2.4.41 (Ubuntu) Vary: OpenStack-API-Version,X-OpenStack-Nova-API-Version X-OpenStack-Nova-API-Version: 2.1 x-compute-request-id: req-3deb0fcc-e7bd-474d-8ee8-d0bf2247ad3e x-openstack-request-id: req-3deb0fcc-e7bd-474d-8ee8-d0bf2247ad3e {{(pid=109550) _http_log_response /usr/local/lib/python3.8/dist-packages/keystoneauth1/session.py:550}}
Jan 29 03:44:47.296698 dv-cinder-826949-1-iscsi neutron-server[109550]: DEBUG novaclient.v2.client [-] RESP BODY: {"events": [{"name": "network-changed", "server_uuid": "ce5ee017-4daf-4262-8ab0-d31cbfc42bce", "tag": "5e8c426e-0aed-4140-8239-4f445cd530d4", "status": "completed", "code": 200}]} {{(pid=109550) _http_log_response /usr/local/lib/python3.8/dist-packages/keystoneauth1/session.py:582}}
Jan 29 03:44:47.296698 dv-cinder-826949-1-iscsi neutron-server[109550]: DEBUG novaclient.v2.client [-] POST call to compute for http://10.222.0.16/compute/v2.1/os-server-external-events used request id req-3deb0fcc-e7bd-474d-8ee8-d0bf2247ad3e {{(pid=109550) request /usr/local/lib/python3.8/dist-packages/keystoneauth1/session.py:954}}
Jan 29 03:44:47.296698 dv-cinder-826949-1-iscsi neutron-server[109550]: INFO neutron.notifiers.nova [-] Nova event response: {'name': 'network-changed', 'server_uuid': 'ce5ee017-4daf-4262-8ab0-d31cbfc42bce', 'tag': '5e8c426e-0aed-4140-8239-4f445cd530d4', 'status': 'completed', 'code': 200}
Jan 29 03:44:47.401903 dv-cinder-826949-1-iscsi neutron-server[109550]: DEBUG neutron.pecan_wsgi.hooks.policy_enforcement [req-940f02c7-b744-4e4c-bd9f-974135594d92 req-f497de7d-6420-40a6-8c29-1a3fe65aa91d service neutron] Attributes excluded by policy engine: ['standard_attr_id'] {{(pid=109550) _exclude_attributes_by_policy /opt/stack/neutron/neutron/pecan_wsgi/hooks/policy_enforcement.py:255}}
Jan 29 03:44:47.403547 dv-cinder-826949-1-iscsi neutron-server[109550]: INFO neutron.wsgi [req-940f02c7-b744-4e4c-bd9f-974135594d92 req-f497de7d-6420-40a6-8c29-1a3fe65aa91d service neutron] 10.222.0.25 "GET /v2.0/ports?tenant_id=995678f3901441a099ca67990ffaa293&device_id=ce5ee017-4daf-4262-8ab0-d31cbfc42bce HTTP/1.1" status: 200 len: 1127 time: 0.0727386
Jan 29 03:44:47.410116 dv-cinder-826949-1-iscsi neutron-server[109549]: INFO neutron.wsgi [req-8733cbae-61f1-47d9-9f6e-a17f37000ca6 req-4228e830-044e-4c6c-8755-9e1000680179 tempest-AttachVolumeShelveTestJSON-323054529 tempest-AttachVolumeShelveTestJSON-323054529-project] 10.222.0.16 "GET /v2.0/ports?device_id=8f5813a3-d10f-42ef-99a5-50aa1af18f3a HTTP/1.1" status: 200 len: 210 time: 0.1261017
Jan 29 03:44:47.440931 dv-cinder-826949-1-iscsi neutron-server[109551]: DEBUG neutron_lib.callbacks.manager [None req-152a18f9-f986-4128-8c0d-a4d997fdb260 None None] Publish callbacks ['neutron.services.segments.db._update_segment_host_mapping_for_agent-8787145932409', 'neutron.plugins.ml2.plugin.Ml2Plugin._retry_binding_revived_agents-785243'] for agent (d5b8732c-6ac1-45e3-a79e-cd9863fe8196), after_update {{(pid=109551) _notify_loop /usr/local/lib/python3.8/dist-packages/neutron_lib/callbacks/manager.py:176}}
Jan 29 03:44:47.442789 dv-cinder-826949-1-iscsi neutron-server[109549]: DEBUG neutron_lib.callbacks.manager [None req-adbc61ac-4a85-435f-8490-811163e29d27 admin admin] Publish callbacks [] for security_group (5a8916a9-afd2-4dd5-aa1d-f7aded9a4c92), precommit_delete {{(pid=109549) _notify_loop /usr/local/lib/python3.8/dist-packages/neutron_lib/callbacks/manager.py:176}}
Jan 29 03:44:47.511873 dv-cinder-826949-1-iscsi neutron-server[109549]: DEBUG neutron.pecan_wsgi.hooks.policy_enforcement [req-0c4b3ca9-2588-4b59-a28c-f428ad1b2de9 req-6e717a68-5eef-42f5-919b-72d8cd696da9 service neutron] Attributes excluded by policy engine: ['standard_attr_id', 'vlan_transparent'] {{(pid=109549) _exclude_attributes_by_policy /opt/stack/neutron/neutron/pecan_wsgi/hooks/policy_enforcement.py:255}}
Jan 29 03:44:47.513363 dv-cinder-826949-1-iscsi neutron-server[109549]: INFO neutron.wsgi [req-0c4b3ca9-2588-4b59-a28c-f428ad1b2de9 req-6e717a68-5eef-42f5-919b-72d8cd696da9 service neutron] 10.222.0.25 "GET /v2.0/networks?id=def124bd-d2cb-4303-acf8-363c1eeee992 HTTP/1.1" status: 200 len: 918 time: 0.3330801
Jan 29 03:44:47.531701 dv-cinder-826949-1-iscsi neutron-server[109550]: DEBUG neutron.pecan_wsgi.hooks.quota_enforcement [req-90f9fe0d-5e96-4eec-98dd-7711fe790e58 req-f437df29-475d-447d-839e-b8f31a4ef929 tempest-AttachVolumeShelveTestJSON-323054529 tempest-AttachVolumeShelveTestJSON-323054529-project] Made reservation on behalf of 00cfcd24ac464466b0c59b2955aac89e for: {'port': 1} {{(pid=109550) before /opt/stack/neutron/neutron/pecan_wsgi/hooks/quota_enforcement.py:53}}
Jan 29 03:44:47.540516 dv-cinder-826949-1-iscsi neutron-server[109550]: DEBUG neutron_lib.callbacks.manager [req-90f9fe0d-5e96-4eec-98dd-7711fe790e58 req-f437df29-475d-447d-839e-b8f31a4ef929 tempest-AttachVolumeShelveTestJSON-323054529 tempest-AttachVolumeShelveTestJSON-323054529-project] Publish callbacks ['neutron.plugins.ml2.plugin.SecurityGroupDbMixin._ensure_default_security_group_handler-682637'] for port (None), before_create {{(pid=109550) _notify_loop /usr/local/lib/python3.8/dist-packages/neutron_lib/callbacks/manager.py:176}}
Jan 29 03:44:47.595744 dv-cinder-826949-1-iscsi neutron-server[109549]: INFO neutron.wsgi [req-0c4b3ca9-2588-4b59-a28c-f428ad1b2de9 req-57aabbbe-9c54-4dfc-8d47-a42f94bfa8da service neutron] 10.222.0.25 "GET /v2.0/floatingips?fixed_ip_address=172.20.0.8&port_id=99574264-03c0-4cb9-9094-a916433c52ab HTTP/1.1" status: 200 len: 217 time: 0.0734022
Jan 29 03:44:47.619662 dv-cinder-826949-1-iscsi neutron-server[109550]: DEBUG neutron.pecan_wsgi.hooks.policy_enforcement [req-1756d871-ad73-4d2c-a0fe-a80a47013499 req-10436597-e2fb-4a4f-b65e-a35a5f09ed41 tempest-ServerRescueNegativeTestJSON-350683971 tempest-ServerRescueNegativeTestJSON-350683971-project] Attributes excluded by policy engine: ['standard_attr_id', 'binding:profile', 'binding:host_id', 'binding:vif_type', 'binding:vif_details'] {{(pid=109550) _exclude_attributes_by_policy /opt/stack/neutron/neutron/pecan_wsgi/hooks/policy_enforcement.py:255}}
Jan 29 03:44:47.627097 dv-cinder-826949-1-iscsi neutron-server[109550]: INFO neutron.wsgi [req-1756d871-ad73-4d2c-a0fe-a80a47013499 req-10436597-e2fb-4a4f-b65e-a35a5f09ed41 tempest-ServerRescueNegativeTestJSON-350683971 tempest-ServerRescueNegativeTestJSON-350683971-project] 10.222.0.16 "GET /v2.0/ports?device_id=ce5ee017-4daf-4262-8ab0-d31cbfc42bce HTTP/1.1" status: 200 len: 943 time: 0.2543511
Jan 29 03:44:47.652213 dv-cinder-826949-1-iscsi neutron-server[109549]: DEBUG neutron.pecan_wsgi.hooks.policy_enforcement [req-0c4b3ca9-2588-4b59-a28c-f428ad1b2de9 req-348ca3c7-49cf-4f8f-9729-3e8af66f3868 service neutron] Attributes excluded by policy engine: ['standard_attr_id', 'shared'] {{(pid=109549) _exclude_attributes_by_policy /opt/stack/neutron/neutron/pecan_wsgi/hooks/policy_enforcement.py:255}}
Jan 29 03:44:47.653958 dv-cinder-826949-1-iscsi neutron-server[109549]: INFO neutron.wsgi [req-0c4b3ca9-2588-4b59-a28c-f428ad1b2de9 req-348ca3c7-49cf-4f8f-9729-3e8af66f3868 service neutron] 10.222.0.25 "GET /v2.0/subnets?id=49f78b84-8abd-498c-8afc-c0464fd07915 HTTP/1.1" status: 200 len: 858 time: 0.0517673
Jan 29 03:44:47.690563 dv-cinder-826949-1-iscsi neutron-server[109549]: INFO neutron.wsgi [req-0c4b3ca9-2588-4b59-a28c-f428ad1b2de9 req-d15098c4-09ca-4609-9a15-abeef9888e3e service neutron] 10.222.0.25 "GET /v2.0/ports?network_id=def124bd-d2cb-4303-acf8-363c1eeee992&device_owner=network%3Adhcp HTTP/1.1" status: 200 len: 210 time: 0.0299339
Jan 29 03:44:47.691521 dv-cinder-826949-1-iscsi neutron-server[109550]: DEBUG neutron.pecan_wsgi.hooks.policy_enforcement [req-940f02c7-b744-4e4c-bd9f-974135594d92 req-aba97a90-ab34-4a02-a86e-2b5d68eacfed service neutron] Attributes excluded by policy engine: ['standard_attr_id', 'vlan_transparent'] {{(pid=109550) _exclude_attributes_by_policy /opt/stack/neutron/neutron/pecan_wsgi/hooks/policy_enforcement.py:255}}
Jan 29 03:44:47.692974 dv-cinder-826949-1-iscsi neutron-server[109550]: INFO neutron.wsgi [req-940f02c7-b744-4e4c-bd9f-974135594d92 req-aba97a90-ab34-4a02-a86e-2b5d68eacfed service neutron] 10.222.0.25 "GET /v2.0/networks?tenant_id=995678f3901441a099ca67990ffaa293&shared=False HTTP/1.1" status: 200 len: 918 time: 0.2731209
Jan 29 03:44:47.723814 dv-cinder-826949-1-iscsi neutron-server[109549]: DEBUG neutron_lib.callbacks.manager [None req-adbc61ac-4a85-435f-8490-811163e29d27 admin admin] Publish callbacks ['neutron.plugins.ml2.ovo_rpc._ObjectChangeHandler.handle_event-1590966'] for security_group (5a8916a9-afd2-4dd5-aa1d-f7aded9a4c92), after_delete {{(pid=109549) _notify_loop /usr/local/lib/python3.8/dist-packages/neutron_lib/callbacks/manager.py:176}}
Jan 29 03:44:47.727787 dv-cinder-826949-1-iscsi neutron-server[109549]: DEBUG neutron_lib.callbacks.manager [None req-adbc61ac-4a85-435f-8490-811163e29d27 admin admin] Publish callbacks [] for security_group (None), before_response {{(pid=109549) _notify_loop /usr/local/lib/python3.8/dist-packages/neutron_lib/callbacks/manager.py:176}}
Jan 29 03:44:47.732146 dv-cinder-826949-1-iscsi neutron-server[109549]: INFO neutron.wsgi [None req-adbc61ac-4a85-435f-8490-811163e29d27 admin admin] 10.222.0.16 "DELETE /v2.0/security-groups/5a8916a9-afd2-4dd5-aa1d-f7aded9a4c92 HTTP/1.1" status: 204 len: 168 time: 0.6349223
Jan 29 03:44:47.741439 dv-cinder-826949-1-iscsi neutron-server[109550]: INFO neutron.wsgi [req-1756d871-ad73-4d2c-a0fe-a80a47013499 req-65afb4a9-3ec4-45ce-bc11-0e48e76f4be1 tempest-ServerRescueNegativeTestJSON-350683971 tempest-ServerRescueNegativeTestJSON-350683971-project] 10.222.0.16 "GET /v2.0/security-groups?id=6c3df9bf-9f05-408c-a02f-29a763dd3f9f&fields=id&fields=name HTTP/1.1" status: 200 len: 286 time: 0.1138299
Jan 29 03:44:47.768234 dv-cinder-826949-1-iscsi neutron-server[109549]: DEBUG neutron.api.rpc.handlers.resources_rpc [None req-adbc61ac-4a85-435f-8490-811163e29d27 admin admin] Pushing event deleted for resources: {'SecurityGroup': ['ID=5a8916a9-afd2-4dd5-aa1d-f7aded9a4c92,revision_number=None']} {{(pid=109549) push /opt/stack/neutron/neutron/api/rpc/handlers/resources_rpc.py:237}}
Jan 29 03:44:47.811932 dv-cinder-826949-1-iscsi neutron-server[109549]: INFO neutron.wsgi [req-0c4b3ca9-2588-4b59-a28c-f428ad1b2de9 req-30edca49-b614-4f54-91dc-f9b9292c682e service neutron] 10.222.0.25 "GET /v2.0/networks/def124bd-d2cb-4303-acf8-363c1eeee992?fields=segments HTTP/1.1" status: 200 len: 212 time: 0.1101134
Jan 29 03:44:47.931057 dv-cinder-826949-1-iscsi neutron-server[109549]: INFO neutron.wsgi [req-0c4b3ca9-2588-4b59-a28c-f428ad1b2de9 req-3c8da7be-9c00-44d6-bcbd-063a0a022fb8 service neutron] 10.222.0.25 "GET /v2.0/networks/def124bd-d2cb-4303-acf8-363c1eeee992?fields=provider%3Aphysical_network&fields=provider%3Anetwork_type HTTP/1.1" status: 200 len: 281 time: 0.1127317
Jan 29 03:44:48.040416 dv-cinder-826949-1-iscsi neutron-server[109549]: DEBUG neutron.wsgi [-] (109549) accepted ('10.222.0.16', 43838) {{(pid=109549) server /usr/local/lib/python3.8/dist-packages/eventlet/wsgi.py:1004}}
Jan 29 03:44:48.058528 dv-cinder-826949-1-iscsi neutron-server[109551]: DEBUG neutron_lib.callbacks.manager [None req-6a0bb60c-5b7b-499b-b43f-7eb32e921150 None None] Publish callbacks ['neutron.services.segments.db._update_segment_host_mapping_for_agent-8787145932409', 'neutron.plugins.ml2.plugin.Ml2Plugin._retry_binding_revived_agents-785243'] for agent (4cfc2a27-deed-4689-8f39-0bd5aa6fe3c3), after_update {{(pid=109551) _notify_loop /usr/local/lib/python3.8/dist-packages/neutron_lib/callbacks/manager.py:176}}
Jan 29 03:44:48.096814 dv-cinder-826949-1-iscsi neutron-server[109549]: DEBUG neutron_lib.callbacks.manager [None req-49484d3c-797d-42db-9096-5645d9e50cfa admin admin] Publish callbacks [] for security_group (None), before_create {{(pid=109549) _notify_loop /usr/local/lib/python3.8/dist-packages/neutron_lib/callbacks/manager.py:176}}
Jan 29 03:44:48.183880 dv-cinder-826949-1-iscsi neutron-server[109549]: DEBUG neutron.pecan_wsgi.hooks.policy_enforcement [req-38879159-7ac2-4974-9cc6-080c6c265b74 req-afc01269-c23e-41d1-ac82-da83b5cbd6de tempest-DeleteServersTestJSON-1124593692 tempest-DeleteServersTestJSON-1124593692-project] Attributes excluded by policy engine: ['standard_attr_id', 'binding:profile', 'binding:host_id', 'binding:vif_type', 'binding:vif_details'] {{(pid=109549) _exclude_attributes_by_policy /opt/stack/neutron/neutron/pecan_wsgi/hooks/policy_enforcement.py:255}}
Jan 29 03:44:48.183880 dv-cinder-826949-1-iscsi neutron-server[109549]: INFO neutron.wsgi [req-38879159-7ac2-4974-9cc6-080c6c265b74 req-afc01269-c23e-41d1-ac82-da83b5cbd6de tempest-DeleteServersTestJSON-1124593692 tempest-DeleteServersTestJSON-1124593692-project] 10.222.0.16 "GET /v2.0/ports?device_id=d0238dfa-64ff-4122-8f56-0f4430b66bbb HTTP/1.1" status: 200 len: 944 time: 0.1609373
Jan 29 03:44:48.184855 dv-cinder-826949-1-iscsi neutron-server[109550]: DEBUG neutron.pecan_wsgi.hooks.policy_enforcement [req-940f02c7-b744-4e4c-bd9f-974135594d92 req-a432c3be-56e6-4062-8575-258233878b8e service neutron] Attributes excluded by policy engine: ['standard_attr_id', 'vlan_transparent'] {{(pid=109550) _exclude_attributes_by_policy /opt/stack/neutron/neutron/pecan_wsgi/hooks/policy_enforcement.py:255}}
Jan 29 03:44:48.186404 dv-cinder-826949-1-iscsi neutron-server[109550]: INFO neutron.wsgi [req-940f02c7-b744-4e4c-bd9f-974135594d92 req-a432c3be-56e6-4062-8575-258233878b8e service neutron] 10.222.0.25 "GET /v2.0/networks?shared=True HTTP/1.1" status: 200 len: 869 time: 0.4806929
Jan 29 03:44:48.204101 dv-cinder-826949-1-iscsi neutron-server[109550]: DEBUG neutron.db.db_base_plugin_common [req-90f9fe0d-5e96-4eec-98dd-7711fe790e58 req-f437df29-475d-447d-839e-b8f31a4ef929 tempest-AttachVolumeShelveTestJSON-323054529 tempest-AttachVolumeShelveTestJSON-323054529-project] Allocated IP 172.20.0.5 (204ced72-9299-4a30-aa72-466acced45bf/c62d091f-c1de-4db7-ab9c-37bb62875bd8/126ac57e-93f8-430b-8a67-93adec80b5d3) {{(pid=109550) _store_ip_allocation /opt/stack/neutron/neutron/db/db_base_plugin_common.py:131}}
Jan 29 03:44:48.351294 dv-cinder-826949-1-iscsi neutron-server[109549]: INFO neutron.wsgi [req-38879159-7ac2-4974-9cc6-080c6c265b74 req-fd8768e6-0601-41bf-9540-c103e41a8f3c tempest-DeleteServersTestJSON-1124593692 tempest-DeleteServersTestJSON-1124593692-project] 10.222.0.16 "GET /v2.0/security-groups?id=de816232-dfc3-483e-a17d-8743a55c62c6&fields=id&fields=name HTTP/1.1" status: 200 len: 286 time: 0.1406379
Jan 29 03:44:48.351294 dv-cinder-826949-1-iscsi neutron-server[109549]: DEBUG neutron_lib.callbacks.manager [None req-49484d3c-797d-42db-9096-5645d9e50cfa admin admin] Publish callbacks [] for security_group (734b9457-3675-486f-a7ca-ac436dcbc924), precommit_create {{(pid=109549) _notify_loop /usr/local/lib/python3.8/dist-packages/neutron_lib/callbacks/manager.py:176}}
Jan 29 03:44:48.393402 dv-cinder-826949-1-iscsi neutron-server[109551]: DEBUG neutron.plugins.ml2.rpc [None req-8637619a-1ea2-4afd-8e0b-617774f654cc None None] Device 99574264-03c0-4cb9-9094-a916433c52ab details requested by agent hyperv_hv-cinder-82694 with host hv-cinder-82694 {{(pid=109551) get_device_details /opt/stack/neutron/neutron/plugins/ml2/rpc.py:102}}
Jan 29 03:44:48.440336 dv-cinder-826949-1-iscsi neutron-server[109549]: INFO neutron.wsgi [req-01ad71c6-8d11-4e62-bfd0-50176da11ea5 req-fd6479ea-fad3-4e2c-bc41-5e8ed5b55302 tempest-AttachVolumeTestJSON-508307086 tempest-AttachVolumeTestJSON-508307086-project] 10.222.0.16 "GET /v2.0/ports?device_id=45fc5079-1458-479d-b5b0-d0b0fb1e9235 HTTP/1.1" status: 200 len: 210 time: 0.0359538
Jan 29 03:44:48.471113 dv-cinder-826949-1-iscsi neutron-server[109550]: DEBUG neutron.pecan_wsgi.hooks.policy_enforcement [req-83964a52-eb9f-4b9a-8291-e10510dd7e35 req-83f4ed26-f4a9-4659-b47b-05e0fb78a719 service neutron] Attributes excluded by policy engine: ['standard_attr_id'] {{(pid=109550) _exclude_attributes_by_policy /opt/stack/neutron/neutron/pecan_wsgi/hooks/policy_enforcement.py:255}}
Jan 29 03:44:48.472711 dv-cinder-826949-1-iscsi neutron-server[109550]: INFO neutron.wsgi [req-83964a52-eb9f-4b9a-8291-e10510dd7e35 req-83f4ed26-f4a9-4659-b47b-05e0fb78a719 service neutron] 10.222.0.25 "GET /v2.0/ports?tenant_id=995678f3901441a099ca67990ffaa293&device_id=ce5ee017-4daf-4262-8ab0-d31cbfc42bce HTTP/1.1" status: 200 len: 1127 time: 0.2090714
Jan 29 03:44:48.510799 dv-cinder-826949-1-iscsi neutron-server[109550]: DEBUG neutron.pecan_wsgi.hooks.policy_enforcement [req-a27e45cf-7a7d-432c-906d-ec0abd9d7240 req-c392b0dd-9c14-430c-9787-fc487f2041c9 tempest-AttachVolumeNegativeTest-96148746 tempest-AttachVolumeNegativeTest-96148746-project] Attributes excluded by policy engine: ['standard_attr_id', 'binding:profile', 'binding:host_id', 'binding:vif_type', 'binding:vif_details'] {{(pid=109550) _exclude_attributes_by_policy /opt/stack/neutron/neutron/pecan_wsgi/hooks/policy_enforcement.py:255}}
Jan 29 03:44:48.513448 dv-cinder-826949-1-iscsi neutron-server[109550]: INFO neutron.wsgi [req-a27e45cf-7a7d-432c-906d-ec0abd9d7240 req-c392b0dd-9c14-430c-9787-fc487f2041c9 tempest-AttachVolumeNegativeTest-96148746 tempest-AttachVolumeNegativeTest-96148746-project] 10.222.0.16 "GET /v2.0/ports?device_id=fb51aefd-c927-464c-a843-4291d9f9ec0b HTTP/1.1" status: 200 len: 943 time: 0.2306294
Jan 29 03:44:48.538295 dv-cinder-826949-1-iscsi neutron-server[109549]: INFO neutron.wsgi [req-a32fd8b0-05e8-4bef-97ca-a89f1c3535b1 req-6279b472-3736-4340-99d1-4ea722abf543 tempest-AttachVolumeShelveTestJSON-323054529 tempest-AttachVolumeShelveTestJSON-323054529-project] 10.222.0.16 "GET /v2.0/ports?device_id=8f5813a3-d10f-42ef-99a5-50aa1af18f3a HTTP/1.1" status: 200 len: 210 time: 0.0335875
Jan 29 03:44:48.557347 dv-cinder-826949-1-iscsi neutron-server[109550]: INFO neutron.wsgi [req-83964a52-eb9f-4b9a-8291-e10510dd7e35 req-714a5f05-af81-4545-9c55-e4b730297984 service neutron] 10.222.0.25 "GET /v2.0/floatingips?fixed_ip_address=172.20.0.9&port_id=5e8c426e-0aed-4140-8239-4f445cd530d4 HTTP/1.1" status: 200 len: 217 time: 0.0649447
Jan 29 03:44:48.569397 dv-cinder-826949-1-iscsi neutron-server[109551]: DEBUG neutron_lib.db.resource_extend [None req-8637619a-1ea2-4afd-8e0b-617774f654cc None None] It took 0.15 seconds to run function 'neutron_lib.db.resource_extend.apply_funcs' {{(pid=109551) wrapper /usr/local/lib/python3.8/dist-packages/oslo_utils/timeutils.py:386}}
Jan 29 03:44:48.575004 dv-cinder-826949-1-iscsi neutron-server[109550]: DEBUG neutron_lib.callbacks.manager [req-90f9fe0d-5e96-4eec-98dd-7711fe790e58 req-f437df29-475d-447d-839e-b8f31a4ef929 tempest-AttachVolumeShelveTestJSON-323054529 tempest-AttachVolumeShelveTestJSON-323054529-project] Publish callbacks [] for port (126ac57e-93f8-430b-8a67-93adec80b5d3), precommit_create {{(pid=109550) _notify_loop /usr/local/lib/python3.8/dist-packages/neutron_lib/callbacks/manager.py:176}}
Jan 29 03:44:48.663906 dv-cinder-826949-1-iscsi neutron-server[109551]: DEBUG neutron.plugins.ml2.db [None req-8637619a-1ea2-4afd-8e0b-617774f654cc None None] For port 99574264-03c0-4cb9-9094-a916433c52ab, host hv-cinder-82694, got binding levels [PortBindingLevel(driver='hyperv',host='hv-cinder-82694',level=0,port_id=99574264-03c0-4cb9-9094-a916433c52ab,segment=NetworkSegment(33654556-4a78-4da6-99c6-24c24c214550),segment_id=33654556-4a78-4da6-99c6-24c24c214550)] {{(pid=109551) get_binding_level_objs /opt/stack/neutron/neutron/plugins/ml2/db.py:74}}
Jan 29 03:44:48.668069 dv-cinder-826949-1-iscsi neutron-server[109550]: DEBUG neutron.pecan_wsgi.hooks.policy_enforcement [req-83964a52-eb9f-4b9a-8291-e10510dd7e35 req-2be2515f-caba-4adc-ad64-7d48d1b45530 service neutron] Attributes excluded by policy engine: ['standard_attr_id', 'shared'] {{(pid=109550) _exclude_attributes_by_policy /opt/stack/neutron/neutron/pecan_wsgi/hooks/policy_enforcement.py:255}}
Jan 29 03:44:48.669612 dv-cinder-826949-1-iscsi neutron-server[109550]: INFO neutron.wsgi [req-83964a52-eb9f-4b9a-8291-e10510dd7e35 req-2be2515f-caba-4adc-ad64-7d48d1b45530 service neutron] 10.222.0.25 "GET /v2.0/subnets?id=49f78b84-8abd-498c-8afc-c0464fd07915 HTTP/1.1" status: 200 len: 858 time: 0.1044388
Jan 29 03:44:48.674433 dv-cinder-826949-1-iscsi neutron-server[109550]: INFO neutron.wsgi [req-a27e45cf-7a7d-432c-906d-ec0abd9d7240 req-82ad67cf-6743-4713-b8b9-441c2b266b15 tempest-AttachVolumeNegativeTest-96148746 tempest-AttachVolumeNegativeTest-96148746-project] 10.222.0.16 "GET /v2.0/security-groups?id=0d2e1765-fee5-481b-a069-96f98e74cbfe&fields=id&fields=name HTTP/1.1" status: 200 len: 286 time: 0.1242561
Jan 29 03:44:48.675553 dv-cinder-826949-1-iscsi neutron-server[109551]: DEBUG neutron.plugins.ml2.rpc [None req-8637619a-1ea2-4afd-8e0b-617774f654cc None None] Returning: {'device': '99574264-03c0-4cb9-9094-a916433c52ab', 'network_id': 'def124bd-d2cb-4303-acf8-363c1eeee992', 'port_id': '99574264-03c0-4cb9-9094-a916433c52ab', 'mac_address': 'fa:16:3e:39:d0:a6', 'admin_state_up': True, 'network_type': 'vlan', 'segmentation_id': 78, 'physical_network': 'physnet1', 'mtu': 1500, 'fixed_ips': [{'subnet_id': '49f78b84-8abd-498c-8afc-c0464fd07915', 'ip_address': '172.20.0.8'}], 'device_owner': 'compute:nova', 'allowed_address_pairs': [], 'port_security_enabled': True, 'qos_policy_id': None, 'network_qos_policy_id': None, 'profile': {}, 'propagate_uplink_status': False} {{(pid=109551) _get_device_details /opt/stack/neutron/neutron/plugins/ml2/rpc.py:184}}
Jan 29 03:44:48.715927 dv-cinder-826949-1-iscsi neutron-server[109550]: INFO neutron.wsgi [req-83964a52-eb9f-4b9a-8291-e10510dd7e35 req-bf3c3a18-a53b-4e38-bdc1-f9967dd6330e service neutron] 10.222.0.25 "GET /v2.0/ports?network_id=def124bd-d2cb-4303-acf8-363c1eeee992&device_owner=network%3Adhcp HTTP/1.1" status: 200 len: 210 time: 0.0402718
Jan 29 03:44:48.718682 dv-cinder-826949-1-iscsi neutron-server[109551]: DEBUG neutron.plugins.ml2.plugin [None req-8637619a-1ea2-4afd-8e0b-617774f654cc None None] Current status of the port 99574264-03c0-4cb9-9094-a916433c52ab is: DOWN; New status is: BUILD {{(pid=109551) _update_individual_port_db_status /opt/stack/neutron/neutron/plugins/ml2/plugin.py:2238}}
Jan 29 03:44:48.719076 dv-cinder-826949-1-iscsi neutron-server[109551]: DEBUG neutron_lib.callbacks.manager [None req-8637619a-1ea2-4afd-8e0b-617774f654cc None None] Publish callbacks ['neutron.plugins.ml2.plugin.SecurityGroupDbMixin._ensure_default_security_group_handler-682637'] for port (99574264-03c0-4cb9-9094-a916433c52ab), before_update {{(pid=109551) _notify_loop /usr/local/lib/python3.8/dist-packages/neutron_lib/callbacks/manager.py:176}}
Jan 29 03:44:48.734661 dv-cinder-826949-1-iscsi neutron-server[109551]: DEBUG neutron.notifiers.nova [None req-8637619a-1ea2-4afd-8e0b-617774f654cc None None] Ignoring state change previous_port_status: DOWN current_port_status: BUILD port_id 99574264-03c0-4cb9-9094-a916433c52ab {{(pid=109551) record_port_status_changed /opt/stack/neutron/neutron/notifiers/nova.py:228}}
Jan 29 03:44:48.760965 dv-cinder-826949-1-iscsi neutron-server[109551]: DEBUG neutron.plugins.ml2.db [None req-8637619a-1ea2-4afd-8e0b-617774f654cc None None] For port 99574264-03c0-4cb9-9094-a916433c52ab, host hv-cinder-82694, got binding levels [PortBindingLevel(driver='hyperv',host='hv-cinder-82694',level=0,port_id=99574264-03c0-4cb9-9094-a916433c52ab,segment=NetworkSegment(33654556-4a78-4da6-99c6-24c24c214550),segment_id=33654556-4a78-4da6-99c6-24c24c214550)] {{(pid=109551) get_binding_level_objs /opt/stack/neutron/neutron/plugins/ml2/db.py:74}}
Jan 29 03:44:48.809243 dv-cinder-826949-1-iscsi neutron-server[109550]: INFO neutron.wsgi [req-83964a52-eb9f-4b9a-8291-e10510dd7e35 req-0d3700c0-cbbe-428b-91c7-ecc00cc46c90 service neutron] 10.222.0.25 "GET /v2.0/networks/def124bd-d2cb-4303-acf8-363c1eeee992?fields=segments HTTP/1.1" status: 200 len: 212 time: 0.0868721
Jan 29 03:44:48.870155 dv-cinder-826949-1-iscsi neutron-server[109549]: DEBUG neutron.pecan_wsgi.hooks.policy_enforcement [req-b4a7e1ef-a7a3-4f7c-89ca-a6399929b4ae req-a1bcebdd-9062-4224-bd56-f4e208e59b94 tempest-ServerRescueNegativeTestJSON-350683971 tempest-ServerRescueNegativeTestJSON-350683971-project] Attributes excluded by policy engine: ['standard_attr_id', 'binding:profile', 'binding:host_id', 'binding:vif_type', 'binding:vif_details'] {{(pid=109549) _exclude_attributes_by_policy /opt/stack/neutron/neutron/pecan_wsgi/hooks/policy_enforcement.py:255}}
Jan 29 03:44:48.872340 dv-cinder-826949-1-iscsi neutron-server[109549]: INFO neutron.wsgi [req-b4a7e1ef-a7a3-4f7c-89ca-a6399929b4ae req-a1bcebdd-9062-4224-bd56-f4e208e59b94 tempest-ServerRescueNegativeTestJSON-350683971 tempest-ServerRescueNegativeTestJSON-350683971-project] 10.222.0.16 "GET /v2.0/ports?device_id=ce5ee017-4daf-4262-8ab0-d31cbfc42bce HTTP/1.1" status: 200 len: 943 time: 0.0567729
Jan 29 03:44:48.906560 dv-cinder-826949-1-iscsi neutron-server[109550]: INFO neutron.wsgi [req-83964a52-eb9f-4b9a-8291-e10510dd7e35 req-1aa2865d-77fd-4492-a879-6d5baf19780b service neutron] 10.222.0.25 "GET /v2.0/networks/def124bd-d2cb-4303-acf8-363c1eeee992?fields=provider%3Aphysical_network&fields=provider%3Anetwork_type HTTP/1.1" status: 200 len: 281 time: 0.0913785
Jan 29 03:44:48.933361 dv-cinder-826949-1-iscsi neutron-server[109549]: INFO neutron.wsgi [req-b4a7e1ef-a7a3-4f7c-89ca-a6399929b4ae req-03489e87-dab9-45bf-a802-52479cb20cf9 tempest-ServerRescueNegativeTestJSON-350683971 tempest-ServerRescueNegativeTestJSON-350683971-project] 10.222.0.16 "GET /v2.0/security-groups?id=6c3df9bf-9f05-408c-a02f-29a763dd3f9f&fields=id&fields=name HTTP/1.1" status: 200 len: 286 time: 0.0456870
Jan 29 03:44:49.475383 dv-cinder-826949-1-iscsi neutron-server[109550]: DEBUG neutron.pecan_wsgi.hooks.policy_enforcement [req-08e94a7a-d0b6-44fd-bf49-136cb50cfcde req-3af2021e-3579-406a-bb65-4282ad7b7f0a tempest-DeleteServersTestJSON-1124593692 tempest-DeleteServersTestJSON-1124593692-project] Attributes excluded by policy engine: ['standard_attr_id', 'binding:profile', 'binding:host_id', 'binding:vif_type', 'binding:vif_details'] {{(pid=109550) _exclude_attributes_by_policy /opt/stack/neutron/neutron/pecan_wsgi/hooks/policy_enforcement.py:255}}
Jan 29 03:44:49.475383 dv-cinder-826949-1-iscsi neutron-server[109550]: INFO neutron.wsgi [req-08e94a7a-d0b6-44fd-bf49-136cb50cfcde req-3af2021e-3579-406a-bb65-4282ad7b7f0a tempest-DeleteServersTestJSON-1124593692 tempest-DeleteServersTestJSON-1124593692-project] 10.222.0.16 "GET /v2.0/ports?device_id=d0238dfa-64ff-4122-8f56-0f4430b66bbb HTTP/1.1" status: 200 len: 944 time: 0.0550866
Jan 29 03:44:49.492278 dv-cinder-826949-1-iscsi neutron-server[109549]: DEBUG neutron_lib.callbacks.manager [None req-49484d3c-797d-42db-9096-5645d9e50cfa admin admin] Publish callbacks ['neutron.plugins.ml2.ovo_rpc._ObjectChangeHandler.handle_event-1590966'] for security_group (734b9457-3675-486f-a7ca-ac436dcbc924), after_create {{(pid=109549) _notify_loop /usr/local/lib/python3.8/dist-packages/neutron_lib/callbacks/manager.py:176}}
Jan 29 03:44:49.493032 dv-cinder-826949-1-iscsi neutron-server[109551]: DEBUG neutron_lib.callbacks.manager [None req-8637619a-1ea2-4afd-8e0b-617774f654cc None None] Publish callbacks ['neutron.plugins.ml2.plugin.SecurityGroupServerNotifierRpcMixin._notify_sg_on_port_change-683099', 'neutron.plugins.ml2.ovo_rpc._ObjectChangeHandler.handle_event-232218', 'neutron.api.rpc.agentnotifiers.dhcp_rpc_agent_api.DhcpAgentNotifyAPI._native_event_send_dhcp_notification-1605888', 'neutron.db.l3_db.L3RpcNotifierMixin._notify_gateway_port_ip_changed-8787145732051', 'neutron.db.l3_dvrscheduler_db._notify_l3_agent_port_update-8787145433411', 'neutron.db.l3_hascheduler_db._notify_l3_agent_ha_port_update-8787145433429'] for port (99574264-03c0-4cb9-9094-a916433c52ab), after_update {{(pid=109551) _notify_loop /usr/local/lib/python3.8/dist-packages/neutron_lib/callbacks/manager.py:176}}
Jan 29 03:44:49.495564 dv-cinder-826949-1-iscsi neutron-server[109551]: DEBUG neutron.plugins.ml2.rpc [None req-8637619a-1ea2-4afd-8e0b-617774f654cc None None] Device 26b58599-e1e8-4de8-a1fd-779b33246181 details requested by agent hyperv_hv-cinder-82694 with host hv-cinder-82694 {{(pid=109551) get_device_details /opt/stack/neutron/neutron/plugins/ml2/rpc.py:102}}
Jan 29 03:44:49.512928 dv-cinder-826949-1-iscsi neutron-server[109550]: DEBUG neutron_lib.callbacks.manager [req-90f9fe0d-5e96-4eec-98dd-7711fe790e58 req-f437df29-475d-447d-839e-b8f31a4ef929 tempest-AttachVolumeShelveTestJSON-323054529 tempest-AttachVolumeShelveTestJSON-323054529-project] Publish callbacks ['neutron.plugins.ml2.plugin.SecurityGroupServerNotifierRpcMixin._notify_sg_on_port_change-683099', 'neutron.plugins.ml2.ovo_rpc._ObjectChangeHandler.handle_event-232218', 'neutron.api.rpc.agentnotifiers.dhcp_rpc_agent_api.DhcpAgentNotifyAPI._native_event_send_dhcp_notification-1605888', 'neutron.db.l3_dvrscheduler_db._notify_l3_agent_new_port-8787145433393'] for port (126ac57e-93f8-430b-8a67-93adec80b5d3), after_create {{(pid=109550) _notify_loop /usr/local/lib/python3.8/dist-packages/neutron_lib/callbacks/manager.py:176}}
Jan 29 03:44:49.578893 dv-cinder-826949-1-iscsi neutron-server[109549]: DEBUG neutron.api.rpc.handlers.resources_rpc [None req-49484d3c-797d-42db-9096-5645d9e50cfa admin admin] Pushing event updated for resources: {'SecurityGroup': ['ID=734b9457-3675-486f-a7ca-ac436dcbc924,revision_number=1']} {{(pid=109549) push /opt/stack/neutron/neutron/api/rpc/handlers/resources_rpc.py:237}}
Jan 29 03:44:49.594539 dv-cinder-826949-1-iscsi neutron-server[109549]: INFO neutron.wsgi [None req-49484d3c-797d-42db-9096-5645d9e50cfa admin admin] 10.222.0.16 "GET /v2.0/security-groups?tenant_id=e8235f6a50134413ae6273a1cb717033&name=default HTTP/1.1" status: 200 len: 2996 time: 1.5452220
Jan 29 03:44:49.594831 dv-cinder-826949-1-iscsi neutron-server[109550]: DEBUG neutron.wsgi [-] (109550) accepted ('10.222.0.16', 43866) {{(pid=109550) server /usr/local/lib/python3.8/dist-packages/eventlet/wsgi.py:1004}}
Jan 29 03:44:49.595256 dv-cinder-826949-1-iscsi neutron-server[109550]: DEBUG neutron.scheduler.dhcp_agent_scheduler [req-90f9fe0d-5e96-4eec-98dd-7711fe790e58 req-f437df29-475d-447d-839e-b8f31a4ef929 tempest-AttachVolumeShelveTestJSON-323054529 tempest-AttachVolumeShelveTestJSON-323054529-project] Network 204ced72-9299-4a30-aa72-466acced45bf is already hosted by enough agents. {{(pid=109550) _get_dhcp_agents_hosting_network /opt/stack/neutron/neutron/scheduler/dhcp_agent_scheduler.py:275}}
Jan 29 03:44:49.595358 dv-cinder-826949-1-iscsi neutron-server[109549]: INFO neutron.wsgi [req-1a757a57-9e9e-42d6-8858-0b2ec42b9513 req-c46fd73f-2fc6-4909-9345-79439ae019dc tempest-AttachVolumeTestJSON-508307086 tempest-AttachVolumeTestJSON-508307086-project] 10.222.0.16 "GET /v2.0/ports?device_id=45fc5079-1458-479d-b5b0-d0b0fb1e9235 HTTP/1.1" status: 200 len: 210 time: 0.0467200
Jan 29 03:44:49.621771 dv-cinder-826949-1-iscsi neutron-server[109550]: DEBUG neutron.scheduler.base_scheduler [req-90f9fe0d-5e96-4eec-98dd-7711fe790e58 req-f437df29-475d-447d-839e-b8f31a4ef929 tempest-AttachVolumeShelveTestJSON-323054529 tempest-AttachVolumeShelveTestJSON-323054529-project] Resources bound (agent type, host, resource id): {{(pid=109550) schedule /opt/stack/neutron/neutron/scheduler/base_scheduler.py:57}}
Jan 29 03:44:49.624868 dv-cinder-826949-1-iscsi neutron-server[109550]: DEBUG neutron.db.l3_dvrscheduler_db [req-90f9fe0d-5e96-4eec-98dd-7711fe790e58 req-f437df29-475d-447d-839e-b8f31a4ef929 tempest-AttachVolumeShelveTestJSON-323054529 tempest-AttachVolumeShelveTestJSON-323054529-project] Received port after_create {{(pid=109550) _notify_l3_agent_new_port /opt/stack/neutron/neutron/db/l3_dvrscheduler_db.py:536}}
Jan 29 03:44:49.628226 dv-cinder-826949-1-iscsi neutron-server[109551]: DEBUG neutron.plugins.ml2.db [None req-8637619a-1ea2-4afd-8e0b-617774f654cc None None] For port 26b58599-e1e8-4de8-a1fd-779b33246181, host hv-cinder-82694, got binding levels [PortBindingLevel(driver='hyperv',host='hv-cinder-82694',level=0,port_id=26b58599-e1e8-4de8-a1fd-779b33246181,segment=NetworkSegment(55c6d1ba-1ae1-4be3-9e12-aad260737131),segment_id=55c6d1ba-1ae1-4be3-9e12-aad260737131)] {{(pid=109551) get_binding_level_objs /opt/stack/neutron/neutron/plugins/ml2/db.py:74}}
Jan 29 03:44:49.639981 dv-cinder-826949-1-iscsi neutron-server[109550]: DEBUG neutron.pecan_wsgi.hooks.policy_enforcement [req-90f9fe0d-5e96-4eec-98dd-7711fe790e58 req-f437df29-475d-447d-839e-b8f31a4ef929 tempest-AttachVolumeShelveTestJSON-323054529 tempest-AttachVolumeShelveTestJSON-323054529-project] Attributes excluded by policy engine: ['standard_attr_id', 'binding:profile', 'binding:host_id', 'binding:vif_type', 'binding:vif_details', 'network'] {{(pid=109550) _exclude_attributes_by_policy /opt/stack/neutron/neutron/pecan_wsgi/hooks/policy_enforcement.py:255}}
Jan 29 03:44:49.639981 dv-cinder-826949-1-iscsi neutron-server[109550]: DEBUG neutron_lib.callbacks.manager [req-90f9fe0d-5e96-4eec-98dd-7711fe790e58 req-f437df29-475d-447d-839e-b8f31a4ef929 tempest-AttachVolumeShelveTestJSON-323054529 tempest-AttachVolumeShelveTestJSON-323054529-project] Publish callbacks ['neutron.notifiers.nova.Notifier._send_nova_notification-166518', 'neutron.api.rpc.agentnotifiers.dhcp_rpc_agent_api.DhcpAgentNotifyAPI._send_dhcp_notification-1606130'] for port (None), before_response {{(pid=109550) _notify_loop /usr/local/lib/python3.8/dist-packages/neutron_lib/callbacks/manager.py:176}}
Jan 29 03:44:49.647142 dv-cinder-826949-1-iscsi neutron-server[109550]: DEBUG neutron.api.rpc.handlers.resources_rpc [None req-f437df29-475d-447d-839e-b8f31a4ef929 tempest-AttachVolumeShelveTestJSON-323054529 tempest-AttachVolumeShelveTestJSON-323054529-project] Pushing event updated for resources: {'Port': ['ID=126ac57e-93f8-430b-8a67-93adec80b5d3,revision_number=1']} {{(pid=109550) push /opt/stack/neutron/neutron/api/rpc/handlers/resources_rpc.py:237}}
Jan 29 03:44:49.666576 dv-cinder-826949-1-iscsi neutron-server[109550]: INFO neutron.wsgi [req-08e94a7a-d0b6-44fd-bf49-136cb50cfcde req-1e07dde5-81eb-4baa-838f-80a455939d9f tempest-DeleteServersTestJSON-1124593692 tempest-DeleteServersTestJSON-1124593692-project] 10.222.0.16 "GET /v2.0/security-groups?id=de816232-dfc3-483e-a17d-8743a55c62c6&fields=id&fields=name HTTP/1.1" status: 200 len: 286 time: 0.1860435
Jan 29 03:44:49.736508 dv-cinder-826949-1-iscsi neutron-server[109551]: DEBUG neutron.plugins.ml2.rpc [None req-8637619a-1ea2-4afd-8e0b-617774f654cc None None] Returning: {'device': '26b58599-e1e8-4de8-a1fd-779b33246181', 'network_id': '4191093a-3e75-431e-ba6a-0a5e62dd1238', 'port_id': '26b58599-e1e8-4de8-a1fd-779b33246181', 'mac_address': 'fa:16:3e:55:86:cd', 'admin_state_up': True, 'network_type': 'vlan', 'segmentation_id': 54, 'physical_network': 'physnet1', 'mtu': 1500, 'fixed_ips': [{'subnet_id': '167c6c42-9dd3-4598-ba9e-66d705822162', 'ip_address': '172.20.0.7'}], 'device_owner': 'compute:nova', 'allowed_address_pairs': [], 'port_security_enabled': True, 'qos_policy_id': None, 'network_qos_policy_id': None, 'profile': {}, 'propagate_uplink_status': False} {{(pid=109551) _get_device_details /opt/stack/neutron/neutron/plugins/ml2/rpc.py:184}}
Jan 29 03:44:49.741853 dv-cinder-826949-1-iscsi neutron-server[109550]: DEBUG neutron_lib.callbacks.manager [None req-3f38ff68-1320-44ad-a0e2-54cf6f5fb818 admin admin] Publish callbacks [] for security_group (734b9457-3675-486f-a7ca-ac436dcbc924), before_delete {{(pid=109550) _notify_loop /usr/local/lib/python3.8/dist-packages/neutron_lib/callbacks/manager.py:176}}
Jan 29 03:44:49.742037 dv-cinder-826949-1-iscsi neutron-server[109551]: DEBUG neutron_lib.callbacks.manager [None req-30ace4c1-806b-4d7c-a886-fe7b65bfbfcc None None] Publish callbacks ['neutron.services.segments.db._update_segment_host_mapping_for_agent-8787145932409', 'neutron.plugins.ml2.plugin.Ml2Plugin._retry_binding_revived_agents-785243'] for agent (7774c0be-b957-4204-896b-7e749f55bf81), after_update {{(pid=109551) _notify_loop /usr/local/lib/python3.8/dist-packages/neutron_lib/callbacks/manager.py:176}}
Jan 29 03:44:49.742037 dv-cinder-826949-1-iscsi neutron-server[109551]: DEBUG neutron.api.rpc.handlers.resources_rpc [None req-8637619a-1ea2-4afd-8e0b-617774f654cc None None] Pushing event updated for resources: {'Port': ['ID=99574264-03c0-4cb9-9094-a916433c52ab,revision_number=4']} {{(pid=109551) push /opt/stack/neutron/neutron/api/rpc/handlers/resources_rpc.py:237}}
Jan 29 03:44:49.767324 dv-cinder-826949-1-iscsi neutron-server[109550]: INFO neutron.wsgi [req-90f9fe0d-5e96-4eec-98dd-7711fe790e58 req-f437df29-475d-447d-839e-b8f31a4ef929 tempest-AttachVolumeShelveTestJSON-323054529 tempest-AttachVolumeShelveTestJSON-323054529-project] 10.222.0.25 "POST /v2.0/ports HTTP/1.1" status: 201 len: 933 time: 2.7900841
Jan 29 03:44:49.793942 dv-cinder-826949-1-iscsi neutron-server[109550]: DEBUG neutron.api.v2.base [req-90f9fe0d-5e96-4eec-98dd-7711fe790e58 req-c93071b8-80eb-44e9-84c3-2eeac3ea9aa6 service neutron] Request body: {'port': {'device_id': '8f5813a3-d10f-42ef-99a5-50aa1af18f3a', 'device_owner': 'compute:nova', 'binding:host_id': 'hv-cinder-82694'}} {{(pid=109550) prepare_request_body /opt/stack/neutron/neutron/api/v2/base.py:729}}
Jan 29 03:44:49.823949 dv-cinder-826949-1-iscsi neutron-server[109551]: DEBUG neutron.plugins.ml2.plugin [None req-8637619a-1ea2-4afd-8e0b-617774f654cc None None] Current status of the port 26b58599-e1e8-4de8-a1fd-779b33246181 is: DOWN; New status is: BUILD {{(pid=109551) _update_individual_port_db_status /opt/stack/neutron/neutron/plugins/ml2/plugin.py:2238}}
Jan 29 03:44:49.824341 dv-cinder-826949-1-iscsi neutron-server[109551]: DEBUG neutron_lib.callbacks.manager [None req-8637619a-1ea2-4afd-8e0b-617774f654cc None None] Publish callbacks ['neutron.plugins.ml2.plugin.SecurityGroupDbMixin._ensure_default_security_group_handler-682637'] for port (26b58599-e1e8-4de8-a1fd-779b33246181), before_update {{(pid=109551) _notify_loop /usr/local/lib/python3.8/dist-packages/neutron_lib/callbacks/manager.py:176}}
Jan 29 03:44:49.833695 dv-cinder-826949-1-iscsi neutron-server[109549]: DEBUG neutron.pecan_wsgi.hooks.policy_enforcement [req-97be4fe6-d615-43e6-84b9-5b21d9bad2cd req-d0cbf711-b5bd-4218-acd4-ad74baeeba38 tempest-AttachVolumeShelveTestJSON-323054529 tempest-AttachVolumeShelveTestJSON-323054529-project] Attributes excluded by policy engine: ['standard_attr_id', 'binding:profile', 'binding:host_id', 'binding:vif_type', 'binding:vif_details'] {{(pid=109549) _exclude_attributes_by_policy /opt/stack/neutron/neutron/pecan_wsgi/hooks/policy_enforcement.py:255}}
Jan 29 03:44:49.839844 dv-cinder-826949-1-iscsi neutron-server[109551]: DEBUG neutron.notifiers.nova [None req-8637619a-1ea2-4afd-8e0b-617774f654cc None None] Ignoring state change previous_port_status: DOWN current_port_status: BUILD port_id 26b58599-e1e8-4de8-a1fd-779b33246181 {{(pid=109551) record_port_status_changed /opt/stack/neutron/neutron/notifiers/nova.py:228}}
Jan 29 03:44:49.842583 dv-cinder-826949-1-iscsi neutron-server[109549]: INFO neutron.wsgi [req-97be4fe6-d615-43e6-84b9-5b21d9bad2cd req-d0cbf711-b5bd-4218-acd4-ad74baeeba38 tempest-AttachVolumeShelveTestJSON-323054529 tempest-AttachVolumeShelveTestJSON-323054529-project] 10.222.0.16 "GET /v2.0/ports?device_id=8f5813a3-d10f-42ef-99a5-50aa1af18f3a HTTP/1.1" status: 200 len: 931 time: 0.1133947
Jan 29 03:44:49.862666 dv-cinder-826949-1-iscsi neutron-server[109551]: DEBUG neutron.plugins.ml2.db [None req-8637619a-1ea2-4afd-8e0b-617774f654cc None None] For port 26b58599-e1e8-4de8-a1fd-779b33246181, host hv-cinder-82694, got binding levels [PortBindingLevel(driver='hyperv',host='hv-cinder-82694',level=0,port_id=26b58599-e1e8-4de8-a1fd-779b33246181,segment=NetworkSegment(55c6d1ba-1ae1-4be3-9e12-aad260737131),segment_id=55c6d1ba-1ae1-4be3-9e12-aad260737131)] {{(pid=109551) get_binding_level_objs /opt/stack/neutron/neutron/plugins/ml2/db.py:74}}
Jan 29 03:44:49.869048 dv-cinder-826949-1-iscsi neutron-server[109550]: DEBUG neutron_lib.callbacks.manager [None req-3f38ff68-1320-44ad-a0e2-54cf6f5fb818 admin admin] Publish callbacks [] for security_group (734b9457-3675-486f-a7ca-ac436dcbc924), precommit_delete {{(pid=109550) _notify_loop /usr/local/lib/python3.8/dist-packages/neutron_lib/callbacks/manager.py:176}}
Jan 29 03:44:49.936365 dv-cinder-826949-1-iscsi neutron-server[109549]: INFO neutron.wsgi [req-97be4fe6-d615-43e6-84b9-5b21d9bad2cd req-a70c7b67-5d38-4e75-b8f3-5fcbff277f38 tempest-AttachVolumeShelveTestJSON-323054529 tempest-AttachVolumeShelveTestJSON-323054529-project] 10.222.0.16 "GET /v2.0/security-groups?id=ca8be9f3-7d70-4884-a281-94c7af685802&fields=id&fields=name HTTP/1.1" status: 200 len: 313 time: 0.0928092
Jan 29 03:44:49.961722 dv-cinder-826949-1-iscsi neutron-server[109551]: DEBUG neutron_lib.callbacks.manager [None req-8637619a-1ea2-4afd-8e0b-617774f654cc None None] Publish callbacks ['neutron.plugins.ml2.plugin.SecurityGroupServerNotifierRpcMixin._notify_sg_on_port_change-683099', 'neutron.plugins.ml2.ovo_rpc._ObjectChangeHandler.handle_event-232218', 'neutron.api.rpc.agentnotifiers.dhcp_rpc_agent_api.DhcpAgentNotifyAPI._native_event_send_dhcp_notification-1605888', 'neutron.db.l3_db.L3RpcNotifierMixin._notify_gateway_port_ip_changed-8787145732051', 'neutron.db.l3_dvrscheduler_db._notify_l3_agent_port_update-8787145433411', 'neutron.db.l3_hascheduler_db._notify_l3_agent_ha_port_update-8787145433429'] for port (26b58599-e1e8-4de8-a1fd-779b33246181), after_update {{(pid=109551) _notify_loop /usr/local/lib/python3.8/dist-packages/neutron_lib/callbacks/manager.py:176}}
Jan 29 03:44:49.962521 dv-cinder-826949-1-iscsi neutron-server[109551]: DEBUG neutron.plugins.ml2.rpc [None req-8637619a-1ea2-4afd-8e0b-617774f654cc None None] Device 344261af-89bd-4849-88f4-09b55da6299e details requested by agent hyperv_hv-cinder-82694 with host hv-cinder-82694 {{(pid=109551) get_device_details /opt/stack/neutron/neutron/plugins/ml2/rpc.py:102}}
Jan 29 03:44:50.003943 dv-cinder-826949-1-iscsi neutron-server[109550]: DEBUG neutron_lib.callbacks.manager [req-90f9fe0d-5e96-4eec-98dd-7711fe790e58 req-c93071b8-80eb-44e9-84c3-2eeac3ea9aa6 service neutron] Publish callbacks ['neutron.plugins.ml2.plugin.SecurityGroupDbMixin._ensure_default_security_group_handler-682637'] for port (126ac57e-93f8-430b-8a67-93adec80b5d3), before_update {{(pid=109550) _notify_loop /usr/local/lib/python3.8/dist-packages/neutron_lib/callbacks/manager.py:176}}
Jan 29 03:44:50.069198 dv-cinder-826949-1-iscsi neutron-server[109550]: DEBUG neutron.pecan_wsgi.hooks.policy_enforcement [req-13d1bbb2-d9bd-42fd-8f42-ef73e2c53f9a req-007f874a-d450-45b8-994d-b7df95905cc4 tempest-AttachVolumeNegativeTest-96148746 tempest-AttachVolumeNegativeTest-96148746-project] Attributes excluded by policy engine: ['standard_attr_id', 'binding:profile', 'binding:host_id', 'binding:vif_type', 'binding:vif_details'] {{(pid=109550) _exclude_attributes_by_policy /opt/stack/neutron/neutron/pecan_wsgi/hooks/policy_enforcement.py:255}}
Jan 29 03:44:50.069198 dv-cinder-826949-1-iscsi neutron-server[109550]: INFO neutron.wsgi [req-13d1bbb2-d9bd-42fd-8f42-ef73e2c53f9a req-007f874a-d450-45b8-994d-b7df95905cc4 tempest-AttachVolumeNegativeTest-96148746 tempest-AttachVolumeNegativeTest-96148746-project] 10.222.0.16 "GET /v2.0/ports?device_id=fb51aefd-c927-464c-a843-4291d9f9ec0b HTTP/1.1" status: 200 len: 943 time: 0.2157860
Jan 29 03:44:50.128654 dv-cinder-826949-1-iscsi neutron-server[109549]: DEBUG neutron.pecan_wsgi.hooks.policy_enforcement [req-397293e0-83aa-4963-876a-f56823b972d1 req-155fa829-e882-4cb4-b251-e7d73a549310 tempest-ServerRescueNegativeTestJSON-350683971 tempest-ServerRescueNegativeTestJSON-350683971-project] Attributes excluded by policy engine: ['standard_attr_id', 'binding:profile', 'binding:host_id', 'binding:vif_type', 'binding:vif_details'] {{(pid=109549) _exclude_attributes_by_policy /opt/stack/neutron/neutron/pecan_wsgi/hooks/policy_enforcement.py:255}}
Jan 29 03:44:50.129475 dv-cinder-826949-1-iscsi neutron-server[109550]: DEBUG neutron_lib.callbacks.manager [None req-3f38ff68-1320-44ad-a0e2-54cf6f5fb818 admin admin] Publish callbacks ['neutron.plugins.ml2.ovo_rpc._ObjectChangeHandler.handle_event-1590966'] for security_group (734b9457-3675-486f-a7ca-ac436dcbc924), after_delete {{(pid=109550) _notify_loop /usr/local/lib/python3.8/dist-packages/neutron_lib/callbacks/manager.py:176}}
Jan 29 03:44:50.130965 dv-cinder-826949-1-iscsi neutron-server[109549]: INFO neutron.wsgi [req-397293e0-83aa-4963-876a-f56823b972d1 req-155fa829-e882-4cb4-b251-e7d73a549310 tempest-ServerRescueNegativeTestJSON-350683971 tempest-ServerRescueNegativeTestJSON-350683971-project] 10.222.0.16 "GET /v2.0/ports?device_id=ce5ee017-4daf-4262-8ab0-d31cbfc42bce HTTP/1.1" status: 200 len: 943 time: 0.0664232
Jan 29 03:44:50.134410 dv-cinder-826949-1-iscsi neutron-server[109550]: DEBUG neutron_lib.callbacks.manager [None req-3f38ff68-1320-44ad-a0e2-54cf6f5fb818 admin admin] Publish callbacks [] for security_group (None), before_response {{(pid=109550) _notify_loop /usr/local/lib/python3.8/dist-packages/neutron_lib/callbacks/manager.py:176}}
Jan 29 03:44:50.135558 dv-cinder-826949-1-iscsi neutron-server[109550]: INFO neutron.wsgi [None req-3f38ff68-1320-44ad-a0e2-54cf6f5fb818 admin admin] 10.222.0.16 "DELETE /v2.0/security-groups/734b9457-3675-486f-a7ca-ac436dcbc924 HTTP/1.1" status: 204 len: 168 time: 0.5326762
Jan 29 03:44:50.184847 dv-cinder-826949-1-iscsi neutron-server[109551]: DEBUG neutron.db.provisioning_blocks [None req-27ef300a-8bed-4504-b01a-1a7566189cac None None] Provisioning complete for port 126ac57e-93f8-430b-8a67-93adec80b5d3 triggered by entity DHCP. {{(pid=109551) provisioning_complete /opt/stack/neutron/neutron/db/provisioning_blocks.py:139}}
Jan 29 03:44:50.189447 dv-cinder-826949-1-iscsi neutron-server[109551]: DEBUG neutron_lib.callbacks.manager [None req-27ef300a-8bed-4504-b01a-1a7566189cac None None] Publish callbacks ['neutron.plugins.ml2.plugin.Ml2Plugin._port_provisioned-785313'] for port (126ac57e-93f8-430b-8a67-93adec80b5d3), provisioning_complete {{(pid=109551) _notify_loop /usr/local/lib/python3.8/dist-packages/neutron_lib/callbacks/manager.py:176}}
Jan 29 03:44:50.238489 dv-cinder-826949-1-iscsi neutron-server[109550]: DEBUG neutron.api.rpc.handlers.resources_rpc [None req-3f38ff68-1320-44ad-a0e2-54cf6f5fb818 admin admin] Pushing event deleted for resources: {'SecurityGroup': ['ID=734b9457-3675-486f-a7ca-ac436dcbc924,revision_number=None']} {{(pid=109550) push /opt/stack/neutron/neutron/api/rpc/handlers/resources_rpc.py:237}}
Jan 29 03:44:50.251846 dv-cinder-826949-1-iscsi neutron-server[109549]: INFO neutron.wsgi [req-397293e0-83aa-4963-876a-f56823b972d1 req-637c794a-28de-4e01-bb11-7857c9316ee4 tempest-ServerRescueNegativeTestJSON-350683971 tempest-ServerRescueNegativeTestJSON-350683971-project] 10.222.0.16 "GET /v2.0/security-groups?id=6c3df9bf-9f05-408c-a02f-29a763dd3f9f&fields=id&fields=name HTTP/1.1" status: 200 len: 286 time: 0.1050076
Jan 29 03:44:50.260503 dv-cinder-826949-1-iscsi neutron-server[109550]: INFO neutron.wsgi [req-13d1bbb2-d9bd-42fd-8f42-ef73e2c53f9a req-4587701d-5771-4ed9-a27c-483a09c9040b tempest-AttachVolumeNegativeTest-96148746 tempest-AttachVolumeNegativeTest-96148746-project] 10.222.0.16 "GET /v2.0/security-groups?id=0d2e1765-fee5-481b-a069-96f98e74cbfe&fields=id&fields=name HTTP/1.1" status: 200 len: 286 time: 0.1882854
