Jan 28 01:26:17.816813 dv-cinder-826623-2-smb devstack@c-api.service[109517]: DEBUG cinder.api.openstack.wsgi [None req-ccd9994a-dc76-48df-9a2c-bba18860bcc3 tempest-GroupTypeSpecsTest-437936065 tempest-GroupTypeSpecsTest-437936065-project-admin] Action: 'create', calling method: version_select, body: {"group_specs": {"key1": "value1", "key2": "value2"}} {{(pid=109517) _process_stack /opt/stack/cinder/cinder/api/openstack/wsgi.py:866}}
Jan 28 01:26:17.830729 dv-cinder-826623-2-smb devstack@c-api.service[109516]: INFO cinder.api.openstack.wsgi [None req-91d1aeb4-6547-4388-acb2-849077a2d163 tempest-VolumeTypesAccessTest-989617749 tempest-VolumeTypesAccessTest-989617749-project-admin] POST http://10.222.0.85/volume/v3/92fae153b2d04bb88cae3928e4fa759a/types
Jan 28 01:26:17.831610 dv-cinder-826623-2-smb devstack@c-api.service[109516]: DEBUG cinder.api.openstack.wsgi [None req-91d1aeb4-6547-4388-acb2-849077a2d163 tempest-VolumeTypesAccessTest-989617749 tempest-VolumeTypesAccessTest-989617749-project-admin] Action: 'create', calling method: _create, body: {"volume_type": {"name": "tempest-VolumeTypesAccessTest-volume-type-182135070", "os-volume-type-access:is_public": false}} {{(pid=109516) _process_stack /opt/stack/cinder/cinder/api/openstack/wsgi.py:866}}
Jan 28 01:26:17.858860 dv-cinder-826623-2-smb devstack@c-api.service[109517]: INFO cinder.api.openstack.wsgi [None req-ccd9994a-dc76-48df-9a2c-bba18860bcc3 tempest-GroupTypeSpecsTest-437936065 tempest-GroupTypeSpecsTest-437936065-project-admin] http://10.222.0.85/volume/v3/44f5361839854acf9437f5a8cf897a72/group_types/c6931ced-9edc-4ffa-812f-dd0ee1faad9d/group_specs returned with HTTP 202
Jan 28 01:26:17.860419 dv-cinder-826623-2-smb devstack@c-api.service[109517]: [pid: 109517|app: 0|req: 129/262] 10.222.0.85 () {62 vars in 1434 bytes} [Fri Jan 28 01:26:17 2022] POST /volume/v3/44f5361839854acf9437f5a8cf897a72/group_types/c6931ced-9edc-4ffa-812f-dd0ee1faad9d/group_specs => generated 53 bytes in 48 msecs (HTTP/1.1 202) 7 headers in 291 bytes (1 switches on core 0)
Jan 28 01:26:17.873430 dv-cinder-826623-2-smb devstack@c-api.service[109517]: INFO cinder.api.openstack.wsgi [None req-a6d022fe-b8c2-4afb-9b34-e15743296376 tempest-GroupTypeSpecsTest-437936065 tempest-GroupTypeSpecsTest-437936065-project-admin] POST http://10.222.0.85/volume/v3/44f5361839854acf9437f5a8cf897a72/group_types/c6931ced-9edc-4ffa-812f-dd0ee1faad9d/group_specs
Jan 28 01:26:17.874830 dv-cinder-826623-2-smb devstack@c-api.service[109517]: DEBUG cinder.api.openstack.wsgi [None req-a6d022fe-b8c2-4afb-9b34-e15743296376 tempest-GroupTypeSpecsTest-437936065 tempest-GroupTypeSpecsTest-437936065-project-admin] Action: 'create', calling method: version_select, body: {"group_specs": {"key2": "value2-updated", "key3": "value3"}} {{(pid=109517) _process_stack /opt/stack/cinder/cinder/api/openstack/wsgi.py:866}}
Jan 28 01:26:17.876262 dv-cinder-826623-2-smb devstack@c-api.service[109516]: INFO cinder.api.openstack.wsgi [None req-91d1aeb4-6547-4388-acb2-849077a2d163 tempest-VolumeTypesAccessTest-989617749 tempest-VolumeTypesAccessTest-989617749-project-admin] http://10.222.0.85/volume/v3/92fae153b2d04bb88cae3928e4fa759a/types returned with HTTP 200
Jan 28 01:26:17.876965 dv-cinder-826623-2-smb devstack@c-api.service[109516]: [pid: 109516|app: 0|req: 134/263] 10.222.0.85 () {60 vars in 1229 bytes} [Fri Jan 28 01:26:17 2022] POST /volume/v3/92fae153b2d04bb88cae3928e4fa759a/types => generated 228 bytes in 220 msecs (HTTP/1.1 200) 7 headers in 285 bytes (2 switches on core 0)
Jan 28 01:26:17.900864 dv-cinder-826623-2-smb devstack@c-api.service[109517]: INFO cinder.api.openstack.wsgi [None req-a6d022fe-b8c2-4afb-9b34-e15743296376 tempest-GroupTypeSpecsTest-437936065 tempest-GroupTypeSpecsTest-437936065-project-admin] http://10.222.0.85/volume/v3/44f5361839854acf9437f5a8cf897a72/group_types/c6931ced-9edc-4ffa-812f-dd0ee1faad9d/group_specs returned with HTTP 202
Jan 28 01:26:17.901937 dv-cinder-826623-2-smb devstack@c-api.service[109517]: [pid: 109517|app: 0|req: 130/264] 10.222.0.85 () {62 vars in 1434 bytes} [Fri Jan 28 01:26:17 2022] POST /volume/v3/44f5361839854acf9437f5a8cf897a72/group_types/c6931ced-9edc-4ffa-812f-dd0ee1faad9d/group_specs => generated 61 bytes in 37 msecs (HTTP/1.1 202) 7 headers in 291 bytes (2 switches on core 0)
Jan 28 01:26:17.914870 dv-cinder-826623-2-smb devstack@c-api.service[109517]: INFO cinder.api.openstack.wsgi [None req-f8f0548e-b905-4608-ab3f-536fae2b8998 tempest-GroupTypeSpecsTest-437936065 tempest-GroupTypeSpecsTest-437936065-project-admin] GET http://10.222.0.85/volume/v3/44f5361839854acf9437f5a8cf897a72/group_types/c6931ced-9edc-4ffa-812f-dd0ee1faad9d/group_specs/key2
Jan 28 01:26:17.915976 dv-cinder-826623-2-smb devstack@c-api.service[109517]: DEBUG cinder.api.openstack.wsgi [None req-f8f0548e-b905-4608-ab3f-536fae2b8998 tempest-GroupTypeSpecsTest-437936065 tempest-GroupTypeSpecsTest-437936065-project-admin] Empty body provided in request {{(pid=109517) get_body /opt/stack/cinder/cinder/api/openstack/wsgi.py:715}}
Jan 28 01:26:17.916876 dv-cinder-826623-2-smb devstack@c-api.service[109517]: DEBUG cinder.api.openstack.wsgi [None req-f8f0548e-b905-4608-ab3f-536fae2b8998 tempest-GroupTypeSpecsTest-437936065 tempest-GroupTypeSpecsTest-437936065-project-admin] Calling method 'version_select' {{(pid=109517) _process_stack /opt/stack/cinder/cinder/api/openstack/wsgi.py:868}}
Jan 28 01:26:17.937294 dv-cinder-826623-2-smb devstack@c-api.service[109517]: INFO cinder.api.openstack.wsgi [None req-f8f0548e-b905-4608-ab3f-536fae2b8998 tempest-GroupTypeSpecsTest-437936065 tempest-GroupTypeSpecsTest-437936065-project-admin] http://10.222.0.85/volume/v3/44f5361839854acf9437f5a8cf897a72/group_types/c6931ced-9edc-4ffa-812f-dd0ee1faad9d/group_specs/key2 returned with HTTP 200
Jan 28 01:26:17.938472 dv-cinder-826623-2-smb devstack@c-api.service[109517]: [pid: 109517|app: 0|req: 131/265] 10.222.0.85 () {60 vars in 1428 bytes} [Fri Jan 28 01:26:17 2022] GET /volume/v3/44f5361839854acf9437f5a8cf897a72/group_types/c6931ced-9edc-4ffa-812f-dd0ee1faad9d/group_specs/key2 => generated 26 bytes in 31 msecs (HTTP/1.1 200) 7 headers in 285 bytes (1 switches on core 0)
Jan 28 01:26:17.947230 dv-cinder-826623-2-smb devstack@c-api.service[109517]: INFO cinder.api.openstack.wsgi [None req-34a9e1f1-4277-40ba-a004-74fbd07137cc tempest-GroupTypeSpecsTest-437936065 tempest-GroupTypeSpecsTest-437936065-project-admin] GET http://10.222.0.85/volume/v3/44f5361839854acf9437f5a8cf897a72/group_types/c6931ced-9edc-4ffa-812f-dd0ee1faad9d/group_specs/key3
Jan 28 01:26:17.947982 dv-cinder-826623-2-smb devstack@c-api.service[109517]: DEBUG cinder.api.openstack.wsgi [None req-34a9e1f1-4277-40ba-a004-74fbd07137cc tempest-GroupTypeSpecsTest-437936065 tempest-GroupTypeSpecsTest-437936065-project-admin] Empty body provided in request {{(pid=109517) get_body /opt/stack/cinder/cinder/api/openstack/wsgi.py:715}}
Jan 28 01:26:17.948558 dv-cinder-826623-2-smb devstack@c-api.service[109517]: DEBUG cinder.api.openstack.wsgi [None req-34a9e1f1-4277-40ba-a004-74fbd07137cc tempest-GroupTypeSpecsTest-437936065 tempest-GroupTypeSpecsTest-437936065-project-admin] Calling method 'version_select' {{(pid=109517) _process_stack /opt/stack/cinder/cinder/api/openstack/wsgi.py:868}}
Jan 28 01:26:17.959415 dv-cinder-826623-2-smb devstack@c-api.service[109517]: INFO cinder.api.openstack.wsgi [None req-34a9e1f1-4277-40ba-a004-74fbd07137cc tempest-GroupTypeSpecsTest-437936065 tempest-GroupTypeSpecsTest-437936065-project-admin] http://10.222.0.85/volume/v3/44f5361839854acf9437f5a8cf897a72/group_types/c6931ced-9edc-4ffa-812f-dd0ee1faad9d/group_specs/key3 returned with HTTP 200
Jan 28 01:26:17.963514 dv-cinder-826623-2-smb devstack@c-api.service[109517]: [pid: 109517|app: 0|req: 132/266] 10.222.0.85 () {60 vars in 1428 bytes} [Fri Jan 28 01:26:17 2022] GET /volume/v3/44f5361839854acf9437f5a8cf897a72/group_types/c6931ced-9edc-4ffa-812f-dd0ee1faad9d/group_specs/key3 => generated 18 bytes in 20 msecs (HTTP/1.1 200) 7 headers in 285 bytes (1 switches on core 0)
Jan 28 01:26:17.972401 dv-cinder-826623-2-smb devstack@c-api.service[109517]: INFO cinder.api.openstack.wsgi [None req-25f4afd8-4a02-451a-8a68-854c6689a6e6 tempest-GroupTypeSpecsTest-437936065 tempest-GroupTypeSpecsTest-437936065-project-admin] PUT http://10.222.0.85/volume/v3/44f5361839854acf9437f5a8cf897a72/group_types/c6931ced-9edc-4ffa-812f-dd0ee1faad9d/group_specs/key3
Jan 28 01:26:17.973370 dv-cinder-826623-2-smb devstack@c-api.service[109517]: DEBUG cinder.api.openstack.wsgi [None req-25f4afd8-4a02-451a-8a68-854c6689a6e6 tempest-GroupTypeSpecsTest-437936065 tempest-GroupTypeSpecsTest-437936065-project-admin] Action: 'update', calling method: version_select, body: {"key3": "value3-updated"} {{(pid=109517) _process_stack /opt/stack/cinder/cinder/api/openstack/wsgi.py:866}}
Jan 28 01:26:17.991294 dv-cinder-826623-2-smb devstack@c-api.service[109517]: INFO cinder.api.openstack.wsgi [None req-25f4afd8-4a02-451a-8a68-854c6689a6e6 tempest-GroupTypeSpecsTest-437936065 tempest-GroupTypeSpecsTest-437936065-project-admin] http://10.222.0.85/volume/v3/44f5361839854acf9437f5a8cf897a72/group_types/c6931ced-9edc-4ffa-812f-dd0ee1faad9d/group_specs/key3 returned with HTTP 200
Jan 28 01:26:17.992420 dv-cinder-826623-2-smb devstack@c-api.service[109517]: [pid: 109517|app: 0|req: 133/267] 10.222.0.85 () {62 vars in 1448 bytes} [Fri Jan 28 01:26:17 2022] PUT /volume/v3/44f5361839854acf9437f5a8cf897a72/group_types/c6931ced-9edc-4ffa-812f-dd0ee1faad9d/group_specs/key3 => generated 26 bytes in 24 msecs (HTTP/1.1 200) 7 headers in 285 bytes (1 switches on core 0)
Jan 28 01:26:18.001242 dv-cinder-826623-2-smb devstack@c-api.service[109517]: INFO cinder.api.openstack.wsgi [None req-ca92bfb2-2a82-4553-9328-776b19afeba2 tempest-GroupTypeSpecsTest-437936065 tempest-GroupTypeSpecsTest-437936065-project-admin] GET http://10.222.0.85/volume/v3/44f5361839854acf9437f5a8cf897a72/group_types/c6931ced-9edc-4ffa-812f-dd0ee1faad9d/group_specs
Jan 28 01:26:18.001628 dv-cinder-826623-2-smb devstack@c-api.service[109517]: DEBUG cinder.api.openstack.wsgi [None req-ca92bfb2-2a82-4553-9328-776b19afeba2 tempest-GroupTypeSpecsTest-437936065 tempest-GroupTypeSpecsTest-437936065-project-admin] Empty body provided in request {{(pid=109517) get_body /opt/stack/cinder/cinder/api/openstack/wsgi.py:715}}
Jan 28 01:26:18.002071 dv-cinder-826623-2-smb devstack@c-api.service[109517]: DEBUG cinder.api.openstack.wsgi [None req-ca92bfb2-2a82-4553-9328-776b19afeba2 tempest-GroupTypeSpecsTest-437936065 tempest-GroupTypeSpecsTest-437936065-project-admin] Calling method 'version_select' {{(pid=109517) _process_stack /opt/stack/cinder/cinder/api/openstack/wsgi.py:868}}
Jan 28 01:26:18.014014 dv-cinder-826623-2-smb devstack@c-api.service[109517]: INFO cinder.api.openstack.wsgi [None req-ca92bfb2-2a82-4553-9328-776b19afeba2 tempest-GroupTypeSpecsTest-437936065 tempest-GroupTypeSpecsTest-437936065-project-admin] http://10.222.0.85/volume/v3/44f5361839854acf9437f5a8cf897a72/group_types/c6931ced-9edc-4ffa-812f-dd0ee1faad9d/group_specs returned with HTTP 200
Jan 28 01:26:18.014977 dv-cinder-826623-2-smb devstack@c-api.service[109517]: [pid: 109517|app: 0|req: 134/268] 10.222.0.85 () {60 vars in 1413 bytes} [Fri Jan 28 01:26:17 2022] GET /volume/v3/44f5361839854acf9437f5a8cf897a72/group_types/c6931ced-9edc-4ffa-812f-dd0ee1faad9d/group_specs => generated 87 bytes in 18 msecs (HTTP/1.1 200) 7 headers in 285 bytes (2 switches on core 0)
Jan 28 01:26:18.024612 dv-cinder-826623-2-smb devstack@c-api.service[109517]: INFO cinder.api.openstack.wsgi [None req-7da2eaba-c2af-4675-9a81-717fccedeb19 tempest-GroupTypeSpecsTest-437936065 tempest-GroupTypeSpecsTest-437936065-project-admin] DELETE http://10.222.0.85/volume/v3/44f5361839854acf9437f5a8cf897a72/group_types/c6931ced-9edc-4ffa-812f-dd0ee1faad9d/group_specs/key1
Jan 28 01:26:18.025096 dv-cinder-826623-2-smb devstack@c-api.service[109517]: DEBUG cinder.api.openstack.wsgi [None req-7da2eaba-c2af-4675-9a81-717fccedeb19 tempest-GroupTypeSpecsTest-437936065 tempest-GroupTypeSpecsTest-437936065-project-admin] Empty body provided in request {{(pid=109517) get_body /opt/stack/cinder/cinder/api/openstack/wsgi.py:715}}
Jan 28 01:26:18.025543 dv-cinder-826623-2-smb devstack@c-api.service[109517]: DEBUG cinder.api.openstack.wsgi [None req-7da2eaba-c2af-4675-9a81-717fccedeb19 tempest-GroupTypeSpecsTest-437936065 tempest-GroupTypeSpecsTest-437936065-project-admin] Calling method 'version_select' {{(pid=109517) _process_stack /opt/stack/cinder/cinder/api/openstack/wsgi.py:868}}
Jan 28 01:26:18.052753 dv-cinder-826623-2-smb devstack@c-api.service[109516]: INFO cinder.api.openstack.wsgi [None req-356760f6-4369-494b-b510-e2eda7e5f5b8 tempest-VolumeTypesAccessTest-1017156006 tempest-VolumeTypesAccessTest-1017156006-project] POST http://10.222.0.85/volume/v3/ff30ce1059ed40b88e242aab89b82f13/volumes
Jan 28 01:26:18.054292 dv-cinder-826623-2-smb devstack@c-api.service[109516]: DEBUG cinder.api.openstack.wsgi [None req-356760f6-4369-494b-b510-e2eda7e5f5b8 tempest-VolumeTypesAccessTest-1017156006 tempest-VolumeTypesAccessTest-1017156006-project] Action: 'create', calling method: create, body: {"volume": {"volume_type": "c0051700-7734-4129-ae4b-2252d5c59313", "size": 1}} {{(pid=109516) _process_stack /opt/stack/cinder/cinder/api/openstack/wsgi.py:866}}
Jan 28 01:26:18.055493 dv-cinder-826623-2-smb devstack@c-api.service[109516]: DEBUG cinder.api.v3.volumes [None req-356760f6-4369-494b-b510-e2eda7e5f5b8 tempest-VolumeTypesAccessTest-1017156006 tempest-VolumeTypesAccessTest-1017156006-project] Create volume request body: {'volume': {'volume_type': 'c0051700-7734-4129-ae4b-2252d5c59313', 'size': 1}} {{(pid=109516) create /opt/stack/cinder/cinder/api/v3/volumes.py:298}}
Jan 28 01:26:18.062446 dv-cinder-826623-2-smb devstack@c-api.service[109517]: INFO cinder.api.openstack.wsgi [None req-7da2eaba-c2af-4675-9a81-717fccedeb19 tempest-GroupTypeSpecsTest-437936065 tempest-GroupTypeSpecsTest-437936065-project-admin] http://10.222.0.85/volume/v3/44f5361839854acf9437f5a8cf897a72/group_types/c6931ced-9edc-4ffa-812f-dd0ee1faad9d/group_specs/key1 returned with HTTP 202
Jan 28 01:26:18.067069 dv-cinder-826623-2-smb devstack@c-api.service[109517]: [pid: 109517|app: 0|req: 135/269] 10.222.0.85 () {60 vars in 1431 bytes} [Fri Jan 28 01:26:18 2022] DELETE /volume/v3/44f5361839854acf9437f5a8cf897a72/group_types/c6931ced-9edc-4ffa-812f-dd0ee1faad9d/group_specs/key1 => generated 0 bytes in 46 msecs (HTTP/1.1 202) 6 headers in 234 bytes (1 switches on core 0)
Jan 28 01:26:18.075052 dv-cinder-826623-2-smb devstack@c-api.service[109517]: INFO cinder.api.openstack.wsgi [None req-69cef6f1-5ca7-45b8-88bc-bcae922b6b87 tempest-GroupTypeSpecsTest-437936065 tempest-GroupTypeSpecsTest-437936065-project-admin] GET http://10.222.0.85/volume/v3/44f5361839854acf9437f5a8cf897a72/group_types/c6931ced-9edc-4ffa-812f-dd0ee1faad9d/group_specs/key1
Jan 28 01:26:18.077937 dv-cinder-826623-2-smb devstack@c-api.service[109517]: DEBUG cinder.api.openstack.wsgi [None req-69cef6f1-5ca7-45b8-88bc-bcae922b6b87 tempest-GroupTypeSpecsTest-437936065 tempest-GroupTypeSpecsTest-437936065-project-admin] Empty body provided in request {{(pid=109517) get_body /opt/stack/cinder/cinder/api/openstack/wsgi.py:715}}
Jan 28 01:26:18.078345 dv-cinder-826623-2-smb devstack@c-api.service[109516]: INFO cinder.api.openstack.wsgi [None req-356760f6-4369-494b-b510-e2eda7e5f5b8 tempest-VolumeTypesAccessTest-1017156006 tempest-VolumeTypesAccessTest-1017156006-project] http://10.222.0.85/volume/v3/ff30ce1059ed40b88e242aab89b82f13/volumes returned with HTTP 404
Jan 28 01:26:18.078785 dv-cinder-826623-2-smb devstack@c-api.service[109517]: DEBUG cinder.api.openstack.wsgi [None req-69cef6f1-5ca7-45b8-88bc-bcae922b6b87 tempest-GroupTypeSpecsTest-437936065 tempest-GroupTypeSpecsTest-437936065-project-admin] Calling method 'version_select' {{(pid=109517) _process_stack /opt/stack/cinder/cinder/api/openstack/wsgi.py:868}}
Jan 28 01:26:18.079592 dv-cinder-826623-2-smb devstack@c-api.service[109516]: [pid: 109516|app: 0|req: 135/270] 10.222.0.85 () {60 vars in 1234 bytes} [Fri Jan 28 01:26:17 2022] POST /volume/v3/ff30ce1059ed40b88e242aab89b82f13/volumes => generated 114 bytes in 196 msecs (HTTP/1.1 404) 7 headers in 292 bytes (2 switches on core 0)
Jan 28 01:26:18.086928 dv-cinder-826623-2-smb devstack@c-api.service[109516]: INFO cinder.api.openstack.wsgi [None req-cd2d1e40-b924-478a-a78f-0ce5cc4d0b4a tempest-VolumeTypesAccessTest-989617749 tempest-VolumeTypesAccessTest-989617749-project-admin] POST http://10.222.0.85/volume/v3/92fae153b2d04bb88cae3928e4fa759a/types/c0051700-7734-4129-ae4b-2252d5c59313/action
Jan 28 01:26:18.087914 dv-cinder-826623-2-smb devstack@c-api.service[109516]: DEBUG cinder.api.openstack.wsgi [None req-cd2d1e40-b924-478a-a78f-0ce5cc4d0b4a tempest-VolumeTypesAccessTest-989617749 tempest-VolumeTypesAccessTest-989617749-project-admin] Action body: b'{"addProjectAccess": {"project": "ff30ce1059ed40b88e242aab89b82f13"}}' {{(pid=109516) get_method /opt/stack/cinder/cinder/api/openstack/wsgi.py:983}}
Jan 28 01:26:18.088272 dv-cinder-826623-2-smb devstack@c-api.service[109516]: DEBUG cinder.api.openstack.wsgi [None req-cd2d1e40-b924-478a-a78f-0ce5cc4d0b4a tempest-VolumeTypesAccessTest-989617749 tempest-VolumeTypesAccessTest-989617749-project-admin] Action: 'action', calling method: _addProjectAccess, body: {"addProjectAccess": {"project": "ff30ce1059ed40b88e242aab89b82f13"}} {{(pid=109516) _process_stack /opt/stack/cinder/cinder/api/openstack/wsgi.py:866}}
Jan 28 01:26:18.089237 dv-cinder-826623-2-smb devstack@c-api.service[109517]: INFO cinder.api.openstack.wsgi [None req-69cef6f1-5ca7-45b8-88bc-bcae922b6b87 tempest-GroupTypeSpecsTest-437936065 tempest-GroupTypeSpecsTest-437936065-project-admin] HTTP exception thrown: Group Type c6931ced-9edc-4ffa-812f-dd0ee1faad9d has no extra spec with key key1.
Jan 28 01:26:18.089664 dv-cinder-826623-2-smb devstack@c-api.service[109517]: INFO cinder.api.openstack.wsgi [None req-69cef6f1-5ca7-45b8-88bc-bcae922b6b87 tempest-GroupTypeSpecsTest-437936065 tempest-GroupTypeSpecsTest-437936065-project-admin] http://10.222.0.85/volume/v3/44f5361839854acf9437f5a8cf897a72/group_types/c6931ced-9edc-4ffa-812f-dd0ee1faad9d/group_specs/key1 returned with HTTP 404
Jan 28 01:26:18.090701 dv-cinder-826623-2-smb devstack@c-api.service[109517]: [pid: 109517|app: 0|req: 136/271] 10.222.0.85 () {60 vars in 1428 bytes} [Fri Jan 28 01:26:18 2022] GET /volume/v3/44f5361839854acf9437f5a8cf897a72/group_types/c6931ced-9edc-4ffa-812f-dd0ee1faad9d/group_specs/key1 => generated 126 bytes in 23 msecs (HTTP/1.1 404) 7 headers in 293 bytes (1 switches on core 0)
Jan 28 01:26:18.099176 dv-cinder-826623-2-smb devstack@c-api.service[109517]: INFO cinder.api.openstack.wsgi [None req-0d6c1428-8417-44ab-9252-040436a94de4 tempest-GroupTypeSpecsTest-437936065 tempest-GroupTypeSpecsTest-437936065-project-admin] DELETE http://10.222.0.85/volume/v3/44f5361839854acf9437f5a8cf897a72/group_types/c6931ced-9edc-4ffa-812f-dd0ee1faad9d/group_specs/key2
Jan 28 01:26:18.099785 dv-cinder-826623-2-smb devstack@c-api.service[109517]: DEBUG cinder.api.openstack.wsgi [None req-0d6c1428-8417-44ab-9252-040436a94de4 tempest-GroupTypeSpecsTest-437936065 tempest-GroupTypeSpecsTest-437936065-project-admin] Empty body provided in request {{(pid=109517) get_body /opt/stack/cinder/cinder/api/openstack/wsgi.py:715}}
Jan 28 01:26:18.100235 dv-cinder-826623-2-smb devstack@c-api.service[109517]: DEBUG cinder.api.openstack.wsgi [None req-0d6c1428-8417-44ab-9252-040436a94de4 tempest-GroupTypeSpecsTest-437936065 tempest-GroupTypeSpecsTest-437936065-project-admin] Calling method 'version_select' {{(pid=109517) _process_stack /opt/stack/cinder/cinder/api/openstack/wsgi.py:868}}
Jan 28 01:26:18.117946 dv-cinder-826623-2-smb devstack@c-api.service[109516]: INFO cinder.api.openstack.wsgi [None req-cd2d1e40-b924-478a-a78f-0ce5cc4d0b4a tempest-VolumeTypesAccessTest-989617749 tempest-VolumeTypesAccessTest-989617749-project-admin] http://10.222.0.85/volume/v3/92fae153b2d04bb88cae3928e4fa759a/types/c0051700-7734-4129-ae4b-2252d5c59313/action returned with HTTP 202
Jan 28 01:26:18.119308 dv-cinder-826623-2-smb devstack@c-api.service[109516]: [pid: 109516|app: 0|req: 136/272] 10.222.0.85 () {60 vars in 1360 bytes} [Fri Jan 28 01:26:18 2022] POST /volume/v3/92fae153b2d04bb88cae3928e4fa759a/types/c0051700-7734-4129-ae4b-2252d5c59313/action => generated 0 bytes in 35 msecs (HTTP/1.1 202) 6 headers in 233 bytes (1 switches on core 0)
Jan 28 01:26:18.126885 dv-cinder-826623-2-smb devstack@c-api.service[109516]: INFO cinder.api.openstack.wsgi [None req-0a7b1b91-9a44-4e39-b4bd-7189b3dd5202 tempest-VolumeTypesAccessTest-1017156006 tempest-VolumeTypesAccessTest-1017156006-project] POST http://10.222.0.85/volume/v3/ff30ce1059ed40b88e242aab89b82f13/volumes
Jan 28 01:26:18.127773 dv-cinder-826623-2-smb devstack@c-api.service[109516]: DEBUG cinder.api.openstack.wsgi [None req-0a7b1b91-9a44-4e39-b4bd-7189b3dd5202 tempest-VolumeTypesAccessTest-1017156006 tempest-VolumeTypesAccessTest-1017156006-project] Action: 'create', calling method: create, body: {"volume": {"volume_type": "c0051700-7734-4129-ae4b-2252d5c59313", "size": 1, "name": "tempest-VolumeTypesAccessTest-Volume-98377804"}} {{(pid=109516) _process_stack /opt/stack/cinder/cinder/api/openstack/wsgi.py:866}}
Jan 28 01:26:18.128884 dv-cinder-826623-2-smb devstack@c-api.service[109516]: DEBUG cinder.api.v3.volumes [None req-0a7b1b91-9a44-4e39-b4bd-7189b3dd5202 tempest-VolumeTypesAccessTest-1017156006 tempest-VolumeTypesAccessTest-1017156006-project] Create volume request body: {'volume': {'volume_type': 'c0051700-7734-4129-ae4b-2252d5c59313', 'size': 1, 'name': 'tempest-VolumeTypesAccessTest-Volume-98377804'}} {{(pid=109516) create /opt/stack/cinder/cinder/api/v3/volumes.py:298}}
Jan 28 01:26:18.133875 dv-cinder-826623-2-smb devstack@c-api.service[109517]: INFO cinder.api.openstack.wsgi [None req-0d6c1428-8417-44ab-9252-040436a94de4 tempest-GroupTypeSpecsTest-437936065 tempest-GroupTypeSpecsTest-437936065-project-admin] http://10.222.0.85/volume/v3/44f5361839854acf9437f5a8cf897a72/group_types/c6931ced-9edc-4ffa-812f-dd0ee1faad9d/group_specs/key2 returned with HTTP 202
Jan 28 01:26:18.134639 dv-cinder-826623-2-smb devstack@c-api.service[109517]: [pid: 109517|app: 0|req: 137/273] 10.222.0.85 () {60 vars in 1431 bytes} [Fri Jan 28 01:26:18 2022] DELETE /volume/v3/44f5361839854acf9437f5a8cf897a72/group_types/c6931ced-9edc-4ffa-812f-dd0ee1faad9d/group_specs/key2 => generated 0 bytes in 39 msecs (HTTP/1.1 202) 6 headers in 234 bytes (2 switches on core 0)
Jan 28 01:26:18.136348 dv-cinder-826623-2-smb devstack@c-api.service[109516]: INFO cinder.api.v3.volumes [None req-0a7b1b91-9a44-4e39-b4bd-7189b3dd5202 tempest-VolumeTypesAccessTest-1017156006 tempest-VolumeTypesAccessTest-1017156006-project] Create volume of 1 GB
Jan 28 01:26:18.137064 dv-cinder-826623-2-smb devstack@c-api.service[109516]: /usr/local/lib/python3.8/dist-packages/oslo_context/context.py:105: DeprecationWarning: Policy enforcement is depending on the value of is_admin. This key is deprecated. Please update your policy file to use the standard policy values.
Jan 28 01:26:18.137064 dv-cinder-826623-2-smb devstack@c-api.service[109516]: warnings.warn('Policy enforcement is depending on the value of '
Jan 28 01:26:18.138281 dv-cinder-826623-2-smb devstack@c-api.service[109516]: INFO cinder.volume.api [None req-0a7b1b91-9a44-4e39-b4bd-7189b3dd5202 tempest-VolumeTypesAccessTest-1017156006 tempest-VolumeTypesAccessTest-1017156006-project] Availability Zones retrieved successfully.
Jan 28 01:26:18.143372 dv-cinder-826623-2-smb devstack@c-api.service[109517]: INFO cinder.api.openstack.wsgi [None req-d6596ebf-6158-4ba5-bbc0-8cc09606104b tempest-GroupTypeSpecsTest-437936065 tempest-GroupTypeSpecsTest-437936065-project-admin] GET http://10.222.0.85/volume/v3/44f5361839854acf9437f5a8cf897a72/group_types/c6931ced-9edc-4ffa-812f-dd0ee1faad9d/group_specs/key2
Jan 28 01:26:18.143867 dv-cinder-826623-2-smb devstack@c-api.service[109517]: DEBUG cinder.api.openstack.wsgi [None req-d6596ebf-6158-4ba5-bbc0-8cc09606104b tempest-GroupTypeSpecsTest-437936065 tempest-GroupTypeSpecsTest-437936065-project-admin] Empty body provided in request {{(pid=109517) get_body /opt/stack/cinder/cinder/api/openstack/wsgi.py:715}}
Jan 28 01:26:18.144308 dv-cinder-826623-2-smb devstack@c-api.service[109517]: DEBUG cinder.api.openstack.wsgi [None req-d6596ebf-6158-4ba5-bbc0-8cc09606104b tempest-GroupTypeSpecsTest-437936065 tempest-GroupTypeSpecsTest-437936065-project-admin] Calling method 'version_select' {{(pid=109517) _process_stack /opt/stack/cinder/cinder/api/openstack/wsgi.py:868}}
Jan 28 01:26:18.154798 dv-cinder-826623-2-smb devstack@c-api.service[109516]: DEBUG cinder.volume.api [None req-0a7b1b91-9a44-4e39-b4bd-7189b3dd5202 tempest-VolumeTypesAccessTest-1017156006 tempest-VolumeTypesAccessTest-1017156006-project] Flow 'volume_create_api' (f157d95a-24c8-45a2-a372-042882b696db) transitioned into state 'RUNNING' from state 'PENDING' {{(pid=109516) _flow_receiver /usr/local/lib/python3.8/dist-packages/taskflow/listeners/logging.py:141}}
Jan 28 01:26:18.157346 dv-cinder-826623-2-smb devstack@c-api.service[109517]: INFO cinder.api.openstack.wsgi [None req-d6596ebf-6158-4ba5-bbc0-8cc09606104b tempest-GroupTypeSpecsTest-437936065 tempest-GroupTypeSpecsTest-437936065-project-admin] HTTP exception thrown: Group Type c6931ced-9edc-4ffa-812f-dd0ee1faad9d has no extra spec with key key2.
Jan 28 01:26:18.157703 dv-cinder-826623-2-smb devstack@c-api.service[109517]: INFO cinder.api.openstack.wsgi [None req-d6596ebf-6158-4ba5-bbc0-8cc09606104b tempest-GroupTypeSpecsTest-437936065 tempest-GroupTypeSpecsTest-437936065-project-admin] http://10.222.0.85/volume/v3/44f5361839854acf9437f5a8cf897a72/group_types/c6931ced-9edc-4ffa-812f-dd0ee1faad9d/group_specs/key2 returned with HTTP 404
Jan 28 01:26:18.159052 dv-cinder-826623-2-smb devstack@c-api.service[109517]: [pid: 109517|app: 0|req: 138/274] 10.222.0.85 () {60 vars in 1428 bytes} [Fri Jan 28 01:26:18 2022] GET /volume/v3/44f5361839854acf9437f5a8cf897a72/group_types/c6931ced-9edc-4ffa-812f-dd0ee1faad9d/group_specs/key2 => generated 126 bytes in 21 msecs (HTTP/1.1 404) 7 headers in 293 bytes (1 switches on core 0)
Jan 28 01:26:18.159169 dv-cinder-826623-2-smb devstack@c-api.service[109516]: DEBUG cinder.volume.api [None req-0a7b1b91-9a44-4e39-b4bd-7189b3dd5202 tempest-VolumeTypesAccessTest-1017156006 tempest-VolumeTypesAccessTest-1017156006-project] Task 'cinder.volume.flows.api.create_volume.ExtractVolumeRequestTask;volume:create' (df238b84-fe71-484d-b7ac-b34651f7fdec) transitioned into state 'RUNNING' from state 'PENDING' {{(pid=109516) _task_receiver /usr/local/lib/python3.8/dist-packages/taskflow/listeners/logging.py:190}}
Jan 28 01:26:18.161725 dv-cinder-826623-2-smb devstack@c-api.service[109516]: DEBUG cinder.volume.flows.api.create_volume [None req-0a7b1b91-9a44-4e39-b4bd-7189b3dd5202 tempest-VolumeTypesAccessTest-1017156006 tempest-VolumeTypesAccessTest-1017156006-project] Validating volume size '1' using validate_int {{(pid=109516) _extract_size /opt/stack/cinder/cinder/volume/flows/api/create_volume.py:225}}
Jan 28 01:26:18.166351 dv-cinder-826623-2-smb devstack@c-api.service[109517]: INFO cinder.api.openstack.wsgi [None req-50a2c9d2-7594-455b-af3e-50589381831f tempest-VolumesImageMetadata-118619106 tempest-VolumesImageMetadata-118619106-project] GET http://10.222.0.85/volume/v3/461c5933e46e4409aeb4c727ae04219a/volumes/781c735d-e4c7-4045-8c24-d5d8d789537e
Jan 28 01:26:18.167380 dv-cinder-826623-2-smb devstack@c-api.service[109517]: DEBUG cinder.api.openstack.wsgi [None req-50a2c9d2-7594-455b-af3e-50589381831f tempest-VolumesImageMetadata-118619106 tempest-VolumesImageMetadata-118619106-project] Empty body provided in request {{(pid=109517) get_body /opt/stack/cinder/cinder/api/openstack/wsgi.py:715}}
Jan 28 01:26:18.171985 dv-cinder-826623-2-smb devstack@c-api.service[109517]: DEBUG cinder.api.openstack.wsgi [None req-50a2c9d2-7594-455b-af3e-50589381831f tempest-VolumesImageMetadata-118619106 tempest-VolumesImageMetadata-118619106-project] Calling method 'show' {{(pid=109517) _process_stack /opt/stack/cinder/cinder/api/openstack/wsgi.py:868}}
Jan 28 01:26:18.198116 dv-cinder-826623-2-smb devstack@c-api.service[109516]: DEBUG cinder.volume.api [None req-0a7b1b91-9a44-4e39-b4bd-7189b3dd5202 tempest-VolumeTypesAccessTest-1017156006 tempest-VolumeTypesAccessTest-1017156006-project] Task 'cinder.volume.flows.api.create_volume.ExtractVolumeRequestTask;volume:create' (df238b84-fe71-484d-b7ac-b34651f7fdec) transitioned into state 'SUCCESS' from state 'RUNNING' with result '{'size': 1, 'snapshot_id': None, 'source_volid': None, 'volume_type': VolumeType(created_at=2022-01-28T01:26:18Z,deleted=False,deleted_at=None,description=None,extra_specs={},id=c0051700-7734-4129-ae4b-2252d5c59313,is_public=False,name='tempest-VolumeTypesAccessTest-volume-type-182135070',projects=[],qos_specs=,qos_specs_id=None,updated_at=None), 'volume_type_id': 'c0051700-7734-4129-ae4b-2252d5c59313', 'encryption_key_id': None, 'qos_specs': None, 'consistencygroup_id': None, 'cgsnapshot_id': None, 'group_id': None, 'replication_status': 'disabled', 'refresh_az': False, 'backup_id': None, 'multiattach': False, 'availability_zones': ['nova']}' {{(pid=109516) _task_receiver /usr/local/lib/python3.8/dist-packages/taskflow/listeners/logging.py:178}}
Jan 28 01:26:18.198685 dv-cinder-826623-2-smb devstack@c-api.service[109517]: /usr/local/lib/python3.8/dist-packages/oslo_context/context.py:105: DeprecationWarning: Policy enforcement is depending on the value of is_admin. This key is deprecated. Please update your policy file to use the standard policy values.
Jan 28 01:26:18.198685 dv-cinder-826623-2-smb devstack@c-api.service[109517]: warnings.warn('Policy enforcement is depending on the value of '
Jan 28 01:26:18.200879 dv-cinder-826623-2-smb devstack@c-api.service[109516]: DEBUG cinder.volume.api [None req-0a7b1b91-9a44-4e39-b4bd-7189b3dd5202 tempest-VolumeTypesAccessTest-1017156006 tempest-VolumeTypesAccessTest-1017156006-project] Task 'cinder.volume.flows.api.create_volume.QuotaReserveTask;volume:create' (44f17de0-885f-466c-8442-74a8fde487e5) transitioned into state 'RUNNING' from state 'PENDING' {{(pid=109516) _task_receiver /usr/local/lib/python3.8/dist-packages/taskflow/listeners/logging.py:190}}
Jan 28 01:26:18.221697 dv-cinder-826623-2-smb devstack@c-api.service[109517]: INFO cinder.volume.api [None req-50a2c9d2-7594-455b-af3e-50589381831f tempest-VolumesImageMetadata-118619106 tempest-VolumesImageMetadata-118619106-project] Volume info retrieved successfully.
Jan 28 01:26:18.237927 dv-cinder-826623-2-smb devstack@c-api.service[109517]: INFO cinder.api.openstack.wsgi [None req-50a2c9d2-7594-455b-af3e-50589381831f tempest-VolumesImageMetadata-118619106 tempest-VolumesImageMetadata-118619106-project] http://10.222.0.85/volume/v3/461c5933e46e4409aeb4c727ae04219a/volumes/781c735d-e4c7-4045-8c24-d5d8d789537e returned with HTTP 200
Jan 28 01:26:18.238132 dv-cinder-826623-2-smb devstack@c-api.service[109517]: [pid: 109517|app: 0|req: 139/275] 10.222.0.85 () {58 vars in 1324 bytes} [Fri Jan 28 01:26:18 2022] GET /volume/v3/461c5933e46e4409aeb4c727ae04219a/volumes/781c735d-e4c7-4045-8c24-d5d8d789537e => generated 911 bytes in 78 msecs (HTTP/1.1 200) 7 headers in 285 bytes (1 switches on core 0)
Jan 28 01:26:18.244773 dv-cinder-826623-2-smb devstack@c-api.service[109517]: INFO cinder.api.openstack.wsgi [None req-2577df89-aa27-495f-a801-52a4558268c9 tempest-GroupTypeSpecsTest-437936065 tempest-GroupTypeSpecsTest-437936065-project-admin] DELETE http://10.222.0.85/volume/v3/44f5361839854acf9437f5a8cf897a72/group_types/c6931ced-9edc-4ffa-812f-dd0ee1faad9d/group_specs/key3
Jan 28 01:26:18.245353 dv-cinder-826623-2-smb devstack@c-api.service[109517]: DEBUG cinder.api.openstack.wsgi [None req-2577df89-aa27-495f-a801-52a4558268c9 tempest-GroupTypeSpecsTest-437936065 tempest-GroupTypeSpecsTest-437936065-project-admin] Empty body provided in request {{(pid=109517) get_body /opt/stack/cinder/cinder/api/openstack/wsgi.py:715}}
Jan 28 01:26:18.245873 dv-cinder-826623-2-smb devstack@c-api.service[109517]: DEBUG cinder.api.openstack.wsgi [None req-2577df89-aa27-495f-a801-52a4558268c9 tempest-GroupTypeSpecsTest-437936065 tempest-GroupTypeSpecsTest-437936065-project-admin] Calling method 'version_select' {{(pid=109517) _process_stack /opt/stack/cinder/cinder/api/openstack/wsgi.py:868}}
Jan 28 01:26:18.248556 dv-cinder-826623-2-smb devstack@c-api.service[109516]: WARNING cinder.quota [None req-0a7b1b91-9a44-4e39-b4bd-7189b3dd5202 tempest-VolumeTypesAccessTest-1017156006 tempest-VolumeTypesAccessTest-1017156006-project] Deprecated: Default quota for resource: volumes_tempest-VolumeTypesAccessTest-volume-type-182135070 is set by the default quota flag: quota_volumes_tempest-VolumeTypesAccessTest-volume-type-182135070, it is now deprecated. Please use the default quota class for default quota.
Jan 28 01:26:18.249860 dv-cinder-826623-2-smb devstack@c-api.service[109516]: WARNING cinder.quota [None req-0a7b1b91-9a44-4e39-b4bd-7189b3dd5202 tempest-VolumeTypesAccessTest-1017156006 tempest-VolumeTypesAccessTest-1017156006-project] Deprecated: Default quota for resource: gigabytes_tempest-VolumeTypesAccessTest-volume-type-182135070 is set by the default quota flag: quota_gigabytes_tempest-VolumeTypesAccessTest-volume-type-182135070, it is now deprecated. Please use the default quota class for default quota.
Jan 28 01:26:18.273172 dv-cinder-826623-2-smb devstack@c-api.service[109517]: INFO cinder.api.openstack.wsgi [None req-2577df89-aa27-495f-a801-52a4558268c9 tempest-GroupTypeSpecsTest-437936065 tempest-GroupTypeSpecsTest-437936065-project-admin] http://10.222.0.85/volume/v3/44f5361839854acf9437f5a8cf897a72/group_types/c6931ced-9edc-4ffa-812f-dd0ee1faad9d/group_specs/key3 returned with HTTP 202
Jan 28 01:26:18.284165 dv-cinder-826623-2-smb devstack@c-api.service[109517]: [pid: 109517|app: 0|req: 140/276] 10.222.0.85 () {60 vars in 1431 bytes} [Fri Jan 28 01:26:18 2022] DELETE /volume/v3/44f5361839854acf9437f5a8cf897a72/group_types/c6931ced-9edc-4ffa-812f-dd0ee1faad9d/group_specs/key3 => generated 0 bytes in 46 msecs (HTTP/1.1 202) 6 headers in 234 bytes (1 switches on core 0)
Jan 28 01:26:18.293709 dv-cinder-826623-2-smb devstack@c-api.service[109517]: INFO cinder.api.openstack.wsgi [None req-0cae4c55-3499-471b-b50c-62ade092ebc4 tempest-GroupTypeSpecsTest-437936065 tempest-GroupTypeSpecsTest-437936065-project-admin] GET http://10.222.0.85/volume/v3/44f5361839854acf9437f5a8cf897a72/group_types/c6931ced-9edc-4ffa-812f-dd0ee1faad9d/group_specs/key3
Jan 28 01:26:18.294250 dv-cinder-826623-2-smb devstack@c-api.service[109517]: DEBUG cinder.api.openstack.wsgi [None req-0cae4c55-3499-471b-b50c-62ade092ebc4 tempest-GroupTypeSpecsTest-437936065 tempest-GroupTypeSpecsTest-437936065-project-admin] Empty body provided in request {{(pid=109517) get_body /opt/stack/cinder/cinder/api/openstack/wsgi.py:715}}
Jan 28 01:26:18.294772 dv-cinder-826623-2-smb devstack@c-api.service[109517]: DEBUG cinder.api.openstack.wsgi [None req-0cae4c55-3499-471b-b50c-62ade092ebc4 tempest-GroupTypeSpecsTest-437936065 tempest-GroupTypeSpecsTest-437936065-project-admin] Calling method 'version_select' {{(pid=109517) _process_stack /opt/stack/cinder/cinder/api/openstack/wsgi.py:868}}
Jan 28 01:26:18.310118 dv-cinder-826623-2-smb devstack@c-api.service[109517]: INFO cinder.api.openstack.wsgi [None req-0cae4c55-3499-471b-b50c-62ade092ebc4 tempest-GroupTypeSpecsTest-437936065 tempest-GroupTypeSpecsTest-437936065-project-admin] HTTP exception thrown: Group Type c6931ced-9edc-4ffa-812f-dd0ee1faad9d has no extra spec with key key3.
Jan 28 01:26:18.310867 dv-cinder-826623-2-smb devstack@c-api.service[109517]: INFO cinder.api.openstack.wsgi [None req-0cae4c55-3499-471b-b50c-62ade092ebc4 tempest-GroupTypeSpecsTest-437936065 tempest-GroupTypeSpecsTest-437936065-project-admin] http://10.222.0.85/volume/v3/44f5361839854acf9437f5a8cf897a72/group_types/c6931ced-9edc-4ffa-812f-dd0ee1faad9d/group_specs/key3 returned with HTTP 404
Jan 28 01:26:18.313610 dv-cinder-826623-2-smb devstack@c-api.service[109517]: [pid: 109517|app: 0|req: 141/277] 10.222.0.85 () {60 vars in 1428 bytes} [Fri Jan 28 01:26:18 2022] GET /volume/v3/44f5361839854acf9437f5a8cf897a72/group_types/c6931ced-9edc-4ffa-812f-dd0ee1faad9d/group_specs/key3 => generated 126 bytes in 25 msecs (HTTP/1.1 404) 7 headers in 293 bytes (1 switches on core 0)
Jan 28 01:26:18.323457 dv-cinder-826623-2-smb devstack@c-api.service[109517]: INFO cinder.api.openstack.wsgi [None req-0f818127-5f09-4f49-946b-72a947b3d1fb tempest-GroupTypeSpecsTest-437936065 tempest-GroupTypeSpecsTest-437936065-project-admin] DELETE http://10.222.0.85/volume/v3/44f5361839854acf9437f5a8cf897a72/group_types/c6931ced-9edc-4ffa-812f-dd0ee1faad9d
Jan 28 01:26:18.324330 dv-cinder-826623-2-smb devstack@c-api.service[109517]: DEBUG cinder.api.openstack.wsgi [None req-0f818127-5f09-4f49-946b-72a947b3d1fb tempest-GroupTypeSpecsTest-437936065 tempest-GroupTypeSpecsTest-437936065-project-admin] Empty body provided in request {{(pid=109517) get_body /opt/stack/cinder/cinder/api/openstack/wsgi.py:715}}
Jan 28 01:26:18.325030 dv-cinder-826623-2-smb devstack@c-api.service[109517]: DEBUG cinder.api.openstack.wsgi [None req-0f818127-5f09-4f49-946b-72a947b3d1fb tempest-GroupTypeSpecsTest-437936065 tempest-GroupTypeSpecsTest-437936065-project-admin] Calling method 'version_select' {{(pid=109517) _process_stack /opt/stack/cinder/cinder/api/openstack/wsgi.py:868}}
Jan 28 01:26:18.361188 dv-cinder-826623-2-smb devstack@c-api.service[109517]: INFO cinder.api.openstack.wsgi [None req-0f818127-5f09-4f49-946b-72a947b3d1fb tempest-GroupTypeSpecsTest-437936065 tempest-GroupTypeSpecsTest-437936065-project-admin] http://10.222.0.85/volume/v3/44f5361839854acf9437f5a8cf897a72/group_types/c6931ced-9edc-4ffa-812f-dd0ee1faad9d returned with HTTP 202
Jan 28 01:26:18.363399 dv-cinder-826623-2-smb devstack@c-api.service[109516]: DEBUG cinder.quota [None req-0a7b1b91-9a44-4e39-b4bd-7189b3dd5202 tempest-VolumeTypesAccessTest-1017156006 tempest-VolumeTypesAccessTest-1017156006-project] Created reservations ['5cc48109-182a-43d9-a272-5050e31308d0', 'f10ab708-fe45-4c69-98f6-e67ab2261957', '8e92aca6-d17e-45b9-879f-cf4ecedad57e', '6c298f6c-c6f8-4378-866d-ddebfd7d5f77'] {{(pid=109516) reserve /opt/stack/cinder/cinder/quota.py:755}}
Jan 28 01:26:18.364688 dv-cinder-826623-2-smb devstack@c-api.service[109517]: [pid: 109517|app: 0|req: 142/278] 10.222.0.85 () {60 vars in 1380 bytes} [Fri Jan 28 01:26:18 2022] DELETE /volume/v3/44f5361839854acf9437f5a8cf897a72/group_types/c6931ced-9edc-4ffa-812f-dd0ee1faad9d => generated 0 bytes in 48 msecs (HTTP/1.1 202) 6 headers in 234 bytes (1 switches on core 0)
Jan 28 01:26:18.365791 dv-cinder-826623-2-smb devstack@c-api.service[109516]: DEBUG cinder.volume.api [None req-0a7b1b91-9a44-4e39-b4bd-7189b3dd5202 tempest-VolumeTypesAccessTest-1017156006 tempest-VolumeTypesAccessTest-1017156006-project] Task 'cinder.volume.flows.api.create_volume.QuotaReserveTask;volume:create' (44f17de0-885f-466c-8442-74a8fde487e5) transitioned into state 'SUCCESS' from state 'RUNNING' with result '{'reservations': ['5cc48109-182a-43d9-a272-5050e31308d0', 'f10ab708-fe45-4c69-98f6-e67ab2261957', '8e92aca6-d17e-45b9-879f-cf4ecedad57e', '6c298f6c-c6f8-4378-866d-ddebfd7d5f77']}' {{(pid=109516) _task_receiver /usr/local/lib/python3.8/dist-packages/taskflow/listeners/logging.py:178}}
Jan 28 01:26:18.368638 dv-cinder-826623-2-smb devstack@c-api.service[109516]: DEBUG cinder.volume.api [None req-0a7b1b91-9a44-4e39-b4bd-7189b3dd5202 tempest-VolumeTypesAccessTest-1017156006 tempest-VolumeTypesAccessTest-1017156006-project] Task 'cinder.volume.flows.api.create_volume.EntryCreateTask;volume:create' (4b59dfa8-a040-4cc8-b72d-257b7e2ba0f2) transitioned into state 'RUNNING' from state 'PENDING' {{(pid=109516) _task_receiver /usr/local/lib/python3.8/dist-packages/taskflow/listeners/logging.py:190}}
Jan 28 01:26:18.411916 dv-cinder-826623-2-smb devstack@c-api.service[109516]: DEBUG cinder.volume.api [None req-0a7b1b91-9a44-4e39-b4bd-7189b3dd5202 tempest-VolumeTypesAccessTest-1017156006 tempest-VolumeTypesAccessTest-1017156006-project] Task 'cinder.volume.flows.api.create_volume.EntryCreateTask;volume:create' (4b59dfa8-a040-4cc8-b72d-257b7e2ba0f2) transitioned into state 'SUCCESS' from state 'RUNNING' with result '{'volume_id': 'ac139cef-e4d0-4d37-bf45-1f25d9402722', 'volume_properties': VolumeProperties(attach_status='detached',availability_zone='nova',cgsnapshot_id=None,consistencygroup_id=None,display_description=None,display_name='tempest-VolumeTypesAccessTest-Volume-98377804',encryption_key_id=None,group_id=None,group_type_id=,metadata={},multiattach=False,project_id='ff30ce1059ed40b88e242aab89b82f13',qos_specs=None,replication_status=,reservations=['5cc48109-182a-43d9-a272-5050e31308d0','f10ab708-fe45-4c69-98f6-e67ab2261957','8e92aca6-d17e-45b9-879f-cf4ecedad57e','6c298f6c-c6f8-4378-866d-ddebfd7d5f77'],size=1,snapshot_id=None,source_replicaid=,source_volid=None,status='creating',user_id='96d3c92b96a445a394b83e471f97fb96',volume_type_id=c0051700-7734-4129-ae4b-2252d5c59313), 'volume': Volume(_name_id=None,admin_metadata=,attach_status='detached',availability_zone='nova',bootable=False,cluster=,cluster_name=None,consistencygroup=,consistencygroup_id=None,created_at=2022-01-28T01:26:18Z,deleted=False,deleted_at=None,display_description=None,display_name='tempest-VolumeTypesAccessTest-Volume-98377804',ec2_id=None,encryption_key_id=None,glance_metadata=,group=,group_id=None,host=None,id=ac139cef-e4d0-4d37-bf45-1f25d9402722,launched_at=None,metadata={},migration_status=None,multiattach=False,previous_status=None,project_id='ff30ce1059ed40b88e242aab89b82f13',provider_auth=None,provider_geometry=None,provider_id=None,provider_location=None,replication_driver_data=None,replication_extended_status=None,replication_status=None,scheduled_at=None,service_uuid=None,shared_targets=True,size=1,snapshot_id=None,snapshots=,source_volid=None,status='creating',terminated_at=None,updated_at=None,use_quota=True,user_id='96d3c92b96a445a394b83e471f97fb96',volume_attachment=VolumeAttachmentList,volume_type=VolumeType(c0051700-7734-4129-ae4b-2252d5c59313),volume_type_id=c0051700-7734-4129-ae4b-2252d5c59313)}' {{(pid=109516) _task_receiver /usr/local/lib/python3.8/dist-packages/taskflow/listeners/logging.py:178}}
Jan 28 01:26:18.416176 dv-cinder-826623-2-smb devstack@c-api.service[109516]: DEBUG cinder.volume.api [None req-0a7b1b91-9a44-4e39-b4bd-7189b3dd5202 tempest-VolumeTypesAccessTest-1017156006 tempest-VolumeTypesAccessTest-1017156006-project] Task 'cinder.volume.flows.api.create_volume.QuotaCommitTask;volume:create' (4063d81d-9383-4b72-a89b-d1fab6d1fa4d) transitioned into state 'RUNNING' from state 'PENDING' {{(pid=109516) _task_receiver /usr/local/lib/python3.8/dist-packages/taskflow/listeners/logging.py:190}}
Jan 28 01:26:18.451836 dv-cinder-826623-2-smb devstack@c-api.service[109516]: DEBUG cinder.volume.api [None req-0a7b1b91-9a44-4e39-b4bd-7189b3dd5202 tempest-VolumeTypesAccessTest-1017156006 tempest-VolumeTypesAccessTest-1017156006-project] Task 'cinder.volume.flows.api.create_volume.QuotaCommitTask;volume:create' (4063d81d-9383-4b72-a89b-d1fab6d1fa4d) transitioned into state 'SUCCESS' from state 'RUNNING' with result '{'volume_properties': VolumeProperties(attach_status='detached',availability_zone='nova',cgsnapshot_id=None,consistencygroup_id=None,display_description=None,display_name='tempest-VolumeTypesAccessTest-Volume-98377804',encryption_key_id=None,group_id=None,group_type_id=,metadata={},multiattach=False,project_id='ff30ce1059ed40b88e242aab89b82f13',qos_specs=None,replication_status=,reservations=['5cc48109-182a-43d9-a272-5050e31308d0','f10ab708-fe45-4c69-98f6-e67ab2261957','8e92aca6-d17e-45b9-879f-cf4ecedad57e','6c298f6c-c6f8-4378-866d-ddebfd7d5f77'],size=1,snapshot_id=None,source_replicaid=,source_volid=None,status='creating',user_id='96d3c92b96a445a394b83e471f97fb96',volume_type_id=c0051700-7734-4129-ae4b-2252d5c59313)}' {{(pid=109516) _task_receiver /usr/local/lib/python3.8/dist-packages/taskflow/listeners/logging.py:178}}
Jan 28 01:26:18.456006 dv-cinder-826623-2-smb devstack@c-api.service[109516]: DEBUG cinder.volume.api [None req-0a7b1b91-9a44-4e39-b4bd-7189b3dd5202 tempest-VolumeTypesAccessTest-1017156006 tempest-VolumeTypesAccessTest-1017156006-project] Task 'cinder.volume.flows.api.create_volume.VolumeCastTask;volume:create' (2af81ad5-78df-49aa-bbd2-3eba1b48d7a8) transitioned into state 'RUNNING' from state 'PENDING' {{(pid=109516) _task_receiver /usr/local/lib/python3.8/dist-packages/taskflow/listeners/logging.py:190}}
Jan 28 01:26:18.499143 dv-cinder-826623-2-smb devstack@c-api.service[109516]: DEBUG cinder.volume.api [None req-0a7b1b91-9a44-4e39-b4bd-7189b3dd5202 tempest-VolumeTypesAccessTest-1017156006 tempest-VolumeTypesAccessTest-1017156006-project] Task 'cinder.volume.flows.api.create_volume.VolumeCastTask;volume:create' (2af81ad5-78df-49aa-bbd2-3eba1b48d7a8) transitioned into state 'SUCCESS' from state 'RUNNING' with result 'None' {{(pid=109516) _task_receiver /usr/local/lib/python3.8/dist-packages/taskflow/listeners/logging.py:178}}
Jan 28 01:26:18.506428 dv-cinder-826623-2-smb devstack@c-api.service[109516]: DEBUG cinder.volume.api [None req-0a7b1b91-9a44-4e39-b4bd-7189b3dd5202 tempest-VolumeTypesAccessTest-1017156006 tempest-VolumeTypesAccessTest-1017156006-project] Flow 'volume_create_api' (f157d95a-24c8-45a2-a372-042882b696db) transitioned into state 'SUCCESS' from state 'RUNNING' {{(pid=109516) _flow_receiver /usr/local/lib/python3.8/dist-packages/taskflow/listeners/logging.py:141}}
Jan 28 01:26:18.507201 dv-cinder-826623-2-smb devstack@c-api.service[109516]: INFO cinder.volume.api [None req-0a7b1b91-9a44-4e39-b4bd-7189b3dd5202 tempest-VolumeTypesAccessTest-1017156006 tempest-VolumeTypesAccessTest-1017156006-project] Create volume request issued successfully.
Jan 28 01:26:18.512548 dv-cinder-826623-2-smb devstack@c-api.service[109516]: INFO cinder.api.openstack.wsgi [None req-0a7b1b91-9a44-4e39-b4bd-7189b3dd5202 tempest-VolumeTypesAccessTest-1017156006 tempest-VolumeTypesAccessTest-1017156006-project] http://10.222.0.85/volume/v3/ff30ce1059ed40b88e242aab89b82f13/volumes returned with HTTP 202
Jan 28 01:26:18.515873 dv-cinder-826623-2-smb devstack@c-api.service[109516]: [pid: 109516|app: 0|req: 137/279] 10.222.0.85 () {60 vars in 1235 bytes} [Fri Jan 28 01:26:18 2022] POST /volume/v3/ff30ce1059ed40b88e242aab89b82f13/volumes => generated 859 bytes in 392 msecs (HTTP/1.1 202) 7 headers in 291 bytes (1 switches on core 0)
Jan 28 01:26:18.524974 dv-cinder-826623-2-smb devstack@c-api.service[109517]: INFO cinder.api.openstack.wsgi [None req-c5b702e4-28c8-4582-8583-0c88a6b23188 tempest-VolumeTypesAccessTest-1017156006 tempest-VolumeTypesAccessTest-1017156006-project] GET http://10.222.0.85/volume/v3/ff30ce1059ed40b88e242aab89b82f13/volumes/ac139cef-e4d0-4d37-bf45-1f25d9402722
Jan 28 01:26:18.526972 dv-cinder-826623-2-smb devstack@c-api.service[109517]: DEBUG cinder.api.openstack.wsgi [None req-c5b702e4-28c8-4582-8583-0c88a6b23188 tempest-VolumeTypesAccessTest-1017156006 tempest-VolumeTypesAccessTest-1017156006-project] Empty body provided in request {{(pid=109517) get_body /opt/stack/cinder/cinder/api/openstack/wsgi.py:715}}
Jan 28 01:26:18.527759 dv-cinder-826623-2-smb devstack@c-api.service[109517]: DEBUG cinder.api.openstack.wsgi [None req-c5b702e4-28c8-4582-8583-0c88a6b23188 tempest-VolumeTypesAccessTest-1017156006 tempest-VolumeTypesAccessTest-1017156006-project] Calling method 'show' {{(pid=109517) _process_stack /opt/stack/cinder/cinder/api/openstack/wsgi.py:868}}
Jan 28 01:26:18.554294 dv-cinder-826623-2-smb devstack@c-api.service[109517]: /usr/local/lib/python3.8/dist-packages/oslo_context/context.py:105: DeprecationWarning: Policy enforcement is depending on the value of is_admin. This key is deprecated. Please update your policy file to use the standard policy values.
Jan 28 01:26:18.554294 dv-cinder-826623-2-smb devstack@c-api.service[109517]: warnings.warn('Policy enforcement is depending on the value of '
Jan 28 01:26:18.571095 dv-cinder-826623-2-smb devstack@c-api.service[109517]: INFO cinder.volume.api [None req-c5b702e4-28c8-4582-8583-0c88a6b23188 tempest-VolumeTypesAccessTest-1017156006 tempest-VolumeTypesAccessTest-1017156006-project] Volume info retrieved successfully.
Jan 28 01:26:18.596525 dv-cinder-826623-2-smb devstack@c-api.service[109517]: INFO cinder.api.openstack.wsgi [None req-c5b702e4-28c8-4582-8583-0c88a6b23188 tempest-VolumeTypesAccessTest-1017156006 tempest-VolumeTypesAccessTest-1017156006-project] http://10.222.0.85/volume/v3/ff30ce1059ed40b88e242aab89b82f13/volumes/ac139cef-e4d0-4d37-bf45-1f25d9402722 returned with HTTP 200
Jan 28 01:26:18.598359 dv-cinder-826623-2-smb devstack@c-api.service[109517]: [pid: 109517|app: 0|req: 143/280] 10.222.0.85 () {58 vars in 1324 bytes} [Fri Jan 28 01:26:18 2022] GET /volume/v3/ff30ce1059ed40b88e242aab89b82f13/volumes/ac139cef-e4d0-4d37-bf45-1f25d9402722 => generated 927 bytes in 79 msecs (HTTP/1.1 200) 7 headers in 285 bytes (2 switches on core 0)
Jan 28 01:26:19.258241 dv-cinder-826623-2-smb devstack@c-api.service[109516]: INFO cinder.api.openstack.wsgi [None req-48c08ab3-b90b-48e7-8f2c-af567b3ed0a9 tempest-VolumesImageMetadata-118619106 tempest-VolumesImageMetadata-118619106-project] GET http://10.222.0.85/volume/v3/461c5933e46e4409aeb4c727ae04219a/volumes/781c735d-e4c7-4045-8c24-d5d8d789537e
