Aug 04 06:54:45.850157 dv-cinder-826608-7-smb devstack@c-api.service[110780]: INFO cinder.volume.api [req-b73b9e42-11d1-46f9-9d10-d07c2d7a0813 req-d6a336a2-00f3-491d-89fe-386716b542b9 tempest-VolumesSnapshotsTestJSON-407632362 tempest-VolumesSnapshotsTestJSON-407632362-project] Snapshot delete request issued successfully.
Aug 04 06:54:45.851029 dv-cinder-826608-7-smb devstack@c-api.service[110780]: INFO cinder.api.openstack.wsgi [req-b73b9e42-11d1-46f9-9d10-d07c2d7a0813 req-d6a336a2-00f3-491d-89fe-386716b542b9 tempest-VolumesSnapshotsTestJSON-407632362 tempest-VolumesSnapshotsTestJSON-407632362-project] http://10.222.0.57/volume/v3/0d4ef51320394f6b8fb231367f5d1161/snapshots/324538b2-8157-4e6d-af8c-e97c92148f76 returned with HTTP 202
Aug 04 06:54:45.859265 dv-cinder-826608-7-smb devstack@c-api.service[110780]: [pid: 110780|app: 0|req: 20/46] 10.222.0.57 () {62 vars in 1606 bytes} [Thu Aug 4 06:54:45 2022] DELETE /volume/v3/0d4ef51320394f6b8fb231367f5d1161/snapshots/324538b2-8157-4e6d-af8c-e97c92148f76 => generated 0 bytes in 89 msecs (HTTP/1.1 202) 6 headers in 233 bytes (1 switches on core 0)
Aug 04 06:54:45.861068 dv-cinder-826608-7-smb devstack@c-api.service[110780]: DEBUG cinder.api.middleware.request_id [None req-5f0ec582-c924-4bec-bd06-4de2bdbcccb2 None None] RequestId filter calling following filter/app {{(pid=110780) _context_setter /opt/stack/cinder/cinder/api/middleware/request_id.py:62}}
Aug 04 06:54:45.886163 dv-cinder-826608-7-smb devstack@c-api.service[110780]: INFO cinder.api.openstack.wsgi [None req-5f0ec582-c924-4bec-bd06-4de2bdbcccb2 tempest-VolumesTestJSON-57498922 tempest-VolumesTestJSON-57498922-project] GET http://10.222.0.57/volume/v3/98b1943a3c7c42e58fb53b328117a65c/volumes/c55c0abc-0290-492e-85bd-7a717fd26979
Aug 04 06:54:45.894255 dv-cinder-826608-7-smb devstack@c-api.service[110780]: DEBUG cinder.api.openstack.wsgi [None req-5f0ec582-c924-4bec-bd06-4de2bdbcccb2 tempest-VolumesTestJSON-57498922 tempest-VolumesTestJSON-57498922-project] Empty body provided in request {{(pid=110780) get_body /opt/stack/cinder/cinder/api/openstack/wsgi.py:715}}
Aug 04 06:54:45.894876 dv-cinder-826608-7-smb devstack@c-api.service[110780]: DEBUG cinder.api.openstack.wsgi [None req-5f0ec582-c924-4bec-bd06-4de2bdbcccb2 tempest-VolumesTestJSON-57498922 tempest-VolumesTestJSON-57498922-project] Calling method 'show' {{(pid=110780) _process_stack /opt/stack/cinder/cinder/api/openstack/wsgi.py:868}}
Aug 04 06:54:45.929780 dv-cinder-826608-7-smb devstack@c-api.service[110780]: /usr/local/lib/python3.8/dist-packages/oslo_context/context.py:100: DeprecationWarning: Policy enforcement is depending on the value of is_admin. This key is deprecated. Please update your policy file to use the standard policy values.
Aug 04 06:54:45.929780 dv-cinder-826608-7-smb devstack@c-api.service[110780]: warnings.warn('Policy enforcement is depending on the value of '
Aug 04 06:54:45.971603 dv-cinder-826608-7-smb devstack@c-api.service[110780]: INFO cinder.volume.api [None req-5f0ec582-c924-4bec-bd06-4de2bdbcccb2 tempest-VolumesTestJSON-57498922 tempest-VolumesTestJSON-57498922-project] Volume info retrieved successfully.
Aug 04 06:54:45.973825 dv-cinder-826608-7-smb devstack@c-api.service[110779]: INFO cinder.volume.api [None req-ed7c1913-67a1-4200-a15a-9d4677aab6d1 tempest-VolumeManageAdminTest-1507029201 tempest-VolumeManageAdminTest-1507029201-project-admin] Get all volumes completed successfully.
Aug 04 06:54:45.981977 dv-cinder-826608-7-smb devstack@c-api.service[110779]: /usr/local/lib/python3.8/dist-packages/oslo_context/context.py:100: DeprecationWarning: Policy enforcement is depending on the value of is_admin. This key is deprecated. Please update your policy file to use the standard policy values.
Aug 04 06:54:45.981977 dv-cinder-826608-7-smb devstack@c-api.service[110779]: warnings.warn('Policy enforcement is depending on the value of '
Aug 04 06:54:46.008287 dv-cinder-826608-7-smb devstack@c-api.service[110780]: INFO cinder.api.openstack.wsgi [None req-5f0ec582-c924-4bec-bd06-4de2bdbcccb2 tempest-VolumesTestJSON-57498922 tempest-VolumesTestJSON-57498922-project] http://10.222.0.57/volume/v3/98b1943a3c7c42e58fb53b328117a65c/volumes/c55c0abc-0290-492e-85bd-7a717fd26979 returned with HTTP 200
Aug 04 06:54:46.015458 dv-cinder-826608-7-smb devstack@c-api.service[110780]: [pid: 110780|app: 0|req: 21/47] 10.222.0.57 () {58 vars in 1325 bytes} [Thu Aug 4 06:54:45 2022] GET /volume/v3/98b1943a3c7c42e58fb53b328117a65c/volumes/c55c0abc-0290-492e-85bd-7a717fd26979 => generated 897 bytes in 154 msecs (HTTP/1.1 200) 7 headers in 285 bytes (1 switches on core 0)
Aug 04 06:54:46.024113 dv-cinder-826608-7-smb devstack@c-api.service[110780]: DEBUG cinder.api.middleware.request_id [None req-8ca98da6-6af4-40c3-84c8-885e410d73ad None None] RequestId filter calling following filter/app {{(pid=110780) _context_setter /opt/stack/cinder/cinder/api/middleware/request_id.py:62}}
Aug 04 06:54:46.027640 dv-cinder-826608-7-smb devstack@c-api.service[110779]: INFO cinder.api.openstack.wsgi [None req-ed7c1913-67a1-4200-a15a-9d4677aab6d1 tempest-VolumeManageAdminTest-1507029201 tempest-VolumeManageAdminTest-1507029201-project-admin] http://10.222.0.57/volume/v3/8f3274580b974ad5a9b014769a3325d5/volumes/detail?all_tenants=1 returned with HTTP 200
Aug 04 06:54:46.033414 dv-cinder-826608-7-smb devstack@c-api.service[110779]: [pid: 110779|app: 0|req: 27/48] 10.222.0.57 () {58 vars in 1262 bytes} [Thu Aug 4 06:54:45 2022] GET /volume/v3/8f3274580b974ad5a9b014769a3325d5/volumes/detail?all_tenants=1 => generated 4264 bytes in 318 msecs (HTTP/1.1 200) 7 headers in 286 bytes (1 switches on core 0)
Aug 04 06:54:46.042340 dv-cinder-826608-7-smb devstack@c-api.service[110780]: INFO cinder.api.openstack.wsgi [None req-8ca98da6-6af4-40c3-84c8-885e410d73ad tempest-GroupsTest-137023672 tempest-GroupsTest-137023672-project] GET http://10.222.0.57/volume/v3/400d8b5f5786438c8840c197971ab01f/groups/2de4b1a4-f7dc-4a51-9e31-72e49faea9dc
Aug 04 06:54:46.046149 dv-cinder-826608-7-smb devstack@c-api.service[110780]: DEBUG cinder.api.openstack.wsgi [None req-8ca98da6-6af4-40c3-84c8-885e410d73ad tempest-GroupsTest-137023672 tempest-GroupsTest-137023672-project] Empty body provided in request {{(pid=110780) get_body /opt/stack/cinder/cinder/api/openstack/wsgi.py:715}}
Aug 04 06:54:46.046675 dv-cinder-826608-7-smb devstack@c-api.service[110780]: DEBUG cinder.api.openstack.wsgi [None req-8ca98da6-6af4-40c3-84c8-885e410d73ad tempest-GroupsTest-137023672 tempest-GroupsTest-137023672-project] Calling method 'version_select' {{(pid=110780) _process_stack /opt/stack/cinder/cinder/api/openstack/wsgi.py:868}}
Aug 04 06:54:46.048396 dv-cinder-826608-7-smb devstack@c-api.service[110780]: DEBUG cinder.api.v3.groups [None req-8ca98da6-6af4-40c3-84c8-885e410d73ad tempest-GroupsTest-137023672 tempest-GroupsTest-137023672-project] show called for member 2de4b1a4-f7dc-4a51-9e31-72e49faea9dc {{(pid=110780) show /opt/stack/cinder/cinder/api/v3/groups.py:58}}
Aug 04 06:54:46.058957 dv-cinder-826608-7-smb devstack@c-api.service[110779]: DEBUG cinder.api.middleware.request_id [req-25365fbc-a0e4-4498-a92a-edc3db1b039f req-4b71b847-01b5-40e3-8a8e-279f747f11b3 None None] RequestId filter calling following filter/app {{(pid=110779) _context_setter /opt/stack/cinder/cinder/api/middleware/request_id.py:62}}
Aug 04 06:54:46.080646 dv-cinder-826608-7-smb devstack@c-api.service[110780]: /usr/local/lib/python3.8/dist-packages/oslo_context/context.py:100: DeprecationWarning: Policy enforcement is depending on the value of is_admin. This key is deprecated. Please update your policy file to use the standard policy values.
Aug 04 06:54:46.080646 dv-cinder-826608-7-smb devstack@c-api.service[110780]: warnings.warn('Policy enforcement is depending on the value of '
Aug 04 06:54:46.089602 dv-cinder-826608-7-smb devstack@c-api.service[110779]: INFO cinder.api.openstack.wsgi [req-25365fbc-a0e4-4498-a92a-edc3db1b039f req-4b71b847-01b5-40e3-8a8e-279f747f11b3 tempest-VolumesSnapshotsTestJSON-407632362 tempest-VolumesSnapshotsTestJSON-407632362-project] GET http://10.222.0.57/volume/v3/0d4ef51320394f6b8fb231367f5d1161/snapshots/324538b2-8157-4e6d-af8c-e97c92148f76
Aug 04 06:54:46.092901 dv-cinder-826608-7-smb devstack@c-api.service[110779]: DEBUG cinder.api.openstack.wsgi [req-25365fbc-a0e4-4498-a92a-edc3db1b039f req-4b71b847-01b5-40e3-8a8e-279f747f11b3 tempest-VolumesSnapshotsTestJSON-407632362 tempest-VolumesSnapshotsTestJSON-407632362-project] Empty body provided in request {{(pid=110779) get_body /opt/stack/cinder/cinder/api/openstack/wsgi.py:715}}
Aug 04 06:54:46.100195 dv-cinder-826608-7-smb devstack@c-api.service[110779]: DEBUG cinder.api.openstack.wsgi [req-25365fbc-a0e4-4498-a92a-edc3db1b039f req-4b71b847-01b5-40e3-8a8e-279f747f11b3 tempest-VolumesSnapshotsTestJSON-407632362 tempest-VolumesSnapshotsTestJSON-407632362-project] Calling method 'show' {{(pid=110779) _process_stack /opt/stack/cinder/cinder/api/openstack/wsgi.py:868}}
Aug 04 06:54:46.149802 dv-cinder-826608-7-smb devstack@c-api.service[110779]: INFO cinder.api.openstack.wsgi [req-25365fbc-a0e4-4498-a92a-edc3db1b039f req-4b71b847-01b5-40e3-8a8e-279f747f11b3 tempest-VolumesSnapshotsTestJSON-407632362 tempest-VolumesSnapshotsTestJSON-407632362-project] http://10.222.0.57/volume/v3/0d4ef51320394f6b8fb231367f5d1161/snapshots/324538b2-8157-4e6d-af8c-e97c92148f76 returned with HTTP 404
Aug 04 06:54:46.153431 dv-cinder-826608-7-smb devstack@c-api.service[110779]: [pid: 110779|app: 0|req: 28/49] 10.222.0.57 () {60 vars in 1584 bytes} [Thu Aug 4 06:54:46 2022] GET /volume/v3/0d4ef51320394f6b8fb231367f5d1161/snapshots/324538b2-8157-4e6d-af8c-e97c92148f76 => generated 111 bytes in 100 msecs (HTTP/1.1 404) 7 headers in 292 bytes (1 switches on core 0)
Aug 04 06:54:46.155027 dv-cinder-826608-7-smb devstack@c-api.service[110779]: DEBUG cinder.api.middleware.request_id [None req-b947d549-7471-4ab8-9e84-4d7d3b752fe5 None None] RequestId filter calling following filter/app {{(pid=110779) _context_setter /opt/stack/cinder/cinder/api/middleware/request_id.py:62}}
Aug 04 06:54:46.167371 dv-cinder-826608-7-smb devstack@c-api.service[110779]: INFO cinder.api.openstack.wsgi [None req-b947d549-7471-4ab8-9e84-4d7d3b752fe5 tempest-VolumeManageAdminTest-1507029201 tempest-VolumeManageAdminTest-1507029201-project-admin] POST http://10.222.0.57/volume/v3/8f3274580b974ad5a9b014769a3325d5/os-volume-manage
Aug 04 06:54:46.170063 dv-cinder-826608-7-smb devstack@c-api.service[110779]: DEBUG cinder.api.openstack.wsgi [None req-b947d549-7471-4ab8-9e84-4d7d3b752fe5 tempest-VolumeManageAdminTest-1507029201 tempest-VolumeManageAdminTest-1507029201-project-admin] Action: 'create', calling method: create, body: {"volume": {"name": "tempest-VolumeManageAdminTest-volume-1437915619", "host": "hv-cinder-82660@wincnd#smbshare", "ref": {"source-name": "//127.0.0.1/smbshare/volume-0bd988b9-1257-4e9e-966e-03beda7c1193.vhdx"}, "volume_type": "__DEFAULT__", "availability_zone": "nova"}} {{(pid=110779) _process_stack /opt/stack/cinder/cinder/api/openstack/wsgi.py:866}}
Aug 04 06:54:46.183754 dv-cinder-826608-7-smb devstack@c-api.service[110779]: DEBUG cinder.api.contrib.volume_manage [None req-b947d549-7471-4ab8-9e84-4d7d3b752fe5 tempest-VolumeManageAdminTest-1507029201 tempest-VolumeManageAdminTest-1507029201-project-admin] Manage volume request body: {'volume': {'name': 'tempest-VolumeManageAdminTest-volume-1437915619', 'host': 'hv-cinder-82660@wincnd#smbshare', 'ref': {'source-name': '//127.0.0.1/smbshare/volume-0bd988b9-1257-4e9e-966e-03beda7c1193.vhdx'}, 'volume_type': '__DEFAULT__', 'availability_zone': 'nova'}} {{(pid=110779) create /opt/stack/cinder/cinder/api/contrib/volume_manage.py:114}}
Aug 04 06:54:46.195642 dv-cinder-826608-7-smb devstack@c-api.service[110780]: INFO cinder.api.openstack.wsgi [None req-8ca98da6-6af4-40c3-84c8-885e410d73ad tempest-GroupsTest-137023672 tempest-GroupsTest-137023672-project] http://10.222.0.57/volume/v3/400d8b5f5786438c8840c197971ab01f/groups/2de4b1a4-f7dc-4a51-9e31-72e49faea9dc returned with HTTP 200
Aug 04 06:54:46.209864 dv-cinder-826608-7-smb devstack@c-api.service[110780]: [pid: 110780|app: 0|req: 22/50] 10.222.0.57 () {60 vars in 1363 bytes} [Thu Aug 4 06:54:46 2022] GET /volume/v3/400d8b5f5786438c8840c197971ab01f/groups/2de4b1a4-f7dc-4a51-9e31-72e49faea9dc => generated 323 bytes in 187 msecs (HTTP/1.1 200) 7 headers in 286 bytes (1 switches on core 0)
Aug 04 06:54:46.219913 dv-cinder-826608-7-smb devstack@c-api.service[110780]: DEBUG cinder.api.middleware.request_id [req-5d296e09-16c8-4fcd-93bf-197013be4e1e req-ec8bac92-ac18-4e23-9552-67f7582a030d None None] RequestId filter calling following filter/app {{(pid=110780) _context_setter /opt/stack/cinder/cinder/api/middleware/request_id.py:62}}
Aug 04 06:54:46.224603 dv-cinder-826608-7-smb devstack@c-api.service[110780]: INFO cinder.api.openstack.wsgi [req-5d296e09-16c8-4fcd-93bf-197013be4e1e req-ec8bac92-ac18-4e23-9552-67f7582a030d tempest-VolumesSnapshotsTestJSON-407632362 tempest-VolumesSnapshotsTestJSON-407632362-project] DELETE http://10.222.0.57/volume/v3/0d4ef51320394f6b8fb231367f5d1161/volumes/c4a5136b-263f-483e-84db-fc5e2a939490
Aug 04 06:54:46.225187 dv-cinder-826608-7-smb devstack@c-api.service[110780]: DEBUG cinder.api.openstack.wsgi [req-5d296e09-16c8-4fcd-93bf-197013be4e1e req-ec8bac92-ac18-4e23-9552-67f7582a030d tempest-VolumesSnapshotsTestJSON-407632362 tempest-VolumesSnapshotsTestJSON-407632362-project] Empty body provided in request {{(pid=110780) get_body /opt/stack/cinder/cinder/api/openstack/wsgi.py:715}}
Aug 04 06:54:46.225836 dv-cinder-826608-7-smb devstack@c-api.service[110780]: DEBUG cinder.api.openstack.wsgi [req-5d296e09-16c8-4fcd-93bf-197013be4e1e req-ec8bac92-ac18-4e23-9552-67f7582a030d tempest-VolumesSnapshotsTestJSON-407632362 tempest-VolumesSnapshotsTestJSON-407632362-project] Calling method 'delete' {{(pid=110780) _process_stack /opt/stack/cinder/cinder/api/openstack/wsgi.py:868}}
Aug 04 06:54:46.226476 dv-cinder-826608-7-smb devstack@c-api.service[110780]: INFO cinder.api.v3.volumes [req-5d296e09-16c8-4fcd-93bf-197013be4e1e req-ec8bac92-ac18-4e23-9552-67f7582a030d tempest-VolumesSnapshotsTestJSON-407632362 tempest-VolumesSnapshotsTestJSON-407632362-project] Delete volume with id: c4a5136b-263f-483e-84db-fc5e2a939490
Aug 04 06:54:46.259599 dv-cinder-826608-7-smb devstack@c-api.service[110779]: DEBUG cinder.volume.api [None req-b947d549-7471-4ab8-9e84-4d7d3b752fe5 tempest-VolumeManageAdminTest-1507029201 tempest-VolumeManageAdminTest-1507029201-project-admin] Flow 'volume_manage_existing_api' (95cc2bef-8681-45e0-bb45-169a5af84e58) transitioned into state 'RUNNING' from state 'PENDING' {{(pid=110779) _flow_receiver /usr/local/lib/python3.8/dist-packages/taskflow/listeners/logging.py:141}}
Aug 04 06:54:46.263230 dv-cinder-826608-7-smb devstack@c-api.service[110779]: DEBUG cinder.volume.api [None req-b947d549-7471-4ab8-9e84-4d7d3b752fe5 tempest-VolumeManageAdminTest-1507029201 tempest-VolumeManageAdminTest-1507029201-project-admin] Task 'cinder.volume.flows.api.create_volume.QuotaReserveTask;volume:create' (6bebe66c-dd99-45b1-b1c0-938ecfbf855c) transitioned into state 'RUNNING' from state 'PENDING' {{(pid=110779) _task_receiver /usr/local/lib/python3.8/dist-packages/taskflow/listeners/logging.py:190}}
Aug 04 06:54:46.263650 dv-cinder-826608-7-smb devstack@c-api.service[110780]: /usr/local/lib/python3.8/dist-packages/oslo_context/context.py:100: DeprecationWarning: Policy enforcement is depending on the value of is_admin. This key is deprecated. Please update your policy file to use the standard policy values.
Aug 04 06:54:46.263650 dv-cinder-826608-7-smb devstack@c-api.service[110780]: warnings.warn('Policy enforcement is depending on the value of '
Aug 04 06:54:46.267078 dv-cinder-826608-7-smb devstack@c-api.service[110780]: INFO cinder.volume.api [req-5d296e09-16c8-4fcd-93bf-197013be4e1e req-ec8bac92-ac18-4e23-9552-67f7582a030d tempest-VolumesSnapshotsTestJSON-407632362 tempest-VolumesSnapshotsTestJSON-407632362-project] Volume info retrieved successfully.
Aug 04 06:54:46.345399 dv-cinder-826608-7-smb devstack@c-api.service[110780]: INFO cinder.volume.api [req-5d296e09-16c8-4fcd-93bf-197013be4e1e req-ec8bac92-ac18-4e23-9552-67f7582a030d tempest-VolumesSnapshotsTestJSON-407632362 tempest-VolumesSnapshotsTestJSON-407632362-project] Delete volume request issued successfully.
Aug 04 06:54:46.345950 dv-cinder-826608-7-smb devstack@c-api.service[110780]: INFO cinder.api.openstack.wsgi [req-5d296e09-16c8-4fcd-93bf-197013be4e1e req-ec8bac92-ac18-4e23-9552-67f7582a030d tempest-VolumesSnapshotsTestJSON-407632362 tempest-VolumesSnapshotsTestJSON-407632362-project] http://10.222.0.57/volume/v3/0d4ef51320394f6b8fb231367f5d1161/volumes/c4a5136b-263f-483e-84db-fc5e2a939490 returned with HTTP 202
Aug 04 06:54:46.349839 dv-cinder-826608-7-smb devstack@c-api.service[110780]: [pid: 110780|app: 0|req: 23/51] 10.222.0.57 () {62 vars in 1600 bytes} [Thu Aug 4 06:54:46 2022] DELETE /volume/v3/0d4ef51320394f6b8fb231367f5d1161/volumes/c4a5136b-263f-483e-84db-fc5e2a939490 => generated 0 bytes in 145 msecs (HTTP/1.1 202) 6 headers in 233 bytes (1 switches on core 0)
Aug 04 06:54:46.356873 dv-cinder-826608-7-smb devstack@c-api.service[110780]: DEBUG cinder.api.middleware.request_id [None req-b1380a33-7859-486c-a165-c0520a602183 None None] RequestId filter calling following filter/app {{(pid=110780) _context_setter /opt/stack/cinder/cinder/api/middleware/request_id.py:62}}
Aug 04 06:54:46.369761 dv-cinder-826608-7-smb devstack@c-api.service[110780]: INFO cinder.api.openstack.wsgi [None req-b1380a33-7859-486c-a165-c0520a602183 tempest-GroupsTest-137023672 tempest-GroupsTest-137023672-project] POST http://10.222.0.57/volume/v3/400d8b5f5786438c8840c197971ab01f/volumes
Aug 04 06:54:46.377272 dv-cinder-826608-7-smb devstack@c-api.service[110780]: DEBUG cinder.api.openstack.wsgi [None req-b1380a33-7859-486c-a165-c0520a602183 tempest-GroupsTest-137023672 tempest-GroupsTest-137023672-project] Action: 'create', calling method: create, body: {"volume": {"name": "tempest-volume-1062885725", "volume_type": "eb92c9d3-0760-4ea5-ae02-884db640a415", "group_id": "1ecc1495-e528-4398-9fca-19a1a8a2aea7", "size": 1}} {{(pid=110780) _process_stack /opt/stack/cinder/cinder/api/openstack/wsgi.py:866}}
Aug 04 06:54:46.390383 dv-cinder-826608-7-smb devstack@c-api.service[110780]: DEBUG cinder.api.v3.volumes [None req-b1380a33-7859-486c-a165-c0520a602183 tempest-GroupsTest-137023672 tempest-GroupsTest-137023672-project] Create volume request body: {'volume': {'name': 'tempest-volume-1062885725', 'volume_type': 'eb92c9d3-0760-4ea5-ae02-884db640a415', 'group_id': '1ecc1495-e528-4398-9fca-19a1a8a2aea7', 'size': 1}} {{(pid=110780) create /opt/stack/cinder/cinder/api/v3/volumes.py:298}}
Aug 04 06:54:46.429891 dv-cinder-826608-7-smb devstack@c-api.service[110780]: /usr/local/lib/python3.8/dist-packages/oslo_context/context.py:100: DeprecationWarning: Policy enforcement is depending on the value of is_admin. This key is deprecated. Please update your policy file to use the standard policy values.
Aug 04 06:54:46.429891 dv-cinder-826608-7-smb devstack@c-api.service[110780]: warnings.warn('Policy enforcement is depending on the value of '
Aug 04 06:54:46.434744 dv-cinder-826608-7-smb devstack@c-api.service[110780]: INFO cinder.api.v3.volumes [None req-b1380a33-7859-486c-a165-c0520a602183 tempest-GroupsTest-137023672 tempest-GroupsTest-137023672-project] Create volume of 1 GB
Aug 04 06:54:46.445958 dv-cinder-826608-7-smb devstack@c-api.service[110779]: DEBUG cinder.quota [None req-b947d549-7471-4ab8-9e84-4d7d3b752fe5 tempest-VolumeManageAdminTest-1507029201 tempest-VolumeManageAdminTest-1507029201-project-admin] Created reservations ['13154a77-fb3a-404d-9e1e-ee394dc6d714', '766ff797-13bc-4383-97b5-d8562f31720e', '672bd331-7adb-40d0-b668-3108c8ba7781', '6d63b3c3-80a9-43c1-8fc4-8d9a0610de5a'] {{(pid=110779) reserve /opt/stack/cinder/cinder/quota.py:755}}
Aug 04 06:54:46.448350 dv-cinder-826608-7-smb devstack@c-api.service[110779]: DEBUG cinder.volume.api [None req-b947d549-7471-4ab8-9e84-4d7d3b752fe5 tempest-VolumeManageAdminTest-1507029201 tempest-VolumeManageAdminTest-1507029201-project-admin] Task 'cinder.volume.flows.api.create_volume.QuotaReserveTask;volume:create' (6bebe66c-dd99-45b1-b1c0-938ecfbf855c) transitioned into state 'SUCCESS' from state 'RUNNING' with result '{'reservations': ['13154a77-fb3a-404d-9e1e-ee394dc6d714', '766ff797-13bc-4383-97b5-d8562f31720e', '672bd331-7adb-40d0-b668-3108c8ba7781', '6d63b3c3-80a9-43c1-8fc4-8d9a0610de5a']}' {{(pid=110779) _task_receiver /usr/local/lib/python3.8/dist-packages/taskflow/listeners/logging.py:178}}
Aug 04 06:54:46.454275 dv-cinder-826608-7-smb devstack@c-api.service[110779]: DEBUG cinder.volume.api [None req-b947d549-7471-4ab8-9e84-4d7d3b752fe5 tempest-VolumeManageAdminTest-1507029201 tempest-VolumeManageAdminTest-1507029201-project-admin] Task 'cinder.volume.flows.api.manage_existing.EntryCreateTask;volume:manage_existing' (dbfbf2bc-429d-48f9-9149-405bc42dd49e) transitioned into state 'RUNNING' from state 'PENDING' {{(pid=110779) _task_receiver /usr/local/lib/python3.8/dist-packages/taskflow/listeners/logging.py:190}}
Aug 04 06:54:46.470971 dv-cinder-826608-7-smb devstack@c-api.service[110780]: INFO cinder.volume.api [None req-b1380a33-7859-486c-a165-c0520a602183 tempest-GroupsTest-137023672 tempest-GroupsTest-137023672-project] Availability Zones retrieved successfully.
Aug 04 06:54:46.510587 dv-cinder-826608-7-smb devstack@c-api.service[110779]: DEBUG cinder.volume.api [None req-b947d549-7471-4ab8-9e84-4d7d3b752fe5 tempest-VolumeManageAdminTest-1507029201 tempest-VolumeManageAdminTest-1507029201-project-admin] Task 'cinder.volume.flows.api.manage_existing.EntryCreateTask;volume:manage_existing' (dbfbf2bc-429d-48f9-9149-405bc42dd49e) transitioned into state 'SUCCESS' from state 'RUNNING' with result '{'volume_properties': {'size': 0, 'user_id': '32ac524697e64d369b7192025d7a2daf', 'project_id': '8f3274580b974ad5a9b014769a3325d5', 'status': 'managing', 'attach_status': 'detached', 'display_description': None, 'display_name': 'tempest-VolumeManageAdminTest-volume-1437915619', 'host': 'hv-cinder-82660@wincnd#smbshare', 'cluster_name': None, 'availability_zone': 'nova', 'volume_type_id': 'bc255b89-05f6-4581-b0cc-5e0fa2c0cb7c', 'metadata': {}, 'bootable': False, 'multiattach': False}, 'volume': Volume(_name_id=None,admin_metadata={},attach_status='detached',availability_zone='nova',bootable=False,cluster=,cluster_name=None,consistencygroup=,consistencygroup_id=None,created_at=2022-08-04T06:54:46Z,deleted=False,deleted_at=None,display_description=None,display_name='tempest-VolumeManageAdminTest-volume-1437915619',ec2_id=None,encryption_key_id=None,glance_metadata=,group=,group_id=None,host='hv-cinder-82660@wincnd#smbshare',id=07c48ee5-7bd5-48be-b937-cb8657795377,launched_at=None,metadata={},migration_status=None,multiattach=False,previous_status=None,project_id='8f3274580b974ad5a9b014769a3325d5',provider_auth=None,provider_geometry=None,provider_id=None,provider_location=None,replication_driver_data=None,replication_extended_status=None,replication_status=None,scheduled_at=None,service_uuid=None,shared_targets=True,size=0,snapshot_id=None,snapshots=,source_volid=None,status='managing',terminated_at=None,updated_at=None,use_quota=True,user_id='32ac524697e64d369b7192025d7a2daf',volume_attachment=VolumeAttachmentList,volume_type=VolumeType(bc255b89-05f6-4581-b0cc-5e0fa2c0cb7c),volume_type_id=bc255b89-05f6-4581-b0cc-5e0fa2c0cb7c)}' {{(pid=110779) _task_receiver /usr/local/lib/python3.8/dist-packages/taskflow/listeners/logging.py:178}}
Aug 04 06:54:46.528094 dv-cinder-826608-7-smb devstack@c-api.service[110779]: DEBUG cinder.volume.api [None req-b947d549-7471-4ab8-9e84-4d7d3b752fe5 tempest-VolumeManageAdminTest-1507029201 tempest-VolumeManageAdminTest-1507029201-project-admin] Task 'cinder.volume.flows.api.create_volume.QuotaCommitTask;volume:create' (9d40c2cc-b646-4680-a7f1-587bc0f5bb72) transitioned into state 'RUNNING' from state 'PENDING' {{(pid=110779) _task_receiver /usr/local/lib/python3.8/dist-packages/taskflow/listeners/logging.py:190}}
Aug 04 06:54:46.532493 dv-cinder-826608-7-smb devstack@c-api.service[110780]: DEBUG cinder.volume.api [None req-b1380a33-7859-486c-a165-c0520a602183 tempest-GroupsTest-137023672 tempest-GroupsTest-137023672-project] Flow 'volume_create_api' (1b1d67bc-2e74-4566-956e-6c71e80e7e31) transitioned into state 'RUNNING' from state 'PENDING' {{(pid=110780) _flow_receiver /usr/local/lib/python3.8/dist-packages/taskflow/listeners/logging.py:141}}
Aug 04 06:54:46.539545 dv-cinder-826608-7-smb devstack@c-api.service[110780]: DEBUG cinder.volume.api [None req-b1380a33-7859-486c-a165-c0520a602183 tempest-GroupsTest-137023672 tempest-GroupsTest-137023672-project] Task 'cinder.volume.flows.api.create_volume.ExtractVolumeRequestTask;volume:create' (7c68c2ee-8a90-4099-8f12-6eb3e6777c71) transitioned into state 'RUNNING' from state 'PENDING' {{(pid=110780) _task_receiver /usr/local/lib/python3.8/dist-packages/taskflow/listeners/logging.py:190}}
Aug 04 06:54:46.543242 dv-cinder-826608-7-smb devstack@c-api.service[110780]: /usr/local/lib/python3.8/dist-packages/oslo_context/context.py:100: DeprecationWarning: Policy enforcement is depending on the value of is_admin. This key is deprecated. Please update your policy file to use the standard policy values.
Aug 04 06:54:46.543242 dv-cinder-826608-7-smb devstack@c-api.service[110780]: warnings.warn('Policy enforcement is depending on the value of '
Aug 04 06:54:46.545448 dv-cinder-826608-7-smb devstack@c-api.service[110780]: DEBUG cinder.volume.flows.api.create_volume [None req-b1380a33-7859-486c-a165-c0520a602183 tempest-GroupsTest-137023672 tempest-GroupsTest-137023672-project] Validating volume size '1' using validate_int {{(pid=110780) _extract_size /opt/stack/cinder/cinder/volume/flows/api/create_volume.py:228}}
Aug 04 06:54:46.546427 dv-cinder-826608-7-smb devstack@c-api.service[110779]: DEBUG dbcounter [-] [110779] Writing DB stats cinder:SELECT=83,cinder:INSERT=12,cinder:UPDATE=5 {{(pid=110779) stat_writer /usr/local/lib/python3.8/dist-packages/dbcounter.py:114}}
Aug 04 06:54:46.622721 dv-cinder-826608-7-smb devstack@c-api.service[110780]: DEBUG cinder.volume.api [None req-b1380a33-7859-486c-a165-c0520a602183 tempest-GroupsTest-137023672 tempest-GroupsTest-137023672-project] Task 'cinder.volume.flows.api.create_volume.ExtractVolumeRequestTask;volume:create' (7c68c2ee-8a90-4099-8f12-6eb3e6777c71) transitioned into state 'SUCCESS' from state 'RUNNING' with result '{'size': 1, 'snapshot_id': None, 'source_volid': None, 'volume_type': VolumeType(created_at=2022-08-04T06:54:42Z,deleted=False,deleted_at=None,description=None,extra_specs={},id=eb92c9d3-0760-4ea5-ae02-884db640a415,is_public=True,name='tempest-GroupsTest-volume-type-2085428508',projects=[],qos_specs=,qos_specs_id=None,updated_at=None), 'volume_type_id': 'eb92c9d3-0760-4ea5-ae02-884db640a415', 'encryption_key_id': None, 'qos_specs': None, 'consistencygroup_id': None, 'cgsnapshot_id': None, 'group_id': '1ecc1495-e528-4398-9fca-19a1a8a2aea7', 'replication_status': 'disabled', 'refresh_az': False, 'backup_id': None, 'multiattach': False, 'availability_zones': ['nova']}' {{(pid=110780) _task_receiver /usr/local/lib/python3.8/dist-packages/taskflow/listeners/logging.py:178}}
Aug 04 06:54:46.625234 dv-cinder-826608-7-smb devstack@c-api.service[110779]: DEBUG cinder.volume.api [None req-b947d549-7471-4ab8-9e84-4d7d3b752fe5 tempest-VolumeManageAdminTest-1507029201 tempest-VolumeManageAdminTest-1507029201-project-admin] Task 'cinder.volume.flows.api.create_volume.QuotaCommitTask;volume:create' (9d40c2cc-b646-4680-a7f1-587bc0f5bb72) transitioned into state 'SUCCESS' from state 'RUNNING' with result '{'volume_properties': {'size': 0, 'user_id': '32ac524697e64d369b7192025d7a2daf', 'project_id': '8f3274580b974ad5a9b014769a3325d5', 'status': 'managing', 'attach_status': 'detached', 'display_description': None, 'display_name': 'tempest-VolumeManageAdminTest-volume-1437915619', 'host': 'hv-cinder-82660@wincnd#smbshare', 'cluster_name': None, 'availability_zone': 'nova', 'volume_type_id': 'bc255b89-05f6-4581-b0cc-5e0fa2c0cb7c', 'metadata': {}, 'bootable': False, 'multiattach': False}}' {{(pid=110779) _task_receiver /usr/local/lib/python3.8/dist-packages/taskflow/listeners/logging.py:178}}
Aug 04 06:54:46.626576 dv-cinder-826608-7-smb devstack@c-api.service[110780]: DEBUG cinder.volume.api [None req-b1380a33-7859-486c-a165-c0520a602183 tempest-GroupsTest-137023672 tempest-GroupsTest-137023672-project] Task 'cinder.volume.flows.api.create_volume.QuotaReserveTask;volume:create' (cbff8c16-2c0f-4cc8-921a-e9c44c91c839) transitioned into state 'RUNNING' from state 'PENDING' {{(pid=110780) _task_receiver /usr/local/lib/python3.8/dist-packages/taskflow/listeners/logging.py:190}}
Aug 04 06:54:46.636275 dv-cinder-826608-7-smb devstack@c-api.service[110779]: DEBUG cinder.volume.api [None req-b947d549-7471-4ab8-9e84-4d7d3b752fe5 tempest-VolumeManageAdminTest-1507029201 tempest-VolumeManageAdminTest-1507029201-project-admin] Task 'cinder.volume.flows.api.manage_existing.ManageCastTask;volume:manage_existing' (62717d66-5b02-45be-8f61-4bd93a2a326c) transitioned into state 'RUNNING' from state 'PENDING' {{(pid=110779) _task_receiver /usr/local/lib/python3.8/dist-packages/taskflow/listeners/logging.py:190}}
Aug 04 06:54:46.650595 dv-cinder-826608-7-smb devstack@c-api.service[110779]: DEBUG cinder.volume.api [None req-b947d549-7471-4ab8-9e84-4d7d3b752fe5 tempest-VolumeManageAdminTest-1507029201 tempest-VolumeManageAdminTest-1507029201-project-admin] Task 'cinder.volume.flows.api.manage_existing.ManageCastTask;volume:manage_existing' (62717d66-5b02-45be-8f61-4bd93a2a326c) transitioned into state 'SUCCESS' from state 'RUNNING' with result 'None' {{(pid=110779) _task_receiver /usr/local/lib/python3.8/dist-packages/taskflow/listeners/logging.py:178}}
Aug 04 06:54:46.658605 dv-cinder-826608-7-smb devstack@c-api.service[110779]: DEBUG cinder.volume.api [None req-b947d549-7471-4ab8-9e84-4d7d3b752fe5 tempest-VolumeManageAdminTest-1507029201 tempest-VolumeManageAdminTest-1507029201-project-admin] Flow 'volume_manage_existing_api' (95cc2bef-8681-45e0-bb45-169a5af84e58) transitioned into state 'SUCCESS' from state 'RUNNING' {{(pid=110779) _flow_receiver /usr/local/lib/python3.8/dist-packages/taskflow/listeners/logging.py:141}}
Aug 04 06:54:46.659578 dv-cinder-826608-7-smb devstack@c-api.service[110779]: INFO cinder.volume.api [None req-b947d549-7471-4ab8-9e84-4d7d3b752fe5 tempest-VolumeManageAdminTest-1507029201 tempest-VolumeManageAdminTest-1507029201-project-admin] Manage volume request issued successfully.
Aug 04 06:54:46.662307 dv-cinder-826608-7-smb devstack@c-api.service[110779]: INFO cinder.api.openstack.wsgi [None req-b947d549-7471-4ab8-9e84-4d7d3b752fe5 tempest-VolumeManageAdminTest-1507029201 tempest-VolumeManageAdminTest-1507029201-project-admin] http://10.222.0.57/volume/v3/8f3274580b974ad5a9b014769a3325d5/os-volume-manage returned with HTTP 202
Aug 04 06:54:46.665636 dv-cinder-826608-7-smb devstack@c-api.service[110779]: [pid: 110779|app: 0|req: 29/52] 10.222.0.57 () {60 vars in 1263 bytes} [Thu Aug 4 06:54:46 2022] POST /volume/v3/8f3274580b974ad5a9b014769a3325d5/os-volume-manage => generated 847 bytes in 511 msecs (HTTP/1.1 202) 7 headers in 291 bytes (1 switches on core 0)
Aug 04 06:54:46.667462 dv-cinder-826608-7-smb devstack@c-api.service[110779]: DEBUG cinder.api.middleware.request_id [req-9ec1088b-2f8d-4e11-b5d9-3ae30fb5a143 req-354ec8be-2c22-4972-b402-44d7211f02c1 None None] RequestId filter calling following filter/app {{(pid=110779) _context_setter /opt/stack/cinder/cinder/api/middleware/request_id.py:62}}
Aug 04 06:54:46.676947 dv-cinder-826608-7-smb devstack@c-api.service[110779]: INFO cinder.api.openstack.wsgi [req-9ec1088b-2f8d-4e11-b5d9-3ae30fb5a143 req-354ec8be-2c22-4972-b402-44d7211f02c1 tempest-VolumesSnapshotsTestJSON-407632362 tempest-VolumesSnapshotsTestJSON-407632362-project] GET http://10.222.0.57/volume/v3/0d4ef51320394f6b8fb231367f5d1161/volumes/c4a5136b-263f-483e-84db-fc5e2a939490
Aug 04 06:54:46.679736 dv-cinder-826608-7-smb devstack@c-api.service[110779]: DEBUG cinder.api.openstack.wsgi [req-9ec1088b-2f8d-4e11-b5d9-3ae30fb5a143 req-354ec8be-2c22-4972-b402-44d7211f02c1 tempest-VolumesSnapshotsTestJSON-407632362 tempest-VolumesSnapshotsTestJSON-407632362-project] Empty body provided in request {{(pid=110779) get_body /opt/stack/cinder/cinder/api/openstack/wsgi.py:715}}
Aug 04 06:54:46.682284 dv-cinder-826608-7-smb devstack@c-api.service[110779]: DEBUG cinder.api.openstack.wsgi [req-9ec1088b-2f8d-4e11-b5d9-3ae30fb5a143 req-354ec8be-2c22-4972-b402-44d7211f02c1 tempest-VolumesSnapshotsTestJSON-407632362 tempest-VolumesSnapshotsTestJSON-407632362-project] Calling method 'show' {{(pid=110779) _process_stack /opt/stack/cinder/cinder/api/openstack/wsgi.py:868}}
Aug 04 06:54:46.722509 dv-cinder-826608-7-smb devstack@c-api.service[110779]: /usr/local/lib/python3.8/dist-packages/oslo_context/context.py:100: DeprecationWarning: Policy enforcement is depending on the value of is_admin. This key is deprecated. Please update your policy file to use the standard policy values.
Aug 04 06:54:46.722509 dv-cinder-826608-7-smb devstack@c-api.service[110779]: warnings.warn('Policy enforcement is depending on the value of '
Aug 04 06:54:46.724444 dv-cinder-826608-7-smb devstack@c-api.service[110780]: WARNING cinder.quota [None req-b1380a33-7859-486c-a165-c0520a602183 tempest-GroupsTest-137023672 tempest-GroupsTest-137023672-project] Deprecated: Default quota for resource: volumes_tempest-GroupsTest-volume-type-2085428508 is set by the default quota flag: quota_volumes_tempest-GroupsTest-volume-type-2085428508, it is now deprecated. Please use the default quota class for default quota.
Aug 04 06:54:46.728652 dv-cinder-826608-7-smb devstack@c-api.service[110780]: WARNING cinder.quota [None req-b1380a33-7859-486c-a165-c0520a602183 tempest-GroupsTest-137023672 tempest-GroupsTest-137023672-project] Deprecated: Default quota for resource: gigabytes_tempest-GroupsTest-volume-type-2085428508 is set by the default quota flag: quota_gigabytes_tempest-GroupsTest-volume-type-2085428508, it is now deprecated. Please use the default quota class for default quota.
Aug 04 06:54:46.742939 dv-cinder-826608-7-smb devstack@c-api.service[110779]: INFO cinder.volume.api [req-9ec1088b-2f8d-4e11-b5d9-3ae30fb5a143 req-354ec8be-2c22-4972-b402-44d7211f02c1 tempest-VolumesSnapshotsTestJSON-407632362 tempest-VolumesSnapshotsTestJSON-407632362-project] Volume info retrieved successfully.
Aug 04 06:54:46.781852 dv-cinder-826608-7-smb devstack@c-api.service[110779]: INFO cinder.api.openstack.wsgi [req-9ec1088b-2f8d-4e11-b5d9-3ae30fb5a143 req-354ec8be-2c22-4972-b402-44d7211f02c1 tempest-VolumesSnapshotsTestJSON-407632362 tempest-VolumesSnapshotsTestJSON-407632362-project] http://10.222.0.57/volume/v3/0d4ef51320394f6b8fb231367f5d1161/volumes/c4a5136b-263f-483e-84db-fc5e2a939490 returned with HTTP 200
Aug 04 06:54:46.790791 dv-cinder-826608-7-smb devstack@c-api.service[110779]: [pid: 110779|app: 0|req: 30/53] 10.222.0.57 () {60 vars in 1578 bytes} [Thu Aug 4 06:54:46 2022] GET /volume/v3/0d4ef51320394f6b8fb231367f5d1161/volumes/c4a5136b-263f-483e-84db-fc5e2a939490 => generated 916 bytes in 124 msecs (HTTP/1.1 200) 7 headers in 285 bytes (1 switches on core 0)
Aug 04 06:54:46.794111 dv-cinder-826608-7-smb devstack@c-api.service[110779]: DEBUG cinder.api.middleware.request_id [None req-d2fd967a-c8a9-4699-bf55-138e1c4eb953 None None] RequestId filter calling following filter/app {{(pid=110779) _context_setter /opt/stack/cinder/cinder/api/middleware/request_id.py:62}}
Aug 04 06:54:46.805333 dv-cinder-826608-7-smb devstack@c-api.service[110780]: DEBUG dbcounter [-] [110780] Writing DB stats cinder:SELECT=76,cinder:INSERT=10,cinder:UPDATE=14 {{(pid=110780) stat_writer /usr/local/lib/python3.8/dist-packages/dbcounter.py:114}}
Aug 04 06:54:46.809221 dv-cinder-826608-7-smb devstack@c-api.service[110779]: INFO cinder.api.openstack.wsgi [None req-d2fd967a-c8a9-4699-bf55-138e1c4eb953 tempest-VolumeManageAdminTest-1507029201 tempest-VolumeManageAdminTest-1507029201-project-admin] GET http://10.222.0.57/volume/v3/8f3274580b974ad5a9b014769a3325d5/volumes/07c48ee5-7bd5-48be-b937-cb8657795377
Aug 04 06:54:46.815515 dv-cinder-826608-7-smb devstack@c-api.service[110779]: DEBUG cinder.api.openstack.wsgi [None req-d2fd967a-c8a9-4699-bf55-138e1c4eb953 tempest-VolumeManageAdminTest-1507029201 tempest-VolumeManageAdminTest-1507029201-project-admin] Empty body provided in request {{(pid=110779) get_body /opt/stack/cinder/cinder/api/openstack/wsgi.py:715}}
Aug 04 06:54:46.818308 dv-cinder-826608-7-smb devstack@c-api.service[110779]: DEBUG cinder.api.openstack.wsgi [None req-d2fd967a-c8a9-4699-bf55-138e1c4eb953 tempest-VolumeManageAdminTest-1507029201 tempest-VolumeManageAdminTest-1507029201-project-admin] Calling method 'show' {{(pid=110779) _process_stack /opt/stack/cinder/cinder/api/openstack/wsgi.py:868}}
Aug 04 06:54:46.868549 dv-cinder-826608-7-smb devstack@c-api.service[110779]: /usr/local/lib/python3.8/dist-packages/oslo_context/context.py:100: DeprecationWarning: Policy enforcement is depending on the value of is_admin. This key is deprecated. Please update your policy file to use the standard policy values.
Aug 04 06:54:46.868549 dv-cinder-826608-7-smb devstack@c-api.service[110779]: warnings.warn('Policy enforcement is depending on the value of '
Aug 04 06:54:46.885775 dv-cinder-826608-7-smb devstack@c-api.service[110780]: DEBUG cinder.quota [None req-b1380a33-7859-486c-a165-c0520a602183 tempest-GroupsTest-137023672 tempest-GroupsTest-137023672-project] Created reservations ['bf226e14-5f71-4d3c-a706-34840a3b2247', '064e873e-68a0-4e09-aab4-1c71c639f903', 'dfde8c5a-dffe-486f-a750-99dd5391f38d', '2d96dbd6-3c0e-47ef-9ad8-af6bbe304a94'] {{(pid=110780) reserve /opt/stack/cinder/cinder/quota.py:755}}
Aug 04 06:54:46.887882 dv-cinder-826608-7-smb devstack@c-api.service[110780]: DEBUG cinder.volume.api [None req-b1380a33-7859-486c-a165-c0520a602183 tempest-GroupsTest-137023672 tempest-GroupsTest-137023672-project] Task 'cinder.volume.flows.api.create_volume.QuotaReserveTask;volume:create' (cbff8c16-2c0f-4cc8-921a-e9c44c91c839) transitioned into state 'SUCCESS' from state 'RUNNING' with result '{'reservations': ['bf226e14-5f71-4d3c-a706-34840a3b2247', '064e873e-68a0-4e09-aab4-1c71c639f903', 'dfde8c5a-dffe-486f-a750-99dd5391f38d', '2d96dbd6-3c0e-47ef-9ad8-af6bbe304a94']}' {{(pid=110780) _task_receiver /usr/local/lib/python3.8/dist-packages/taskflow/listeners/logging.py:178}}
Aug 04 06:54:46.891159 dv-cinder-826608-7-smb devstack@c-api.service[110779]: INFO cinder.volume.api [None req-d2fd967a-c8a9-4699-bf55-138e1c4eb953 tempest-VolumeManageAdminTest-1507029201 tempest-VolumeManageAdminTest-1507029201-project-admin] Volume info retrieved successfully.
Aug 04 06:54:46.893857 dv-cinder-826608-7-smb devstack@c-api.service[110780]: DEBUG cinder.volume.api [None req-b1380a33-7859-486c-a165-c0520a602183 tempest-GroupsTest-137023672 tempest-GroupsTest-137023672-project] Task 'cinder.volume.flows.api.create_volume.EntryCreateTask;volume:create' (fe2ba0b5-f1da-43b6-8781-4d02c0fb9a6b) transitioned into state 'RUNNING' from state 'PENDING' {{(pid=110780) _task_receiver /usr/local/lib/python3.8/dist-packages/taskflow/listeners/logging.py:190}}
Aug 04 06:54:46.916248 dv-cinder-826608-7-smb devstack@c-api.service[110779]: INFO cinder.api.openstack.wsgi [None req-d2fd967a-c8a9-4699-bf55-138e1c4eb953 tempest-VolumeManageAdminTest-1507029201 tempest-VolumeManageAdminTest-1507029201-project-admin] http://10.222.0.57/volume/v3/8f3274580b974ad5a9b014769a3325d5/volumes/07c48ee5-7bd5-48be-b937-cb8657795377 returned with HTTP 200
Aug 04 06:54:46.918969 dv-cinder-826608-7-smb devstack@c-api.service[110779]: [pid: 110779|app: 0|req: 31/54] 10.222.0.57 () {58 vars in 1325 bytes} [Thu Aug 4 06:54:46 2022] GET /volume/v3/8f3274580b974ad5a9b014769a3325d5/volumes/07c48ee5-7bd5-48be-b937-cb8657795377 => generated 1079 bytes in 127 msecs (HTTP/1.1 200) 7 headers in 286 bytes (1 switches on core 0)
Aug 04 06:54:46.947642 dv-cinder-826608-7-smb devstack@c-api.service[110780]: DEBUG cinder.volume.api [None req-b1380a33-7859-486c-a165-c0520a602183 tempest-GroupsTest-137023672 tempest-GroupsTest-137023672-project] Task 'cinder.volume.flows.api.create_volume.EntryCreateTask;volume:create' (fe2ba0b5-f1da-43b6-8781-4d02c0fb9a6b) transitioned into state 'SUCCESS' from state 'RUNNING' with result '{'volume_id': '1fa1e900-91ab-4664-8759-d824c9e5b7f1', 'volume_properties': VolumeProperties(attach_status='detached',availability_zone='nova',cgsnapshot_id=None,consistencygroup_id=None,display_description=None,display_name='tempest-volume-1062885725',encryption_key_id=None,group_id=1ecc1495-e528-4398-9fca-19a1a8a2aea7,group_type_id=,metadata={},multiattach=False,project_id='400d8b5f5786438c8840c197971ab01f',qos_specs=None,replication_status=,reservations=['bf226e14-5f71-4d3c-a706-34840a3b2247','064e873e-68a0-4e09-aab4-1c71c639f903','dfde8c5a-dffe-486f-a750-99dd5391f38d','2d96dbd6-3c0e-47ef-9ad8-af6bbe304a94'],size=1,snapshot_id=None,source_replicaid=,source_volid=None,status='creating',user_id='4edf2eb4f6c3478fa3b099cd71edad86',volume_type_id=eb92c9d3-0760-4ea5-ae02-884db640a415), 'volume': Volume(_name_id=None,admin_metadata=,attach_status='detached',availability_zone='nova',bootable=False,cluster=,cluster_name=None,consistencygroup=,consistencygroup_id=None,created_at=2022-08-04T06:54:46Z,deleted=False,deleted_at=None,display_description=None,display_name='tempest-volume-1062885725',ec2_id=None,encryption_key_id=None,glance_metadata=,group=,group_id=1ecc1495-e528-4398-9fca-19a1a8a2aea7,host=None,id=1fa1e900-91ab-4664-8759-d824c9e5b7f1,launched_at=None,metadata={},migration_status=None,multiattach=False,previous_status=None,project_id='400d8b5f5786438c8840c197971ab01f',provider_auth=None,provider_geometry=None,provider_id=None,provider_location=None,replication_driver_data=None,replication_extended_status=None,replication_status=None,scheduled_at=None,service_uuid=None,shared_targets=True,size=1,snapshot_id=None,snapshots=,source_volid=None,status='creating',terminated_at=None,updated_at=None,use_quota=True,user_id='4edf2eb4f6c3478fa3b099cd71edad86',volume_attachment=VolumeAttachmentList,volume_type=VolumeType(eb92c9d3-0760-4ea5-ae02-884db640a415),volume_type_id=eb92c9d3-0760-4ea5-ae02-884db640a415)}' {{(pid=110780) _task_receiver /usr/local/lib/python3.8/dist-packages/taskflow/listeners/logging.py:178}}
Aug 04 06:54:46.951416 dv-cinder-826608-7-smb devstack@c-api.service[110780]: DEBUG cinder.volume.api [None req-b1380a33-7859-486c-a165-c0520a602183 tempest-GroupsTest-137023672 tempest-GroupsTest-137023672-project] Task 'cinder.volume.flows.api.create_volume.QuotaCommitTask;volume:create' (dfd1eb2b-12f5-47a0-ae9f-0c5d9cbf49f7) transitioned into state 'RUNNING' from state 'PENDING' {{(pid=110780) _task_receiver /usr/local/lib/python3.8/dist-packages/taskflow/listeners/logging.py:190}}
Aug 04 06:54:47.030829 dv-cinder-826608-7-smb devstack@c-api.service[110779]: DEBUG cinder.api.middleware.request_id [None req-c0ce1141-be01-4e97-b6a1-fc038ac1a296 None None] RequestId filter calling following filter/app {{(pid=110779) _context_setter /opt/stack/cinder/cinder/api/middleware/request_id.py:62}}
Aug 04 06:54:47.037017 dv-cinder-826608-7-smb devstack@c-api.service[110779]: INFO cinder.api.openstack.wsgi [None req-c0ce1141-be01-4e97-b6a1-fc038ac1a296 tempest-VolumesTestJSON-57498922 tempest-VolumesTestJSON-57498922-project] GET http://10.222.0.57/volume/v3/98b1943a3c7c42e58fb53b328117a65c/volumes/c55c0abc-0290-492e-85bd-7a717fd26979
Aug 04 06:54:47.037775 dv-cinder-826608-7-smb devstack@c-api.service[110779]: DEBUG cinder.api.openstack.wsgi [None req-c0ce1141-be01-4e97-b6a1-fc038ac1a296 tempest-VolumesTestJSON-57498922 tempest-VolumesTestJSON-57498922-project] Empty body provided in request {{(pid=110779) get_body /opt/stack/cinder/cinder/api/openstack/wsgi.py:715}}
Aug 04 06:54:47.038775 dv-cinder-826608-7-smb devstack@c-api.service[110779]: DEBUG cinder.api.openstack.wsgi [None req-c0ce1141-be01-4e97-b6a1-fc038ac1a296 tempest-VolumesTestJSON-57498922 tempest-VolumesTestJSON-57498922-project] Calling method 'show' {{(pid=110779) _process_stack /opt/stack/cinder/cinder/api/openstack/wsgi.py:868}}
Aug 04 06:54:47.070406 dv-cinder-826608-7-smb devstack@c-api.service[110780]: DEBUG cinder.volume.api [None req-b1380a33-7859-486c-a165-c0520a602183 tempest-GroupsTest-137023672 tempest-GroupsTest-137023672-project] Task 'cinder.volume.flows.api.create_volume.QuotaCommitTask;volume:create' (dfd1eb2b-12f5-47a0-ae9f-0c5d9cbf49f7) transitioned into state 'SUCCESS' from state 'RUNNING' with result '{'volume_properties': VolumeProperties(attach_status='detached',availability_zone='nova',cgsnapshot_id=None,consistencygroup_id=None,display_description=None,display_name='tempest-volume-1062885725',encryption_key_id=None,group_id=1ecc1495-e528-4398-9fca-19a1a8a2aea7,group_type_id=,metadata={},multiattach=False,project_id='400d8b5f5786438c8840c197971ab01f',qos_specs=None,replication_status=,reservations=['bf226e14-5f71-4d3c-a706-34840a3b2247','064e873e-68a0-4e09-aab4-1c71c639f903','dfde8c5a-dffe-486f-a750-99dd5391f38d','2d96dbd6-3c0e-47ef-9ad8-af6bbe304a94'],size=1,snapshot_id=None,source_replicaid=,source_volid=None,status='creating',user_id='4edf2eb4f6c3478fa3b099cd71edad86',volume_type_id=eb92c9d3-0760-4ea5-ae02-884db640a415)}' {{(pid=110780) _task_receiver /usr/local/lib/python3.8/dist-packages/taskflow/listeners/logging.py:178}}
Aug 04 06:54:47.074245 dv-cinder-826608-7-smb devstack@c-api.service[110780]: DEBUG cinder.volume.api [None req-b1380a33-7859-486c-a165-c0520a602183 tempest-GroupsTest-137023672 tempest-GroupsTest-137023672-project] Task 'cinder.volume.flows.api.create_volume.VolumeCastTask;volume:create' (72af09ef-500f-4a8d-805a-a024df0385e7) transitioned into state 'RUNNING' from state 'PENDING' {{(pid=110780) _task_receiver /usr/local/lib/python3.8/dist-packages/taskflow/listeners/logging.py:190}}
Aug 04 06:54:47.090895 dv-cinder-826608-7-smb devstack@c-api.service[110779]: /usr/local/lib/python3.8/dist-packages/oslo_context/context.py:100: DeprecationWarning: Policy enforcement is depending on the value of is_admin. This key is deprecated. Please update your policy file to use the standard policy values.
Aug 04 06:54:47.090895 dv-cinder-826608-7-smb devstack@c-api.service[110779]: warnings.warn('Policy enforcement is depending on the value of '
Aug 04 06:54:47.107959 dv-cinder-826608-7-smb devstack@c-api.service[110779]: INFO cinder.volume.api [None req-c0ce1141-be01-4e97-b6a1-fc038ac1a296 tempest-VolumesTestJSON-57498922 tempest-VolumesTestJSON-57498922-project] Volume info retrieved successfully.
Aug 04 06:54:47.125676 dv-cinder-826608-7-smb devstack@c-api.service[110780]: DEBUG cinder.volume.api [None req-b1380a33-7859-486c-a165-c0520a602183 tempest-GroupsTest-137023672 tempest-GroupsTest-137023672-project] Task 'cinder.volume.flows.api.create_volume.VolumeCastTask;volume:create' (72af09ef-500f-4a8d-805a-a024df0385e7) transitioned into state 'SUCCESS' from state 'RUNNING' with result 'None' {{(pid=110780) _task_receiver /usr/local/lib/python3.8/dist-packages/taskflow/listeners/logging.py:178}}
Aug 04 06:54:47.128735 dv-cinder-826608-7-smb devstack@c-api.service[110780]: DEBUG cinder.volume.api [None req-b1380a33-7859-486c-a165-c0520a602183 tempest-GroupsTest-137023672 tempest-GroupsTest-137023672-project] Flow 'volume_create_api' (1b1d67bc-2e74-4566-956e-6c71e80e7e31) transitioned into state 'SUCCESS' from state 'RUNNING' {{(pid=110780) _flow_receiver /usr/local/lib/python3.8/dist-packages/taskflow/listeners/logging.py:141}}
Aug 04 06:54:47.129692 dv-cinder-826608-7-smb devstack@c-api.service[110780]: INFO cinder.volume.api [None req-b1380a33-7859-486c-a165-c0520a602183 tempest-GroupsTest-137023672 tempest-GroupsTest-137023672-project] Create volume request issued successfully.
Aug 04 06:54:47.131736 dv-cinder-826608-7-smb devstack@c-api.service[110780]: WARNING stevedore.named [None req-b1380a33-7859-486c-a165-c0520a602183 tempest-GroupsTest-137023672 tempest-GroupsTest-137023672-project] Could not load cinder.keymgr.conf_key_mgr.ConfKeyManager
Aug 04 06:54:47.132227 dv-cinder-826608-7-smb devstack@c-api.service[110780]: WARNING castellan.key_manager [None req-b1380a33-7859-486c-a165-c0520a602183 tempest-GroupsTest-137023672 tempest-GroupsTest-137023672-project] Deprecation Warning : cinder.keymgr.conf_key_mgr.ConfKeyManager is not a stevedore based driver, trying to load it as a class: stevedore.exception.NoMatches: No 'castellan.drivers' driver found, looking for 'cinder.keymgr.conf_key_mgr.ConfKeyManager'
Aug 04 06:54:47.144909 dv-cinder-826608-7-smb devstack@c-api.service[110780]: DEBUG oslo_db.sqlalchemy.engines [None req-b1380a33-7859-486c-a165-c0520a602183 tempest-GroupsTest-137023672 tempest-GroupsTest-137023672-project] MySQL server mode set to STRICT_TRANS_TABLES,STRICT_ALL_TABLES,NO_ZERO_IN_DATE,NO_ZERO_DATE,ERROR_FOR_DIVISION_BY_ZERO,TRADITIONAL,NO_ENGINE_SUBSTITUTION {{(pid=110780) _check_effective_sql_mode /usr/local/lib/python3.8/dist-packages/oslo_db/sqlalchemy/engines.py:314}}
Aug 04 06:54:47.149935 dv-cinder-826608-7-smb devstack@c-api.service[110779]: INFO cinder.api.openstack.wsgi [None req-c0ce1141-be01-4e97-b6a1-fc038ac1a296 tempest-VolumesTestJSON-57498922 tempest-VolumesTestJSON-57498922-project] http://10.222.0.57/volume/v3/98b1943a3c7c42e58fb53b328117a65c/volumes/c55c0abc-0290-492e-85bd-7a717fd26979 returned with HTTP 200
