Jul 21 08:55:17.790848 dv-cinder-826608-6-iscsi devstack@keystone.service[80200]: DEBUG keystone.server.flask.request_processing.middleware.auth_context [None req-5e9e3200-e01b-4d3b-ad70-ed072d5f4260 None admin] Authenticating user token {{(pid=80200) process_request /usr/local/lib/python3.8/dist-packages/keystonemiddleware/auth_token/__init__.py:407}}
Jul 21 08:55:17.794405 dv-cinder-826608-6-iscsi devstack@keystone.service[80199]: DEBUG keystone.common.rbac_enforcer.enforcer [None req-bc5f606c-1091-44f6-b9ee-d947fafd88ab None admin] Extracting inferred target data resulted in "NOT FOUND (404)". {{(pid=80199) enforce_call /opt/stack/keystone/keystone/common/rbac_enforcer/enforcer.py:409}}
Jul 21 08:55:17.807983 dv-cinder-826608-6-iscsi devstack@keystone.service[80199]: ERROR keystone.server.flask.application [None req-bc5f606c-1091-44f6-b9ee-d947fafd88ab None admin] Could not find role: member.: keystone.exception.RoleNotFound: Could not find role: member.
Jul 21 08:55:17.807983 dv-cinder-826608-6-iscsi devstack@keystone.service[80199]: ERROR keystone.server.flask.application
Traceback (most recent call last):
Jul 21 08:55:17.807983 dv-cinder-826608-6-iscsi devstack@keystone.service[80199]: ERROR keystone.server.flask.application
File "/usr/local/lib/python3.8/dist-packages/flask/app.py", line 1523, in full_dispatch_request
Jul 21 08:55:17.807983 dv-cinder-826608-6-iscsi devstack@keystone.service[80199]: ERROR keystone.server.flask.application rv = self.dispatch_request()
Jul 21 08:55:17.807983 dv-cinder-826608-6-iscsi devstack@keystone.service[80199]: ERROR keystone.server.flask.application
File "/usr/local/lib/python3.8/dist-packages/flask/app.py", line 1509, in dispatch_request
Jul 21 08:55:17.807983 dv-cinder-826608-6-iscsi devstack@keystone.service[80199]: ERROR keystone.server.flask.application return self.ensure_sync(self.view_functions[rule.endpoint])(**req.view_args)
Jul 21 08:55:17.807983 dv-cinder-826608-6-iscsi devstack@keystone.service[80199]: ERROR keystone.server.flask.application
File "/usr/local/lib/python3.8/dist-packages/flask_restful/__init__.py", line 467, in wrapper
Jul 21 08:55:17.807983 dv-cinder-826608-6-iscsi devstack@keystone.service[80199]: ERROR keystone.server.flask.application resp = resource(*args, **kwargs)
Jul 21 08:55:17.807983 dv-cinder-826608-6-iscsi devstack@keystone.service[80199]: ERROR keystone.server.flask.application
File "/usr/local/lib/python3.8/dist-packages/flask/views.py", line 84, in view
Jul 21 08:55:17.807983 dv-cinder-826608-6-iscsi devstack@keystone.service[80199]: ERROR keystone.server.flask.application return current_app.ensure_sync(self.dispatch_request)(*args, **kwargs)
Jul 21 08:55:17.807983 dv-cinder-826608-6-iscsi devstack@keystone.service[80199]: ERROR keystone.server.flask.application
File "/usr/local/lib/python3.8/dist-packages/flask_restful/__init__.py", line 582, in dispatch_request
Jul 21 08:55:17.807983 dv-cinder-826608-6-iscsi devstack@keystone.service[80199]: ERROR keystone.server.flask.application resp = meth(*args, **kwargs)
Jul 21 08:55:17.807983 dv-cinder-826608-6-iscsi devstack@keystone.service[80199]: ERROR keystone.server.flask.application
File "/opt/stack/keystone/keystone/api/roles.py", line 50, in get
Jul 21 08:55:17.807983 dv-cinder-826608-6-iscsi devstack@keystone.service[80199]: ERROR keystone.server.flask.application return self._get_role(role_id)
Jul 21 08:55:17.807983 dv-cinder-826608-6-iscsi devstack@keystone.service[80199]: ERROR keystone.server.flask.application
File "/opt/stack/keystone/keystone/api/roles.py", line 70, in _get_role
Jul 21 08:55:17.807983 dv-cinder-826608-6-iscsi devstack@keystone.service[80199]: ERROR keystone.server.flask.application ENFORCER.enforce_call(action='identity:get_role')
Jul 21 08:55:17.809465 dv-cinder-826608-6-iscsi devstack@keystone.service[80199]: ERROR keystone.server.flask.application
File "/opt/stack/keystone/keystone/common/rbac_enforcer/enforcer.py", line 402, in enforce_call
Jul 21 08:55:17.809465 dv-cinder-826608-6-iscsi devstack@keystone.service[80199]: ERROR keystone.server.flask.application policy_dict.update(cls._extract_member_target_data(
Jul 21 08:55:17.809465 dv-cinder-826608-6-iscsi devstack@keystone.service[80199]: ERROR keystone.server.flask.application
File "/opt/stack/keystone/keystone/common/rbac_enforcer/enforcer.py", line 234, in _extract_member_target_data
Jul 21 08:55:17.809465 dv-cinder-826608-6-iscsi devstack@keystone.service[80199]: ERROR keystone.server.flask.application member_name: func(flask.request.view_args[key])
Jul 21 08:55:17.809465 dv-cinder-826608-6-iscsi devstack@keystone.service[80199]: ERROR keystone.server.flask.application
File "/opt/stack/keystone/keystone/common/manager.py", line 115, in wrapped
Jul 21 08:55:17.809465 dv-cinder-826608-6-iscsi devstack@keystone.service[80199]: ERROR keystone.server.flask.application __ret_val = __f(*args, **kwargs)
Jul 21 08:55:17.809465 dv-cinder-826608-6-iscsi devstack@keystone.service[80199]: ERROR keystone.server.flask.application
File "/usr/local/lib/python3.8/dist-packages/decorator.py", line 232, in fun
Jul 21 08:55:17.809465 dv-cinder-826608-6-iscsi devstack@keystone.service[80199]: ERROR keystone.server.flask.application return caller(func, *(extras + args), **kw)
Jul 21 08:55:17.809465 dv-cinder-826608-6-iscsi devstack@keystone.service[80199]: ERROR keystone.server.flask.application
File "/usr/local/lib/python3.8/dist-packages/dogpile/cache/region.py", line 1577, in get_or_create_for_user_func
Jul 21 08:55:17.809465 dv-cinder-826608-6-iscsi devstack@keystone.service[80199]: ERROR keystone.server.flask.application return self.get_or_create(
Jul 21 08:55:17.809465 dv-cinder-826608-6-iscsi devstack@keystone.service[80199]: ERROR keystone.server.flask.application
File "/usr/local/lib/python3.8/dist-packages/dogpile/cache/region.py", line 1042, in get_or_create
Jul 21 08:55:17.809465 dv-cinder-826608-6-iscsi devstack@keystone.service[80199]: ERROR keystone.server.flask.application with Lock(
Jul 21 08:55:17.809465 dv-cinder-826608-6-iscsi devstack@keystone.service[80199]: ERROR keystone.server.flask.application
File "/usr/local/lib/python3.8/dist-packages/dogpile/lock.py", line 185, in __enter__
Jul 21 08:55:17.809465 dv-cinder-826608-6-iscsi devstack@keystone.service[80199]: ERROR keystone.server.flask.application return self._enter()
Jul 21 08:55:17.809465 dv-cinder-826608-6-iscsi devstack@keystone.service[80199]: ERROR keystone.server.flask.application
File "/usr/local/lib/python3.8/dist-packages/dogpile/lock.py", line 94, in _enter
Jul 21 08:55:17.809465 dv-cinder-826608-6-iscsi devstack@keystone.service[80199]: ERROR keystone.server.flask.application generated = self._enter_create(value, createdtime)
Jul 21 08:55:17.810224 dv-cinder-826608-6-iscsi devstack@keystone.service[80199]: ERROR keystone.server.flask.application
File "/usr/local/lib/python3.8/dist-packages/dogpile/lock.py", line 178, in _enter_create
Jul 21 08:55:17.810224 dv-cinder-826608-6-iscsi devstack@keystone.service[80199]: ERROR keystone.server.flask.application return self.creator()
Jul 21 08:55:17.810224 dv-cinder-826608-6-iscsi devstack@keystone.service[80199]: ERROR keystone.server.flask.application
File "/usr/local/lib/python3.8/dist-packages/dogpile/cache/region.py", line 995, in gen_value
Jul 21 08:55:17.810224 dv-cinder-826608-6-iscsi devstack@keystone.service[80199]: ERROR keystone.server.flask.application created_value = creator(
Jul 21 08:55:17.810224 dv-cinder-826608-6-iscsi devstack@keystone.service[80199]: ERROR keystone.server.flask.application
File "/opt/stack/keystone/keystone/assignment/core.py", line 1276, in get_role
Jul 21 08:55:17.810224 dv-cinder-826608-6-iscsi devstack@keystone.service[80199]: ERROR keystone.server.flask.application return self.driver.get_role(role_id)
Jul 21 08:55:17.810224 dv-cinder-826608-6-iscsi devstack@keystone.service[80199]: ERROR keystone.server.flask.application
File "/opt/stack/keystone/keystone/assignment/role_backends/sql.py", line 70, in get_role
Jul 21 08:55:17.810224 dv-cinder-826608-6-iscsi devstack@keystone.service[80199]: ERROR keystone.server.flask.application return self._get_role(session, role_id).to_dict()
Jul 21 08:55:17.810224 dv-cinder-826608-6-iscsi devstack@keystone.service[80199]: ERROR keystone.server.flask.application
File "/opt/stack/keystone/keystone/assignment/role_backends/sql.py", line 65, in _get_role
Jul 21 08:55:17.810224 dv-cinder-826608-6-iscsi devstack@keystone.service[80199]: ERROR keystone.server.flask.application raise exception.RoleNotFound(role_id=role_id)
Jul 21 08:55:17.810224 dv-cinder-826608-6-iscsi devstack@keystone.service[80199]: ERROR keystone.server.flask.application keystone.exception.RoleNotFound: Could not find role: member.
Jul 21 08:55:17.810224 dv-cinder-826608-6-iscsi devstack@keystone.service[80199]: ERROR keystone.server.flask.application
Jul 21 08:55:17.810792 dv-cinder-826608-6-iscsi devstack@keystone.service[80199]: [pid: 80199|app: 0|req: 43/81] 10.222.0.13 () {56 vars in 1099 bytes} [Thu Jul 21 08:55:17 2022] GET /identity/v3/roles/member => generated 84 bytes in 244 msecs (HTTP/1.1 404) 5 headers in 183 bytes (1 switches on core 0)
Jul 21 08:55:17.812315 dv-cinder-826608-6-iscsi devstack@keystone.service[80199]: DEBUG keystone.server.flask.request_processing.middleware.auth_context [None req-bc5f606c-1091-44f6-b9ee-d947fafd88ab None admin] Authenticating user token {{(pid=80199) process_request /usr/local/lib/python3.8/dist-packages/keystonemiddleware/auth_token/__init__.py:407}}
Jul 21 08:55:17.920453 dv-cinder-826608-6-iscsi devstack@keystone.service[80200]: DEBUG dbcounter [-] [80200] Writing DB stats keystone:SELECT=100 {{(pid=80200) stat_writer /usr/local/lib/python3.8/dist-packages/dbcounter.py:114}}
Jul 21 08:55:17.925294 dv-cinder-826608-6-iscsi devstack@keystone.service[80200]: DEBUG keystone.server.flask.request_processing.middleware.auth_context [None req-5e9e3200-e01b-4d3b-ad70-ed072d5f4260 None admin] Validating token access rules against request {{(pid=80200) validate_allowed_request /usr/local/lib/python3.8/dist-packages/keystonemiddleware/auth_token/__init__.py:545}}
Jul 21 08:55:17.972361 dv-cinder-826608-6-iscsi devstack@keystone.service[80199]: DEBUG keystone.server.flask.request_processing.middleware.auth_context [None req-bc5f606c-1091-44f6-b9ee-d947fafd88ab None admin] Validating token access rules against request {{(pid=80199) validate_allowed_request /usr/local/lib/python3.8/dist-packages/keystonemiddleware/auth_token/__init__.py:545}}
Jul 21 08:55:17.979199 dv-cinder-826608-6-iscsi devstack@keystone.service[80200]: DEBUG keystone.server.flask.request_processing.middleware.auth_context [None req-ffcfd919-cb9a-437c-888b-f47bd8e0b18d None admin] RBAC: auth_context: {'token': , 'domain_id': None, 'trust_id': None, 'trustor_id': None, 'trustee_id': None, 'domain_name': None, 'group_ids': [], 'user_id': 'af6fa97a676b4e53bc4e27a552d09f11', 'user_domain_id': 'default', 'system_scope': 'all', 'project_id': None, 'project_domain_id': None, 'roles': ['admin', 'member', 'reader'], 'is_admin_project': True, 'service_user_id': None, 'service_user_domain_id': None, 'service_project_id': None, 'service_project_domain_id': None, 'service_roles': []} {{(pid=80200) fill_context /opt/stack/keystone/keystone/server/flask/request_processing/middleware/auth_context.py:478}}
Jul 21 08:55:17.979878 dv-cinder-826608-6-iscsi devstack@keystone.service[80200]: DEBUG keystone.server.flask.request_processing.req_logging [None req-ffcfd919-cb9a-437c-888b-f47bd8e0b18d None admin] REQUEST_METHOD: `GET` {{(pid=80200) log_request_info /opt/stack/keystone/keystone/server/flask/request_processing/req_logging.py:27}}
Jul 21 08:55:17.980213 dv-cinder-826608-6-iscsi devstack@keystone.service[80200]: DEBUG keystone.server.flask.request_processing.req_logging [None req-ffcfd919-cb9a-437c-888b-f47bd8e0b18d None admin] SCRIPT_NAME: `/identity` {{(pid=80200) log_request_info /opt/stack/keystone/keystone/server/flask/request_processing/req_logging.py:28}}
Jul 21 08:55:17.980495 dv-cinder-826608-6-iscsi devstack@keystone.service[80200]: DEBUG keystone.server.flask.request_processing.req_logging [None req-ffcfd919-cb9a-437c-888b-f47bd8e0b18d None admin] PATH_INFO: `/v3/auth/tokens` {{(pid=80200) log_request_info /opt/stack/keystone/keystone/server/flask/request_processing/req_logging.py:29}}
Jul 21 08:55:18.015213 dv-cinder-826608-6-iscsi devstack@keystone.service[80199]: DEBUG keystone.server.flask.request_processing.middleware.auth_context [None req-8f8630c5-268f-4ebe-b6ec-9955c7e5992e None admin] RBAC: auth_context: {'token': , 'domain_id': None, 'trust_id': None, 'trustor_id': None, 'trustee_id': None, 'domain_name': None, 'group_ids': [], 'user_id': 'af6fa97a676b4e53bc4e27a552d09f11', 'user_domain_id': 'default', 'system_scope': 'all', 'project_id': None, 'project_domain_id': None, 'roles': ['admin', 'member', 'reader'], 'is_admin_project': True, 'service_user_id': None, 'service_user_domain_id': None, 'service_project_id': None, 'service_project_domain_id': None, 'service_roles': []} {{(pid=80199) fill_context /opt/stack/keystone/keystone/server/flask/request_processing/middleware/auth_context.py:478}}
Jul 21 08:55:18.016140 dv-cinder-826608-6-iscsi devstack@keystone.service[80199]: DEBUG keystone.server.flask.request_processing.req_logging [None req-8f8630c5-268f-4ebe-b6ec-9955c7e5992e None admin] REQUEST_METHOD: `GET` {{(pid=80199) log_request_info /opt/stack/keystone/keystone/server/flask/request_processing/req_logging.py:27}}
Jul 21 08:55:18.016418 dv-cinder-826608-6-iscsi devstack@keystone.service[80199]: DEBUG keystone.server.flask.request_processing.req_logging [None req-8f8630c5-268f-4ebe-b6ec-9955c7e5992e None admin] SCRIPT_NAME: `/identity` {{(pid=80199) log_request_info /opt/stack/keystone/keystone/server/flask/request_processing/req_logging.py:28}}
Jul 21 08:55:18.016693 dv-cinder-826608-6-iscsi devstack@keystone.service[80199]: DEBUG keystone.server.flask.request_processing.req_logging [None req-8f8630c5-268f-4ebe-b6ec-9955c7e5992e None admin] PATH_INFO: `/v3/users/af6fa97a676b4e53bc4e27a552d09f11` {{(pid=80199) log_request_info /opt/stack/keystone/keystone/server/flask/request_processing/req_logging.py:29}}
Jul 21 08:55:18.017956 dv-cinder-826608-6-iscsi devstack@keystone.service[80199]: DEBUG keystone.common.rbac_enforcer.enforcer [None req-8f8630c5-268f-4ebe-b6ec-9955c7e5992e None admin] RBAC: Authorizing `identity:get_user(user_id=af6fa97a676b4e53bc4e27a552d09f11)` {{(pid=80199) enforce_call /opt/stack/keystone/keystone/common/rbac_enforcer/enforcer.py:449}}
Jul 21 08:55:18.019462 dv-cinder-826608-6-iscsi devstack@keystone.service[80199]: DEBUG keystone.common.rbac_enforcer.enforcer [None req-8f8630c5-268f-4ebe-b6ec-9955c7e5992e None admin] RBAC: Authorization granted {{(pid=80199) enforce_call /opt/stack/keystone/keystone/common/rbac_enforcer/enforcer.py:457}}
Jul 21 08:55:18.021225 dv-cinder-826608-6-iscsi devstack@keystone.service[80199]: [pid: 80199|app: 0|req: 44/82] 10.222.0.13 () {56 vars in 1177 bytes} [Thu Jul 21 08:55:17 2022] GET /identity/v3/users/af6fa97a676b4e53bc4e27a552d09f11 => generated 247 bytes in 210 msecs (HTTP/1.1 200) 5 headers in 177 bytes (1 switches on core 0)
Jul 21 08:55:18.025644 dv-cinder-826608-6-iscsi devstack@keystone.service[80199]: DEBUG keystone.server.flask.request_processing.middleware.auth_context [None req-8f8630c5-268f-4ebe-b6ec-9955c7e5992e None admin] Authenticating user token {{(pid=80199) process_request /usr/local/lib/python3.8/dist-packages/keystonemiddleware/auth_token/__init__.py:407}}
Jul 21 08:55:18.086482 dv-cinder-826608-6-iscsi devstack@keystone.service[80200]: DEBUG keystone.common.rbac_enforcer.enforcer [None req-ffcfd919-cb9a-437c-888b-f47bd8e0b18d None admin] RBAC: Authorizing `identity:validate_token()` {{(pid=80200) enforce_call /opt/stack/keystone/keystone/common/rbac_enforcer/enforcer.py:449}}
Jul 21 08:55:18.088565 dv-cinder-826608-6-iscsi devstack@keystone.service[80200]: DEBUG keystone.common.rbac_enforcer.enforcer [None req-ffcfd919-cb9a-437c-888b-f47bd8e0b18d None admin] RBAC: Authorization granted {{(pid=80200) enforce_call /opt/stack/keystone/keystone/common/rbac_enforcer/enforcer.py:457}}
Jul 21 08:55:18.089704 dv-cinder-826608-6-iscsi devstack@keystone.service[80199]: DEBUG dbcounter [-] [80199] Writing DB stats keystone:SELECT=100 {{(pid=80199) stat_writer /usr/local/lib/python3.8/dist-packages/dbcounter.py:114}}
Jul 21 08:55:18.163643 dv-cinder-826608-6-iscsi devstack@keystone.service[80199]: DEBUG keystone.server.flask.request_processing.middleware.auth_context [None req-8f8630c5-268f-4ebe-b6ec-9955c7e5992e None admin] Validating token access rules against request {{(pid=80199) validate_allowed_request /usr/local/lib/python3.8/dist-packages/keystonemiddleware/auth_token/__init__.py:545}}
Jul 21 08:55:18.204410 dv-cinder-826608-6-iscsi devstack@keystone.service[80199]: DEBUG keystone.server.flask.request_processing.middleware.auth_context [None req-eb82d42c-d02e-4b00-bf23-a2f8da0f31d4 None admin] RBAC: auth_context: {'token': , 'domain_id': None, 'trust_id': None, 'trustor_id': None, 'trustee_id': None, 'domain_name': None, 'group_ids': [], 'user_id': 'af6fa97a676b4e53bc4e27a552d09f11', 'user_domain_id': 'default', 'system_scope': 'all', 'project_id': None, 'project_domain_id': None, 'roles': ['admin', 'member', 'reader'], 'is_admin_project': True, 'service_user_id': None, 'service_user_domain_id': None, 'service_project_id': None, 'service_project_domain_id': None, 'service_roles': []} {{(pid=80199) fill_context /opt/stack/keystone/keystone/server/flask/request_processing/middleware/auth_context.py:478}}
Jul 21 08:55:18.205171 dv-cinder-826608-6-iscsi devstack@keystone.service[80199]: DEBUG keystone.server.flask.request_processing.req_logging [None req-eb82d42c-d02e-4b00-bf23-a2f8da0f31d4 None admin] REQUEST_METHOD: `GET` {{(pid=80199) log_request_info /opt/stack/keystone/keystone/server/flask/request_processing/req_logging.py:27}}
Jul 21 08:55:18.205458 dv-cinder-826608-6-iscsi devstack@keystone.service[80199]: DEBUG keystone.server.flask.request_processing.req_logging [None req-eb82d42c-d02e-4b00-bf23-a2f8da0f31d4 None admin] SCRIPT_NAME: `/identity` {{(pid=80199) log_request_info /opt/stack/keystone/keystone/server/flask/request_processing/req_logging.py:28}}
Jul 21 08:55:18.205741 dv-cinder-826608-6-iscsi devstack@keystone.service[80199]: DEBUG keystone.server.flask.request_processing.req_logging [None req-eb82d42c-d02e-4b00-bf23-a2f8da0f31d4 None admin] PATH_INFO: `/v3/domains/default` {{(pid=80199) log_request_info /opt/stack/keystone/keystone/server/flask/request_processing/req_logging.py:29}}
Jul 21 08:55:18.207126 dv-cinder-826608-6-iscsi devstack@keystone.service[80199]: DEBUG keystone.common.rbac_enforcer.enforcer [None req-eb82d42c-d02e-4b00-bf23-a2f8da0f31d4 None admin] RBAC: Authorizing `identity:get_domain(domain_id=default)` {{(pid=80199) enforce_call /opt/stack/keystone/keystone/common/rbac_enforcer/enforcer.py:449}}
Jul 21 08:55:18.208726 dv-cinder-826608-6-iscsi devstack@keystone.service[80199]: DEBUG keystone.common.rbac_enforcer.enforcer [None req-eb82d42c-d02e-4b00-bf23-a2f8da0f31d4 None admin] RBAC: Authorization granted {{(pid=80199) enforce_call /opt/stack/keystone/keystone/common/rbac_enforcer/enforcer.py:457}}
Jul 21 08:55:18.210512 dv-cinder-826608-6-iscsi devstack@keystone.service[80199]: [pid: 80199|app: 0|req: 45/83] 10.222.0.13 () {56 vars in 1108 bytes} [Thu Jul 21 08:55:18 2022] GET /identity/v3/domains/default => generated 199 bytes in 189 msecs (HTTP/1.1 200) 5 headers in 177 bytes (1 switches on core 0)
Jul 21 08:55:18.211352 dv-cinder-826608-6-iscsi devstack@keystone.service[80199]: DEBUG keystone.server.flask.request_processing.middleware.auth_context [None req-eb82d42c-d02e-4b00-bf23-a2f8da0f31d4 None admin] Authenticating user token {{(pid=80199) process_request /usr/local/lib/python3.8/dist-packages/keystonemiddleware/auth_token/__init__.py:407}}
Jul 21 08:55:18.246201 dv-cinder-826608-6-iscsi devstack@keystone.service[80200]: DEBUG dbcounter [-] [80200] Writing DB stats keystone:SELECT=100 {{(pid=80200) stat_writer /usr/local/lib/python3.8/dist-packages/dbcounter.py:114}}
Jul 21 08:55:18.252706 dv-cinder-826608-6-iscsi devstack@keystone.service[80200]: [pid: 80200|app: 0|req: 39/84] 10.222.0.13 () {58 vars in 1282 bytes} [Thu Jul 21 08:55:17 2022] GET /identity/v3/auth/tokens => generated 799 bytes in 462 msecs (HTTP/1.1 200) 6 headers in 358 bytes (1 switches on core 0)
Jul 21 08:55:18.254231 dv-cinder-826608-6-iscsi devstack@keystone.service[80200]: DEBUG keystone.server.flask.request_processing.middleware.auth_context [None req-ffcfd919-cb9a-437c-888b-f47bd8e0b18d None admin] Authenticating user token {{(pid=80200) process_request /usr/local/lib/python3.8/dist-packages/keystonemiddleware/auth_token/__init__.py:407}}
Jul 21 08:55:18.364469 dv-cinder-826608-6-iscsi devstack@keystone.service[80199]: DEBUG keystone.server.flask.request_processing.middleware.auth_context [None req-eb82d42c-d02e-4b00-bf23-a2f8da0f31d4 None admin] Validating token access rules against request {{(pid=80199) validate_allowed_request /usr/local/lib/python3.8/dist-packages/keystonemiddleware/auth_token/__init__.py:545}}
Jul 21 08:55:18.394252 dv-cinder-826608-6-iscsi devstack@keystone.service[80199]: DEBUG dbcounter [-] [80199] Writing DB stats keystone:SELECT=100 {{(pid=80199) stat_writer /usr/local/lib/python3.8/dist-packages/dbcounter.py:114}}
Jul 21 08:55:18.410252 dv-cinder-826608-6-iscsi devstack@keystone.service[80200]: DEBUG keystone.server.flask.request_processing.middleware.auth_context [None req-ffcfd919-cb9a-437c-888b-f47bd8e0b18d None admin] Validating token access rules against request {{(pid=80200) validate_allowed_request /usr/local/lib/python3.8/dist-packages/keystonemiddleware/auth_token/__init__.py:545}}
Jul 21 08:55:18.416552 dv-cinder-826608-6-iscsi devstack@keystone.service[80199]: DEBUG keystone.server.flask.request_processing.middleware.auth_context [None req-c19a3536-c9b1-4b57-b186-69b4d25d3eee None admin] RBAC: auth_context: {'token': , 'domain_id': None, 'trust_id': None, 'trustor_id': None, 'trustee_id': None, 'domain_name': None, 'group_ids': [], 'user_id': 'af6fa97a676b4e53bc4e27a552d09f11', 'user_domain_id': 'default', 'system_scope': 'all', 'project_id': None, 'project_domain_id': None, 'roles': ['admin', 'member', 'reader'], 'is_admin_project': True, 'service_user_id': None, 'service_user_domain_id': None, 'service_project_id': None, 'service_project_domain_id': None, 'service_roles': []} {{(pid=80199) fill_context /opt/stack/keystone/keystone/server/flask/request_processing/middleware/auth_context.py:478}}
Jul 21 08:55:18.417558 dv-cinder-826608-6-iscsi devstack@keystone.service[80199]: DEBUG keystone.server.flask.request_processing.req_logging [None req-c19a3536-c9b1-4b57-b186-69b4d25d3eee None admin] REQUEST_METHOD: `GET` {{(pid=80199) log_request_info /opt/stack/keystone/keystone/server/flask/request_processing/req_logging.py:27}}
Jul 21 08:55:18.417928 dv-cinder-826608-6-iscsi devstack@keystone.service[80199]: DEBUG keystone.server.flask.request_processing.req_logging [None req-c19a3536-c9b1-4b57-b186-69b4d25d3eee None admin] SCRIPT_NAME: `/identity` {{(pid=80199) log_request_info /opt/stack/keystone/keystone/server/flask/request_processing/req_logging.py:28}}
Jul 21 08:55:18.418578 dv-cinder-826608-6-iscsi devstack@keystone.service[80199]: DEBUG keystone.server.flask.request_processing.req_logging [None req-c19a3536-c9b1-4b57-b186-69b4d25d3eee None admin] PATH_INFO: `/v3/projects/e1099d961ac5441c973dfbd04812f431` {{(pid=80199) log_request_info /opt/stack/keystone/keystone/server/flask/request_processing/req_logging.py:29}}
Jul 21 08:55:18.420155 dv-cinder-826608-6-iscsi devstack@keystone.service[80199]: DEBUG keystone.common.rbac_enforcer.enforcer [None req-c19a3536-c9b1-4b57-b186-69b4d25d3eee None admin] RBAC: Authorizing `identity:get_project(project_id=e1099d961ac5441c973dfbd04812f431)` {{(pid=80199) enforce_call /opt/stack/keystone/keystone/common/rbac_enforcer/enforcer.py:449}}
Jul 21 08:55:18.421808 dv-cinder-826608-6-iscsi devstack@keystone.service[80199]: DEBUG keystone.common.rbac_enforcer.enforcer [None req-c19a3536-c9b1-4b57-b186-69b4d25d3eee None admin] RBAC: Authorization granted {{(pid=80199) enforce_call /opt/stack/keystone/keystone/common/rbac_enforcer/enforcer.py:457}}
Jul 21 08:55:18.423757 dv-cinder-826608-6-iscsi devstack@keystone.service[80199]: [pid: 80199|app: 0|req: 46/85] 10.222.0.13 () {56 vars in 1186 bytes} [Thu Jul 21 08:55:18 2022] GET /identity/v3/projects/e1099d961ac5441c973dfbd04812f431 => generated 298 bytes in 213 msecs (HTTP/1.1 200) 5 headers in 177 bytes (1 switches on core 0)
Jul 21 08:55:18.424764 dv-cinder-826608-6-iscsi devstack@keystone.service[80199]: DEBUG keystone.server.flask.request_processing.middleware.auth_context [None req-c19a3536-c9b1-4b57-b186-69b4d25d3eee None admin] Authenticating user token {{(pid=80199) process_request /usr/local/lib/python3.8/dist-packages/keystonemiddleware/auth_token/__init__.py:407}}
Jul 21 08:55:18.460049 dv-cinder-826608-6-iscsi devstack@keystone.service[80200]: DEBUG keystone.server.flask.request_processing.middleware.auth_context [None req-e6f13327-9b64-4e35-b222-d96ea4be592b None admin] RBAC: auth_context: {'token': , 'domain_id': None, 'trust_id': None, 'trustor_id': None, 'trustee_id': None, 'domain_name': None, 'group_ids': [], 'user_id': 'af6fa97a676b4e53bc4e27a552d09f11', 'user_domain_id': 'default', 'system_scope': 'all', 'project_id': None, 'project_domain_id': None, 'roles': ['admin', 'member', 'reader'], 'is_admin_project': True, 'service_user_id': None, 'service_user_domain_id': None, 'service_project_id': None, 'service_project_domain_id': None, 'service_roles': []} {{(pid=80200) fill_context /opt/stack/keystone/keystone/server/flask/request_processing/middleware/auth_context.py:478}}
Jul 21 08:55:18.460644 dv-cinder-826608-6-iscsi devstack@keystone.service[80200]: DEBUG keystone.server.flask.request_processing.req_logging [None req-e6f13327-9b64-4e35-b222-d96ea4be592b None admin] REQUEST_METHOD: `GET` {{(pid=80200) log_request_info /opt/stack/keystone/keystone/server/flask/request_processing/req_logging.py:27}}
Jul 21 08:55:18.460934 dv-cinder-826608-6-iscsi devstack@keystone.service[80200]: DEBUG keystone.server.flask.request_processing.req_logging [None req-e6f13327-9b64-4e35-b222-d96ea4be592b None admin] SCRIPT_NAME: `/identity` {{(pid=80200) log_request_info /opt/stack/keystone/keystone/server/flask/request_processing/req_logging.py:28}}
Jul 21 08:55:18.461220 dv-cinder-826608-6-iscsi devstack@keystone.service[80200]: DEBUG keystone.server.flask.request_processing.req_logging [None req-e6f13327-9b64-4e35-b222-d96ea4be592b None admin] PATH_INFO: `/v3/roles` {{(pid=80200) log_request_info /opt/stack/keystone/keystone/server/flask/request_processing/req_logging.py:29}}
Jul 21 08:55:18.461990 dv-cinder-826608-6-iscsi devstack@keystone.service[80200]: DEBUG keystone.common.rbac_enforcer.enforcer [None req-e6f13327-9b64-4e35-b222-d96ea4be592b None admin] RBAC: Adding query filter params (name=member) {{(pid=80200) _extract_filter_values /opt/stack/keystone/keystone/common/rbac_enforcer/enforcer.py:167}}
Jul 21 08:55:18.462302 dv-cinder-826608-6-iscsi devstack@keystone.service[80200]: DEBUG keystone.common.rbac_enforcer.enforcer [None req-e6f13327-9b64-4e35-b222-d96ea4be592b None admin] RBAC: Authorizing `identity:list_roles()` {{(pid=80200) enforce_call /opt/stack/keystone/keystone/common/rbac_enforcer/enforcer.py:449}}
Jul 21 08:55:18.463745 dv-cinder-826608-6-iscsi devstack@keystone.service[80200]: DEBUG keystone.common.rbac_enforcer.enforcer [None req-e6f13327-9b64-4e35-b222-d96ea4be592b None admin] RBAC: Authorization granted {{(pid=80200) enforce_call /opt/stack/keystone/keystone/common/rbac_enforcer/enforcer.py:457}}
Jul 21 08:55:18.474579 dv-cinder-826608-6-iscsi devstack@keystone.service[80200]: [pid: 80200|app: 0|req: 40/86] 10.222.0.13 () {56 vars in 1101 bytes} [Thu Jul 21 08:55:18 2022] GET /identity/v3/roles?name=member => generated 341 bytes in 221 msecs (HTTP/1.1 200) 5 headers in 177 bytes (1 switches on core 0)
Jul 21 08:55:18.475430 dv-cinder-826608-6-iscsi devstack@keystone.service[80200]: DEBUG keystone.server.flask.request_processing.middleware.auth_context [None req-e6f13327-9b64-4e35-b222-d96ea4be592b None admin] Authenticating user token {{(pid=80200) process_request /usr/local/lib/python3.8/dist-packages/keystonemiddleware/auth_token/__init__.py:407}}
Jul 21 08:55:18.557446 dv-cinder-826608-6-iscsi devstack@keystone.service[80199]: DEBUG keystone.server.flask.request_processing.middleware.auth_context [None req-c19a3536-c9b1-4b57-b186-69b4d25d3eee None admin] Validating token access rules against request {{(pid=80199) validate_allowed_request /usr/local/lib/python3.8/dist-packages/keystonemiddleware/auth_token/__init__.py:545}}
Jul 21 08:55:18.561415 dv-cinder-826608-6-iscsi devstack@keystone.service[80200]: DEBUG dbcounter [-] [80200] Writing DB stats keystone:SELECT=100 {{(pid=80200) stat_writer /usr/local/lib/python3.8/dist-packages/dbcounter.py:114}}
Jul 21 08:55:18.615426 dv-cinder-826608-6-iscsi devstack@keystone.service[80199]: DEBUG keystone.server.flask.request_processing.middleware.auth_context [None req-f4aa63ec-1597-453a-9758-5ddb897de96c None admin] RBAC: auth_context: {'token': , 'domain_id': None, 'trust_id': None, 'trustor_id': None, 'trustee_id': None, 'domain_name': None, 'group_ids': [], 'user_id': 'af6fa97a676b4e53bc4e27a552d09f11', 'user_domain_id': 'default', 'system_scope': 'all', 'project_id': None, 'project_domain_id': None, 'roles': ['admin', 'member', 'reader'], 'is_admin_project': True, 'service_user_id': None, 'service_user_domain_id': None, 'service_project_id': None, 'service_project_domain_id': None, 'service_roles': []} {{(pid=80199) fill_context /opt/stack/keystone/keystone/server/flask/request_processing/middleware/auth_context.py:478}}
Jul 21 08:55:18.616396 dv-cinder-826608-6-iscsi devstack@keystone.service[80199]: DEBUG keystone.server.flask.request_processing.req_logging [None req-f4aa63ec-1597-453a-9758-5ddb897de96c None admin] REQUEST_METHOD: `GET` {{(pid=80199) log_request_info /opt/stack/keystone/keystone/server/flask/request_processing/req_logging.py:27}}
Jul 21 08:55:18.616807 dv-cinder-826608-6-iscsi devstack@keystone.service[80199]: DEBUG keystone.server.flask.request_processing.req_logging [None req-f4aa63ec-1597-453a-9758-5ddb897de96c None admin] SCRIPT_NAME: `/identity` {{(pid=80199) log_request_info /opt/stack/keystone/keystone/server/flask/request_processing/req_logging.py:28}}
Jul 21 08:55:18.617200 dv-cinder-826608-6-iscsi devstack@keystone.service[80199]: DEBUG keystone.server.flask.request_processing.req_logging [None req-f4aa63ec-1597-453a-9758-5ddb897de96c None admin] PATH_INFO: `/v3/auth/tokens` {{(pid=80199) log_request_info /opt/stack/keystone/keystone/server/flask/request_processing/req_logging.py:29}}
Jul 21 08:55:18.628999 dv-cinder-826608-6-iscsi devstack@keystone.service[80200]: DEBUG keystone.server.flask.request_processing.middleware.auth_context [None req-e6f13327-9b64-4e35-b222-d96ea4be592b None admin] Validating token access rules against request {{(pid=80200) validate_allowed_request /usr/local/lib/python3.8/dist-packages/keystonemiddleware/auth_token/__init__.py:545}}
Jul 21 08:55:18.687060 dv-cinder-826608-6-iscsi devstack@keystone.service[80200]: DEBUG keystone.server.flask.request_processing.middleware.auth_context [None req-bd977a8b-a05d-4c36-a78a-92a9545b95cc None admin] RBAC: auth_context: {'token': , 'domain_id': None, 'trust_id': None, 'trustor_id': None, 'trustee_id': None, 'domain_name': None, 'group_ids': [], 'user_id': 'af6fa97a676b4e53bc4e27a552d09f11', 'user_domain_id': 'default', 'system_scope': 'all', 'project_id': None, 'project_domain_id': None, 'roles': ['admin', 'member', 'reader'], 'is_admin_project': True, 'service_user_id': None, 'service_user_domain_id': None, 'service_project_id': None, 'service_project_domain_id': None, 'service_roles': []} {{(pid=80200) fill_context /opt/stack/keystone/keystone/server/flask/request_processing/middleware/auth_context.py:478}}
Jul 21 08:55:18.688171 dv-cinder-826608-6-iscsi devstack@keystone.service[80200]: DEBUG keystone.server.flask.request_processing.req_logging [None req-bd977a8b-a05d-4c36-a78a-92a9545b95cc None admin] REQUEST_METHOD: `POST` {{(pid=80200) log_request_info /opt/stack/keystone/keystone/server/flask/request_processing/req_logging.py:27}}
Jul 21 08:55:18.688639 dv-cinder-826608-6-iscsi devstack@keystone.service[80200]: DEBUG keystone.server.flask.request_processing.req_logging [None req-bd977a8b-a05d-4c36-a78a-92a9545b95cc None admin] SCRIPT_NAME: `/identity` {{(pid=80200) log_request_info /opt/stack/keystone/keystone/server/flask/request_processing/req_logging.py:28}}
Jul 21 08:55:18.689095 dv-cinder-826608-6-iscsi devstack@keystone.service[80200]: DEBUG keystone.server.flask.request_processing.req_logging [None req-bd977a8b-a05d-4c36-a78a-92a9545b95cc None admin] PATH_INFO: `/v3/users` {{(pid=80200) log_request_info /opt/stack/keystone/keystone/server/flask/request_processing/req_logging.py:29}}
Jul 21 08:55:18.690098 dv-cinder-826608-6-iscsi devstack@keystone.service[80200]: DEBUG keystone.common.rbac_enforcer.enforcer [None req-bd977a8b-a05d-4c36-a78a-92a9545b95cc None admin] RBAC: Authorizing `identity:create_user()` {{(pid=80200) enforce_call /opt/stack/keystone/keystone/common/rbac_enforcer/enforcer.py:449}}
Jul 21 08:55:18.692613 dv-cinder-826608-6-iscsi devstack@keystone.service[80200]: DEBUG keystone.common.rbac_enforcer.enforcer [None req-bd977a8b-a05d-4c36-a78a-92a9545b95cc None admin] RBAC: Authorization granted {{(pid=80200) enforce_call /opt/stack/keystone/keystone/common/rbac_enforcer/enforcer.py:457}}
Jul 21 08:55:18.714298 dv-cinder-826608-6-iscsi devstack@keystone.service[80199]: DEBUG dbcounter [-] [80199] Writing DB stats keystone:SELECT=100 {{(pid=80199) stat_writer /usr/local/lib/python3.8/dist-packages/dbcounter.py:114}}
Jul 21 08:55:18.727462 dv-cinder-826608-6-iscsi devstack@keystone.service[80200]: [pid: 80200|app: 0|req: 41/87] 10.222.0.13 () {60 vars in 1132 bytes} [Thu Jul 21 08:55:18 2022] POST /identity/v3/users => generated 289 bytes in 252 msecs (HTTP/1.1 201) 5 headers in 182 bytes (1 switches on core 0)
Jul 21 08:55:18.728890 dv-cinder-826608-6-iscsi devstack@keystone.service[80200]: DEBUG keystone.server.flask.request_processing.middleware.auth_context [None req-bd977a8b-a05d-4c36-a78a-92a9545b95cc None admin] Authenticating user token {{(pid=80200) process_request /usr/local/lib/python3.8/dist-packages/keystonemiddleware/auth_token/__init__.py:407}}
Jul 21 08:55:18.737703 dv-cinder-826608-6-iscsi devstack@keystone.service[80199]: DEBUG keystone.common.rbac_enforcer.enforcer [None req-f4aa63ec-1597-453a-9758-5ddb897de96c None admin] RBAC: Authorizing `identity:validate_token()` {{(pid=80199) enforce_call /opt/stack/keystone/keystone/common/rbac_enforcer/enforcer.py:449}}
Jul 21 08:55:18.740552 dv-cinder-826608-6-iscsi devstack@keystone.service[80199]: DEBUG keystone.common.rbac_enforcer.enforcer [None req-f4aa63ec-1597-453a-9758-5ddb897de96c None admin] RBAC: Authorization granted {{(pid=80199) enforce_call /opt/stack/keystone/keystone/common/rbac_enforcer/enforcer.py:457}}
Jul 21 08:55:18.894333 dv-cinder-826608-6-iscsi devstack@keystone.service[80199]: [pid: 80199|app: 0|req: 47/88] 10.222.0.13 () {58 vars in 1282 bytes} [Thu Jul 21 08:55:18 2022] GET /identity/v3/auth/tokens => generated 799 bytes in 470 msecs (HTTP/1.1 200) 6 headers in 358 bytes (1 switches on core 0)
Jul 21 08:55:18.895291 dv-cinder-826608-6-iscsi devstack@keystone.service[80199]: DEBUG keystone.server.flask.request_processing.middleware.auth_context [None req-f4aa63ec-1597-453a-9758-5ddb897de96c None admin] Authenticating user token {{(pid=80199) process_request /usr/local/lib/python3.8/dist-packages/keystonemiddleware/auth_token/__init__.py:407}}
Jul 21 08:55:18.926830 dv-cinder-826608-6-iscsi devstack@keystone.service[80200]: DEBUG keystone.server.flask.request_processing.middleware.auth_context [None req-bd977a8b-a05d-4c36-a78a-92a9545b95cc None admin] Validating token access rules against request {{(pid=80200) validate_allowed_request /usr/local/lib/python3.8/dist-packages/keystonemiddleware/auth_token/__init__.py:545}}
Jul 21 08:55:18.948575 dv-cinder-826608-6-iscsi devstack@keystone.service[80200]: DEBUG dbcounter [-] [80200] Writing DB stats keystone:SELECT=97,keystone:INSERT=3 {{(pid=80200) stat_writer /usr/local/lib/python3.8/dist-packages/dbcounter.py:114}}
Jul 21 08:55:18.985703 dv-cinder-826608-6-iscsi devstack@keystone.service[80200]: DEBUG keystone.server.flask.request_processing.middleware.auth_context [None req-000544de-d70c-416f-99b8-30cd1dcfb80b None admin] RBAC: auth_context: {'token': , 'domain_id': None, 'trust_id': None, 'trustor_id': None, 'trustee_id': None, 'domain_name': None, 'group_ids': [], 'user_id': 'af6fa97a676b4e53bc4e27a552d09f11', 'user_domain_id': 'default', 'system_scope': 'all', 'project_id': None, 'project_domain_id': None, 'roles': ['admin', 'member', 'reader'], 'is_admin_project': True, 'service_user_id': None, 'service_user_domain_id': None, 'service_project_id': None, 'service_project_domain_id': None, 'service_roles': []} {{(pid=80200) fill_context /opt/stack/keystone/keystone/server/flask/request_processing/middleware/auth_context.py:478}}
Jul 21 08:55:18.987366 dv-cinder-826608-6-iscsi devstack@keystone.service[80200]: DEBUG keystone.server.flask.request_processing.req_logging [None req-000544de-d70c-416f-99b8-30cd1dcfb80b None admin] REQUEST_METHOD: `GET` {{(pid=80200) log_request_info /opt/stack/keystone/keystone/server/flask/request_processing/req_logging.py:27}}
Jul 21 08:55:18.987366 dv-cinder-826608-6-iscsi devstack@keystone.service[80200]: DEBUG keystone.server.flask.request_processing.req_logging [None req-000544de-d70c-416f-99b8-30cd1dcfb80b None admin] SCRIPT_NAME: `/identity` {{(pid=80200) log_request_info /opt/stack/keystone/keystone/server/flask/request_processing/req_logging.py:28}}
Jul 21 08:55:18.987366 dv-cinder-826608-6-iscsi devstack@keystone.service[80200]: DEBUG keystone.server.flask.request_processing.req_logging [None req-000544de-d70c-416f-99b8-30cd1dcfb80b None admin] PATH_INFO: `/v3/projects/e1099d961ac5441c973dfbd04812f431` {{(pid=80200) log_request_info /opt/stack/keystone/keystone/server/flask/request_processing/req_logging.py:29}}
Jul 21 08:55:18.989004 dv-cinder-826608-6-iscsi devstack@keystone.service[80200]: DEBUG keystone.common.rbac_enforcer.enforcer [None req-000544de-d70c-416f-99b8-30cd1dcfb80b None admin] RBAC: Authorizing `identity:get_project(project_id=e1099d961ac5441c973dfbd04812f431)` {{(pid=80200) enforce_call /opt/stack/keystone/keystone/common/rbac_enforcer/enforcer.py:449}}
Jul 21 08:55:18.989952 dv-cinder-826608-6-iscsi devstack@keystone.service[80200]: DEBUG keystone.common.rbac_enforcer.enforcer [None req-000544de-d70c-416f-99b8-30cd1dcfb80b None admin] RBAC: Authorization granted {{(pid=80200) enforce_call /opt/stack/keystone/keystone/common/rbac_enforcer/enforcer.py:457}}
Jul 21 08:55:18.991951 dv-cinder-826608-6-iscsi devstack@keystone.service[80200]: [pid: 80200|app: 0|req: 42/89] 10.222.0.13 () {56 vars in 1186 bytes} [Thu Jul 21 08:55:18 2022] GET /identity/v3/projects/e1099d961ac5441c973dfbd04812f431 => generated 298 bytes in 264 msecs (HTTP/1.1 200) 5 headers in 177 bytes (1 switches on core 0)
Jul 21 08:55:18.992595 dv-cinder-826608-6-iscsi devstack@keystone.service[80200]: DEBUG keystone.server.flask.request_processing.middleware.auth_context [None req-000544de-d70c-416f-99b8-30cd1dcfb80b None admin] Authenticating user token {{(pid=80200) process_request /usr/local/lib/python3.8/dist-packages/keystonemiddleware/auth_token/__init__.py:407}}
Jul 21 08:55:19.064911 dv-cinder-826608-6-iscsi devstack@keystone.service[80199]: DEBUG dbcounter [-] [80199] Writing DB stats keystone:SELECT=100 {{(pid=80199) stat_writer /usr/local/lib/python3.8/dist-packages/dbcounter.py:114}}
Jul 21 08:55:19.107866 dv-cinder-826608-6-iscsi devstack@keystone.service[80199]: DEBUG keystone.server.flask.request_processing.middleware.auth_context [None req-f4aa63ec-1597-453a-9758-5ddb897de96c None admin] Validating token access rules against request {{(pid=80199) validate_allowed_request /usr/local/lib/python3.8/dist-packages/keystonemiddleware/auth_token/__init__.py:545}}
Jul 21 08:55:19.150911 dv-cinder-826608-6-iscsi devstack@keystone.service[80200]: DEBUG keystone.server.flask.request_processing.middleware.auth_context [None req-000544de-d70c-416f-99b8-30cd1dcfb80b None admin] Validating token access rules against request {{(pid=80200) validate_allowed_request /usr/local/lib/python3.8/dist-packages/keystonemiddleware/auth_token/__init__.py:545}}
Jul 21 08:55:19.186256 dv-cinder-826608-6-iscsi devstack@keystone.service[80199]: DEBUG keystone.server.flask.request_processing.middleware.auth_context [None req-a73b6c4b-30c2-4d6a-ace6-806feca682c1 None admin] RBAC: auth_context: {'token': , 'domain_id': None, 'trust_id': None, 'trustor_id': None, 'trustee_id': None, 'domain_name': None, 'group_ids': [], 'user_id': 'af6fa97a676b4e53bc4e27a552d09f11', 'user_domain_id': 'default', 'system_scope': 'all', 'project_id': None, 'project_domain_id': None, 'roles': ['admin', 'member', 'reader'], 'is_admin_project': True, 'service_user_id': None, 'service_user_domain_id': None, 'service_project_id': None, 'service_project_domain_id': None, 'service_roles': []} {{(pid=80199) fill_context /opt/stack/keystone/keystone/server/flask/request_processing/middleware/auth_context.py:478}}
Jul 21 08:55:19.187042 dv-cinder-826608-6-iscsi devstack@keystone.service[80199]: DEBUG keystone.server.flask.request_processing.req_logging [None req-a73b6c4b-30c2-4d6a-ace6-806feca682c1 None admin] REQUEST_METHOD: `GET` {{(pid=80199) log_request_info /opt/stack/keystone/keystone/server/flask/request_processing/req_logging.py:27}}
Jul 21 08:55:19.187344 dv-cinder-826608-6-iscsi devstack@keystone.service[80199]: DEBUG keystone.server.flask.request_processing.req_logging [None req-a73b6c4b-30c2-4d6a-ace6-806feca682c1 None admin] SCRIPT_NAME: `/identity` {{(pid=80199) log_request_info /opt/stack/keystone/keystone/server/flask/request_processing/req_logging.py:28}}
Jul 21 08:55:19.187591 dv-cinder-826608-6-iscsi devstack@keystone.service[80199]: DEBUG keystone.server.flask.request_processing.req_logging [None req-a73b6c4b-30c2-4d6a-ace6-806feca682c1 None admin] PATH_INFO: `/v3/role_assignments` {{(pid=80199) log_request_info /opt/stack/keystone/keystone/server/flask/request_processing/req_logging.py:29}}
Jul 21 08:55:19.188478 dv-cinder-826608-6-iscsi devstack@keystone.service[80199]: DEBUG keystone.common.rbac_enforcer.enforcer [None req-a73b6c4b-30c2-4d6a-ace6-806feca682c1 None admin] RBAC: Adding query filter params (role.id=3d7c80cf23864f58bf21f893ba7691d6, scope.project.id=e1099d961ac5441c973dfbd04812f431, user.id=e430ce5b82254dcb8def7ae26a6c6e27) {{(pid=80199) _extract_filter_values /opt/stack/keystone/keystone/common/rbac_enforcer/enforcer.py:167}}
Jul 21 08:55:19.188962 dv-cinder-826608-6-iscsi devstack@keystone.service[80199]: DEBUG keystone.common.rbac_enforcer.enforcer [None req-a73b6c4b-30c2-4d6a-ace6-806feca682c1 None admin] RBAC: Authorizing `identity:list_role_assignments()` {{(pid=80199) enforce_call /opt/stack/keystone/keystone/common/rbac_enforcer/enforcer.py:449}}
Jul 21 08:55:19.190823 dv-cinder-826608-6-iscsi devstack@keystone.service[80199]: DEBUG keystone.common.rbac_enforcer.enforcer [None req-a73b6c4b-30c2-4d6a-ace6-806feca682c1 None admin] RBAC: Authorization granted {{(pid=80199) enforce_call /opt/stack/keystone/keystone/common/rbac_enforcer/enforcer.py:457}}
Jul 21 08:55:19.197496 dv-cinder-826608-6-iscsi devstack@keystone.service[80199]: [pid: 80199|app: 0|req: 48/90] 10.222.0.13 () {56 vars in 1374 bytes} [Thu Jul 21 08:55:18 2022] GET /identity/v3/role_assignments?user.id=e430ce5b82254dcb8def7ae26a6c6e27&scope.project.id=e1099d961ac5441c973dfbd04812f431&role.id=3d7c80cf23864f58bf21f893ba7691d6 => generated 259 bytes in 302 msecs (HTTP/1.1 200) 5 headers in 177 bytes (1 switches on core 0)
Jul 21 08:55:19.202665 dv-cinder-826608-6-iscsi devstack@keystone.service[80199]: DEBUG keystone.server.flask.request_processing.middleware.auth_context [None req-a73b6c4b-30c2-4d6a-ace6-806feca682c1 None admin] Authenticating user token {{(pid=80199) process_request /usr/local/lib/python3.8/dist-packages/keystonemiddleware/auth_token/__init__.py:407}}
Jul 21 08:55:19.260874 dv-cinder-826608-6-iscsi devstack@keystone.service[80200]: DEBUG keystone.server.flask.request_processing.middleware.auth_context [None req-bd8dc518-26c6-41a3-8351-3664e14b9081 None admin] RBAC: auth_context: {'token': , 'domain_id': None, 'trust_id': None, 'trustor_id': None, 'trustee_id': None, 'domain_name': None, 'group_ids': [], 'user_id': 'af6fa97a676b4e53bc4e27a552d09f11', 'user_domain_id': 'default', 'system_scope': 'all', 'project_id': None, 'project_domain_id': None, 'roles': ['admin', 'member', 'reader'], 'is_admin_project': True, 'service_user_id': None, 'service_user_domain_id': None, 'service_project_id': None, 'service_project_domain_id': None, 'service_roles': []} {{(pid=80200) fill_context /opt/stack/keystone/keystone/server/flask/request_processing/middleware/auth_context.py:478}}
Jul 21 08:55:19.261681 dv-cinder-826608-6-iscsi devstack@keystone.service[80200]: DEBUG keystone.server.flask.request_processing.req_logging [None req-bd8dc518-26c6-41a3-8351-3664e14b9081 None admin] REQUEST_METHOD: `GET` {{(pid=80200) log_request_info /opt/stack/keystone/keystone/server/flask/request_processing/req_logging.py:27}}
Jul 21 08:55:19.262580 dv-cinder-826608-6-iscsi devstack@keystone.service[80200]: DEBUG keystone.server.flask.request_processing.req_logging [None req-bd8dc518-26c6-41a3-8351-3664e14b9081 None admin] SCRIPT_NAME: `/identity` {{(pid=80200) log_request_info /opt/stack/keystone/keystone/server/flask/request_processing/req_logging.py:28}}
Jul 21 08:55:19.263014 dv-cinder-826608-6-iscsi devstack@keystone.service[80200]: DEBUG keystone.server.flask.request_processing.req_logging [None req-bd8dc518-26c6-41a3-8351-3664e14b9081 None admin] PATH_INFO: `/v3/users/e430ce5b82254dcb8def7ae26a6c6e27` {{(pid=80200) log_request_info /opt/stack/keystone/keystone/server/flask/request_processing/req_logging.py:29}}
Jul 21 08:55:19.265665 dv-cinder-826608-6-iscsi devstack@keystone.service[80200]: DEBUG keystone.common.rbac_enforcer.enforcer [None req-bd8dc518-26c6-41a3-8351-3664e14b9081 None admin] RBAC: Authorizing `identity:get_user(user_id=e430ce5b82254dcb8def7ae26a6c6e27)` {{(pid=80200) enforce_call /opt/stack/keystone/keystone/common/rbac_enforcer/enforcer.py:449}}
Jul 21 08:55:19.267184 dv-cinder-826608-6-iscsi devstack@keystone.service[80200]: DEBUG keystone.common.rbac_enforcer.enforcer [None req-bd8dc518-26c6-41a3-8351-3664e14b9081 None admin] RBAC: Authorization granted {{(pid=80200) enforce_call /opt/stack/keystone/keystone/common/rbac_enforcer/enforcer.py:457}}
Jul 21 08:55:19.269019 dv-cinder-826608-6-iscsi devstack@keystone.service[80200]: [pid: 80200|app: 0|req: 43/91] 10.222.0.13 () {56 vars in 1177 bytes} [Thu Jul 21 08:55:18 2022] GET /identity/v3/users/e430ce5b82254dcb8def7ae26a6c6e27 => generated 275 bytes in 277 msecs (HTTP/1.1 200) 5 headers in 177 bytes (1 switches on core 0)
Jul 21 08:55:19.272147 dv-cinder-826608-6-iscsi devstack@keystone.service[80200]: DEBUG keystone.server.flask.request_processing.middleware.auth_context [None req-bd8dc518-26c6-41a3-8351-3664e14b9081 None admin] Authenticating user token {{(pid=80200) process_request /usr/local/lib/python3.8/dist-packages/keystonemiddleware/auth_token/__init__.py:407}}
Jul 21 08:55:19.352643 dv-cinder-826608-6-iscsi devstack@keystone.service[80200]: DEBUG dbcounter [-] [80200] Writing DB stats keystone:SELECT=100 {{(pid=80200) stat_writer /usr/local/lib/python3.8/dist-packages/dbcounter.py:114}}
Jul 21 08:55:19.412302 dv-cinder-826608-6-iscsi devstack@keystone.service[80200]: DEBUG keystone.server.flask.request_processing.middleware.auth_context [None req-bd8dc518-26c6-41a3-8351-3664e14b9081 None admin] Validating token access rules against request {{(pid=80200) validate_allowed_request /usr/local/lib/python3.8/dist-packages/keystonemiddleware/auth_token/__init__.py:545}}
Jul 21 08:55:19.430049 dv-cinder-826608-6-iscsi devstack@keystone.service[80199]: DEBUG keystone.server.flask.request_processing.middleware.auth_context [None req-a73b6c4b-30c2-4d6a-ace6-806feca682c1 None admin] Validating token access rules against request {{(pid=80199) validate_allowed_request /usr/local/lib/python3.8/dist-packages/keystonemiddleware/auth_token/__init__.py:545}}
Jul 21 08:55:19.453474 dv-cinder-826608-6-iscsi devstack@keystone.service[80200]: DEBUG keystone.server.flask.request_processing.middleware.auth_context [None req-1fbabf00-eecc-4dde-bd86-27490160ed3c None admin] RBAC: auth_context: {'token': , 'domain_id': None, 'trust_id': None, 'trustor_id': None, 'trustee_id': None, 'domain_name': None, 'group_ids': [], 'user_id': 'af6fa97a676b4e53bc4e27a552d09f11', 'user_domain_id': 'default', 'system_scope': 'all', 'project_id': None, 'project_domain_id': None, 'roles': ['admin', 'member', 'reader'], 'is_admin_project': True, 'service_user_id': None, 'service_user_domain_id': None, 'service_project_id': None, 'service_project_domain_id': None, 'service_roles': []} {{(pid=80200) fill_context /opt/stack/keystone/keystone/server/flask/request_processing/middleware/auth_context.py:478}}
