Jul 07 07:22:09.085647 dv-cinder-826608-5-smb devstack@c-api.service[110834]: DEBUG cinder.volume.api [None req-a4a95fa6-27e7-434f-b5ce-809af1509be1 tempest-VolumesDeleteCascade-829251197 tempest-VolumesDeleteCascade-829251197-project] Flow 'volume_create_api' (67d547ae-d2ae-48b3-9635-4cade1d7f1ae) transitioned into state 'SUCCESS' from state 'RUNNING' {{(pid=110834) _flow_receiver /usr/local/lib/python3.8/dist-packages/taskflow/listeners/logging.py:141}}
Jul 07 07:22:09.089193 dv-cinder-826608-5-smb devstack@c-api.service[110834]: INFO cinder.volume.api [None req-a4a95fa6-27e7-434f-b5ce-809af1509be1 tempest-VolumesDeleteCascade-829251197 tempest-VolumesDeleteCascade-829251197-project] Create volume request issued successfully.
Jul 07 07:22:09.092192 dv-cinder-826608-5-smb devstack@c-api.service[110834]: INFO cinder.api.openstack.wsgi [None req-a4a95fa6-27e7-434f-b5ce-809af1509be1 tempest-VolumesDeleteCascade-829251197 tempest-VolumesDeleteCascade-829251197-project] http://10.222.0.60/volume/v3/d05eaa827be041dda2eddbda812c08e5/volumes returned with HTTP 202
Jul 07 07:22:09.095879 dv-cinder-826608-5-smb devstack@c-api.service[110834]: [pid: 110834|app: 0|req: 39/73] 10.222.0.60 () {60 vars in 1235 bytes} [Thu Jul 7 07:22:08 2022] POST /volume/v3/d05eaa827be041dda2eddbda812c08e5/volumes => generated 854 bytes in 819 msecs (HTTP/1.1 202) 7 headers in 291 bytes (1 switches on core 0)
Jul 07 07:22:09.108578 dv-cinder-826608-5-smb devstack@c-api.service[110834]: DEBUG cinder.api.middleware.request_id [None req-4ba6c437-2084-4d17-a999-71c8eb17f83e None None] RequestId filter calling following filter/app {{(pid=110834) _context_setter /opt/stack/cinder/cinder/api/middleware/request_id.py:62}}
Jul 07 07:22:09.124443 dv-cinder-826608-5-smb devstack@c-api.service[110834]: INFO cinder.api.openstack.wsgi [None req-4ba6c437-2084-4d17-a999-71c8eb17f83e tempest-VolumesDeleteCascade-829251197 tempest-VolumesDeleteCascade-829251197-project] GET http://10.222.0.60/volume/v3/d05eaa827be041dda2eddbda812c08e5/volumes/0477336f-fa9d-454f-90db-7f1fe2ad7ccb
Jul 07 07:22:09.128624 dv-cinder-826608-5-smb devstack@c-api.service[110834]: DEBUG cinder.api.openstack.wsgi [None req-4ba6c437-2084-4d17-a999-71c8eb17f83e tempest-VolumesDeleteCascade-829251197 tempest-VolumesDeleteCascade-829251197-project] Empty body provided in request {{(pid=110834) get_body /opt/stack/cinder/cinder/api/openstack/wsgi.py:715}}
Jul 07 07:22:09.131760 dv-cinder-826608-5-smb devstack@c-api.service[110834]: DEBUG cinder.api.openstack.wsgi [None req-4ba6c437-2084-4d17-a999-71c8eb17f83e tempest-VolumesDeleteCascade-829251197 tempest-VolumesDeleteCascade-829251197-project] Calling method 'show' {{(pid=110834) _process_stack /opt/stack/cinder/cinder/api/openstack/wsgi.py:868}}
Jul 07 07:22:09.170761 dv-cinder-826608-5-smb devstack@c-api.service[110834]: /usr/local/lib/python3.8/dist-packages/oslo_context/context.py:100: DeprecationWarning: Policy enforcement is depending on the value of is_admin. This key is deprecated. Please update your policy file to use the standard policy values.
Jul 07 07:22:09.170761 dv-cinder-826608-5-smb devstack@c-api.service[110834]: warnings.warn('Policy enforcement is depending on the value of '
Jul 07 07:22:09.187777 dv-cinder-826608-5-smb devstack@c-api.service[110834]: INFO cinder.volume.api [None req-4ba6c437-2084-4d17-a999-71c8eb17f83e tempest-VolumesDeleteCascade-829251197 tempest-VolumesDeleteCascade-829251197-project] Volume info retrieved successfully.
Jul 07 07:22:09.192263 dv-cinder-826608-5-smb devstack@c-api.service[110833]: INFO cinder.api.openstack.wsgi [None req-1a21f2fb-306d-40c6-84e6-5937d66a9303 tempest-GroupsTest-140861658 tempest-GroupsTest-140861658-project] http://10.222.0.60/volume/v3/054ab37bed884da08690ec634a95be6c/groups returned with HTTP 202
Jul 07 07:22:09.197881 dv-cinder-826608-5-smb devstack@c-api.service[110833]: [pid: 110833|app: 0|req: 35/74] 10.222.0.60 () {62 vars in 1273 bytes} [Thu Jul 7 07:22:08 2022] POST /volume/v3/054ab37bed884da08690ec634a95be6c/groups => generated 104 bytes in 318 msecs (HTTP/1.1 202) 7 headers in 292 bytes (1 switches on core 0)
Jul 07 07:22:09.199788 dv-cinder-826608-5-smb devstack@c-api.service[110833]: DEBUG cinder.api.middleware.request_id [None req-23ebea64-df8e-4149-b5ef-109313c310ac None None] RequestId filter calling following filter/app {{(pid=110833) _context_setter /opt/stack/cinder/cinder/api/middleware/request_id.py:62}}
Jul 07 07:22:09.203451 dv-cinder-826608-5-smb devstack@c-api.service[110833]: INFO cinder.api.openstack.wsgi [None req-23ebea64-df8e-4149-b5ef-109313c310ac tempest-GroupsTest-140861658 tempest-GroupsTest-140861658-project] GET http://10.222.0.60/volume/v3/054ab37bed884da08690ec634a95be6c/groups/fc8e9cc9-ad67-4bf9-95b7-bc1c20c02e8f
Jul 07 07:22:09.203950 dv-cinder-826608-5-smb devstack@c-api.service[110833]: DEBUG cinder.api.openstack.wsgi [None req-23ebea64-df8e-4149-b5ef-109313c310ac tempest-GroupsTest-140861658 tempest-GroupsTest-140861658-project] Empty body provided in request {{(pid=110833) get_body /opt/stack/cinder/cinder/api/openstack/wsgi.py:715}}
Jul 07 07:22:09.204405 dv-cinder-826608-5-smb devstack@c-api.service[110833]: DEBUG cinder.api.openstack.wsgi [None req-23ebea64-df8e-4149-b5ef-109313c310ac tempest-GroupsTest-140861658 tempest-GroupsTest-140861658-project] Calling method 'version_select' {{(pid=110833) _process_stack /opt/stack/cinder/cinder/api/openstack/wsgi.py:868}}
Jul 07 07:22:09.204750 dv-cinder-826608-5-smb devstack@c-api.service[110833]: DEBUG cinder.api.v3.groups [None req-23ebea64-df8e-4149-b5ef-109313c310ac tempest-GroupsTest-140861658 tempest-GroupsTest-140861658-project] show called for member fc8e9cc9-ad67-4bf9-95b7-bc1c20c02e8f {{(pid=110833) show /opt/stack/cinder/cinder/api/v3/groups.py:58}}
Jul 07 07:22:09.210023 dv-cinder-826608-5-smb devstack@c-api.service[110834]: INFO cinder.api.openstack.wsgi [None req-4ba6c437-2084-4d17-a999-71c8eb17f83e tempest-VolumesDeleteCascade-829251197 tempest-VolumesDeleteCascade-829251197-project] http://10.222.0.60/volume/v3/d05eaa827be041dda2eddbda812c08e5/volumes/0477336f-fa9d-454f-90db-7f1fe2ad7ccb returned with HTTP 200
Jul 07 07:22:09.214274 dv-cinder-826608-5-smb devstack@c-api.service[110834]: [pid: 110834|app: 0|req: 40/75] 10.222.0.60 () {58 vars in 1324 bytes} [Thu Jul 7 07:22:09 2022] GET /volume/v3/d05eaa827be041dda2eddbda812c08e5/volumes/0477336f-fa9d-454f-90db-7f1fe2ad7ccb => generated 922 bytes in 108 msecs (HTTP/1.1 200) 7 headers in 285 bytes (2 switches on core 0)
Jul 07 07:22:09.230888 dv-cinder-826608-5-smb devstack@c-api.service[110833]: /usr/local/lib/python3.8/dist-packages/oslo_context/context.py:100: DeprecationWarning: Policy enforcement is depending on the value of is_admin. This key is deprecated. Please update your policy file to use the standard policy values.
Jul 07 07:22:09.230888 dv-cinder-826608-5-smb devstack@c-api.service[110833]: warnings.warn('Policy enforcement is depending on the value of '
Jul 07 07:22:09.269175 dv-cinder-826608-5-smb devstack@c-api.service[110833]: INFO cinder.api.openstack.wsgi [None req-23ebea64-df8e-4149-b5ef-109313c310ac tempest-GroupsTest-140861658 tempest-GroupsTest-140861658-project] http://10.222.0.60/volume/v3/054ab37bed884da08690ec634a95be6c/groups/fc8e9cc9-ad67-4bf9-95b7-bc1c20c02e8f returned with HTTP 200
Jul 07 07:22:09.285572 dv-cinder-826608-5-smb devstack@c-api.service[110833]: [pid: 110833|app: 0|req: 36/76] 10.222.0.60 () {60 vars in 1362 bytes} [Thu Jul 7 07:22:09 2022] GET /volume/v3/054ab37bed884da08690ec634a95be6c/groups/fc8e9cc9-ad67-4bf9-95b7-bc1c20c02e8f => generated 332 bytes in 87 msecs (HTTP/1.1 200) 7 headers in 286 bytes (1 switches on core 0)
Jul 07 07:22:10.227495 dv-cinder-826608-5-smb devstack@c-api.service[110834]: DEBUG cinder.api.middleware.request_id [None req-1ea968aa-8df2-4a9f-a434-b5f752c5475c None None] RequestId filter calling following filter/app {{(pid=110834) _context_setter /opt/stack/cinder/cinder/api/middleware/request_id.py:62}}
Jul 07 07:22:10.233945 dv-cinder-826608-5-smb devstack@c-api.service[110834]: INFO cinder.api.openstack.wsgi [None req-1ea968aa-8df2-4a9f-a434-b5f752c5475c tempest-VolumesDeleteCascade-829251197 tempest-VolumesDeleteCascade-829251197-project] GET http://10.222.0.60/volume/v3/d05eaa827be041dda2eddbda812c08e5/volumes/0477336f-fa9d-454f-90db-7f1fe2ad7ccb
Jul 07 07:22:10.234612 dv-cinder-826608-5-smb devstack@c-api.service[110834]: DEBUG cinder.api.openstack.wsgi [None req-1ea968aa-8df2-4a9f-a434-b5f752c5475c tempest-VolumesDeleteCascade-829251197 tempest-VolumesDeleteCascade-829251197-project] Empty body provided in request {{(pid=110834) get_body /opt/stack/cinder/cinder/api/openstack/wsgi.py:715}}
Jul 07 07:22:10.235245 dv-cinder-826608-5-smb devstack@c-api.service[110834]: DEBUG cinder.api.openstack.wsgi [None req-1ea968aa-8df2-4a9f-a434-b5f752c5475c tempest-VolumesDeleteCascade-829251197 tempest-VolumesDeleteCascade-829251197-project] Calling method 'show' {{(pid=110834) _process_stack /opt/stack/cinder/cinder/api/openstack/wsgi.py:868}}
Jul 07 07:22:10.264995 dv-cinder-826608-5-smb devstack@c-api.service[110834]: /usr/local/lib/python3.8/dist-packages/oslo_context/context.py:100: DeprecationWarning: Policy enforcement is depending on the value of is_admin. This key is deprecated. Please update your policy file to use the standard policy values.
Jul 07 07:22:10.264995 dv-cinder-826608-5-smb devstack@c-api.service[110834]: warnings.warn('Policy enforcement is depending on the value of '
Jul 07 07:22:10.278949 dv-cinder-826608-5-smb devstack@c-api.service[110833]: DEBUG cinder.api.middleware.request_id [None req-7d8493d4-a525-4a52-b5dd-70b2f0ff7cb0 None None] RequestId filter calling following filter/app {{(pid=110833) _context_setter /opt/stack/cinder/cinder/api/middleware/request_id.py:62}}
Jul 07 07:22:10.283179 dv-cinder-826608-5-smb devstack@c-api.service[110833]: INFO cinder.api.openstack.wsgi [None req-7d8493d4-a525-4a52-b5dd-70b2f0ff7cb0 tempest-GroupsTest-140861658 tempest-GroupsTest-140861658-project] GET http://10.222.0.60/volume/v3/054ab37bed884da08690ec634a95be6c/groups/fc8e9cc9-ad67-4bf9-95b7-bc1c20c02e8f
Jul 07 07:22:10.283700 dv-cinder-826608-5-smb devstack@c-api.service[110833]: DEBUG cinder.api.openstack.wsgi [None req-7d8493d4-a525-4a52-b5dd-70b2f0ff7cb0 tempest-GroupsTest-140861658 tempest-GroupsTest-140861658-project] Empty body provided in request {{(pid=110833) get_body /opt/stack/cinder/cinder/api/openstack/wsgi.py:715}}
Jul 07 07:22:10.284208 dv-cinder-826608-5-smb devstack@c-api.service[110833]: DEBUG cinder.api.openstack.wsgi [None req-7d8493d4-a525-4a52-b5dd-70b2f0ff7cb0 tempest-GroupsTest-140861658 tempest-GroupsTest-140861658-project] Calling method 'version_select' {{(pid=110833) _process_stack /opt/stack/cinder/cinder/api/openstack/wsgi.py:868}}
Jul 07 07:22:10.284558 dv-cinder-826608-5-smb devstack@c-api.service[110833]: DEBUG cinder.api.v3.groups [None req-7d8493d4-a525-4a52-b5dd-70b2f0ff7cb0 tempest-GroupsTest-140861658 tempest-GroupsTest-140861658-project] show called for member fc8e9cc9-ad67-4bf9-95b7-bc1c20c02e8f {{(pid=110833) show /opt/stack/cinder/cinder/api/v3/groups.py:58}}
Jul 07 07:22:10.287078 dv-cinder-826608-5-smb devstack@c-api.service[110834]: INFO cinder.volume.api [None req-1ea968aa-8df2-4a9f-a434-b5f752c5475c tempest-VolumesDeleteCascade-829251197 tempest-VolumesDeleteCascade-829251197-project] Volume info retrieved successfully.
Jul 07 07:22:10.301558 dv-cinder-826608-5-smb devstack@c-api.service[110833]: /usr/local/lib/python3.8/dist-packages/oslo_context/context.py:100: DeprecationWarning: Policy enforcement is depending on the value of is_admin. This key is deprecated. Please update your policy file to use the standard policy values.
Jul 07 07:22:10.301558 dv-cinder-826608-5-smb devstack@c-api.service[110833]: warnings.warn('Policy enforcement is depending on the value of '
Jul 07 07:22:10.311399 dv-cinder-826608-5-smb devstack@c-api.service[110834]: INFO cinder.api.openstack.wsgi [None req-1ea968aa-8df2-4a9f-a434-b5f752c5475c tempest-VolumesDeleteCascade-829251197 tempest-VolumesDeleteCascade-829251197-project] http://10.222.0.60/volume/v3/d05eaa827be041dda2eddbda812c08e5/volumes/0477336f-fa9d-454f-90db-7f1fe2ad7ccb returned with HTTP 200
Jul 07 07:22:10.324894 dv-cinder-826608-5-smb devstack@c-api.service[110834]: [pid: 110834|app: 0|req: 41/77] 10.222.0.60 () {58 vars in 1324 bytes} [Thu Jul 7 07:22:10 2022] GET /volume/v3/d05eaa827be041dda2eddbda812c08e5/volumes/0477336f-fa9d-454f-90db-7f1fe2ad7ccb => generated 947 bytes in 98 msecs (HTTP/1.1 200) 7 headers in 285 bytes (1 switches on core 0)
Jul 07 07:22:10.326734 dv-cinder-826608-5-smb devstack@c-api.service[110834]: DEBUG cinder.api.middleware.request_id [None req-f2634d98-b3bb-4a6c-975b-f133221105a1 None None] RequestId filter calling following filter/app {{(pid=110834) _context_setter /opt/stack/cinder/cinder/api/middleware/request_id.py:62}}
Jul 07 07:22:10.334134 dv-cinder-826608-5-smb devstack@c-api.service[110834]: INFO cinder.api.openstack.wsgi [None req-f2634d98-b3bb-4a6c-975b-f133221105a1 tempest-VolumesDeleteCascade-829251197 tempest-VolumesDeleteCascade-829251197-project] GET http://10.222.0.60/volume/v3/d05eaa827be041dda2eddbda812c08e5/volumes/0477336f-fa9d-454f-90db-7f1fe2ad7ccb
Jul 07 07:22:10.335418 dv-cinder-826608-5-smb devstack@c-api.service[110834]: DEBUG cinder.api.openstack.wsgi [None req-f2634d98-b3bb-4a6c-975b-f133221105a1 tempest-VolumesDeleteCascade-829251197 tempest-VolumesDeleteCascade-829251197-project] Empty body provided in request {{(pid=110834) get_body /opt/stack/cinder/cinder/api/openstack/wsgi.py:715}}
Jul 07 07:22:10.336048 dv-cinder-826608-5-smb devstack@c-api.service[110834]: DEBUG cinder.api.openstack.wsgi [None req-f2634d98-b3bb-4a6c-975b-f133221105a1 tempest-VolumesDeleteCascade-829251197 tempest-VolumesDeleteCascade-829251197-project] Calling method 'show' {{(pid=110834) _process_stack /opt/stack/cinder/cinder/api/openstack/wsgi.py:868}}
Jul 07 07:22:10.343927 dv-cinder-826608-5-smb devstack@c-api.service[110833]: INFO cinder.api.openstack.wsgi [None req-7d8493d4-a525-4a52-b5dd-70b2f0ff7cb0 tempest-GroupsTest-140861658 tempest-GroupsTest-140861658-project] http://10.222.0.60/volume/v3/054ab37bed884da08690ec634a95be6c/groups/fc8e9cc9-ad67-4bf9-95b7-bc1c20c02e8f returned with HTTP 200
Jul 07 07:22:10.347956 dv-cinder-826608-5-smb devstack@c-api.service[110833]: [pid: 110833|app: 0|req: 37/78] 10.222.0.60 () {60 vars in 1362 bytes} [Thu Jul 7 07:22:10 2022] GET /volume/v3/054ab37bed884da08690ec634a95be6c/groups/fc8e9cc9-ad67-4bf9-95b7-bc1c20c02e8f => generated 333 bytes in 70 msecs (HTTP/1.1 200) 7 headers in 286 bytes (2 switches on core 0)
Jul 07 07:22:10.349523 dv-cinder-826608-5-smb devstack@c-api.service[110833]: DEBUG cinder.api.middleware.request_id [None req-d10f1666-4a05-4a8d-8179-c6a43790f37e None None] RequestId filter calling following filter/app {{(pid=110833) _context_setter /opt/stack/cinder/cinder/api/middleware/request_id.py:62}}
Jul 07 07:22:10.364651 dv-cinder-826608-5-smb devstack@c-api.service[110834]: /usr/local/lib/python3.8/dist-packages/oslo_context/context.py:100: DeprecationWarning: Policy enforcement is depending on the value of is_admin. This key is deprecated. Please update your policy file to use the standard policy values.
Jul 07 07:22:10.364651 dv-cinder-826608-5-smb devstack@c-api.service[110834]: warnings.warn('Policy enforcement is depending on the value of '
Jul 07 07:22:10.383069 dv-cinder-826608-5-smb devstack@c-api.service[110834]: INFO cinder.volume.api [None req-f2634d98-b3bb-4a6c-975b-f133221105a1 tempest-VolumesDeleteCascade-829251197 tempest-VolumesDeleteCascade-829251197-project] Volume info retrieved successfully.
Jul 07 07:22:10.405926 dv-cinder-826608-5-smb devstack@c-api.service[110834]: INFO cinder.api.openstack.wsgi [None req-f2634d98-b3bb-4a6c-975b-f133221105a1 tempest-VolumesDeleteCascade-829251197 tempest-VolumesDeleteCascade-829251197-project] http://10.222.0.60/volume/v3/d05eaa827be041dda2eddbda812c08e5/volumes/0477336f-fa9d-454f-90db-7f1fe2ad7ccb returned with HTTP 200
Jul 07 07:22:10.416800 dv-cinder-826608-5-smb devstack@c-api.service[110834]: [pid: 110834|app: 0|req: 42/79] 10.222.0.60 () {58 vars in 1324 bytes} [Thu Jul 7 07:22:10 2022] GET /volume/v3/d05eaa827be041dda2eddbda812c08e5/volumes/0477336f-fa9d-454f-90db-7f1fe2ad7ccb => generated 947 bytes in 91 msecs (HTTP/1.1 200) 7 headers in 285 bytes (1 switches on core 0)
Jul 07 07:22:10.418534 dv-cinder-826608-5-smb devstack@c-api.service[110834]: DEBUG cinder.api.middleware.request_id [None req-b9a063b1-ce8e-4159-b01f-6675c56b8148 None None] RequestId filter calling following filter/app {{(pid=110834) _context_setter /opt/stack/cinder/cinder/api/middleware/request_id.py:62}}
Jul 07 07:22:10.429822 dv-cinder-826608-5-smb devstack@c-api.service[110834]: INFO cinder.api.openstack.wsgi [None req-b9a063b1-ce8e-4159-b01f-6675c56b8148 tempest-GroupsTest-140861658 tempest-GroupsTest-140861658-project] POST http://10.222.0.60/volume/v3/054ab37bed884da08690ec634a95be6c/volumes
Jul 07 07:22:10.430820 dv-cinder-826608-5-smb devstack@c-api.service[110834]: DEBUG cinder.api.openstack.wsgi [None req-b9a063b1-ce8e-4159-b01f-6675c56b8148 tempest-GroupsTest-140861658 tempest-GroupsTest-140861658-project] Action: 'create', calling method: create, body: {"volume": {"volume_type": "a63ae585-cfc5-4915-9e83-54e83b874944", "group_id": "fc8e9cc9-ad67-4bf9-95b7-bc1c20c02e8f", "size": 1, "name": "tempest-GroupsTest-Volume-1166646013"}} {{(pid=110834) _process_stack /opt/stack/cinder/cinder/api/openstack/wsgi.py:866}}
Jul 07 07:22:10.432555 dv-cinder-826608-5-smb devstack@c-api.service[110834]: DEBUG cinder.api.v3.volumes [None req-b9a063b1-ce8e-4159-b01f-6675c56b8148 tempest-GroupsTest-140861658 tempest-GroupsTest-140861658-project] Create volume request body: {'volume': {'volume_type': 'a63ae585-cfc5-4915-9e83-54e83b874944', 'group_id': 'fc8e9cc9-ad67-4bf9-95b7-bc1c20c02e8f', 'size': 1, 'name': 'tempest-GroupsTest-Volume-1166646013'}} {{(pid=110834) create /opt/stack/cinder/cinder/api/v3/volumes.py:298}}
Jul 07 07:22:10.464076 dv-cinder-826608-5-smb devstack@c-api.service[110834]: /usr/local/lib/python3.8/dist-packages/oslo_context/context.py:100: DeprecationWarning: Policy enforcement is depending on the value of is_admin. This key is deprecated. Please update your policy file to use the standard policy values.
Jul 07 07:22:10.464076 dv-cinder-826608-5-smb devstack@c-api.service[110834]: warnings.warn('Policy enforcement is depending on the value of '
Jul 07 07:22:10.465524 dv-cinder-826608-5-smb devstack@c-api.service[110834]: INFO cinder.api.v3.volumes [None req-b9a063b1-ce8e-4159-b01f-6675c56b8148 tempest-GroupsTest-140861658 tempest-GroupsTest-140861658-project] Create volume of 1 GB
Jul 07 07:22:10.469468 dv-cinder-826608-5-smb devstack@c-api.service[110834]: DEBUG dbcounter [-] [110834] Writing DB stats cinder:SELECT=82,cinder:INSERT=6,cinder:UPDATE=12 {{(pid=110834) stat_writer /usr/local/lib/python3.8/dist-packages/dbcounter.py:114}}
Jul 07 07:22:10.489855 dv-cinder-826608-5-smb devstack@c-api.service[110834]: INFO cinder.volume.api [None req-b9a063b1-ce8e-4159-b01f-6675c56b8148 tempest-GroupsTest-140861658 tempest-GroupsTest-140861658-project] Availability Zones retrieved successfully.
Jul 07 07:22:10.522612 dv-cinder-826608-5-smb devstack@c-api.service[110834]: DEBUG cinder.volume.api [None req-b9a063b1-ce8e-4159-b01f-6675c56b8148 tempest-GroupsTest-140861658 tempest-GroupsTest-140861658-project] Flow 'volume_create_api' (bf1cb9a8-d443-44d3-a410-495c68692605) transitioned into state 'RUNNING' from state 'PENDING' {{(pid=110834) _flow_receiver /usr/local/lib/python3.8/dist-packages/taskflow/listeners/logging.py:141}}
Jul 07 07:22:10.525698 dv-cinder-826608-5-smb devstack@c-api.service[110834]: DEBUG cinder.volume.api [None req-b9a063b1-ce8e-4159-b01f-6675c56b8148 tempest-GroupsTest-140861658 tempest-GroupsTest-140861658-project] Task 'cinder.volume.flows.api.create_volume.ExtractVolumeRequestTask;volume:create' (94973b11-8904-4e1d-b8cd-fad4ba8e24ec) transitioned into state 'RUNNING' from state 'PENDING' {{(pid=110834) _task_receiver /usr/local/lib/python3.8/dist-packages/taskflow/listeners/logging.py:190}}
Jul 07 07:22:10.536902 dv-cinder-826608-5-smb devstack@c-api.service[110834]: /usr/local/lib/python3.8/dist-packages/oslo_context/context.py:100: DeprecationWarning: Policy enforcement is depending on the value of is_admin. This key is deprecated. Please update your policy file to use the standard policy values.
Jul 07 07:22:10.536902 dv-cinder-826608-5-smb devstack@c-api.service[110834]: warnings.warn('Policy enforcement is depending on the value of '
Jul 07 07:22:10.537960 dv-cinder-826608-5-smb devstack@c-api.service[110834]: DEBUG cinder.volume.flows.api.create_volume [None req-b9a063b1-ce8e-4159-b01f-6675c56b8148 tempest-GroupsTest-140861658 tempest-GroupsTest-140861658-project] Validating volume size '1' using validate_int {{(pid=110834) _extract_size /opt/stack/cinder/cinder/volume/flows/api/create_volume.py:228}}
Jul 07 07:22:10.573793 dv-cinder-826608-5-smb devstack@c-api.service[110833]: INFO cinder.api.openstack.wsgi [None req-d10f1666-4a05-4a8d-8179-c6a43790f37e tempest-UserMessagesTest-2115398873 tempest-UserMessagesTest-2115398873-project-admin] POST http://10.222.0.60/volume/v3/4c9b134cd15b48f490a508e02b687ee8/types
Jul 07 07:22:10.575174 dv-cinder-826608-5-smb devstack@c-api.service[110833]: DEBUG cinder.api.openstack.wsgi [None req-d10f1666-4a05-4a8d-8179-c6a43790f37e tempest-UserMessagesTest-2115398873 tempest-UserMessagesTest-2115398873-project-admin] Action: 'create', calling method: _create, body: {"volume_type": {"name": "tempest-UserMessagesTest-volume-type-1584154800", "extra_specs": {"storage_protocol": "tempest-storage_protocol-106247096", "vendor_name": "tempest-vendor_name-1610063396"}}} {{(pid=110833) _process_stack /opt/stack/cinder/cinder/api/openstack/wsgi.py:866}}
Jul 07 07:22:10.578481 dv-cinder-826608-5-smb devstack@c-api.service[110833]: /usr/local/lib/python3.8/dist-packages/oslo_context/context.py:100: DeprecationWarning: Policy enforcement is depending on the value of is_admin. This key is deprecated. Please update your policy file to use the standard policy values.
Jul 07 07:22:10.578481 dv-cinder-826608-5-smb devstack@c-api.service[110833]: warnings.warn('Policy enforcement is depending on the value of '
Jul 07 07:22:10.595512 dv-cinder-826608-5-smb devstack@c-api.service[110834]: DEBUG cinder.volume.api [None req-b9a063b1-ce8e-4159-b01f-6675c56b8148 tempest-GroupsTest-140861658 tempest-GroupsTest-140861658-project] Task 'cinder.volume.flows.api.create_volume.ExtractVolumeRequestTask;volume:create' (94973b11-8904-4e1d-b8cd-fad4ba8e24ec) transitioned into state 'SUCCESS' from state 'RUNNING' with result '{'size': 1, 'snapshot_id': None, 'source_volid': None, 'volume_type': VolumeType(created_at=2022-07-07T07:22:09Z,deleted=False,deleted_at=None,description=None,extra_specs={},id=a63ae585-cfc5-4915-9e83-54e83b874944,is_public=True,name='tempest-GroupsTest-volume-type-1390213563',projects=[],qos_specs=,qos_specs_id=None,updated_at=None), 'volume_type_id': 'a63ae585-cfc5-4915-9e83-54e83b874944', 'encryption_key_id': None, 'qos_specs': None, 'consistencygroup_id': None, 'cgsnapshot_id': None, 'group_id': 'fc8e9cc9-ad67-4bf9-95b7-bc1c20c02e8f', 'replication_status': 'disabled', 'refresh_az': False, 'backup_id': None, 'multiattach': False, 'availability_zones': ['nova']}' {{(pid=110834) _task_receiver /usr/local/lib/python3.8/dist-packages/taskflow/listeners/logging.py:178}}
Jul 07 07:22:10.605991 dv-cinder-826608-5-smb devstack@c-api.service[110834]: DEBUG cinder.volume.api [None req-b9a063b1-ce8e-4159-b01f-6675c56b8148 tempest-GroupsTest-140861658 tempest-GroupsTest-140861658-project] Task 'cinder.volume.flows.api.create_volume.QuotaReserveTask;volume:create' (9734f5a2-a84c-41e3-a6b0-6c5e083d4be5) transitioned into state 'RUNNING' from state 'PENDING' {{(pid=110834) _task_receiver /usr/local/lib/python3.8/dist-packages/taskflow/listeners/logging.py:190}}
Jul 07 07:22:10.654708 dv-cinder-826608-5-smb devstack@c-api.service[110833]: INFO cinder.api.openstack.wsgi [None req-d10f1666-4a05-4a8d-8179-c6a43790f37e tempest-UserMessagesTest-2115398873 tempest-UserMessagesTest-2115398873-project-admin] http://10.222.0.60/volume/v3/4c9b134cd15b48f490a508e02b687ee8/types returned with HTTP 200
Jul 07 07:22:10.657134 dv-cinder-826608-5-smb devstack@c-api.service[110833]: [pid: 110833|app: 0|req: 38/80] 10.222.0.60 () {60 vars in 1229 bytes} [Thu Jul 7 07:22:10 2022] POST /volume/v3/4c9b134cd15b48f490a508e02b687ee8/types => generated 327 bytes in 308 msecs (HTTP/1.1 200) 7 headers in 285 bytes (1 switches on core 0)
Jul 07 07:22:10.660771 dv-cinder-826608-5-smb devstack@c-api.service[110833]: DEBUG cinder.api.middleware.request_id [None req-661999b1-2fb9-4eed-88ea-5cdd8675a655 None None] RequestId filter calling following filter/app {{(pid=110833) _context_setter /opt/stack/cinder/cinder/api/middleware/request_id.py:62}}
Jul 07 07:22:10.670613 dv-cinder-826608-5-smb devstack@c-api.service[110833]: INFO cinder.api.openstack.wsgi [None req-661999b1-2fb9-4eed-88ea-5cdd8675a655 tempest-VolumesDeleteCascade-829251197 tempest-VolumesDeleteCascade-829251197-project] DELETE http://10.222.0.60/volume/v3/d05eaa827be041dda2eddbda812c08e5/volumes/d5482ff2-0b2f-46fa-b94b-86d0523b4216?cascade=True
Jul 07 07:22:10.672801 dv-cinder-826608-5-smb devstack@c-api.service[110833]: DEBUG cinder.api.openstack.wsgi [None req-661999b1-2fb9-4eed-88ea-5cdd8675a655 tempest-VolumesDeleteCascade-829251197 tempest-VolumesDeleteCascade-829251197-project] Empty body provided in request {{(pid=110833) get_body /opt/stack/cinder/cinder/api/openstack/wsgi.py:715}}
Jul 07 07:22:10.673562 dv-cinder-826608-5-smb devstack@c-api.service[110833]: DEBUG cinder.api.openstack.wsgi [None req-661999b1-2fb9-4eed-88ea-5cdd8675a655 tempest-VolumesDeleteCascade-829251197 tempest-VolumesDeleteCascade-829251197-project] Calling method 'delete' {{(pid=110833) _process_stack /opt/stack/cinder/cinder/api/openstack/wsgi.py:868}}
Jul 07 07:22:10.674234 dv-cinder-826608-5-smb devstack@c-api.service[110833]: INFO cinder.api.v3.volumes [None req-661999b1-2fb9-4eed-88ea-5cdd8675a655 tempest-VolumesDeleteCascade-829251197 tempest-VolumesDeleteCascade-829251197-project] Delete volume with id: d5482ff2-0b2f-46fa-b94b-86d0523b4216
Jul 07 07:22:10.693939 dv-cinder-826608-5-smb devstack@c-api.service[110834]: WARNING cinder.quota [None req-b9a063b1-ce8e-4159-b01f-6675c56b8148 tempest-GroupsTest-140861658 tempest-GroupsTest-140861658-project] Deprecated: Default quota for resource: volumes_tempest-GroupsTest-volume-type-1390213563 is set by the default quota flag: quota_volumes_tempest-GroupsTest-volume-type-1390213563, it is now deprecated. Please use the default quota class for default quota.
Jul 07 07:22:10.695757 dv-cinder-826608-5-smb devstack@c-api.service[110834]: WARNING cinder.quota [None req-b9a063b1-ce8e-4159-b01f-6675c56b8148 tempest-GroupsTest-140861658 tempest-GroupsTest-140861658-project] Deprecated: Default quota for resource: gigabytes_tempest-GroupsTest-volume-type-1390213563 is set by the default quota flag: quota_gigabytes_tempest-GroupsTest-volume-type-1390213563, it is now deprecated. Please use the default quota class for default quota.
Jul 07 07:22:10.722135 dv-cinder-826608-5-smb devstack@c-api.service[110833]: /usr/local/lib/python3.8/dist-packages/oslo_context/context.py:100: DeprecationWarning: Policy enforcement is depending on the value of is_admin. This key is deprecated. Please update your policy file to use the standard policy values.
Jul 07 07:22:10.722135 dv-cinder-826608-5-smb devstack@c-api.service[110833]: warnings.warn('Policy enforcement is depending on the value of '
Jul 07 07:22:10.726129 dv-cinder-826608-5-smb devstack@c-api.service[110833]: INFO cinder.volume.api [None req-661999b1-2fb9-4eed-88ea-5cdd8675a655 tempest-VolumesDeleteCascade-829251197 tempest-VolumesDeleteCascade-829251197-project] Volume info retrieved successfully.
Jul 07 07:22:10.825523 dv-cinder-826608-5-smb devstack@c-api.service[110834]: DEBUG cinder.quota [None req-b9a063b1-ce8e-4159-b01f-6675c56b8148 tempest-GroupsTest-140861658 tempest-GroupsTest-140861658-project] Created reservations ['b3de9bd4-8633-43d4-8a22-ef752eadc783', '251e9ac8-f77a-4eb0-8572-4f0f63eb1b54', 'e5fcfe7d-af4b-4da0-b787-1e6f4b87a5a2', '78bfc195-d61b-49ef-a93d-9a7776fbbdab'] {{(pid=110834) reserve /opt/stack/cinder/cinder/quota.py:755}}
Jul 07 07:22:10.828733 dv-cinder-826608-5-smb devstack@c-api.service[110834]: DEBUG cinder.volume.api [None req-b9a063b1-ce8e-4159-b01f-6675c56b8148 tempest-GroupsTest-140861658 tempest-GroupsTest-140861658-project] Task 'cinder.volume.flows.api.create_volume.QuotaReserveTask;volume:create' (9734f5a2-a84c-41e3-a6b0-6c5e083d4be5) transitioned into state 'SUCCESS' from state 'RUNNING' with result '{'reservations': ['b3de9bd4-8633-43d4-8a22-ef752eadc783', '251e9ac8-f77a-4eb0-8572-4f0f63eb1b54', 'e5fcfe7d-af4b-4da0-b787-1e6f4b87a5a2', '78bfc195-d61b-49ef-a93d-9a7776fbbdab']}' {{(pid=110834) _task_receiver /usr/local/lib/python3.8/dist-packages/taskflow/listeners/logging.py:178}}
Jul 07 07:22:10.834920 dv-cinder-826608-5-smb devstack@c-api.service[110834]: DEBUG cinder.volume.api [None req-b9a063b1-ce8e-4159-b01f-6675c56b8148 tempest-GroupsTest-140861658 tempest-GroupsTest-140861658-project] Task 'cinder.volume.flows.api.create_volume.EntryCreateTask;volume:create' (871969c9-ba9f-4dd5-a2e8-c3be737c63ac) transitioned into state 'RUNNING' from state 'PENDING' {{(pid=110834) _task_receiver /usr/local/lib/python3.8/dist-packages/taskflow/listeners/logging.py:190}}
Jul 07 07:22:10.870762 dv-cinder-826608-5-smb devstack@c-api.service[110833]: INFO cinder.volume.api [None req-661999b1-2fb9-4eed-88ea-5cdd8675a655 tempest-VolumesDeleteCascade-829251197 tempest-VolumesDeleteCascade-829251197-project] Delete volume request issued successfully.
Jul 07 07:22:10.871388 dv-cinder-826608-5-smb devstack@c-api.service[110833]: INFO cinder.api.openstack.wsgi [None req-661999b1-2fb9-4eed-88ea-5cdd8675a655 tempest-VolumesDeleteCascade-829251197 tempest-VolumesDeleteCascade-829251197-project] http://10.222.0.60/volume/v3/d05eaa827be041dda2eddbda812c08e5/volumes/d5482ff2-0b2f-46fa-b94b-86d0523b4216?cascade=True returned with HTTP 202
Jul 07 07:22:10.873292 dv-cinder-826608-5-smb devstack@c-api.service[110833]: [pid: 110833|app: 0|req: 39/81] 10.222.0.60 () {58 vars in 1352 bytes} [Thu Jul 7 07:22:10 2022] DELETE /volume/v3/d05eaa827be041dda2eddbda812c08e5/volumes/d5482ff2-0b2f-46fa-b94b-86d0523b4216?cascade=True => generated 0 bytes in 215 msecs (HTTP/1.1 202) 6 headers in 233 bytes (1 switches on core 0)
Jul 07 07:22:10.877091 dv-cinder-826608-5-smb devstack@c-api.service[110833]: DEBUG cinder.api.middleware.request_id [None req-1c741fbf-9bd6-4d82-ab17-b6568272181c None None] RequestId filter calling following filter/app {{(pid=110833) _context_setter /opt/stack/cinder/cinder/api/middleware/request_id.py:62}}
Jul 07 07:22:10.893935 dv-cinder-826608-5-smb devstack@c-api.service[110834]: DEBUG cinder.volume.api [None req-b9a063b1-ce8e-4159-b01f-6675c56b8148 tempest-GroupsTest-140861658 tempest-GroupsTest-140861658-project] Task 'cinder.volume.flows.api.create_volume.EntryCreateTask;volume:create' (871969c9-ba9f-4dd5-a2e8-c3be737c63ac) transitioned into state 'SUCCESS' from state 'RUNNING' with result '{'volume_id': '73ac1fb3-a893-4178-aea1-3e7e5988d66a', 'volume_properties': VolumeProperties(attach_status='detached',availability_zone='nova',cgsnapshot_id=None,consistencygroup_id=None,display_description=None,display_name='tempest-GroupsTest-Volume-1166646013',encryption_key_id=None,group_id=fc8e9cc9-ad67-4bf9-95b7-bc1c20c02e8f,group_type_id=,metadata={},multiattach=False,project_id='054ab37bed884da08690ec634a95be6c',qos_specs=None,replication_status=,reservations=['b3de9bd4-8633-43d4-8a22-ef752eadc783','251e9ac8-f77a-4eb0-8572-4f0f63eb1b54','e5fcfe7d-af4b-4da0-b787-1e6f4b87a5a2','78bfc195-d61b-49ef-a93d-9a7776fbbdab'],size=1,snapshot_id=None,source_replicaid=,source_volid=None,status='creating',user_id='6a67aecc9b07473c8de503024aaec35e',volume_type_id=a63ae585-cfc5-4915-9e83-54e83b874944), 'volume': Volume(_name_id=None,admin_metadata=,attach_status='detached',availability_zone='nova',bootable=False,cluster=,cluster_name=None,consistencygroup=,consistencygroup_id=None,created_at=2022-07-07T07:22:10Z,deleted=False,deleted_at=None,display_description=None,display_name='tempest-GroupsTest-Volume-1166646013',ec2_id=None,encryption_key_id=None,glance_metadata=,group=,group_id=fc8e9cc9-ad67-4bf9-95b7-bc1c20c02e8f,host=None,id=73ac1fb3-a893-4178-aea1-3e7e5988d66a,launched_at=None,metadata={},migration_status=None,multiattach=False,previous_status=None,project_id='054ab37bed884da08690ec634a95be6c',provider_auth=None,provider_geometry=None,provider_id=None,provider_location=None,replication_driver_data=None,replication_extended_status=None,replication_status=None,scheduled_at=None,service_uuid=None,shared_targets=True,size=1,snapshot_id=None,snapshots=,source_volid=None,status='creating',terminated_at=None,updated_at=None,use_quota=True,user_id='6a67aecc9b07473c8de503024aaec35e',volume_attachment=VolumeAttachmentList,volume_type=VolumeType(a63ae585-cfc5-4915-9e83-54e83b874944),volume_type_id=a63ae585-cfc5-4915-9e83-54e83b874944)}' {{(pid=110834) _task_receiver /usr/local/lib/python3.8/dist-packages/taskflow/listeners/logging.py:178}}
Jul 07 07:22:10.899431 dv-cinder-826608-5-smb devstack@c-api.service[110834]: DEBUG cinder.volume.api [None req-b9a063b1-ce8e-4159-b01f-6675c56b8148 tempest-GroupsTest-140861658 tempest-GroupsTest-140861658-project] Task 'cinder.volume.flows.api.create_volume.QuotaCommitTask;volume:create' (ea2f2b97-1043-4211-92b8-72ef99286747) transitioned into state 'RUNNING' from state 'PENDING' {{(pid=110834) _task_receiver /usr/local/lib/python3.8/dist-packages/taskflow/listeners/logging.py:190}}
Jul 07 07:22:10.994967 dv-cinder-826608-5-smb devstack@c-api.service[110834]: DEBUG cinder.volume.api [None req-b9a063b1-ce8e-4159-b01f-6675c56b8148 tempest-GroupsTest-140861658 tempest-GroupsTest-140861658-project] Task 'cinder.volume.flows.api.create_volume.QuotaCommitTask;volume:create' (ea2f2b97-1043-4211-92b8-72ef99286747) transitioned into state 'SUCCESS' from state 'RUNNING' with result '{'volume_properties': VolumeProperties(attach_status='detached',availability_zone='nova',cgsnapshot_id=None,consistencygroup_id=None,display_description=None,display_name='tempest-GroupsTest-Volume-1166646013',encryption_key_id=None,group_id=fc8e9cc9-ad67-4bf9-95b7-bc1c20c02e8f,group_type_id=,metadata={},multiattach=False,project_id='054ab37bed884da08690ec634a95be6c',qos_specs=None,replication_status=,reservations=['b3de9bd4-8633-43d4-8a22-ef752eadc783','251e9ac8-f77a-4eb0-8572-4f0f63eb1b54','e5fcfe7d-af4b-4da0-b787-1e6f4b87a5a2','78bfc195-d61b-49ef-a93d-9a7776fbbdab'],size=1,snapshot_id=None,source_replicaid=,source_volid=None,status='creating',user_id='6a67aecc9b07473c8de503024aaec35e',volume_type_id=a63ae585-cfc5-4915-9e83-54e83b874944)}' {{(pid=110834) _task_receiver /usr/local/lib/python3.8/dist-packages/taskflow/listeners/logging.py:178}}
Jul 07 07:22:11.004223 dv-cinder-826608-5-smb devstack@c-api.service[110834]: DEBUG cinder.volume.api [None req-b9a063b1-ce8e-4159-b01f-6675c56b8148 tempest-GroupsTest-140861658 tempest-GroupsTest-140861658-project] Task 'cinder.volume.flows.api.create_volume.VolumeCastTask;volume:create' (5fb7195f-9cd5-4903-8663-ac9f2cb1d6da) transitioned into state 'RUNNING' from state 'PENDING' {{(pid=110834) _task_receiver /usr/local/lib/python3.8/dist-packages/taskflow/listeners/logging.py:190}}
Jul 07 07:22:11.075942 dv-cinder-826608-5-smb devstack@c-api.service[110834]: DEBUG cinder.volume.api [None req-b9a063b1-ce8e-4159-b01f-6675c56b8148 tempest-GroupsTest-140861658 tempest-GroupsTest-140861658-project] Task 'cinder.volume.flows.api.create_volume.VolumeCastTask;volume:create' (5fb7195f-9cd5-4903-8663-ac9f2cb1d6da) transitioned into state 'SUCCESS' from state 'RUNNING' with result 'None' {{(pid=110834) _task_receiver /usr/local/lib/python3.8/dist-packages/taskflow/listeners/logging.py:178}}
Jul 07 07:22:11.084846 dv-cinder-826608-5-smb devstack@c-api.service[110834]: DEBUG cinder.volume.api [None req-b9a063b1-ce8e-4159-b01f-6675c56b8148 tempest-GroupsTest-140861658 tempest-GroupsTest-140861658-project] Flow 'volume_create_api' (bf1cb9a8-d443-44d3-a410-495c68692605) transitioned into state 'SUCCESS' from state 'RUNNING' {{(pid=110834) _flow_receiver /usr/local/lib/python3.8/dist-packages/taskflow/listeners/logging.py:141}}
Jul 07 07:22:11.091082 dv-cinder-826608-5-smb devstack@c-api.service[110834]: INFO cinder.volume.api [None req-b9a063b1-ce8e-4159-b01f-6675c56b8148 tempest-GroupsTest-140861658 tempest-GroupsTest-140861658-project] Create volume request issued successfully.
Jul 07 07:22:11.104849 dv-cinder-826608-5-smb devstack@c-api.service[110834]: WARNING stevedore.named [None req-b9a063b1-ce8e-4159-b01f-6675c56b8148 tempest-GroupsTest-140861658 tempest-GroupsTest-140861658-project] Could not load cinder.keymgr.conf_key_mgr.ConfKeyManager
Jul 07 07:22:11.108264 dv-cinder-826608-5-smb devstack@c-api.service[110834]: WARNING castellan.key_manager [None req-b9a063b1-ce8e-4159-b01f-6675c56b8148 tempest-GroupsTest-140861658 tempest-GroupsTest-140861658-project] Deprecation Warning : cinder.keymgr.conf_key_mgr.ConfKeyManager is not a stevedore based driver, trying to load it as a class: stevedore.exception.NoMatches: No 'castellan.drivers' driver found, looking for 'cinder.keymgr.conf_key_mgr.ConfKeyManager'
Jul 07 07:22:11.138454 dv-cinder-826608-5-smb devstack@c-api.service[110833]: INFO cinder.api.openstack.wsgi [None req-1c741fbf-9bd6-4d82-ab17-b6568272181c tempest-UserMessagesTest-786952035 tempest-UserMessagesTest-786952035-project] POST http://10.222.0.60/volume/v3/c694375c14664840aff7b1534e094d8e/volumes
Jul 07 07:22:11.141544 dv-cinder-826608-5-smb devstack@c-api.service[110833]: DEBUG cinder.api.openstack.wsgi [None req-1c741fbf-9bd6-4d82-ab17-b6568272181c tempest-UserMessagesTest-786952035 tempest-UserMessagesTest-786952035-project] Action: 'create', calling method: create, body: {"volume": {"volume_type": "a06014f6-301a-4b08-af63-fde0ec823d53", "size": 1, "name": "tempest-UserMessagesTest-Volume-2052430777"}} {{(pid=110833) _process_stack /opt/stack/cinder/cinder/api/openstack/wsgi.py:866}}
Jul 07 07:22:11.143363 dv-cinder-826608-5-smb devstack@c-api.service[110833]: DEBUG cinder.api.v3.volumes [None req-1c741fbf-9bd6-4d82-ab17-b6568272181c tempest-UserMessagesTest-786952035 tempest-UserMessagesTest-786952035-project] Create volume request body: {'volume': {'volume_type': 'a06014f6-301a-4b08-af63-fde0ec823d53', 'size': 1, 'name': 'tempest-UserMessagesTest-Volume-2052430777'}} {{(pid=110833) create /opt/stack/cinder/cinder/api/v3/volumes.py:298}}
Jul 07 07:22:11.149962 dv-cinder-826608-5-smb devstack@c-api.service[110834]: DEBUG oslo_db.sqlalchemy.engines [None req-b9a063b1-ce8e-4159-b01f-6675c56b8148 tempest-GroupsTest-140861658 tempest-GroupsTest-140861658-project] MySQL server mode set to STRICT_TRANS_TABLES,STRICT_ALL_TABLES,NO_ZERO_IN_DATE,NO_ZERO_DATE,ERROR_FOR_DIVISION_BY_ZERO,TRADITIONAL,NO_ENGINE_SUBSTITUTION {{(pid=110834) _check_effective_sql_mode /usr/local/lib/python3.8/dist-packages/oslo_db/sqlalchemy/engines.py:314}}
Jul 07 07:22:11.178114 dv-cinder-826608-5-smb devstack@c-api.service[110833]: INFO cinder.api.v3.volumes [None req-1c741fbf-9bd6-4d82-ab17-b6568272181c tempest-UserMessagesTest-786952035 tempest-UserMessagesTest-786952035-project] Create volume of 1 GB
Jul 07 07:22:11.178874 dv-cinder-826608-5-smb devstack@c-api.service[110833]: /usr/local/lib/python3.8/dist-packages/oslo_context/context.py:100: DeprecationWarning: Policy enforcement is depending on the value of is_admin. This key is deprecated. Please update your policy file to use the standard policy values.
Jul 07 07:22:11.178874 dv-cinder-826608-5-smb devstack@c-api.service[110833]: warnings.warn('Policy enforcement is depending on the value of '
Jul 07 07:22:11.179766 dv-cinder-826608-5-smb devstack@c-api.service[110834]: /usr/local/lib/python3.8/dist-packages/oslo_context/context.py:100: DeprecationWarning: Policy enforcement is depending on the value of is_admin. This key is deprecated. Please update your policy file to use the standard policy values.
Jul 07 07:22:11.179766 dv-cinder-826608-5-smb devstack@c-api.service[110834]: warnings.warn('Policy enforcement is depending on the value of '
Jul 07 07:22:11.186631 dv-cinder-826608-5-smb devstack@c-api.service[110833]: INFO cinder.volume.api [None req-1c741fbf-9bd6-4d82-ab17-b6568272181c tempest-UserMessagesTest-786952035 tempest-UserMessagesTest-786952035-project] Availability Zones retrieved successfully.
Jul 07 07:22:11.211048 dv-cinder-826608-5-smb devstack@c-api.service[110834]: INFO cinder.api.openstack.wsgi [None req-b9a063b1-ce8e-4159-b01f-6675c56b8148 tempest-GroupsTest-140861658 tempest-GroupsTest-140861658-project] http://10.222.0.60/volume/v3/054ab37bed884da08690ec634a95be6c/volumes returned with HTTP 202
Jul 07 07:22:11.223124 dv-cinder-826608-5-smb devstack@c-api.service[110834]: [pid: 110834|app: 0|req: 43/82] 10.222.0.60 () {62 vars in 1276 bytes} [Thu Jul 7 07:22:10 2022] POST /volume/v3/054ab37bed884da08690ec634a95be6c/volumes => generated 892 bytes in 798 msecs (HTTP/1.1 202) 7 headers in 292 bytes (1 switches on core 0)
Jul 07 07:22:11.223124 dv-cinder-826608-5-smb devstack@c-api.service[110834]: DEBUG cinder.api.middleware.request_id [None req-7b6fe40a-8e28-4fac-a297-faf08d164afa None None] RequestId filter calling following filter/app {{(pid=110834) _context_setter /opt/stack/cinder/cinder/api/middleware/request_id.py:62}}
Jul 07 07:22:11.237339 dv-cinder-826608-5-smb devstack@c-api.service[110834]: INFO cinder.api.openstack.wsgi [None req-7b6fe40a-8e28-4fac-a297-faf08d164afa tempest-VolumesDeleteCascade-829251197 tempest-VolumesDeleteCascade-829251197-project] GET http://10.222.0.60/volume/v3/d05eaa827be041dda2eddbda812c08e5/volumes/d5482ff2-0b2f-46fa-b94b-86d0523b4216
Jul 07 07:22:11.239869 dv-cinder-826608-5-smb devstack@c-api.service[110834]: DEBUG cinder.api.openstack.wsgi [None req-7b6fe40a-8e28-4fac-a297-faf08d164afa tempest-VolumesDeleteCascade-829251197 tempest-VolumesDeleteCascade-829251197-project] Empty body provided in request {{(pid=110834) get_body /opt/stack/cinder/cinder/api/openstack/wsgi.py:715}}
Jul 07 07:22:11.243029 dv-cinder-826608-5-smb devstack@c-api.service[110834]: DEBUG cinder.api.openstack.wsgi [None req-7b6fe40a-8e28-4fac-a297-faf08d164afa tempest-VolumesDeleteCascade-829251197 tempest-VolumesDeleteCascade-829251197-project] Calling method 'show' {{(pid=110834) _process_stack /opt/stack/cinder/cinder/api/openstack/wsgi.py:868}}
Jul 07 07:22:11.266141 dv-cinder-826608-5-smb devstack@c-api.service[110833]: DEBUG cinder.volume.api [None req-1c741fbf-9bd6-4d82-ab17-b6568272181c tempest-UserMessagesTest-786952035 tempest-UserMessagesTest-786952035-project] Flow 'volume_create_api' (2a7fc00a-1010-4675-b8d3-d0dbc289768b) transitioned into state 'RUNNING' from state 'PENDING' {{(pid=110833) _flow_receiver /usr/local/lib/python3.8/dist-packages/taskflow/listeners/logging.py:141}}
Jul 07 07:22:11.275297 dv-cinder-826608-5-smb devstack@c-api.service[110833]: DEBUG cinder.volume.api [None req-1c741fbf-9bd6-4d82-ab17-b6568272181c tempest-UserMessagesTest-786952035 tempest-UserMessagesTest-786952035-project] Task 'cinder.volume.flows.api.create_volume.ExtractVolumeRequestTask;volume:create' (41ec3458-134f-4370-aa1d-e5caebd358f3) transitioned into state 'RUNNING' from state 'PENDING' {{(pid=110833) _task_receiver /usr/local/lib/python3.8/dist-packages/taskflow/listeners/logging.py:190}}
Jul 07 07:22:11.293691 dv-cinder-826608-5-smb devstack@c-api.service[110833]: DEBUG cinder.volume.flows.api.create_volume [None req-1c741fbf-9bd6-4d82-ab17-b6568272181c tempest-UserMessagesTest-786952035 tempest-UserMessagesTest-786952035-project] Validating volume size '1' using validate_int {{(pid=110833) _extract_size /opt/stack/cinder/cinder/volume/flows/api/create_volume.py:228}}
Jul 07 07:22:11.303400 dv-cinder-826608-5-smb devstack@c-api.service[110834]: /usr/local/lib/python3.8/dist-packages/oslo_context/context.py:100: DeprecationWarning: Policy enforcement is depending on the value of is_admin. This key is deprecated. Please update your policy file to use the standard policy values.
Jul 07 07:22:11.303400 dv-cinder-826608-5-smb devstack@c-api.service[110834]: warnings.warn('Policy enforcement is depending on the value of '
Jul 07 07:22:11.326746 dv-cinder-826608-5-smb devstack@c-api.service[110834]: INFO cinder.volume.api [None req-7b6fe40a-8e28-4fac-a297-faf08d164afa tempest-VolumesDeleteCascade-829251197 tempest-VolumesDeleteCascade-829251197-project] Volume info retrieved successfully.
Jul 07 07:22:11.351689 dv-cinder-826608-5-smb devstack@c-api.service[110834]: INFO cinder.api.openstack.wsgi [None req-7b6fe40a-8e28-4fac-a297-faf08d164afa tempest-VolumesDeleteCascade-829251197 tempest-VolumesDeleteCascade-829251197-project] http://10.222.0.60/volume/v3/d05eaa827be041dda2eddbda812c08e5/volumes/d5482ff2-0b2f-46fa-b94b-86d0523b4216 returned with HTTP 200
Jul 07 07:22:11.355985 dv-cinder-826608-5-smb devstack@c-api.service[110834]: [pid: 110834|app: 0|req: 44/83] 10.222.0.60 () {58 vars in 1324 bytes} [Thu Jul 7 07:22:11 2022] GET /volume/v3/d05eaa827be041dda2eddbda812c08e5/volumes/d5482ff2-0b2f-46fa-b94b-86d0523b4216 => generated 912 bytes in 139 msecs (HTTP/1.1 200) 7 headers in 285 bytes (1 switches on core 0)
Jul 07 07:22:11.359706 dv-cinder-826608-5-smb devstack@c-api.service[110834]: DEBUG cinder.api.middleware.request_id [None req-77417a88-99ea-4007-a46a-4f85e68f28e9 None None] RequestId filter calling following filter/app {{(pid=110834) _context_setter /opt/stack/cinder/cinder/api/middleware/request_id.py:62}}
Jul 07 07:22:11.369977 dv-cinder-826608-5-smb devstack@c-api.service[110834]: INFO cinder.api.openstack.wsgi [None req-77417a88-99ea-4007-a46a-4f85e68f28e9 tempest-GroupsTest-140861658 tempest-GroupsTest-140861658-project] GET http://10.222.0.60/volume/v3/054ab37bed884da08690ec634a95be6c/volumes/73ac1fb3-a893-4178-aea1-3e7e5988d66a
Jul 07 07:22:11.377185 dv-cinder-826608-5-smb devstack@c-api.service[110834]: DEBUG cinder.api.openstack.wsgi [None req-77417a88-99ea-4007-a46a-4f85e68f28e9 tempest-GroupsTest-140861658 tempest-GroupsTest-140861658-project] Empty body provided in request {{(pid=110834) get_body /opt/stack/cinder/cinder/api/openstack/wsgi.py:715}}
Jul 07 07:22:11.379045 dv-cinder-826608-5-smb devstack@c-api.service[110834]: DEBUG cinder.api.openstack.wsgi [None req-77417a88-99ea-4007-a46a-4f85e68f28e9 tempest-GroupsTest-140861658 tempest-GroupsTest-140861658-project] Calling method 'show' {{(pid=110834) _process_stack /opt/stack/cinder/cinder/api/openstack/wsgi.py:868}}
Jul 07 07:22:11.412403 dv-cinder-826608-5-smb devstack@c-api.service[110834]: /usr/local/lib/python3.8/dist-packages/oslo_context/context.py:100: DeprecationWarning: Policy enforcement is depending on the value of is_admin. This key is deprecated. Please update your policy file to use the standard policy values.
Jul 07 07:22:11.412403 dv-cinder-826608-5-smb devstack@c-api.service[110834]: warnings.warn('Policy enforcement is depending on the value of '
Jul 07 07:22:11.437285 dv-cinder-826608-5-smb devstack@c-api.service[110833]: DEBUG cinder.volume.api [None req-1c741fbf-9bd6-4d82-ab17-b6568272181c tempest-UserMessagesTest-786952035 tempest-UserMessagesTest-786952035-project] Task 'cinder.volume.flows.api.create_volume.ExtractVolumeRequestTask;volume:create' (41ec3458-134f-4370-aa1d-e5caebd358f3) transitioned into state 'SUCCESS' from state 'RUNNING' with result '{'size': 1, 'snapshot_id': None, 'source_volid': None, 'volume_type': VolumeType(created_at=2022-07-07T07:22:11Z,deleted=False,deleted_at=None,description=None,extra_specs={storage_protocol='tempest-storage_protocol-106247096',vendor_name='tempest-vendor_name-1610063396'},id=a06014f6-301a-4b08-af63-fde0ec823d53,is_public=True,name='tempest-UserMessagesTest-volume-type-1584154800',projects=[],qos_specs=,qos_specs_id=None,updated_at=None), 'volume_type_id': 'a06014f6-301a-4b08-af63-fde0ec823d53', 'encryption_key_id': None, 'qos_specs': None, 'consistencygroup_id': None, 'cgsnapshot_id': None, 'group_id': None, 'replication_status': 'disabled', 'refresh_az': False, 'backup_id': None, 'multiattach': False, 'availability_zones': ['nova']}' {{(pid=110833) _task_receiver /usr/local/lib/python3.8/dist-packages/taskflow/listeners/logging.py:178}}
Jul 07 07:22:11.440832 dv-cinder-826608-5-smb devstack@c-api.service[110834]: INFO cinder.volume.api [None req-77417a88-99ea-4007-a46a-4f85e68f28e9 tempest-GroupsTest-140861658 tempest-GroupsTest-140861658-project] Volume info retrieved successfully.
Jul 07 07:22:11.447175 dv-cinder-826608-5-smb devstack@c-api.service[110834]: WARNING stevedore.named [None req-77417a88-99ea-4007-a46a-4f85e68f28e9 tempest-GroupsTest-140861658 tempest-GroupsTest-140861658-project] Could not load cinder.keymgr.conf_key_mgr.ConfKeyManager
Jul 07 07:22:11.447779 dv-cinder-826608-5-smb devstack@c-api.service[110833]: DEBUG cinder.volume.api [None req-1c741fbf-9bd6-4d82-ab17-b6568272181c tempest-UserMessagesTest-786952035 tempest-UserMessagesTest-786952035-project] Task 'cinder.volume.flows.api.create_volume.QuotaReserveTask;volume:create' (f4113305-6688-409a-9af9-50c1ad0adf3b) transitioned into state 'RUNNING' from state 'PENDING' {{(pid=110833) _task_receiver /usr/local/lib/python3.8/dist-packages/taskflow/listeners/logging.py:190}}
