Jan 27 11:09:55.264386 dv-cinder-826608-1-iscsi devstack@placement-api.service[102929]: DEBUG placement.wsgi [-] profiler.trace_sqlalchemy = False {{(pid=102929) log_opt_values /usr/local/lib/python3.8/dist-packages/oslo_config/cfg.py:2609}}
Jan 27 11:09:55.264465 dv-cinder-826608-1-iscsi devstack@placement-api.service[102930]: DEBUG placement.wsgi [-] profiler.trace_sqlalchemy = False {{(pid=102930) log_opt_values /usr/local/lib/python3.8/dist-packages/oslo_config/cfg.py:2609}}
Jan 27 11:09:55.264542 dv-cinder-826608-1-iscsi devstack@placement-api.service[102930]: DEBUG placement.wsgi [-] ******************************************************************************** {{(pid=102930) log_opt_values /usr/local/lib/python3.8/dist-packages/oslo_config/cfg.py:2613}}
Jan 27 11:09:55.264630 dv-cinder-826608-1-iscsi devstack@placement-api.service[102929]: DEBUG placement.wsgi [-] ******************************************************************************** {{(pid=102929) log_opt_values /usr/local/lib/python3.8/dist-packages/oslo_config/cfg.py:2613}}
Jan 27 11:09:55.273582 dv-cinder-826608-1-iscsi devstack@placement-api.service[102930]: WARNING keystonemiddleware.auth_token [-] AuthToken middleware is set with keystone_authtoken.service_token_roles_required set to False. This is backwards compatible but deprecated behaviour. Please set this to True.
Jan 27 11:09:55.273716 dv-cinder-826608-1-iscsi devstack@placement-api.service[102929]: WARNING keystonemiddleware.auth_token [-] AuthToken middleware is set with keystone_authtoken.service_token_roles_required set to False. This is backwards compatible but deprecated behaviour. Please set this to True.
Jan 27 11:09:55.395079 dv-cinder-826608-1-iscsi devstack@placement-api.service[102930]: WARNING py.warnings [-] /usr/local/lib/python3.8/dist-packages/pkg_resources/__init__.py:116: PkgResourcesDeprecationWarning: 0.23ubuntu1 is an invalid version and will not be supported in a future release
Jan 27 11:09:55.395079 dv-cinder-826608-1-iscsi devstack@placement-api.service[102930]: warnings.warn(
Jan 27 11:09:55.395079 dv-cinder-826608-1-iscsi devstack@placement-api.service[102930]: : pkg_resources.extern.packaging.version.InvalidVersion: Invalid version: '0.23ubuntu1'
Jan 27 11:09:55.395707 dv-cinder-826608-1-iscsi devstack@placement-api.service[102930]: WARNING py.warnings [-] /usr/local/lib/python3.8/dist-packages/pkg_resources/__init__.py:116: PkgResourcesDeprecationWarning: 0.1.36ubuntu1 is an invalid version and will not be supported in a future release
Jan 27 11:09:55.395707 dv-cinder-826608-1-iscsi devstack@placement-api.service[102930]: warnings.warn(
Jan 27 11:09:55.395707 dv-cinder-826608-1-iscsi devstack@placement-api.service[102930]: : pkg_resources.extern.packaging.version.InvalidVersion: Invalid version: '0.1.36ubuntu1'
Jan 27 11:09:55.396038 dv-cinder-826608-1-iscsi devstack@placement-api.service[102929]: WARNING py.warnings [-] /usr/local/lib/python3.8/dist-packages/pkg_resources/__init__.py:116: PkgResourcesDeprecationWarning: 0.23ubuntu1 is an invalid version and will not be supported in a future release
Jan 27 11:09:55.396038 dv-cinder-826608-1-iscsi devstack@placement-api.service[102929]: warnings.warn(
Jan 27 11:09:55.396038 dv-cinder-826608-1-iscsi devstack@placement-api.service[102929]: : pkg_resources.extern.packaging.version.InvalidVersion: Invalid version: '0.23ubuntu1'
Jan 27 11:09:55.396480 dv-cinder-826608-1-iscsi devstack@placement-api.service[102929]: WARNING py.warnings [-] /usr/local/lib/python3.8/dist-packages/pkg_resources/__init__.py:116: PkgResourcesDeprecationWarning: 0.1.36ubuntu1 is an invalid version and will not be supported in a future release
Jan 27 11:09:55.396480 dv-cinder-826608-1-iscsi devstack@placement-api.service[102929]: warnings.warn(
Jan 27 11:09:55.396480 dv-cinder-826608-1-iscsi devstack@placement-api.service[102929]: : pkg_resources.extern.packaging.version.InvalidVersion: Invalid version: '0.1.36ubuntu1'
Jan 27 11:09:55.397772 dv-cinder-826608-1-iscsi devstack@placement-api.service[102930]: WARNING keystonemiddleware.auth_token [-] Configuring www_authenticate_uri to point to the public identity endpoint is required; clients may not be able to authenticate against an admin endpoint
Jan 27 11:09:55.398580 dv-cinder-826608-1-iscsi devstack@placement-api.service[102929]: WARNING keystonemiddleware.auth_token [-] Configuring www_authenticate_uri to point to the public identity endpoint is required; clients may not be able to authenticate against an admin endpoint
Jan 27 11:09:55.404565 dv-cinder-826608-1-iscsi devstack@placement-api.service[102930]: DEBUG oslo_concurrency.lockutils [-] Acquired lock "trait_sync" {{(pid=102930) lock /usr/local/lib/python3.8/dist-packages/oslo_concurrency/lockutils.py:294}}
Jan 27 11:09:55.405586 dv-cinder-826608-1-iscsi devstack@placement-api.service[102929]: DEBUG oslo_concurrency.lockutils [-] Acquired lock "trait_sync" {{(pid=102929) lock /usr/local/lib/python3.8/dist-packages/oslo_concurrency/lockutils.py:294}}
Jan 27 11:09:55.441625 dv-cinder-826608-1-iscsi devstack@placement-api.service[102930]: DEBUG oslo_db.sqlalchemy.engines [-] MySQL server mode set to STRICT_TRANS_TABLES,STRICT_ALL_TABLES,NO_ZERO_IN_DATE,NO_ZERO_DATE,ERROR_FOR_DIVISION_BY_ZERO,TRADITIONAL,NO_ENGINE_SUBSTITUTION {{(pid=102930) _check_effective_sql_mode /usr/local/lib/python3.8/dist-packages/oslo_db/sqlalchemy/engines.py:314}}
Jan 27 11:09:55.442895 dv-cinder-826608-1-iscsi devstack@placement-api.service[102929]: DEBUG oslo_db.sqlalchemy.engines [-] MySQL server mode set to STRICT_TRANS_TABLES,STRICT_ALL_TABLES,NO_ZERO_IN_DATE,NO_ZERO_DATE,ERROR_FOR_DIVISION_BY_ZERO,TRADITIONAL,NO_ENGINE_SUBSTITUTION {{(pid=102929) _check_effective_sql_mode /usr/local/lib/python3.8/dist-packages/oslo_db/sqlalchemy/engines.py:314}}
Jan 27 11:09:55.478303 dv-cinder-826608-1-iscsi devstack@placement-api.service[102930]: DEBUG placement.objects.trait [-] Synced traits from os_traits into API DB: {'COMPUTE_IMAGE_TYPE_ARI', 'HW_NIC_OFFLOAD_TSO', 'COMPUTE_NET_VIF_MODEL_VIRTIO', 'HW_CPU_X86_AVX512VBMI2', 'HW_NIC_MULTIQUEUE', 'HW_CPU_AARCH64_SHA2', 'HW_GPU_RESOLUTION_W1024H768', 'COMPUTE_IMAGE_TYPE_PLOOP', 'HW_CPU_X86_AVX512PF', 'COMPUTE_GRAPHICS_MODEL_XEN', 'HW_CPU_X86_XOP', 'HW_CPU_X86_AVX', 'COMPUTE_MIGRATE_AUTO_CONVERGE', 'COMPUTE_STORAGE_BUS_LXC', 'HW_GPU_CUDA_COMPUTE_CAPABILITY_V6_2', 'HW_GPU_API_OPENGL_V4_0', 'HW_NIC_OFFLOAD_LSO', 'HW_NIC_ACCEL_TLS', 'COMPUTE_FIRMWARE_BIOS', 'COMPUTE_TRUSTED_CERTS', 'HW_GPU_API_DIRECTX_V10', 'COMPUTE_NET_VIF_MODEL_LAN9118', 'HW_GPU_CUDA_COMPUTE_CAPABILITY_V3_2', 'HW_NIC_OFFLOAD_TXVLAN', 'HW_CPU_X86_SHA', 'HW_CPU_AARCH64_SVE', 'HW_CPU_X86_SSE4A', 'HW_GPU_API_OPENGL_V2_1', 'HW_CPU_AARCH64_ASIMDHP', 'HW_GPU_API_DIRECT3D_V11_3', 'HW_GPU_API_DIRECT3D_V7_0', 'HW_NIC_OFFLOAD_SWITCHDEV', 'HW_NIC_DCB_QCN', 'COMPUTE_GRAPHICS_MODEL_VIRTIO', 'HW_GPU_API_OPENCL_V1_1', 'HW_CPU_X86_SSE42', 'HW_CPU_AARCH64_SM3', 'HW_GPU_MAX_DISPLAY_HEADS_1', 'HW_GPU_CUDA_COMPUTE_CAPABILITY_V1_0', 'HW_GPU_API_OPENCL_V2_2', 'HW_CPU_AARCH64_ASIMDRDM', 'HW_CPU_X86_VMX', 'HW_NIC_PROGRAMMABLE_PIPELINE', 'HW_CPU_X86_FMA3', 'HW_GPU_API_DIRECT3D_V9_0C', 'STORAGE_DISK_HDD', 'COMPUTE_NET_VIF_MODEL_E1000E', 'COMPUTE_NET_VIF_MODEL_RTL8139', 'HW_CPU_AARCH64_JSCVT', 'HW_GPU_API_OPENGL_V4_5', 'HW_CPU_X86_AVX512VBMI', 'HW_NIC_OFFLOAD_VXLAN', 'HW_GPU_API_OPENGL_V1_3', 'HW_NIC_OFFLOAD_GENEVE', 'HW_NIC_OFFLOAD_UCS', 'HW_GPU_RESOLUTION_W1280H720', 'HW_GPU_API_OPENCL_V1_0', 'HW_CPU_AARCH64_SHA1', 'HW_CPU_X86_INTEL_PCID', 'COMPUTE_NET_VIF_MODEL_VMXNET', 'HW_GPU_RESOLUTION_W1360H768', 'HW_NIC_OFFLOAD_L2CRC', 'HW_CPU_X86_ABM', 'HW_CPU_X86_AMD_NO_SSB', 'MISC_SHARES_VIA_AGGREGATE', 'COMPUTE_IMAGE_TYPE_AMI', 'HW_GPU_CUDA_SDK_V9_2', 'COMPUTE_STORAGE_BUS_VIRTIO', 'HW_GPU_MAX_DISPLAY_HEADS_8', 'HW_CPU_AARCH64_FP', 'COMPUTE_IMAGE_TYPE_VDI', 'COMPUTE_IMAGE_TYPE_RAW', 'HW_CPU_AARCH64_LRCPC', 'HW_GPU_API_OPENCL_V2_0', 'HW_NIC_OFFLOAD_UFO', 'HW_CPU_AARCH64_CRC32', 'HW_CPU_X86_BMI2', 'HW_GPU_API_DIRECT3D_V8_0', 'HW_CPU_X86_INTEL_MD_CLEAR', 'HW_GPU_API_OPENGL_V4_2', 'HW_GPU_CUDA_COMPUTE_CAPABILITY_V5_3', 'HW_NIC_ACCEL_ECC', 'HW_GPU_RESOLUTION_W1280H1024', 'HW_GPU_RESOLUTION_W1440H900', 'HW_NIC_OFFLOAD_RXVLAN', 'COMPUTE_GRAPHICS_MODEL_CIRRUS', 'COMPUTE_GRAPHICS_MODEL_QXL', 'HW_GPU_API_DIRECT3D_V11_1', 'HW_GPU_RESOLUTION_W1920H1080', 'HW_CPU_AARCH64_ATOMICS', 'HW_GPU_RESOLUTION_W1680H1050', 'COMPUTE_VOLUME_ATTACH_WITH_TAG', 'HW_GPU_API_OPENGL_V1_5', 'COMPUTE_EPHEMERAL_ENCRYPTION_PLAIN', 'COMPUTE_VOLUME_ATTACH', 'HW_GPU_RESOLUTION_W1152H864', 'HW_GPU_API_DIRECT3D_V10_0', 'HW_GPU_RESOLUTION_W1280H768', 'HW_CPU_X86_AVX512ER', 'COMPUTE_STORAGE_BUS_XEN', 'HW_NIC_OFFLOAD_SG', 'HW_GPU_CUDA_COMPUTE_CAPABILITY_V7_2', 'HW_GPU_MAX_DISPLAY_HEADS_2', 'HW_NIC_ACCEL_LZS', 'HW_GPU_RESOLUTION_W1600H1200', 'HW_CPU_AARCH64_ASIMDDP', 'HW_CPU_X86_3DNOW', 'HW_GPU_RESOLUTION_W2560H1440', 'HW_NIC_OFFLOAD_FDF', 'HW_GPU_API_OPENGL_V3_1', 'HW_CPU_X86_AVX512F', 'HW_GPU_API_DIRECT3D_V9_0L', 'HW_GPU_MAX_DISPLAY_HEADS_4', 'COMPUTE_GRAPHICS_MODEL_GOP', 'HW_NIC_OFFLOAD_GRO', 'COMPUTE_DEVICE_TAGGING', 'HW_NIC_SRIOV_QOS_RX', 'HW_GPU_API_DIRECT3D_V11_2', 'HW_GPU_CUDA_COMPUTE_CAPABILITY_V3_7', 'COMPUTE_EPHEMERAL_ENCRYPTION_LUKSV2', 'HW_CPU_AARCH64_FCMA', 'HW_CPU_AMD_SEV', 'HW_CPU_X86_TSX', 'HW_CPU_X86_TBM', 'HW_NIC_OFFLOAD_SCS', 'COMPUTE_ACCELERATORS', 'HW_CPU_X86_AMD_SEV', 'HW_GPU_API_DIRECT3D_V9_0B', 'HW_GPU_CUDA_COMPUTE_CAPABILITY_V1_2', 'HW_NIC_VMDQ', 'HW_CPU_X86_AVX512CD', 'HW_CPU_X86_SSE', 'COMPUTE_SECURITY_UEFI_SECURE_BOOT', 'HW_GPU_API_OPENGL_V2_0', 'HW_CPU_X86_AMD_SVM', 'COMPUTE_SOCKET_PCI_NUMA_AFFINITY', 'COMPUTE_EPHEMERAL_ENCRYPTION_LUKS', 'HW_NIC_OFFLOAD_QINQ', 'HW_GPU_RESOLUTION_W2560H1600', 'HW_GPU_API_DIRECT3D_V12_0', 'HW_CPU_X86_AVX512VAES', 'HW_GPU_CUDA_COMPUTE_CAPABILITY_V2_0', 'COMPUTE_SECURITY_TPM_1_2', 'HW_CPU_X86_AVX512DQ', 'COMPUTE_IMAGE_TYPE_VHD', 'HW_CPU_AARCH64_SHA3', 'HW_GPU_CUDA_SDK_V8_0', 'HW_NIC_OFFLOAD_GRE', 'HW_NIC_OFFLOAD_RDMA', 'HW_CPU_X86_SSE41', 'HW_CPU_X86_AVX512VPCLMULQDQ', 'HW_CPU_X86_INTEL_SPEC_CTRL', 'HW_GPU_RESOLUTION_W1280H800', 'HW_GPU_RESOLUTION_W800H600', 'HW_GPU_API_OPENGL_V1_4', 'HW_GPU_API_OPENGL_V4_4', 'COMPUTE_MIGRATE_POST_COPY', 'HW_GPU_CUDA_COMPUTE_CAPABILITY_V1_1', 'COMPUTE_NET_ATTACH_INTERFACE_WITH_TAG', 'HW_GPU_API_DIRECT3D_V11_0', 'COMPUTE_GRAPHICS_MODEL_VMVGA', 'HW_CPU_X86_FMA4', 'HW_GPU_CUDA_SDK_V10_0', 'HW_NIC_SRIOV_MULTIQUEUE', 'HW_GPU_CUDA_COMPUTE_CAPABILITY_V3_5', 'STORAGE_DISK_SSD', 'COMPUTE_NODE', 'COMPUTE_NET_VIF_MODEL_E1000', 'HW_GPU_CUDA_COMPUTE_CAPABILITY_V1_3', 'HW_CPU_X86_SSE3', 'HW_NIC_DCB_PFC', 'HW_GPU_RESOLUTION_W3840H2160', 'COMPUTE_IMAGE_TYPE_VMDK', 'HW_CPU_X86_SSE2', 'HW_CPU_X86_SSSE3', 'HW_GPU_API_DIRECTX_V12', 'HW_GPU_RESOLUTION_W7680H4320', 'HW_NIC_OFFLOAD_GSO', 'HW_CPU_X86_AMD_VIRT_SSBD', 'HW_CPU_PPC64LE_POWER8', 'HW_GPU_CUDA_COMPUTE_CAPABILITY_V6_1', 'HW_GPU_API_DIRECTX_V11', 'HW_CPU_HYPERTHREADING', 'HW_NIC_OFFLOAD_TX', 'HW_CPU_AARCH64_ASIMD', 'HW_GPU_API_OPENGL_V4_1', 'HW_CPU_X86_CLMUL', 'COMPUTE_NET_VIF_MODEL_NETFRONT', 'HW_CPU_AARCH64_SHA512', 'HW_CPU_AARCH64_AES', 'HW_GPU_API_DIRECT3D_V10_1', 'HW_GPU_CUDA_COMPUTE_CAPABILITY_V6_0', 'HW_NIC_SRIOV_QOS_TX', 'HW_CPU_AARCH64_PMULL', 'HW_NIC_OFFLOAD_RXHASH', 'HW_CPU_AARCH64_DCPOP', 'HW_CPU_X86_F16C', 'COMPUTE_EPHEMERAL_ENCRYPTION', 'HW_GPU_RESOLUTION_W1024H600', 'COMPUTE_IMAGE_TYPE_QCOW2', 'HW_NIC_ACCEL_DIFFIEH', 'COMPUTE_NET_VIF_MODEL_PCNET', 'HW_CPU_AARCH64_FPHP', 'COMPUTE_NET_VIF_MODEL_SPAPR_VLAN', 'HW_CPU_X86_INTEL_SSBD', 'HW_CPU_AARCH64_EVTSTRM', 'HW_NIC_ACCEL_DEFLATE', 'COMPUTE_STORAGE_BUS_SCSI', 'HW_GPU_API_OPENCL_V2_1', 'HW_CPU_X86_PDPE1GB', 'COMPUTE_IMAGE_TYPE_AKI', 'HW_GPU_API_DIRECT3D_V9_0', 'HW_GPU_API_OPENCL_V1_2', 'HW_CPU_X86_ASF', 'HW_GPU_API_OPENGL_V3_2', 'HW_GPU_CUDA_SDK_V9_1', 'HW_GPU_CUDA_COMPUTE_CAPABILITY_V2_1', 'COMPUTE_RESCUE_BFV', 'HW_NIC_SRIOV_TRUSTED', 'HW_CPU_X86_AVX512VNNI', 'HW_NUMA_ROOT', 'HW_CPU_X86_AVX2', 'HW_CPU_AARCH64_CPUID', 'HW_GPU_API_OPENGL_V1_1', 'COMPUTE_VOLUME_MULTI_ATTACH', 'HW_CPU_X86_AVX512IFMA', 'COMPUTE_IMAGE_TYPE_ISO', 'COMPUTE_GRAPHICS_MODEL_BOCHS', 'HW_GPU_RESOLUTION_W1920H1200', 'HW_CPU_X86_AVX512BW', 'COMPUTE_VOLUME_EXTEND', 'HW_GPU_CUDA_SDK_V6_5', 'HW_CPU_X86_MMX', 'COMPUTE_NET_ATTACH_INTERFACE', 'HW_GPU_API_DIRECT3D_V8_1', 'HW_GPU_API_DXVA', 'COMPUTE_GRAPHICS_MODEL_VGA', 'HW_NIC_DCB_ETS', 'HW_NIC_SRIOV', 'HW_CPU_PPC64LE_POWER9', 'HW_CPU_X86_MPX', 'HW_CPU_X86_SVM', 'HW_GPU_API_DIRECT3D_V6_0', 'HW_GPU_API_OPENGL_V1_2', 'HW_CPU_X86_AVX512VL', 'HW_NIC_OFFLOAD_TXUDP', 'HW_GPU_API_VULKAN', 'HW_GPU_API_OPENGL_V3_0', 'HW_CPU_X86_INTEL_VMX', 'COMPUTE_NET_VIF_MODEL_NE2K_PCI', 'HW_CPU_AARCH64_SM4', 'COMPUTE_STORAGE_BUS_UML', 'COMPUTE_IMAGE_TYPE_VHDX', 'HW_CPU_X86_AVX512GFNI', 'HW_CPU_X86_AMD_IBPB', 'COMPUTE_FIRMWARE_UEFI', 'COMPUTE_STORAGE_BUS_IDE', 'HW_GPU_CUDA_COMPUTE_CAPABILITY_V3_0', 'HW_GPU_RESOLUTION_W320H240', 'HW_GPU_API_DIRECT2D', 'HW_NIC_OFFLOAD_TCS', 'COMPUTE_NET_VIF_MODEL_VMXNET3', 'COMPUTE_NET_VIF_MODEL_SRIOV', 'HW_GPU_RESOLUTION_W1366H768', 'HW_GPU_CUDA_COMPUTE_CAPABILITY_V5_0', 'HW_CPU_X86_AMD_SSBD', 'HW_CPU_X86_AVX512VPOPCNTDQ', 'HW_NIC_ACCEL_SSL', 'COMPUTE_STORAGE_BUS_FDC', 'HW_NIC_OFFLOAD_RX', 'HW_CPU_X86_SGX', 'HW_CPU_X86_AVX512BITALG', 'HW_CPU_X86_STIBP', 'HW_NIC_ACCEL_RSA', 'COMPUTE_STATUS_DISABLED', 'HW_GPU_CUDA_SDK_V7_5', 'HW_GPU_CUDA_SDK_V9_0', 'COMPUTE_SAME_HOST_COLD_MIGRATE', 'HW_NIC_OFFLOAD_LRO', 'HW_GPU_CUDA_COMPUTE_CAPABILITY_V7_0', 'COMPUTE_SECURITY_TPM_2_0', 'HW_GPU_CUDA_COMPUTE_CAPABILITY_V5_2', 'HW_GPU_API_OPENGL_V4_3', 'COMPUTE_STORAGE_BUS_USB', 'HW_NIC_ACCEL_IPSEC', 'HW_GPU_RESOLUTION_W640H480', 'HW_CPU_X86_BMI', 'HW_GPU_MAX_DISPLAY_HEADS_6', 'HW_GPU_CUDA_COMPUTE_CAPABILITY_V7_1', 'HW_CPU_X86_AESNI', 'HW_GPU_RESOLUTION_W1600H900', 'COMPUTE_GRAPHICS_MODEL_NONE', 'COMPUTE_STORAGE_BUS_SATA', 'HW_GPU_API_OPENGL_V3_3'} {{(pid=102930) _trait_sync /opt/stack/placement/placement/objects/trait.py:286}}
Jan 27 11:09:55.484496 dv-cinder-826608-1-iscsi devstack@placement-api.service[102930]: DEBUG oslo_concurrency.lockutils [-] Releasing lock "trait_sync" {{(pid=102930) lock /usr/local/lib/python3.8/dist-packages/oslo_concurrency/lockutils.py:312}}
Jan 27 11:09:55.484779 dv-cinder-826608-1-iscsi devstack@placement-api.service[102930]: DEBUG oslo_concurrency.lockutils [-] Acquired lock "resource_classes_sync" {{(pid=102930) lock /usr/local/lib/python3.8/dist-packages/oslo_concurrency/lockutils.py:294}}
Jan 27 11:09:55.525634 dv-cinder-826608-1-iscsi devstack@placement-api.service[102930]: DEBUG placement.objects.resource_class [-] Found existing resource classes in db: [] {{(pid=102930) _resource_classes_sync /opt/stack/placement/placement/objects/resource_class.py:228}}
Jan 27 11:09:55.530003 dv-cinder-826608-1-iscsi devstack@placement-api.service[102930]: DEBUG placement.objects.resource_class [-] Synced resource_classes from os_resource_classes: [{'name': 'VCPU', 'id': 0}, {'name': 'MEMORY_MB', 'id': 1}, {'name': 'DISK_GB', 'id': 2}, {'name': 'PCI_DEVICE', 'id': 3}, {'name': 'SRIOV_NET_VF', 'id': 4}, {'name': 'NUMA_SOCKET', 'id': 5}, {'name': 'NUMA_CORE', 'id': 6}, {'name': 'NUMA_THREAD', 'id': 7}, {'name': 'NUMA_MEMORY_MB', 'id': 8}, {'name': 'IPV4_ADDRESS', 'id': 9}, {'name': 'VGPU', 'id': 10}, {'name': 'VGPU_DISPLAY_HEAD', 'id': 11}, {'name': 'NET_BW_EGR_KILOBIT_PER_SEC', 'id': 12}, {'name': 'NET_BW_IGR_KILOBIT_PER_SEC', 'id': 13}, {'name': 'PCPU', 'id': 14}, {'name': 'MEM_ENCRYPTION_CONTEXT', 'id': 15}, {'name': 'FPGA', 'id': 16}, {'name': 'PGPU', 'id': 17}, {'name': 'NET_PACKET_RATE_KILOPACKET_PER_SEC', 'id': 18}, {'name': 'NET_PACKET_RATE_EGR_KILOPACKET_PER_SEC', 'id': 19}, {'name': 'NET_PACKET_RATE_IGR_KILOPACKET_PER_SEC', 'id': 20}] {{(pid=102930) _resource_classes_sync /opt/stack/placement/placement/objects/resource_class.py:245}}
Jan 27 11:09:55.532215 dv-cinder-826608-1-iscsi devstack@placement-api.service[102929]: DEBUG oslo_concurrency.lockutils [-] Releasing lock "trait_sync" {{(pid=102929) lock /usr/local/lib/python3.8/dist-packages/oslo_concurrency/lockutils.py:312}}
Jan 27 11:09:55.532480 dv-cinder-826608-1-iscsi devstack@placement-api.service[102929]: DEBUG oslo_concurrency.lockutils [-] Acquired lock "resource_classes_sync" {{(pid=102929) lock /usr/local/lib/python3.8/dist-packages/oslo_concurrency/lockutils.py:294}}
Jan 27 11:09:55.534464 dv-cinder-826608-1-iscsi devstack@placement-api.service[102930]: DEBUG oslo_concurrency.lockutils [-] Releasing lock "resource_classes_sync" {{(pid=102930) lock /usr/local/lib/python3.8/dist-packages/oslo_concurrency/lockutils.py:312}}
Jan 27 11:09:55.534772 dv-cinder-826608-1-iscsi devstack@placement-api.service[102930]: WSGI app 0 (mountpoint='') ready in 3 seconds on interpreter 0x5598b8fd29c0 pid: 102930 (default app)
Jan 27 11:09:55.535654 dv-cinder-826608-1-iscsi devstack@placement-api.service[102929]: DEBUG placement.objects.resource_class [-] Found existing resource classes in db: ['DISK_GB', 'FPGA', 'IPV4_ADDRESS', 'MEMORY_MB', 'MEM_ENCRYPTION_CONTEXT', 'NET_BW_EGR_KILOBIT_PER_SEC', 'NET_BW_IGR_KILOBIT_PER_SEC', 'NET_PACKET_RATE_EGR_KILOPACKET_PER_SEC', 'NET_PACKET_RATE_IGR_KILOPACKET_PER_SEC', 'NET_PACKET_RATE_KILOPACKET_PER_SEC', 'NUMA_CORE', 'NUMA_MEMORY_MB', 'NUMA_SOCKET', 'NUMA_THREAD', 'PCI_DEVICE', 'PCPU', 'PGPU', 'SRIOV_NET_VF', 'VCPU', 'VGPU', 'VGPU_DISPLAY_HEAD'] {{(pid=102929) _resource_classes_sync /opt/stack/placement/placement/objects/resource_class.py:228}}
Jan 27 11:09:55.536592 dv-cinder-826608-1-iscsi devstack@placement-api.service[102930]: DEBUG placement.requestlog [None req-d2a9c838-172b-40cc-81e8-d0ae9a5f8d37 None None] Starting request: 10.222.0.52 "GET /placement/" {{(pid=102930) __call__ /opt/stack/placement/placement/requestlog.py:55}}
Jan 27 11:09:55.536709 dv-cinder-826608-1-iscsi devstack@placement-api.service[102929]: DEBUG oslo_concurrency.lockutils [-] Releasing lock "resource_classes_sync" {{(pid=102929) lock /usr/local/lib/python3.8/dist-packages/oslo_concurrency/lockutils.py:312}}
Jan 27 11:09:55.536812 dv-cinder-826608-1-iscsi devstack@placement-api.service[102929]: WSGI app 0 (mountpoint='') ready in 3 seconds on interpreter 0x5598b8fd29c0 pid: 102929 (default app)
Jan 27 11:09:55.551266 dv-cinder-826608-1-iscsi devstack@placement-api.service[102930]: INFO placement.requestlog [None req-d2a9c838-172b-40cc-81e8-d0ae9a5f8d37 None None] 10.222.0.52 "GET /placement/" status: 200 len: 136 microversion: 1.0
Jan 27 11:09:55.551587 dv-cinder-826608-1-iscsi devstack@placement-api.service[102930]: [pid: 102930|app: 0|req: 1/1] 10.222.0.52 () {50 vars in 776 bytes} [Thu Jan 27 11:09:55 2022] GET /placement => generated 136 bytes in 16 msecs (HTTP/1.1 200) 6 headers in 224 bytes (1 switches on core 0)
Jan 27 11:10:58.886156 dv-cinder-826608-1-iscsi devstack@placement-api.service[102929]: DEBUG placement.requestlog [None req-216ac72d-ebed-4656-a5f4-fac25ae21a8b None None] Starting request: 10.222.0.52 "GET /placement/" {{(pid=102929) __call__ /opt/stack/placement/placement/requestlog.py:55}}
Jan 27 11:10:58.902910 dv-cinder-826608-1-iscsi devstack@placement-api.service[102929]: INFO placement.requestlog [None req-216ac72d-ebed-4656-a5f4-fac25ae21a8b None None] 10.222.0.52 "GET /placement/" status: 200 len: 136 microversion: 1.0
Jan 27 11:10:58.903774 dv-cinder-826608-1-iscsi devstack@placement-api.service[102929]: [pid: 102929|app: 0|req: 1/2] 10.222.0.52 () {54 vars in 916 bytes} [Thu Jan 27 11:10:58 2022] GET /placement => generated 136 bytes in 19 msecs (HTTP/1.1 200) 6 headers in 224 bytes (1 switches on core 0)
Jan 27 11:11:02.957315 dv-cinder-826608-1-iscsi devstack@placement-api.service[102930]: DEBUG placement.requestlog [None req-9e20e2cd-7300-4621-adaf-2c268bc6a486 None None] Starting request: 10.222.0.52 "GET /placement/" {{(pid=102930) __call__ /opt/stack/placement/placement/requestlog.py:55}}
Jan 27 11:11:02.958276 dv-cinder-826608-1-iscsi devstack@placement-api.service[102930]: INFO placement.requestlog [None req-9e20e2cd-7300-4621-adaf-2c268bc6a486 None None] 10.222.0.52 "GET /placement/" status: 200 len: 136 microversion: 1.0
Jan 27 11:11:02.958817 dv-cinder-826608-1-iscsi devstack@placement-api.service[102930]: [pid: 102930|app: 0|req: 2/3] 10.222.0.52 () {54 vars in 916 bytes} [Thu Jan 27 11:11:02 2022] GET /placement => generated 136 bytes in 2 msecs (HTTP/1.1 200) 6 headers in 224 bytes (1 switches on core 0)
Jan 27 11:11:04.554083 dv-cinder-826608-1-iscsi devstack@placement-api.service[102929]: DEBUG placement.requestlog [None req-7fa4f761-c624-4672-bd97-8ea7fd0ac080 None None] Starting request: 10.222.0.52 "GET /placement/" {{(pid=102929) __call__ /opt/stack/placement/placement/requestlog.py:55}}
Jan 27 11:11:04.555084 dv-cinder-826608-1-iscsi devstack@placement-api.service[102929]: INFO placement.requestlog [None req-7fa4f761-c624-4672-bd97-8ea7fd0ac080 None None] 10.222.0.52 "GET /placement/" status: 200 len: 136 microversion: 1.0
Jan 27 11:11:04.555422 dv-cinder-826608-1-iscsi devstack@placement-api.service[102929]: [pid: 102929|app: 0|req: 2/4] 10.222.0.52 () {54 vars in 916 bytes} [Thu Jan 27 11:11:04 2022] GET /placement => generated 136 bytes in 2 msecs (HTTP/1.1 200) 6 headers in 224 bytes (2 switches on core 0)
Jan 27 11:11:54.449683 dv-cinder-826608-1-iscsi devstack@placement-api.service[102930]: DEBUG placement.requestlog [None req-b1cbc49e-a0e1-4945-971f-497d6ba75a0c None None] Starting request: 10.222.0.52 "GET /placement//" {{(pid=102930) __call__ /opt/stack/placement/placement/requestlog.py:55}}
Jan 27 11:11:54.450689 dv-cinder-826608-1-iscsi devstack@placement-api.service[102930]: INFO placement.requestlog [None req-b1cbc49e-a0e1-4945-971f-497d6ba75a0c None None] 10.222.0.52 "GET /placement//" status: 200 len: 136 microversion: 1.0
Jan 27 11:11:54.451000 dv-cinder-826608-1-iscsi devstack@placement-api.service[102930]: [pid: 102930|app: 0|req: 3/5] 10.222.0.52 () {56 vars in 1106 bytes} [Thu Jan 27 11:11:54 2022] GET /placement/ => generated 136 bytes in 2 msecs (HTTP/1.1 200) 6 headers in 224 bytes (1 switches on core 0)
Jan 27 11:15:55.751931 dv-cinder-826608-1-iscsi devstack@placement-api.service[102929]: DEBUG placement.requestlog [None req-ac5e8271-0f6f-4e8a-a9a0-1d16d5efacca None None] Starting request: 10.222.0.49 "GET /placement/" {{(pid=102929) __call__ /opt/stack/placement/placement/requestlog.py:55}}
Jan 27 11:15:55.752912 dv-cinder-826608-1-iscsi devstack@placement-api.service[102929]: INFO placement.requestlog [None req-ac5e8271-0f6f-4e8a-a9a0-1d16d5efacca None None] 10.222.0.49 "GET /placement/" status: 200 len: 136 microversion: 1.0
Jan 27 11:15:55.753220 dv-cinder-826608-1-iscsi devstack@placement-api.service[102929]: [pid: 102929|app: 0|req: 3/6] 10.222.0.49 () {54 vars in 913 bytes} [Thu Jan 27 11:15:55 2022] GET /placement => generated 136 bytes in 2 msecs (HTTP/1.1 200) 6 headers in 224 bytes (1 switches on core 0)
Jan 27 11:15:59.303154 dv-cinder-826608-1-iscsi devstack@placement-api.service[102930]: DEBUG placement.requestlog [req-0a739923-5e62-4293-b46a-3867bfd27c78 req-2fd06226-3738-4ba7-af4f-6a3e1766ae73 None None] Starting request: 10.222.0.49 "GET /placement/resource_providers?in_tree=52b348d1-52f5-4727-bfac-2d7a105bff6b" {{(pid=102930) __call__ /opt/stack/placement/placement/requestlog.py:55}}
Jan 27 11:15:59.694135 dv-cinder-826608-1-iscsi devstack@placement-api.service[102930]: INFO placement.requestlog [req-0a739923-5e62-4293-b46a-3867bfd27c78 req-2fd06226-3738-4ba7-af4f-6a3e1766ae73 service placement] 10.222.0.49 "GET /placement/resource_providers?in_tree=52b348d1-52f5-4727-bfac-2d7a105bff6b" status: 200 len: 26 microversion: 1.14
Jan 27 11:15:59.694501 dv-cinder-826608-1-iscsi devstack@placement-api.service[102930]: [pid: 102930|app: 0|req: 4/7] 10.222.0.49 () {60 vars in 1376 bytes} [Thu Jan 27 11:15:59 2022] GET /placement/resource_providers?in_tree=52b348d1-52f5-4727-bfac-2d7a105bff6b => generated 26 bytes in 392 msecs (HTTP/1.1 200) 6 headers in 224 bytes (1 switches on core 0)
Jan 27 11:15:59.705323 dv-cinder-826608-1-iscsi devstack@placement-api.service[102929]: DEBUG placement.requestlog [req-0a739923-5e62-4293-b46a-3867bfd27c78 req-c50b5005-85db-4d8c-a5c5-5ddd85cc68c1 None None] Starting request: 10.222.0.49 "POST /placement/resource_providers" {{(pid=102929) __call__ /opt/stack/placement/placement/requestlog.py:55}}
Jan 27 11:16:00.012196 dv-cinder-826608-1-iscsi devstack@placement-api.service[102929]: INFO placement.requestlog [req-0a739923-5e62-4293-b46a-3867bfd27c78 req-c50b5005-85db-4d8c-a5c5-5ddd85cc68c1 service placement] 10.222.0.49 "POST /placement/resource_providers" status: 200 len: 838 microversion: 1.20
Jan 27 11:16:00.012807 dv-cinder-826608-1-iscsi devstack@placement-api.service[102929]: [pid: 102929|app: 0|req: 4/8] 10.222.0.49 () {64 vars in 1340 bytes} [Thu Jan 27 11:15:59 2022] POST /placement/resource_providers => generated 838 bytes in 308 msecs (HTTP/1.1 200) 9 headers in 392 bytes (1 switches on core 0)
Jan 27 11:16:00.281086 dv-cinder-826608-1-iscsi devstack@placement-api.service[102930]: DEBUG placement.requestlog [req-0a739923-5e62-4293-b46a-3867bfd27c78 req-a0f82045-e10f-48ea-b77e-3a3639d6de30 None None] Starting request: 10.222.0.49 "PUT /placement/resource_providers/52b348d1-52f5-4727-bfac-2d7a105bff6b/inventories" {{(pid=102930) __call__ /opt/stack/placement/placement/requestlog.py:55}}
Jan 27 11:16:00.380135 dv-cinder-826608-1-iscsi devstack@placement-api.service[102930]: INFO placement.requestlog [req-0a739923-5e62-4293-b46a-3867bfd27c78 req-a0f82045-e10f-48ea-b77e-3a3639d6de30 service placement] 10.222.0.49 "PUT /placement/resource_providers/52b348d1-52f5-4727-bfac-2d7a105bff6b/inventories" status: 200 len: 397 microversion: 1.26
Jan 27 11:16:00.380926 dv-cinder-826608-1-iscsi devstack@placement-api.service[102930]: [pid: 102930|app: 0|req: 5/9] 10.222.0.49 () {64 vars in 1487 bytes} [Thu Jan 27 11:16:00 2022] PUT /placement/resource_providers/52b348d1-52f5-4727-bfac-2d7a105bff6b/inventories => generated 397 bytes in 100 msecs (HTTP/1.1 200) 8 headers in 296 bytes (1 switches on core 0)
Jan 27 11:16:00.397783 dv-cinder-826608-1-iscsi devstack@placement-api.service[102929]: DEBUG placement.requestlog [req-0a739923-5e62-4293-b46a-3867bfd27c78 req-6ddb9368-4911-4b40-9d81-436688427b4b None None] Starting request: 10.222.0.49 "GET /placement/traits?name=in:COMPUTE_IMAGE_TYPE_VHDX,COMPUTE_NODE,COMPUTE_VOLUME_EXTEND,COMPUTE_VOLUME_ATTACH_WITH_TAG,COMPUTE_TRUSTED_CERTS,COMPUTE_NET_ATTACH_INTERFACE_WITH_TAG,COMPUTE_NET_ATTACH_INTERFACE,COMPUTE_DEVICE_TAGGING,COMPUTE_IMAGE_TYPE_VHD" {{(pid=102929) __call__ /opt/stack/placement/placement/requestlog.py:55}}
Jan 27 11:16:00.411012 dv-cinder-826608-1-iscsi devstack@placement-api.service[102929]: INFO placement.requestlog [req-0a739923-5e62-4293-b46a-3867bfd27c78 req-6ddb9368-4911-4b40-9d81-436688427b4b service placement] 10.222.0.49 "GET /placement/traits?name=in:COMPUTE_IMAGE_TYPE_VHDX,COMPUTE_NODE,COMPUTE_VOLUME_EXTEND,COMPUTE_VOLUME_ATTACH_WITH_TAG,COMPUTE_TRUSTED_CERTS,COMPUTE_NET_ATTACH_INTERFACE_WITH_TAG,COMPUTE_NET_ATTACH_INTERFACE,COMPUTE_DEVICE_TAGGING,COMPUTE_IMAGE_TYPE_VHD" status: 200 len: 264 microversion: 1.6
Jan 27 11:16:00.411326 dv-cinder-826608-1-iscsi devstack@placement-api.service[102929]: [pid: 102929|app: 0|req: 5/10] 10.222.0.49 () {60 vars in 1715 bytes} [Thu Jan 27 11:16:00 2022] GET /placement/traits?name=in:COMPUTE_IMAGE_TYPE_VHDX,COMPUTE_NODE,COMPUTE_VOLUME_EXTEND,COMPUTE_VOLUME_ATTACH_WITH_TAG,COMPUTE_TRUSTED_CERTS,COMPUTE_NET_ATTACH_INTERFACE_WITH_TAG,COMPUTE_NET_ATTACH_INTERFACE,COMPUTE_DEVICE_TAGGING,COMPUTE_IMAGE_TYPE_VHD => generated 264 bytes in 14 msecs (HTTP/1.1 200) 6 headers in 224 bytes (1 switches on core 0)
Jan 27 11:16:00.435994 dv-cinder-826608-1-iscsi devstack@placement-api.service[102930]: DEBUG placement.requestlog [req-0a739923-5e62-4293-b46a-3867bfd27c78 req-f4f4b360-12ec-4d54-9405-edce861ed2da None None] Starting request: 10.222.0.49 "PUT /placement/resource_providers/52b348d1-52f5-4727-bfac-2d7a105bff6b/traits" {{(pid=102930) __call__ /opt/stack/placement/placement/requestlog.py:55}}
Jan 27 11:16:00.491811 dv-cinder-826608-1-iscsi devstack@placement-api.service[102930]: INFO placement.requestlog [req-0a739923-5e62-4293-b46a-3867bfd27c78 req-f4f4b360-12ec-4d54-9405-edce861ed2da service placement] 10.222.0.49 "PUT /placement/resource_providers/52b348d1-52f5-4727-bfac-2d7a105bff6b/traits" status: 200 len: 299 microversion: 1.6
Jan 27 11:16:00.492422 dv-cinder-826608-1-iscsi devstack@placement-api.service[102930]: [pid: 102930|app: 0|req: 6/11] 10.222.0.49 () {64 vars in 1471 bytes} [Thu Jan 27 11:16:00 2022] PUT /placement/resource_providers/52b348d1-52f5-4727-bfac-2d7a105bff6b/traits => generated 299 bytes in 57 msecs (HTTP/1.1 200) 6 headers in 224 bytes (1 switches on core 0)
Jan 27 11:16:55.967058 dv-cinder-826608-1-iscsi devstack@placement-api.service[102929]: DEBUG placement.requestlog [req-14f12c91-2234-4773-beec-529eb1413ac6 req-af47377e-019e-4a6e-a21b-6a7a08749792 None None] Starting request: 10.222.0.49 "GET /placement/resource_providers/52b348d1-52f5-4727-bfac-2d7a105bff6b/allocations" {{(pid=102929) __call__ /opt/stack/placement/placement/requestlog.py:55}}
Jan 27 11:16:56.060891 dv-cinder-826608-1-iscsi devstack@placement-api.service[102929]: INFO placement.requestlog [req-14f12c91-2234-4773-beec-529eb1413ac6 req-af47377e-019e-4a6e-a21b-6a7a08749792 service placement] 10.222.0.49 "GET /placement/resource_providers/52b348d1-52f5-4727-bfac-2d7a105bff6b/allocations" status: 200 len: 54 microversion: 1.0
Jan 27 11:16:56.061247 dv-cinder-826608-1-iscsi devstack@placement-api.service[102929]: [pid: 102929|app: 0|req: 6/12] 10.222.0.49 () {58 vars in 1390 bytes} [Thu Jan 27 11:16:55 2022] GET /placement/resource_providers/52b348d1-52f5-4727-bfac-2d7a105bff6b/allocations => generated 54 bytes in 95 msecs (HTTP/1.1 200) 6 headers in 223 bytes (1 switches on core 0)
Jan 27 11:17:56.940237 dv-cinder-826608-1-iscsi devstack@placement-api.service[102930]: DEBUG placement.requestlog [req-d3112c73-5441-4931-a7c9-f6bd0fa8cd45 req-1792b89e-30d2-4bb6-b0e0-6242d72800f7 None None] Starting request: 10.222.0.49 "GET /placement/resource_providers/52b348d1-52f5-4727-bfac-2d7a105bff6b/allocations" {{(pid=102930) __call__ /opt/stack/placement/placement/requestlog.py:55}}
Jan 27 11:17:56.978451 dv-cinder-826608-1-iscsi devstack@placement-api.service[102930]: INFO placement.requestlog [req-d3112c73-5441-4931-a7c9-f6bd0fa8cd45 req-1792b89e-30d2-4bb6-b0e0-6242d72800f7 service placement] 10.222.0.49 "GET /placement/resource_providers/52b348d1-52f5-4727-bfac-2d7a105bff6b/allocations" status: 200 len: 54 microversion: 1.0
Jan 27 11:17:56.979153 dv-cinder-826608-1-iscsi devstack@placement-api.service[102930]: [pid: 102930|app: 0|req: 7/13] 10.222.0.49 () {58 vars in 1390 bytes} [Thu Jan 27 11:17:56 2022] GET /placement/resource_providers/52b348d1-52f5-4727-bfac-2d7a105bff6b/allocations => generated 54 bytes in 39 msecs (HTTP/1.1 200) 6 headers in 223 bytes (1 switches on core 0)
Jan 27 11:17:57.917363 dv-cinder-826608-1-iscsi devstack@placement-api.service[102929]: DEBUG placement.requestlog [req-e41f86dc-9cb8-4e70-9c72-c3c7bc8d7a5c req-d2232e22-dcc1-4662-b3d2-79d2422105d6 None None] Starting request: 10.222.0.52 "GET /placement/allocation_candidates?limit=1000&resources=DISK_GB%3A1%2CMEMORY_MB%3A1024%2CVCPU%3A1&root_required=%21COMPUTE_STATUS_DISABLED" {{(pid=102929) __call__ /opt/stack/placement/placement/requestlog.py:55}}
Jan 27 11:17:58.250250 dv-cinder-826608-1-iscsi devstack@placement-api.service[102930]: DEBUG placement.requestlog [req-1f0986a1-694e-4f08-a20d-e4677b810b9c req-d0a27d92-14dd-40ad-9cea-f54d1fae4af5 None None] Starting request: 10.222.0.52 "GET /placement/allocation_candidates?limit=1000&resources=DISK_GB%3A1%2CMEMORY_MB%3A1024%2CVCPU%3A1&root_required=%21COMPUTE_STATUS_DISABLED" {{(pid=102930) __call__ /opt/stack/placement/placement/requestlog.py:55}}
Jan 27 11:17:58.846751 dv-cinder-826608-1-iscsi devstack@placement-api.service[102930]: DEBUG placement.objects.research_context [req-1f0986a1-694e-4f08-a20d-e4677b810b9c req-d0a27d92-14dd-40ad-9cea-f54d1fae4af5 service placement] getting providers with 1 DISK_GB {{(pid=102930) __init__ /opt/stack/placement/placement/objects/research_context.py:126}}
Jan 27 11:17:58.887369 dv-cinder-826608-1-iscsi devstack@placement-api.service[102930]: DEBUG placement.objects.research_context [req-1f0986a1-694e-4f08-a20d-e4677b810b9c req-d0a27d92-14dd-40ad-9cea-f54d1fae4af5 service placement] getting providers with 1024 MEMORY_MB {{(pid=102930) __init__ /opt/stack/placement/placement/objects/research_context.py:126}}
Jan 27 11:17:58.899078 dv-cinder-826608-1-iscsi devstack@placement-api.service[102930]: DEBUG placement.objects.research_context [req-1f0986a1-694e-4f08-a20d-e4677b810b9c req-d0a27d92-14dd-40ad-9cea-f54d1fae4af5 service placement] getting providers with 1 VCPU {{(pid=102930) __init__ /opt/stack/placement/placement/objects/research_context.py:126}}
Jan 27 11:17:58.921105 dv-cinder-826608-1-iscsi devstack@placement-api.service[102930]: DEBUG placement.objects.research_context [req-1f0986a1-694e-4f08-a20d-e4677b810b9c req-d0a27d92-14dd-40ad-9cea-f54d1fae4af5 service placement] found 1 providers with available 1 DISK_GB {{(pid=102930) get_provider_ids_matching /opt/stack/placement/placement/objects/research_context.py:549}}
Jan 27 11:17:58.922788 dv-cinder-826608-1-iscsi devstack@placement-api.service[102930]: DEBUG placement.objects.research_context [req-1f0986a1-694e-4f08-a20d-e4677b810b9c req-d0a27d92-14dd-40ad-9cea-f54d1fae4af5 service placement] found 1 providers with available 1024 MEMORY_MB {{(pid=102930) get_provider_ids_matching /opt/stack/placement/placement/objects/research_context.py:549}}
Jan 27 11:17:58.925746 dv-cinder-826608-1-iscsi devstack@placement-api.service[102930]: DEBUG placement.objects.research_context [req-1f0986a1-694e-4f08-a20d-e4677b810b9c req-d0a27d92-14dd-40ad-9cea-f54d1fae4af5 service placement] found 1 providers after filtering by previous result {{(pid=102930) get_provider_ids_matching /opt/stack/placement/placement/objects/research_context.py:580}}
Jan 27 11:17:58.926488 dv-cinder-826608-1-iscsi devstack@placement-api.service[102930]: DEBUG placement.objects.research_context [req-1f0986a1-694e-4f08-a20d-e4677b810b9c req-d0a27d92-14dd-40ad-9cea-f54d1fae4af5 service placement] found 1 providers with available 1 VCPU {{(pid=102930) get_provider_ids_matching /opt/stack/placement/placement/objects/research_context.py:549}}
Jan 27 11:17:58.935098 dv-cinder-826608-1-iscsi devstack@placement-api.service[102930]: DEBUG placement.objects.research_context [req-1f0986a1-694e-4f08-a20d-e4677b810b9c req-d0a27d92-14dd-40ad-9cea-f54d1fae4af5 service placement] found 1 providers after filtering by previous result {{(pid=102930) get_provider_ids_matching /opt/stack/placement/placement/objects/research_context.py:580}}
Jan 27 11:17:58.974191 dv-cinder-826608-1-iscsi devstack@placement-api.service[102930]: DEBUG placement.objects.allocation_candidate [req-1f0986a1-694e-4f08-a20d-e4677b810b9c req-d0a27d92-14dd-40ad-9cea-f54d1fae4af5 service placement] RequestGroup(use_same_provider=False, resources={DISK_GB:1, MEMORY_MB:1024, VCPU:1}, traits=[], aggregates=[]) (suffix '') returned 1 matches {{(pid=102930) _get_by_requests /opt/stack/placement/placement/objects/allocation_candidate.py:145}}
Jan 27 11:17:58.975625 dv-cinder-826608-1-iscsi devstack@placement-api.service[102930]: DEBUG placement.objects.allocation_candidate [req-1f0986a1-694e-4f08-a20d-e4677b810b9c req-d0a27d92-14dd-40ad-9cea-f54d1fae4af5 service placement] Merging candidates yields 1 allocation requests and 1 provider summaries {{(pid=102930) _merge_candidates /opt/stack/placement/placement/objects/allocation_candidate.py:783}}
Jan 27 11:17:58.980582 dv-cinder-826608-1-iscsi devstack@placement-api.service[102930]: INFO placement.requestlog [req-1f0986a1-694e-4f08-a20d-e4677b810b9c req-d0a27d92-14dd-40ad-9cea-f54d1fae4af5 service placement] 10.222.0.52 "GET /placement/allocation_candidates?limit=1000&resources=DISK_GB%3A1%2CMEMORY_MB%3A1024%2CVCPU%3A1&root_required=%21COMPUTE_STATUS_DISABLED" status: 200 len: 764 microversion: 1.36
Jan 27 11:17:58.984262 dv-cinder-826608-1-iscsi devstack@placement-api.service[102930]: [pid: 102930|app: 0|req: 8/14] 10.222.0.52 () {60 vars in 1506 bytes} [Thu Jan 27 11:17:58 2022] GET /placement/allocation_candidates?limit=1000&resources=DISK_GB%3A1%2CMEMORY_MB%3A1024%2CVCPU%3A1&root_required=%21COMPUTE_STATUS_DISABLED => generated 764 bytes in 734 msecs (HTTP/1.1 200) 8 headers in 296 bytes (2 switches on core 0)
Jan 27 11:17:58.984977 dv-cinder-826608-1-iscsi devstack@placement-api.service[102929]: DEBUG placement.objects.research_context [req-e41f86dc-9cb8-4e70-9c72-c3c7bc8d7a5c req-d2232e22-dcc1-4662-b3d2-79d2422105d6 service placement] getting providers with 1 DISK_GB {{(pid=102929) __init__ /opt/stack/placement/placement/objects/research_context.py:126}}
Jan 27 11:17:59.002789 dv-cinder-826608-1-iscsi devstack@placement-api.service[102929]: DEBUG placement.objects.research_context [req-e41f86dc-9cb8-4e70-9c72-c3c7bc8d7a5c req-d2232e22-dcc1-4662-b3d2-79d2422105d6 service placement] getting providers with 1024 MEMORY_MB {{(pid=102929) __init__ /opt/stack/placement/placement/objects/research_context.py:126}}
Jan 27 11:17:59.010816 dv-cinder-826608-1-iscsi devstack@placement-api.service[102929]: DEBUG placement.objects.research_context [req-e41f86dc-9cb8-4e70-9c72-c3c7bc8d7a5c req-d2232e22-dcc1-4662-b3d2-79d2422105d6 service placement] getting providers with 1 VCPU {{(pid=102929) __init__ /opt/stack/placement/placement/objects/research_context.py:126}}
Jan 27 11:17:59.018842 dv-cinder-826608-1-iscsi devstack@placement-api.service[102929]: DEBUG placement.objects.research_context [req-e41f86dc-9cb8-4e70-9c72-c3c7bc8d7a5c req-d2232e22-dcc1-4662-b3d2-79d2422105d6 service placement] found 1 providers with available 1 DISK_GB {{(pid=102929) get_provider_ids_matching /opt/stack/placement/placement/objects/research_context.py:549}}
Jan 27 11:17:59.019119 dv-cinder-826608-1-iscsi devstack@placement-api.service[102929]: DEBUG placement.objects.research_context [req-e41f86dc-9cb8-4e70-9c72-c3c7bc8d7a5c req-d2232e22-dcc1-4662-b3d2-79d2422105d6 service placement] found 1 providers with available 1024 MEMORY_MB {{(pid=102929) get_provider_ids_matching /opt/stack/placement/placement/objects/research_context.py:549}}
Jan 27 11:17:59.019584 dv-cinder-826608-1-iscsi devstack@placement-api.service[102929]: DEBUG placement.objects.research_context [req-e41f86dc-9cb8-4e70-9c72-c3c7bc8d7a5c req-d2232e22-dcc1-4662-b3d2-79d2422105d6 service placement] found 1 providers after filtering by previous result {{(pid=102929) get_provider_ids_matching /opt/stack/placement/placement/objects/research_context.py:580}}
Jan 27 11:17:59.019839 dv-cinder-826608-1-iscsi devstack@placement-api.service[102929]: DEBUG placement.objects.research_context [req-e41f86dc-9cb8-4e70-9c72-c3c7bc8d7a5c req-d2232e22-dcc1-4662-b3d2-79d2422105d6 service placement] found 1 providers with available 1 VCPU {{(pid=102929) get_provider_ids_matching /opt/stack/placement/placement/objects/research_context.py:549}}
Jan 27 11:17:59.020283 dv-cinder-826608-1-iscsi devstack@placement-api.service[102929]: DEBUG placement.objects.research_context [req-e41f86dc-9cb8-4e70-9c72-c3c7bc8d7a5c req-d2232e22-dcc1-4662-b3d2-79d2422105d6 service placement] found 1 providers after filtering by previous result {{(pid=102929) get_provider_ids_matching /opt/stack/placement/placement/objects/research_context.py:580}}
Jan 27 11:17:59.036415 dv-cinder-826608-1-iscsi devstack@placement-api.service[102929]: DEBUG placement.objects.allocation_candidate [req-e41f86dc-9cb8-4e70-9c72-c3c7bc8d7a5c req-d2232e22-dcc1-4662-b3d2-79d2422105d6 service placement] RequestGroup(use_same_provider=False, resources={DISK_GB:1, MEMORY_MB:1024, VCPU:1}, traits=[], aggregates=[]) (suffix '') returned 1 matches {{(pid=102929) _get_by_requests /opt/stack/placement/placement/objects/allocation_candidate.py:145}}
Jan 27 11:17:59.037127 dv-cinder-826608-1-iscsi devstack@placement-api.service[102929]: DEBUG placement.objects.allocation_candidate [req-e41f86dc-9cb8-4e70-9c72-c3c7bc8d7a5c req-d2232e22-dcc1-4662-b3d2-79d2422105d6 service placement] Merging candidates yields 1 allocation requests and 1 provider summaries {{(pid=102929) _merge_candidates /opt/stack/placement/placement/objects/allocation_candidate.py:783}}
Jan 27 11:17:59.039206 dv-cinder-826608-1-iscsi devstack@placement-api.service[102929]: INFO placement.requestlog [req-e41f86dc-9cb8-4e70-9c72-c3c7bc8d7a5c req-d2232e22-dcc1-4662-b3d2-79d2422105d6 service placement] 10.222.0.52 "GET /placement/allocation_candidates?limit=1000&resources=DISK_GB%3A1%2CMEMORY_MB%3A1024%2CVCPU%3A1&root_required=%21COMPUTE_STATUS_DISABLED" status: 200 len: 764 microversion: 1.36
Jan 27 11:17:59.047787 dv-cinder-826608-1-iscsi devstack@placement-api.service[102929]: [pid: 102929|app: 0|req: 7/15] 10.222.0.52 () {60 vars in 1506 bytes} [Thu Jan 27 11:17:57 2022] GET /placement/allocation_candidates?limit=1000&resources=DISK_GB%3A1%2CMEMORY_MB%3A1024%2CVCPU%3A1&root_required=%21COMPUTE_STATUS_DISABLED => generated 764 bytes in 1130 msecs (HTTP/1.1 200) 8 headers in 296 bytes (1 switches on core 0)
Jan 27 11:17:59.229777 dv-cinder-826608-1-iscsi devstack@placement-api.service[102930]: DEBUG placement.requestlog [req-1f0986a1-694e-4f08-a20d-e4677b810b9c req-aa59a309-7b0e-4a39-8c93-cb68f9920fa7 None None] Starting request: 10.222.0.52 "GET /placement/allocations/5ff003fb-99a7-40c6-b49a-037ab8903a73" {{(pid=102930) __call__ /opt/stack/placement/placement/requestlog.py:55}}
Jan 27 11:17:59.266452 dv-cinder-826608-1-iscsi devstack@placement-api.service[102929]: DEBUG placement.requestlog [req-e41f86dc-9cb8-4e70-9c72-c3c7bc8d7a5c req-95370df2-c3ba-4438-9142-048d606c451c None None] Starting request: 10.222.0.52 "GET /placement/allocations/d52d40a7-eaad-4746-a45e-1ec45879c72a" {{(pid=102929) __call__ /opt/stack/placement/placement/requestlog.py:55}}
Jan 27 11:17:59.275594 dv-cinder-826608-1-iscsi devstack@placement-api.service[102930]: INFO placement.requestlog [req-1f0986a1-694e-4f08-a20d-e4677b810b9c req-aa59a309-7b0e-4a39-8c93-cb68f9920fa7 service placement] 10.222.0.52 "GET /placement/allocations/5ff003fb-99a7-40c6-b49a-037ab8903a73" status: 200 len: 19 microversion: 1.28
Jan 27 11:17:59.276104 dv-cinder-826608-1-iscsi devstack@placement-api.service[102930]: [pid: 102930|app: 0|req: 9/16] 10.222.0.52 () {60 vars in 1380 bytes} [Thu Jan 27 11:17:59 2022] GET /placement/allocations/5ff003fb-99a7-40c6-b49a-037ab8903a73 => generated 19 bytes in 47 msecs (HTTP/1.1 200) 8 headers in 295 bytes (1 switches on core 0)
Jan 27 11:17:59.284029 dv-cinder-826608-1-iscsi devstack@placement-api.service[102929]: INFO placement.requestlog [req-e41f86dc-9cb8-4e70-9c72-c3c7bc8d7a5c req-95370df2-c3ba-4438-9142-048d606c451c service placement] 10.222.0.52 "GET /placement/allocations/d52d40a7-eaad-4746-a45e-1ec45879c72a" status: 200 len: 19 microversion: 1.28
Jan 27 11:17:59.285382 dv-cinder-826608-1-iscsi devstack@placement-api.service[102930]: DEBUG placement.requestlog [req-1f0986a1-694e-4f08-a20d-e4677b810b9c req-75ab219e-7197-44e7-b495-3e123717b36a None None] Starting request: 10.222.0.52 "PUT /placement/allocations/5ff003fb-99a7-40c6-b49a-037ab8903a73" {{(pid=102930) __call__ /opt/stack/placement/placement/requestlog.py:55}}
Jan 27 11:17:59.293029 dv-cinder-826608-1-iscsi devstack@placement-api.service[102929]: [pid: 102929|app: 0|req: 8/17] 10.222.0.52 () {60 vars in 1380 bytes} [Thu Jan 27 11:17:59 2022] GET /placement/allocations/d52d40a7-eaad-4746-a45e-1ec45879c72a => generated 19 bytes in 27 msecs (HTTP/1.1 200) 8 headers in 295 bytes (2 switches on core 0)
Jan 27 11:17:59.294390 dv-cinder-826608-1-iscsi devstack@placement-api.service[102929]: DEBUG placement.requestlog [req-e41f86dc-9cb8-4e70-9c72-c3c7bc8d7a5c req-04f313b3-2734-4897-87bc-68af2174c227 None None] Starting request: 10.222.0.52 "PUT /placement/allocations/d52d40a7-eaad-4746-a45e-1ec45879c72a" {{(pid=102929) __call__ /opt/stack/placement/placement/requestlog.py:55}}
Jan 27 11:17:59.505081 dv-cinder-826608-1-iscsi devstack@placement-api.service[102930]: DEBUG placement.handlers.allocation [req-1f0986a1-694e-4f08-a20d-e4677b810b9c req-75ab219e-7197-44e7-b495-3e123717b36a service placement] Successfully wrote allocations [, , ] {{(pid=102930) _update_consumers_and_create_allocations /opt/stack/placement/placement/handlers/allocation.py:462}}
Jan 27 11:17:59.506764 dv-cinder-826608-1-iscsi devstack@placement-api.service[102929]: DEBUG oslo_db.api [req-e41f86dc-9cb8-4e70-9c72-c3c7bc8d7a5c req-04f313b3-2734-4897-87bc-68af2174c227 service placement] DB error: (pymysql.err.OperationalError) (1213, 'Deadlock found when trying to get lock; try restarting transaction')
Jan 27 11:17:59.506764 dv-cinder-826608-1-iscsi devstack@placement-api.service[102929]: [SQL: INSERT INTO allocations (created_at, resource_provider_id, consumer_id, resource_class_id, used) VALUES (%(created_at)s, %(resource_provider_id)s, %(consumer_id)s, %(resource_class_id)s, %(used)s)]
Jan 27 11:17:59.506764 dv-cinder-826608-1-iscsi devstack@placement-api.service[102929]: [parameters: {'created_at': datetime.datetime(2022, 1, 27, 11, 17, 59, 492302), 'resource_provider_id': 1, 'consumer_id': 'd52d40a7-eaad-4746-a45e-1ec45879c72a', 'resource_class_id': 2, 'used': 1}]
Jan 27 11:17:59.506764 dv-cinder-826608-1-iscsi devstack@placement-api.service[102929]: (Background on this error at: https://sqlalche.me/e/14/e3q8) {{(pid=102929) _is_exception_expected /usr/local/lib/python3.8/dist-packages/oslo_db/api.py:184}}
Jan 27 11:17:59.507565 dv-cinder-826608-1-iscsi devstack@placement-api.service[102929]: DEBUG oslo_db.api [req-e41f86dc-9cb8-4e70-9c72-c3c7bc8d7a5c req-04f313b3-2734-4897-87bc-68af2174c227 service placement] Performing DB retry for function placement.objects.allocation._set_allocations {{(pid=102929) wrapper /usr/local/lib/python3.8/dist-packages/oslo_db/api.py:155}}
Jan 27 11:17:59.518251 dv-cinder-826608-1-iscsi devstack@placement-api.service[102930]: INFO placement.requestlog [req-1f0986a1-694e-4f08-a20d-e4677b810b9c req-75ab219e-7197-44e7-b495-3e123717b36a service placement] 10.222.0.52 "PUT /placement/allocations/5ff003fb-99a7-40c6-b49a-037ab8903a73" status: 204 len: 0 microversion: 1.36
Jan 27 11:17:59.526765 dv-cinder-826608-1-iscsi devstack@placement-api.service[102930]: [pid: 102930|app: 0|req: 10/18] 10.222.0.52 () {64 vars in 1433 bytes} [Thu Jan 27 11:17:59 2022] PUT /placement/allocations/5ff003fb-99a7-40c6-b49a-037ab8903a73 => generated 0 bytes in 234 msecs (HTTP/1.1 204) 5 headers in 199 bytes (1 switches on core 0)
Jan 27 11:18:00.533474 dv-cinder-826608-1-iscsi devstack@placement-api.service[102929]: DEBUG placement.objects.allocation [req-e41f86dc-9cb8-4e70-9c72-c3c7bc8d7a5c req-04f313b3-2734-4897-87bc-68af2174c227 service placement] Retrying allocations write on resource provider generation conflict {{(pid=102929) replace_all /opt/stack/placement/placement/objects/allocation.py:507}}
Jan 27 11:18:00.651284 dv-cinder-826608-1-iscsi devstack@placement-api.service[102929]: DEBUG placement.handlers.allocation [req-e41f86dc-9cb8-4e70-9c72-c3c7bc8d7a5c req-04f313b3-2734-4897-87bc-68af2174c227 service placement] Successfully wrote allocations [, , ] {{(pid=102929) _update_consumers_and_create_allocations /opt/stack/placement/placement/handlers/allocation.py:462}}
Jan 27 11:18:00.661359 dv-cinder-826608-1-iscsi devstack@placement-api.service[102929]: INFO placement.requestlog [req-e41f86dc-9cb8-4e70-9c72-c3c7bc8d7a5c req-04f313b3-2734-4897-87bc-68af2174c227 service placement] 10.222.0.52 "PUT /placement/allocations/d52d40a7-eaad-4746-a45e-1ec45879c72a" status: 204 len: 0 microversion: 1.36
Jan 27 11:18:00.661821 dv-cinder-826608-1-iscsi devstack@placement-api.service[102929]: [pid: 102929|app: 0|req: 9/19] 10.222.0.52 () {64 vars in 1433 bytes} [Thu Jan 27 11:17:59 2022] PUT /placement/allocations/d52d40a7-eaad-4746-a45e-1ec45879c72a => generated 0 bytes in 1368 msecs (HTTP/1.1 204) 5 headers in 199 bytes (1 switches on core 0)
Jan 27 11:18:00.949335 dv-cinder-826608-1-iscsi devstack@placement-api.service[102930]: DEBUG placement.requestlog [req-1f0986a1-694e-4f08-a20d-e4677b810b9c req-ce944eab-df9b-4ef8-806e-0eb51bdecba2 None None] Starting request: 10.222.0.49 "GET /placement/allocations/5ff003fb-99a7-40c6-b49a-037ab8903a73" {{(pid=102930) __call__ /opt/stack/placement/placement/requestlog.py:55}}
Jan 27 11:18:00.993941 dv-cinder-826608-1-iscsi devstack@placement-api.service[102930]: INFO placement.requestlog [req-1f0986a1-694e-4f08-a20d-e4677b810b9c req-ce944eab-df9b-4ef8-806e-0eb51bdecba2 service placement] 10.222.0.49 "GET /placement/allocations/5ff003fb-99a7-40c6-b49a-037ab8903a73" status: 200 len: 258 microversion: 1.28
Jan 27 11:18:00.994742 dv-cinder-826608-1-iscsi devstack@placement-api.service[102930]: [pid: 102930|app: 0|req: 11/20] 10.222.0.49 () {60 vars in 1377 bytes} [Thu Jan 27 11:18:00 2022] GET /placement/allocations/5ff003fb-99a7-40c6-b49a-037ab8903a73 => generated 258 bytes in 46 msecs (HTTP/1.1 200) 8 headers in 296 bytes (1 switches on core 0)
Jan 27 11:18:02.187087 dv-cinder-826608-1-iscsi devstack@placement-api.service[102929]: DEBUG placement.requestlog [req-472c4684-92a6-494b-9e1e-78364657a746 req-add90359-25a5-41b5-ae8d-04935dad6a1b None None] Starting request: 10.222.0.52 "GET /placement/allocation_candidates?limit=1000&resources=DISK_GB%3A1%2CMEMORY_MB%3A1024%2CVCPU%3A1&root_required=%21COMPUTE_STATUS_DISABLED" {{(pid=102929) __call__ /opt/stack/placement/placement/requestlog.py:55}}
