Oct 13 13:10:07.050869 dv-cinder-826607-8-smb neutron-server[104634]: DEBUG neutron.plugins.ml2.managers [None req-29e72601-d767-4a42-823d-89bd65c0e143 None None] Bound port: 5ade9ff9-e340-4a84-aa49-2b1ef7c9aefc, host: dv-cinder-826607-8-smb, vif_type: ovs, vif_details: {"connectivity": "l2", "port_filter": true, "ovs_hybrid_plug": false, "datapath_type": "system", "bridge_name": "br-int"}, binding_levels: [{'bound_driver': 'openvswitch', 'bound_segment': {'id': 'e511af77-faaa-4930-9fe0-503e1a443b64', 'network_type': 'vlan', 'physical_network': 'physnet1', 'segmentation_id': 426, 'network_id': '9f1b6e37-3cca-4f9e-b044-99eab20f1674'}}] {{(pid=104634) _bind_port_level /opt/stack/neutron/neutron/plugins/ml2/managers.py:947}}
Oct 13 13:10:07.051926 dv-cinder-826607-8-smb neutron-server[104634]: DEBUG neutron_lib.callbacks.manager [None req-29e72601-d767-4a42-823d-89bd65c0e143 None None] Publish callbacks ['neutron.plugins.ml2.plugin.SecurityGroupDbMixin._ensure_default_security_group_handler-884887'] for port (5ade9ff9-e340-4a84-aa49-2b1ef7c9aefc), before_update {{(pid=104634) _notify_loop /usr/local/lib/python3.8/dist-packages/neutron_lib/callbacks/manager.py:176}}
Oct 13 13:10:07.122123 dv-cinder-826607-8-smb neutron-server[104632]: DEBUG neutron.db.db_base_plugin_common [None req-10c3ff20-67e5-4fb1-b48b-d17a30ac7599 admin admin] Allocated IP 172.28.3.163 (134a7fd5-211e-4c38-b39f-c4eba7b3db74/f6489801-5fe4-4613-af2a-20e4ff06bd5b/facc5cd1-8eac-4643-8121-14e650c2ccde) {{(pid=104632) _store_ip_allocation /opt/stack/neutron/neutron/db/db_base_plugin_common.py:131}}
Oct 13 13:10:07.227157 dv-cinder-826607-8-smb neutron-server[104632]: DEBUG dbcounter [-] [104632] Writing DB stats neutron:SELECT=85,neutron:UPDATE=6,neutron:INSERT=9 {{(pid=104632) stat_writer /usr/local/lib/python3.8/dist-packages/dbcounter.py:114}}
Oct 13 13:10:07.227157 dv-cinder-826607-8-smb neutron-server[104632]: DEBUG neutron_lib.callbacks.manager [None req-19cde420-f617-4c47-8147-8046c7ee2486 admin admin] Publish callbacks ['neutron.plugins.ml2.ovo_rpc._ObjectChangeHandler.handle_event-4138534'] for security_group (604e8c6a-6b7c-4559-926d-d17f3927f52a), after_create {{(pid=104632) _notify_loop /usr/local/lib/python3.8/dist-packages/neutron_lib/callbacks/manager.py:176}}
Oct 13 13:10:07.237287 dv-cinder-826607-8-smb neutron-server[104632]: DEBUG dbcounter [-] [104632] Writing DB stats neutron:SELECT=91,neutron:INSERT=8,neutron:UPDATE=1 {{(pid=104632) stat_writer /usr/local/lib/python3.8/dist-packages/dbcounter.py:114}}
Oct 13 13:10:07.286300 dv-cinder-826607-8-smb neutron-server[104633]: DEBUG dbcounter [-] [104633] Writing DB stats neutron:SELECT=89,neutron:INSERT=6,neutron:UPDATE=5 {{(pid=104633) stat_writer /usr/local/lib/python3.8/dist-packages/dbcounter.py:114}}
Oct 13 13:10:07.288230 dv-cinder-826607-8-smb neutron-server[104633]: DEBUG neutron_lib.callbacks.manager [None req-888a6700-af43-467f-a19c-9baba928218e admin admin] Publish callbacks [] for router_gateway (87258de4-a5b6-4468-b006-116ce9e41d35), after_create {{(pid=104633) _notify_loop /usr/local/lib/python3.8/dist-packages/neutron_lib/callbacks/manager.py:176}}
Oct 13 13:10:07.368630 dv-cinder-826607-8-smb neutron-server[104633]: DEBUG neutron.api.rpc.handlers.resources_rpc [None req-a03455bc-9e7d-4a15-b372-462467ae9859 admin admin] Pushing event updated for resources: {'Port': ['ID=31384f31-b95a-4596-8f83-218512d39a7f,revision_number=1']} {{(pid=104633) push /opt/stack/neutron/neutron/api/rpc/handlers/resources_rpc.py:237}}
Oct 13 13:10:07.428939 dv-cinder-826607-8-smb neutron-server[104632]: DEBUG neutron.scheduler.l3_agent_scheduler [None req-53cabf03-7716-4116-aa88-dac08f11994b admin admin] Router ff9c8502-3b51-4aec-a6c8-5c2cd48a9d52 is scheduled to L3 agent 0c1ea770-dccb-45fa-9880-09b67128f82f with binding_index 1 {{(pid=104632) bind_router /opt/stack/neutron/neutron/scheduler/l3_agent_scheduler.py:209}}
Oct 13 13:10:07.455652 dv-cinder-826607-8-smb neutron-server[104633]: DEBUG neutron.wsgi [-] (104633) accepted ('10.222.0.25', 52648) {{(pid=104633) server /usr/local/lib/python3.8/dist-packages/eventlet/wsgi.py:1004}}
Oct 13 13:10:07.459944 dv-cinder-826607-8-smb neutron-server[104632]: INFO neutron.wsgi [None req-19cde420-f617-4c47-8147-8046c7ee2486 admin admin] 10.222.0.25 "GET /networking/v2.0/security-groups?tenant_id=dd1284e71ae84913b3a32362442798fb&name=default HTTP/1.1" status: 200 len: 2992 time: 1.5068948
Oct 13 13:10:07.495769 dv-cinder-826607-8-smb neutron-server[104634]: DEBUG neutron.plugins.ml2.db [None req-29e72601-d767-4a42-823d-89bd65c0e143 None None] For port 5ade9ff9-e340-4a84-aa49-2b1ef7c9aefc, host dv-cinder-826607-8-smb, cleared binding levels {{(pid=104634) clear_binding_levels /opt/stack/neutron/neutron/plugins/ml2/db.py:87}}
Oct 13 13:10:07.501038 dv-cinder-826607-8-smb neutron-server[104634]: DEBUG neutron.plugins.ml2.db [None req-29e72601-d767-4a42-823d-89bd65c0e143 None None] For port 5ade9ff9-e340-4a84-aa49-2b1ef7c9aefc, host dv-cinder-826607-8-smb, set binding levels [PortBindingLevel(driver='openvswitch',host='dv-cinder-826607-8-smb',level=0,port_id=5ade9ff9-e340-4a84-aa49-2b1ef7c9aefc,segment=NetworkSegment(e511af77-faaa-4930-9fe0-503e1a443b64),segment_id=e511af77-faaa-4930-9fe0-503e1a443b64)] {{(pid=104634) set_binding_levels /opt/stack/neutron/neutron/plugins/ml2/db.py:59}}
Oct 13 13:10:07.509464 dv-cinder-826607-8-smb neutron-server[104634]: DEBUG neutron_lib.callbacks.manager [None req-29e72601-d767-4a42-823d-89bd65c0e143 None None] Publish callbacks ['neutron.plugins.ml2.plugin.SecurityGroupServerNotifierRpcMixin._notify_sg_on_port_change-891464', 'neutron.plugins.ml2.ovo_rpc._ObjectChangeHandler.handle_event-154386', 'neutron.api.rpc.agentnotifiers.dhcp_rpc_agent_api.DhcpAgentNotifyAPI._native_event_send_dhcp_notification-3690105', 'neutron.db.l3_db.L3RpcNotifierMixin._notify_gateway_port_ip_changed-8742873825217', 'neutron.db.l3_dvrscheduler_db._notify_l3_agent_port_update-8742873335812', 'neutron.db.l3_hascheduler_db._notify_l3_agent_ha_port_update-8742873335830'] for port (5ade9ff9-e340-4a84-aa49-2b1ef7c9aefc), after_update {{(pid=104634) _notify_loop /usr/local/lib/python3.8/dist-packages/neutron_lib/callbacks/manager.py:176}}
Oct 13 13:10:07.651692 dv-cinder-826607-8-smb neutron-server[104634]: DEBUG neutron.api.rpc.handlers.resources_rpc [None req-29e72601-d767-4a42-823d-89bd65c0e143 None None] Pushing event updated for resources: {'Port': ['ID=5ade9ff9-e340-4a84-aa49-2b1ef7c9aefc,revision_number=2']} {{(pid=104634) push /opt/stack/neutron/neutron/api/rpc/handlers/resources_rpc.py:237}}
Oct 13 13:10:07.685340 dv-cinder-826607-8-smb neutron-server[104634]: DEBUG neutron.api.rpc.handlers.dhcp_rpc [None req-43d076f3-ab42-401c-b97b-b1d9ab66f316 None None] Network b88c0978-883b-4ea7-82b7-71dc2f479f36 requested from dv-cinder-826607-8-smb {{(pid=104634) get_network_info /opt/stack/neutron/neutron/api/rpc/handlers/dhcp_rpc.py:193}}
Oct 13 13:10:07.732133 dv-cinder-826607-8-smb neutron-server[104633]: DEBUG neutron_lib.callbacks.manager [None req-eb07af50-51be-4998-9b3d-5a9cbac4bc1c admin admin] Publish callbacks [] for security_group (cf74a430-f532-4aa1-9559-6cf9c1518e04), precommit_create {{(pid=104633) _notify_loop /usr/local/lib/python3.8/dist-packages/neutron_lib/callbacks/manager.py:176}}
Oct 13 13:10:07.739112 dv-cinder-826607-8-smb neutron-server[104632]: DEBUG neutron_lib.callbacks.manager [None req-10c3ff20-67e5-4fb1-b48b-d17a30ac7599 admin admin] Publish callbacks [] for port (facc5cd1-8eac-4643-8121-14e650c2ccde), precommit_create {{(pid=104632) _notify_loop /usr/local/lib/python3.8/dist-packages/neutron_lib/callbacks/manager.py:176}}
Oct 13 13:10:07.747071 dv-cinder-826607-8-smb neutron-server[104632]: DEBUG neutron.api.rpc.handlers.resources_rpc [None req-19cde420-f617-4c47-8147-8046c7ee2486 admin admin] Pushing event updated for resources: {'SecurityGroup': ['ID=604e8c6a-6b7c-4559-926d-d17f3927f52a,revision_number=1']} {{(pid=104632) push /opt/stack/neutron/neutron/api/rpc/handlers/resources_rpc.py:237}}
Oct 13 13:10:07.760647 dv-cinder-826607-8-smb neutron-server[104633]: DEBUG neutron_lib.callbacks.manager [None req-eb07af50-51be-4998-9b3d-5a9cbac4bc1c admin admin] Publish callbacks ['neutron.plugins.ml2.ovo_rpc._ObjectChangeHandler.handle_event-4138534'] for security_group (cf74a430-f532-4aa1-9559-6cf9c1518e04), after_create {{(pid=104633) _notify_loop /usr/local/lib/python3.8/dist-packages/neutron_lib/callbacks/manager.py:176}}
Oct 13 13:10:07.803807 dv-cinder-826607-8-smb neutron-server[104632]: DEBUG neutron.api.rpc.agentnotifiers.l3_rpc_agent_api [None req-53cabf03-7716-4116-aa88-dac08f11994b admin admin] Notify agent at l3_agent.dv-cinder-826607-8-smb the message routers_updated {{(pid=104632) _agent_notification /opt/stack/neutron/neutron/api/rpc/agentnotifiers/l3_rpc_agent_api.py:65}}
Oct 13 13:10:07.820732 dv-cinder-826607-8-smb neutron-server[104635]: DEBUG neutron.api.rpc.handlers.l3_rpc [None req-618858ef-b245-4b3c-a0e1-81bd427647f8 None None] Sync routers for ids ['ff9c8502-3b51-4aec-a6c8-5c2cd48a9d52'] in dv-cinder-826607-8-smb {{(pid=104635) sync_routers /opt/stack/neutron/neutron/api/rpc/handlers/l3_rpc.py:125}}
Oct 13 13:10:07.835346 dv-cinder-826607-8-smb neutron-server[104635]: DEBUG neutron.db.l3_dvrscheduler_db [None req-618858ef-b245-4b3c-a0e1-81bd427647f8 None None] Routers {'ff9c8502-3b51-4aec-a6c8-5c2cd48a9d52'} bound to L3 agent in host dv-cinder-826607-8-smb {{(pid=104635) _get_router_ids_for_agent /opt/stack/neutron/neutron/db/l3_dvrscheduler_db.py:425}}
Oct 13 13:10:07.836620 dv-cinder-826607-8-smb neutron-server[104635]: DEBUG neutron.db.l3_hamode_db [None req-618858ef-b245-4b3c-a0e1-81bd427647f8 None None] neutron.services.l3_router.l3_router_plugin.L3RouterPlugin method get_ha_sync_data_for_host called with arguments (, 'dv-cinder-826607-8-smb', Agent(admin_state_up=True,agent_type='L3 agent',availability_zone='nova',binary='neutron-l3-agent',configurations={"agent_mode": "legacy", "ex_gw_ports": 1, "extensions": [], "floating_ips": 0, "handle_internal_only_routers": true, "interface_driver": "openvswitch", "interfaces": 1, "log_agent_heartbeats": false, "routers": 1},created_at=2022-10-13T13:01:43Z,description=,heartbeat_timestamp=2022-10-13T13:09:43Z,host='dv-cinder-826607-8-smb',id=0c1ea770-dccb-45fa-9880-09b67128f82f,load=0,resource_versions=,resources_synced=,started_at=2022-10-13T13:01:43Z,topic='l3_agent')) {'router_ids': ['ff9c8502-3b51-4aec-a6c8-5c2cd48a9d52'], 'active': True} {{(pid=104635) wrapper /usr/local/lib/python3.8/dist-packages/oslo_log/helpers.py:65}}
Oct 13 13:10:07.850772 dv-cinder-826607-8-smb neutron-server[104632]: DEBUG neutron_lib.callbacks.manager [None req-53cabf03-7716-4116-aa88-dac08f11994b admin admin] Publish callbacks [] for router (None), before_response {{(pid=104632) _notify_loop /usr/local/lib/python3.8/dist-packages/neutron_lib/callbacks/manager.py:176}}
Oct 13 13:10:07.854727 dv-cinder-826607-8-smb neutron-server[104632]: INFO neutron.wsgi [None req-53cabf03-7716-4116-aa88-dac08f11994b admin admin] 10.222.0.25 "POST /networking/v2.0/routers HTTP/1.1" status: 201 len: 923 time: 5.3939147
Oct 13 13:10:07.856097 dv-cinder-826607-8-smb neutron-server[104633]: DEBUG neutron.wsgi [-] (104633) accepted ('10.222.0.25', 52654) {{(pid=104633) server /usr/local/lib/python3.8/dist-packages/eventlet/wsgi.py:1004}}
Oct 13 13:10:07.858863 dv-cinder-826607-8-smb neutron-server[104632]: DEBUG neutron_lib.callbacks.manager [None req-10c3ff20-67e5-4fb1-b48b-d17a30ac7599 admin admin] Publish callbacks ['neutron.plugins.ml2.plugin.SecurityGroupServerNotifierRpcMixin._notify_sg_on_port_change-891464', 'neutron.plugins.ml2.ovo_rpc._ObjectChangeHandler.handle_event-154386', 'neutron.api.rpc.agentnotifiers.dhcp_rpc_agent_api.DhcpAgentNotifyAPI._native_event_send_dhcp_notification-3690105', 'neutron.db.l3_dvrscheduler_db._notify_l3_agent_new_port-8742873337582'] for port (facc5cd1-8eac-4643-8121-14e650c2ccde), after_create {{(pid=104632) _notify_loop /usr/local/lib/python3.8/dist-packages/neutron_lib/callbacks/manager.py:176}}
Oct 13 13:10:07.859302 dv-cinder-826607-8-smb neutron-server[104634]: DEBUG neutron.plugins.ml2.rpc [None req-6d79c79a-8d60-4130-b6ef-24de83d1f9d9 None None] Device 0cbbb0cb-6f68-49ab-a0b0-536b2f8732b2 up at agent ovs-agent-dv-cinder-826607-8-smb {{(pid=104634) update_device_up /opt/stack/neutron/neutron/plugins/ml2/rpc.py:296}}
Oct 13 13:10:07.931229 dv-cinder-826607-8-smb neutron-server[104633]: DEBUG neutron_lib.callbacks.manager [None req-3bb3768e-9701-4034-a2f2-9a8d5ed6b49f admin admin] Publish callbacks [] for security_group (604e8c6a-6b7c-4559-926d-d17f3927f52a), before_delete {{(pid=104633) _notify_loop /usr/local/lib/python3.8/dist-packages/neutron_lib/callbacks/manager.py:176}}
Oct 13 13:10:07.945556 dv-cinder-826607-8-smb neutron-server[104634]: DEBUG neutron.db.provisioning_blocks [None req-4f0bb227-dc57-466e-b0af-febf0d38a17f None None] Provisioning complete for port 0cbbb0cb-6f68-49ab-a0b0-536b2f8732b2 triggered by entity DHCP. {{(pid=104634) provisioning_complete /opt/stack/neutron/neutron/db/provisioning_blocks.py:144}}
Oct 13 13:10:07.946025 dv-cinder-826607-8-smb neutron-server[104634]: DEBUG neutron_lib.callbacks.manager [None req-4f0bb227-dc57-466e-b0af-febf0d38a17f None None] Publish callbacks ['neutron.plugins.ml2.plugin.Ml2Plugin._port_provisioned-685607'] for port (0cbbb0cb-6f68-49ab-a0b0-536b2f8732b2), provisioning_complete {{(pid=104634) _notify_loop /usr/local/lib/python3.8/dist-packages/neutron_lib/callbacks/manager.py:176}}
Oct 13 13:10:07.946245 dv-cinder-826607-8-smb neutron-server[104634]: INFO neutron.plugins.ml2.plugin [None req-4f0bb227-dc57-466e-b0af-febf0d38a17f None None] Attempt 1 to provision port 0cbbb0cb-6f68-49ab-a0b0-536b2f8732b2
Oct 13 13:10:07.957955 dv-cinder-826607-8-smb neutron-server[104633]: DEBUG neutron_lib.callbacks.manager [None req-3bb3768e-9701-4034-a2f2-9a8d5ed6b49f admin admin] Publish callbacks [] for security_group (604e8c6a-6b7c-4559-926d-d17f3927f52a), precommit_delete {{(pid=104633) _notify_loop /usr/local/lib/python3.8/dist-packages/neutron_lib/callbacks/manager.py:176}}
Oct 13 13:10:08.002488 dv-cinder-826607-8-smb neutron-server[104634]: DEBUG neutron.db.provisioning_blocks [None req-6d79c79a-8d60-4130-b6ef-24de83d1f9d9 None None] Provisioning complete for port 0cbbb0cb-6f68-49ab-a0b0-536b2f8732b2 triggered by entity L2. {{(pid=104634) provisioning_complete /opt/stack/neutron/neutron/db/provisioning_blocks.py:144}}
Oct 13 13:10:08.002488 dv-cinder-826607-8-smb neutron-server[104634]: DEBUG neutron_lib.callbacks.manager [None req-6d79c79a-8d60-4130-b6ef-24de83d1f9d9 None None] Publish callbacks ['neutron.plugins.ml2.plugin.Ml2Plugin._port_provisioned-685607'] for port (0cbbb0cb-6f68-49ab-a0b0-536b2f8732b2), provisioning_complete {{(pid=104634) _notify_loop /usr/local/lib/python3.8/dist-packages/neutron_lib/callbacks/manager.py:176}}
Oct 13 13:10:08.002790 dv-cinder-826607-8-smb neutron-server[104634]: INFO neutron.plugins.ml2.plugin [None req-6d79c79a-8d60-4130-b6ef-24de83d1f9d9 None None] Attempt 1 to provision port 0cbbb0cb-6f68-49ab-a0b0-536b2f8732b2
Oct 13 13:10:08.003887 dv-cinder-826607-8-smb neutron-server[104632]: DEBUG neutron.scheduler.dhcp_agent_scheduler [None req-10c3ff20-67e5-4fb1-b48b-d17a30ac7599 admin admin] Network 134a7fd5-211e-4c38-b39f-c4eba7b3db74 is already hosted by enough agents. {{(pid=104632) _get_dhcp_agents_hosting_network /opt/stack/neutron/neutron/scheduler/dhcp_agent_scheduler.py:275}}
Oct 13 13:10:08.015378 dv-cinder-826607-8-smb neutron-server[104633]: DEBUG dbcounter [-] [104633] Writing DB stats neutron:SELECT=87,neutron:INSERT=11,neutron:UPDATE=2 {{(pid=104633) stat_writer /usr/local/lib/python3.8/dist-packages/dbcounter.py:114}}
Oct 13 13:10:08.017537 dv-cinder-826607-8-smb neutron-server[104632]: DEBUG neutron.scheduler.base_scheduler [None req-10c3ff20-67e5-4fb1-b48b-d17a30ac7599 admin admin] Resources bound (agent type, host, resource id): {{(pid=104632) schedule /opt/stack/neutron/neutron/scheduler/base_scheduler.py:57}}
Oct 13 13:10:08.029651 dv-cinder-826607-8-smb neutron-server[104632]: DEBUG neutron.db.l3_dvrscheduler_db [None req-10c3ff20-67e5-4fb1-b48b-d17a30ac7599 admin admin] Received port after_create {{(pid=104632) _notify_l3_agent_new_port /opt/stack/neutron/neutron/db/l3_dvrscheduler_db.py:541}}
Oct 13 13:10:08.134737 dv-cinder-826607-8-smb neutron-server[104632]: DEBUG neutron.api.rpc.handlers.resources_rpc [None req-10c3ff20-67e5-4fb1-b48b-d17a30ac7599 admin admin] Pushing event updated for resources: {'Port': ['ID=facc5cd1-8eac-4643-8121-14e650c2ccde,revision_number=1']} {{(pid=104632) push /opt/stack/neutron/neutron/api/rpc/handlers/resources_rpc.py:237}}
Oct 13 13:10:08.162616 dv-cinder-826607-8-smb neutron-server[104634]: DEBUG neutron.plugins.ml2.plugin [None req-4f0bb227-dc57-466e-b0af-febf0d38a17f None None] Current status of the port 0cbbb0cb-6f68-49ab-a0b0-536b2f8732b2 is: DOWN; New status is: ACTIVE {{(pid=104634) _update_individual_port_db_status /opt/stack/neutron/neutron/plugins/ml2/plugin.py:2333}}
Oct 13 13:10:08.163203 dv-cinder-826607-8-smb neutron-server[104634]: DEBUG neutron_lib.callbacks.manager [None req-4f0bb227-dc57-466e-b0af-febf0d38a17f None None] Publish callbacks ['neutron.plugins.ml2.plugin.SecurityGroupDbMixin._ensure_default_security_group_handler-884887'] for port (0cbbb0cb-6f68-49ab-a0b0-536b2f8732b2), before_update {{(pid=104634) _notify_loop /usr/local/lib/python3.8/dist-packages/neutron_lib/callbacks/manager.py:176}}
Oct 13 13:10:08.202176 dv-cinder-826607-8-smb neutron-server[104633]: INFO neutron.wsgi [None req-eb07af50-51be-4998-9b3d-5a9cbac4bc1c admin admin] 10.222.0.25 "GET /networking/v2.0/security-groups?tenant_id=f579351ceba24bcb8480ab60f21fc553&name=default HTTP/1.1" status: 200 len: 2992 time: 2.0428677
Oct 13 13:10:08.213007 dv-cinder-826607-8-smb neutron-server[104633]: DEBUG neutron_lib.callbacks.manager [None req-3bb3768e-9701-4034-a2f2-9a8d5ed6b49f admin admin] Publish callbacks ['neutron.plugins.ml2.ovo_rpc._ObjectChangeHandler.handle_event-4138534'] for security_group (604e8c6a-6b7c-4559-926d-d17f3927f52a), after_delete {{(pid=104633) _notify_loop /usr/local/lib/python3.8/dist-packages/neutron_lib/callbacks/manager.py:176}}
Oct 13 13:10:08.228581 dv-cinder-826607-8-smb neutron-server[104633]: DEBUG neutron_lib.callbacks.manager [None req-3bb3768e-9701-4034-a2f2-9a8d5ed6b49f admin admin] Publish callbacks [] for security_group (None), before_response {{(pid=104633) _notify_loop /usr/local/lib/python3.8/dist-packages/neutron_lib/callbacks/manager.py:176}}
Oct 13 13:10:08.229804 dv-cinder-826607-8-smb neutron-server[104633]: INFO neutron.wsgi [None req-3bb3768e-9701-4034-a2f2-9a8d5ed6b49f admin admin] 10.222.0.25 "DELETE /networking/v2.0/security-groups/604e8c6a-6b7c-4559-926d-d17f3927f52a HTTP/1.1" status: 204 len: 168 time: 0.7710485
Oct 13 13:10:08.230432 dv-cinder-826607-8-smb neutron-server[104633]: DEBUG neutron.wsgi [-] (104633) accepted ('10.222.0.25', 52662) {{(pid=104633) server /usr/local/lib/python3.8/dist-packages/eventlet/wsgi.py:1004}}
Oct 13 13:10:08.327774 dv-cinder-826607-8-smb neutron-server[104634]: DEBUG neutron.plugins.ml2.plugin [None req-6d79c79a-8d60-4130-b6ef-24de83d1f9d9 None None] Current status of the port 0cbbb0cb-6f68-49ab-a0b0-536b2f8732b2 is: DOWN; New status is: ACTIVE {{(pid=104634) _update_individual_port_db_status /opt/stack/neutron/neutron/plugins/ml2/plugin.py:2333}}
Oct 13 13:10:08.346344 dv-cinder-826607-8-smb neutron-server[104634]: DEBUG neutron_lib.callbacks.manager [None req-6d79c79a-8d60-4130-b6ef-24de83d1f9d9 None None] Publish callbacks ['neutron.plugins.ml2.plugin.SecurityGroupDbMixin._ensure_default_security_group_handler-884887'] for port (0cbbb0cb-6f68-49ab-a0b0-536b2f8732b2), before_update {{(pid=104634) _notify_loop /usr/local/lib/python3.8/dist-packages/neutron_lib/callbacks/manager.py:176}}
Oct 13 13:10:08.358366 dv-cinder-826607-8-smb neutron-server[104635]: DEBUG neutron.db.l3_dvr_db [None req-618858ef-b245-4b3c-a0e1-81bd427647f8 None None] Set router ff9c8502-3b51-4aec-a6c8-5c2cd48a9d52 gateway port host: dv-cinder-826607-8-smb {{(pid=104635) _build_routers_list /opt/stack/neutron/neutron/db/l3_dvr_db.py:907}}
Oct 13 13:10:08.382292 dv-cinder-826607-8-smb neutron-server[104634]: DEBUG dbcounter [-] [104634] Writing DB stats neutron:SELECT=98,neutron:UPDATE=1,neutron:INSERT=1 {{(pid=104634) stat_writer /usr/local/lib/python3.8/dist-packages/dbcounter.py:114}}
Oct 13 13:10:08.442132 dv-cinder-826607-8-smb neutron-server[104634]: DEBUG dbcounter [-] [104634] Writing DB stats neutron:SELECT=95,neutron:UPDATE=4,neutron:INSERT=1 {{(pid=104634) stat_writer /usr/local/lib/python3.8/dist-packages/dbcounter.py:114}}
Oct 13 13:10:08.498727 dv-cinder-826607-8-smb neutron-server[104633]: DEBUG neutron.api.rpc.handlers.resources_rpc [None req-eb07af50-51be-4998-9b3d-5a9cbac4bc1c admin admin] Pushing event updated for resources: {'SecurityGroup': ['ID=cf74a430-f532-4aa1-9559-6cf9c1518e04,revision_number=1']} {{(pid=104633) push /opt/stack/neutron/neutron/api/rpc/handlers/resources_rpc.py:237}}
Oct 13 13:10:08.527242 dv-cinder-826607-8-smb neutron-server[104634]: DEBUG neutron.api.rpc.handlers.dhcp_rpc [None req-d18d670e-5218-488a-96d0-2e9f3547e62c None None] Network 61fcafb6-adfd-4d1c-a604-2f0e4472ae18 requested from dv-cinder-826607-8-smb {{(pid=104634) get_network_info /opt/stack/neutron/neutron/api/rpc/handlers/dhcp_rpc.py:193}}
Oct 13 13:10:08.537870 dv-cinder-826607-8-smb neutron-server[104634]: DEBUG neutron.plugins.ml2.db [None req-4f0bb227-dc57-466e-b0af-febf0d38a17f None None] For port 0cbbb0cb-6f68-49ab-a0b0-536b2f8732b2, host dv-cinder-826607-8-smb, got binding levels [PortBindingLevel(driver='openvswitch',host='dv-cinder-826607-8-smb',level=0,port_id=0cbbb0cb-6f68-49ab-a0b0-536b2f8732b2,segment=NetworkSegment(f513fe7f-c8ab-466f-8d76-b9f39248f82f),segment_id=f513fe7f-c8ab-466f-8d76-b9f39248f82f)] {{(pid=104634) get_binding_level_objs /opt/stack/neutron/neutron/plugins/ml2/db.py:74}}
Oct 13 13:10:08.618018 dv-cinder-826607-8-smb neutron-server[104634]: DEBUG neutron_lib.callbacks.manager [None req-4f0bb227-dc57-466e-b0af-febf0d38a17f None None] Publish callbacks ['neutron.plugins.ml2.plugin.SecurityGroupServerNotifierRpcMixin._notify_sg_on_port_change-891464', 'neutron.plugins.ml2.ovo_rpc._ObjectChangeHandler.handle_event-154386', 'neutron.api.rpc.agentnotifiers.dhcp_rpc_agent_api.DhcpAgentNotifyAPI._native_event_send_dhcp_notification-3690105', 'neutron.db.l3_db.L3RpcNotifierMixin._notify_gateway_port_ip_changed-8742873825217', 'neutron.db.l3_dvrscheduler_db._notify_l3_agent_port_update-8742873335812', 'neutron.db.l3_hascheduler_db._notify_l3_agent_ha_port_update-8742873335830'] for port (0cbbb0cb-6f68-49ab-a0b0-536b2f8732b2), after_update {{(pid=104634) _notify_loop /usr/local/lib/python3.8/dist-packages/neutron_lib/callbacks/manager.py:176}}
Oct 13 13:10:08.631443 dv-cinder-826607-8-smb neutron-server[104632]: DEBUG neutron_lib.callbacks.manager [None req-10c3ff20-67e5-4fb1-b48b-d17a30ac7599 admin admin] Publish callbacks [] for router_gateway (73b4428e-6146-499c-a367-ce15794a5ea3), after_create {{(pid=104632) _notify_loop /usr/local/lib/python3.8/dist-packages/neutron_lib/callbacks/manager.py:176}}
Oct 13 13:10:08.712914 dv-cinder-826607-8-smb neutron-server[104633]: DEBUG neutron_lib.callbacks.manager [None req-a03455bc-9e7d-4a15-b372-462467ae9859 admin admin] Publish callbacks [] for router_gateway (b7997393-8683-49bf-924e-b79f4311f1a0), after_create {{(pid=104633) _notify_loop /usr/local/lib/python3.8/dist-packages/neutron_lib/callbacks/manager.py:176}}
Oct 13 13:10:08.814238 dv-cinder-826607-8-smb neutron-server[104634]: DEBUG neutron.db.provisioning_blocks [None req-31ac5864-d2e5-4a70-9329-d63390d33f37 None None] Provisioning complete for port 0cbbb0cb-6f68-49ab-a0b0-536b2f8732b2 triggered by entity DHCP. {{(pid=104634) provisioning_complete /opt/stack/neutron/neutron/db/provisioning_blocks.py:144}}
Oct 13 13:10:08.817140 dv-cinder-826607-8-smb neutron-server[104634]: DEBUG neutron_lib.callbacks.manager [None req-31ac5864-d2e5-4a70-9329-d63390d33f37 None None] Publish callbacks ['neutron.plugins.ml2.plugin.Ml2Plugin._port_provisioned-685607'] for port (0cbbb0cb-6f68-49ab-a0b0-536b2f8732b2), provisioning_complete {{(pid=104634) _notify_loop /usr/local/lib/python3.8/dist-packages/neutron_lib/callbacks/manager.py:176}}
Oct 13 13:10:08.818957 dv-cinder-826607-8-smb neutron-server[104634]: INFO neutron.plugins.ml2.plugin [None req-31ac5864-d2e5-4a70-9329-d63390d33f37 None None] Attempt 1 to provision port 0cbbb0cb-6f68-49ab-a0b0-536b2f8732b2
Oct 13 13:10:08.830773 dv-cinder-826607-8-smb neutron-server[104632]: DEBUG dbcounter [-] [104632] Writing DB stats neutron:SELECT=93,neutron:INSERT=3,neutron:DELETE=2,neutron:UPDATE=2 {{(pid=104632) stat_writer /usr/local/lib/python3.8/dist-packages/dbcounter.py:114}}
Oct 13 13:10:08.833825 dv-cinder-826607-8-smb neutron-server[104635]: DEBUG neutron.db.l3_hamode_db [None req-618858ef-b245-4b3c-a0e1-81bd427647f8 None None] neutron.services.l3_router.l3_router_plugin.L3RouterPlugin method _process_sync_ha_data called with arguments (, [{'id': 'ff9c8502-3b51-4aec-a6c8-5c2cd48a9d52', 'name': 'tempest-AttachVolumeTestJSON-1097031915-router', 'tenant_id': '286b1cf90c5344faa0049a1eed43128a', 'admin_state_up': True, 'status': 'ACTIVE', 'external_gateway_info': {'network_id': '134a7fd5-211e-4c38-b39f-c4eba7b3db74', 'external_fixed_ips': [{'subnet_id': 'f6489801-5fe4-4613-af2a-20e4ff06bd5b', 'ip_address': '172.28.3.247'}], 'enable_snat': True}, 'gw_port_id': '84775b95-06f1-464e-a13d-5b007a1de982', 'description': '', 'availability_zones': ['nova'], 'distributed': False, 'ha': False, 'ha_vr_id': 0, 'availability_zone_hints': [], 'routes': [], 'flavor_id': None, 'tags': [], 'created_at': '2022-10-13T13:10:02Z', 'updated_at': '2022-10-13T13:10:05Z', 'revision_number': 3, 'project_id': '286b1cf90c5344faa0049a1eed43128a', 'gw_port': {'id': '84775b95-06f1-464e-a13d-5b007a1de982', 'name': '', 'network_id': '134a7fd5-211e-4c38-b39f-c4eba7b3db74', 'tenant_id': '', 'mac_address': 'fa:16:3e:e2:a7:db', 'admin_state_up': True, 'status': 'DOWN', 'device_id': 'ff9c8502-3b51-4aec-a6c8-5c2cd48a9d52', 'device_owner': 'network:router_gateway', 'standard_attr_id': 69, 'fixed_ips': [{'subnet_id': 'f6489801-5fe4-4613-af2a-20e4ff06bd5b', 'ip_address': '172.28.3.247', 'prefixlen': 24}], 'allowed_address_pairs': [], 'extra_dhcp_opts': [], 'security_groups': [], 'description': '', 'binding:vnic_type': 'normal', 'binding:profile': {}, 'binding:host_id': '', 'binding:vif_type': 'unbound', 'binding:vif_details': {}, 'port_security_enabled': False, 'tags': [], 'created_at': '2022-10-13T13:10:04Z', 'updated_at': '2022-10-13T13:10:04Z', 'revision_number': 1, 'project_id': '', 'subnets': [{'id': 'f6489801-5fe4-4613-af2a-20e4ff06bd5b', 'cidr': '172.28.3.0/24', 'gateway_ip': '172.28.3.1', 'dns_nameservers': [], 'ipv6_ra_mode': None, 'subnetpool_id': None}], 'extra_subnets': [], 'address_scopes': {4: None, 6: None}, 'mtu': 1500}, 'enable_snat': True, 'gw_port_host': 'dv-cinder-826607-8-smb'}], 'dv-cinder-826607-8-smb', False) {} {{(pid=104635) wrapper /usr/local/lib/python3.8/dist-packages/oslo_log/helpers.py:65}}
Oct 13 13:10:08.903753 dv-cinder-826607-8-smb neutron-server[104635]: DEBUG neutron.api.rpc.handlers.l3_rpc [None req-618858ef-b245-4b3c-a0e1-81bd427647f8 None None] Checking router: ff9c8502-3b51-4aec-a6c8-5c2cd48a9d52 for host: dv-cinder-826607-8-smb {{(pid=104635) _ensure_host_set_on_ports /opt/stack/neutron/neutron/api/rpc/handlers/l3_rpc.py:155}}
Oct 13 13:10:08.904365 dv-cinder-826607-8-smb neutron-server[104635]: DEBUG neutron.api.rpc.handlers.l3_rpc [None req-618858ef-b245-4b3c-a0e1-81bd427647f8 None None] Updating router ff9c8502-3b51-4aec-a6c8-5c2cd48a9d52 port 84775b95-06f1-464e-a13d-5b007a1de982 binding host dv-cinder-826607-8-smb {{(pid=104635) _ensure_host_set_on_port /opt/stack/neutron/neutron/api/rpc/handlers/l3_rpc.py:205}}
Oct 13 13:10:08.931463 dv-cinder-826607-8-smb neutron-server[104634]: DEBUG neutron.api.rpc.handlers.resources_rpc [None req-4f0bb227-dc57-466e-b0af-febf0d38a17f None None] Pushing event updated for resources: {'Port': ['ID=0cbbb0cb-6f68-49ab-a0b0-536b2f8732b2,revision_number=3']} {{(pid=104634) push /opt/stack/neutron/neutron/api/rpc/handlers/resources_rpc.py:237}}
Oct 13 13:10:08.986300 dv-cinder-826607-8-smb neutron-server[104634]: DEBUG neutron.api.rpc.handlers.dhcp_rpc [None req-c1da37f4-07a3-4fb9-ba3a-e9f2c958f955 None None] Network 19a51b2b-bb87-4c8c-8273-38c2b1dcf04b requested from dv-cinder-826607-8-smb {{(pid=104634) get_network_info /opt/stack/neutron/neutron/api/rpc/handlers/dhcp_rpc.py:193}}
Oct 13 13:10:09.030840 dv-cinder-826607-8-smb neutron-server[104635]: DEBUG neutron_lib.callbacks.manager [None req-618858ef-b245-4b3c-a0e1-81bd427647f8 None None] Publish callbacks ['neutron.plugins.ml2.plugin.SecurityGroupDbMixin._ensure_default_security_group_handler-884887'] for port (84775b95-06f1-464e-a13d-5b007a1de982), before_update {{(pid=104635) _notify_loop /usr/local/lib/python3.8/dist-packages/neutron_lib/callbacks/manager.py:176}}
Oct 13 13:10:09.033858 dv-cinder-826607-8-smb neutron-server[104634]: DEBUG neutron_lib.db.api [None req-6d79c79a-8d60-4130-b6ef-24de83d1f9d9 None None] Retry wrapper got retriable exception: UPDATE statement on table 'standardattributes' expected to update 1 row(s); 0 were matched. {{(pid=104634) wrapped /usr/local/lib/python3.8/dist-packages/neutron_lib/db/api.py:188}}
Oct 13 13:10:09.034283 dv-cinder-826607-8-smb neutron-server[104634]: DEBUG oslo_db.api [None req-6d79c79a-8d60-4130-b6ef-24de83d1f9d9 None None] Performing DB retry for function neutron.plugins.ml2.plugin.Ml2Plugin.update_port_statuses {{(pid=104634) wrapper /usr/local/lib/python3.8/dist-packages/oslo_db/api.py:155}}
Oct 13 13:10:09.077602 dv-cinder-826607-8-smb neutron-server[104633]: DEBUG dbcounter [-] [104633] Writing DB stats neutron:UPDATE=1,neutron:SELECT=95,neutron:DELETE=4 {{(pid=104633) stat_writer /usr/local/lib/python3.8/dist-packages/dbcounter.py:114}}
Oct 13 13:10:09.082324 dv-cinder-826607-8-smb neutron-server[104633]: DEBUG neutron.api.rpc.handlers.resources_rpc [None req-3bb3768e-9701-4034-a2f2-9a8d5ed6b49f admin admin] Pushing event deleted for resources: {'SecurityGroup': ['ID=604e8c6a-6b7c-4559-926d-d17f3927f52a,revision_number=None']} {{(pid=104633) push /opt/stack/neutron/neutron/api/rpc/handlers/resources_rpc.py:237}}
Oct 13 13:10:09.113370 dv-cinder-826607-8-smb neutron-server[104633]: DEBUG neutron_lib.callbacks.manager [None req-888a6700-af43-467f-a19c-9baba928218e admin admin] Publish callbacks ['neutron.services.l3_router.l3_router_plugin.L3_HA_NAT_db_mixin._after_router_create-4187622', 'neutron.services.l3_router.l3_router_plugin.DVRResourceOperationHandler._create_snat_interfaces_after_change-4188363'] for router (87258de4-a5b6-4468-b006-116ce9e41d35), after_create {{(pid=104633) _notify_loop /usr/local/lib/python3.8/dist-packages/neutron_lib/callbacks/manager.py:176}}
Oct 13 13:10:09.154207 dv-cinder-826607-8-smb neutron-server[104632]: DEBUG neutron_lib.callbacks.manager [None req-10c3ff20-67e5-4fb1-b48b-d17a30ac7599 admin admin] Publish callbacks ['neutron.services.l3_router.l3_router_plugin.L3_HA_NAT_db_mixin._after_router_create-4187622', 'neutron.services.l3_router.l3_router_plugin.DVRResourceOperationHandler._create_snat_interfaces_after_change-4188363'] for router (73b4428e-6146-499c-a367-ce15794a5ea3), after_create {{(pid=104632) _notify_loop /usr/local/lib/python3.8/dist-packages/neutron_lib/callbacks/manager.py:176}}
Oct 13 13:10:09.365367 dv-cinder-826607-8-smb neutron-server[104634]: DEBUG neutron.plugins.ml2.plugin [None req-31ac5864-d2e5-4a70-9329-d63390d33f37 None None] Current status of the port 0cbbb0cb-6f68-49ab-a0b0-536b2f8732b2 is: ACTIVE; New status is: ACTIVE {{(pid=104634) _update_individual_port_db_status /opt/stack/neutron/neutron/plugins/ml2/plugin.py:2333}}
Oct 13 13:10:09.391200 dv-cinder-826607-8-smb neutron-server[104632]: DEBUG neutron.scheduler.l3_agent_scheduler [None req-10c3ff20-67e5-4fb1-b48b-d17a30ac7599 admin admin] Router 73b4428e-6146-499c-a367-ce15794a5ea3 is scheduled to L3 agent 0c1ea770-dccb-45fa-9880-09b67128f82f with binding_index 1 {{(pid=104632) bind_router /opt/stack/neutron/neutron/scheduler/l3_agent_scheduler.py:209}}
Oct 13 13:10:09.411020 dv-cinder-826607-8-smb neutron-server[104633]: DEBUG neutron_lib.callbacks.manager [None req-9520dc37-4941-4f14-98ed-e0bb863c6edf admin admin] Publish callbacks [] for security_group (cf74a430-f532-4aa1-9559-6cf9c1518e04), before_delete {{(pid=104633) _notify_loop /usr/local/lib/python3.8/dist-packages/neutron_lib/callbacks/manager.py:176}}
Oct 13 13:10:09.466245 dv-cinder-826607-8-smb neutron-server[104634]: DEBUG neutron.db.provisioning_blocks [None req-31ac5864-d2e5-4a70-9329-d63390d33f37 None None] Provisioning complete for port 6cf265c4-4b62-49a3-b80d-ab709c661bbd triggered by entity DHCP. {{(pid=104634) provisioning_complete /opt/stack/neutron/neutron/db/provisioning_blocks.py:144}}
Oct 13 13:10:09.466397 dv-cinder-826607-8-smb neutron-server[104634]: DEBUG neutron_lib.callbacks.manager [None req-31ac5864-d2e5-4a70-9329-d63390d33f37 None None] Publish callbacks ['neutron.plugins.ml2.plugin.Ml2Plugin._port_provisioned-685607'] for port (6cf265c4-4b62-49a3-b80d-ab709c661bbd), provisioning_complete {{(pid=104634) _notify_loop /usr/local/lib/python3.8/dist-packages/neutron_lib/callbacks/manager.py:176}}
Oct 13 13:10:09.466674 dv-cinder-826607-8-smb neutron-server[104634]: INFO neutron.plugins.ml2.plugin [None req-31ac5864-d2e5-4a70-9329-d63390d33f37 None None] Attempt 1 to provision port 6cf265c4-4b62-49a3-b80d-ab709c661bbd
Oct 13 13:10:09.583945 dv-cinder-826607-8-smb neutron-server[104633]: DEBUG neutron_lib.callbacks.manager [None req-9520dc37-4941-4f14-98ed-e0bb863c6edf admin admin] Publish callbacks [] for security_group (cf74a430-f532-4aa1-9559-6cf9c1518e04), precommit_delete {{(pid=104633) _notify_loop /usr/local/lib/python3.8/dist-packages/neutron_lib/callbacks/manager.py:176}}
Oct 13 13:10:09.600114 dv-cinder-826607-8-smb neutron-server[104634]: DEBUG neutron.plugins.ml2.plugin [None req-6d79c79a-8d60-4130-b6ef-24de83d1f9d9 None None] Current status of the port 0cbbb0cb-6f68-49ab-a0b0-536b2f8732b2 is: ACTIVE; New status is: ACTIVE {{(pid=104634) _update_individual_port_db_status /opt/stack/neutron/neutron/plugins/ml2/plugin.py:2333}}
Oct 13 13:10:09.601401 dv-cinder-826607-8-smb neutron-server[104634]: DEBUG neutron.plugins.ml2.rpc [None req-6d79c79a-8d60-4130-b6ef-24de83d1f9d9 None None] Device ccf1f0e8-418f-41ac-8968-a005f528ee41 up at agent ovs-agent-dv-cinder-826607-8-smb {{(pid=104634) update_device_up /opt/stack/neutron/neutron/plugins/ml2/rpc.py:296}}
Oct 13 13:10:09.602292 dv-cinder-826607-8-smb neutron-server[104632]: DEBUG dbcounter [-] [104632] Writing DB stats neutron:SELECT=100 {{(pid=104632) stat_writer /usr/local/lib/python3.8/dist-packages/dbcounter.py:114}}
Oct 13 13:10:09.603839 dv-cinder-826607-8-smb neutron-server[104634]: DEBUG neutron.api.rpc.handlers.dhcp_rpc [None req-cb38f65f-d1e4-4d14-8477-d0b93ac573eb None None] Network 9f1b6e37-3cca-4f9e-b044-99eab20f1674 requested from dv-cinder-826607-8-smb {{(pid=104634) get_network_info /opt/stack/neutron/neutron/api/rpc/handlers/dhcp_rpc.py:193}}
Oct 13 13:10:09.628158 dv-cinder-826607-8-smb neutron-server[104632]: DEBUG neutron.api.rpc.agentnotifiers.l3_rpc_agent_api [None req-10c3ff20-67e5-4fb1-b48b-d17a30ac7599 admin admin] Notify agent at l3_agent.dv-cinder-826607-8-smb the message routers_updated {{(pid=104632) _agent_notification /opt/stack/neutron/neutron/api/rpc/agentnotifiers/l3_rpc_agent_api.py:65}}
Oct 13 13:10:09.658353 dv-cinder-826607-8-smb neutron-server[104634]: DEBUG neutron.api.rpc.handlers.l3_rpc [None req-1b02ab90-0a3d-4c7c-bb66-e75f9f7b298d None None] Sync routers for ids ['73b4428e-6146-499c-a367-ce15794a5ea3'] in dv-cinder-826607-8-smb {{(pid=104634) sync_routers /opt/stack/neutron/neutron/api/rpc/handlers/l3_rpc.py:125}}
Oct 13 13:10:09.678284 dv-cinder-826607-8-smb neutron-server[104632]: DEBUG neutron_lib.callbacks.manager [None req-10c3ff20-67e5-4fb1-b48b-d17a30ac7599 admin admin] Publish callbacks [] for router (None), before_response {{(pid=104632) _notify_loop /usr/local/lib/python3.8/dist-packages/neutron_lib/callbacks/manager.py:176}}
Oct 13 13:10:09.684523 dv-cinder-826607-8-smb neutron-server[104632]: INFO neutron.wsgi [None req-10c3ff20-67e5-4fb1-b48b-d17a30ac7599 admin admin] 10.222.0.25 "POST /networking/v2.0/routers HTTP/1.1" status: 201 len: 924 time: 7.3061676
Oct 13 13:10:09.693738 dv-cinder-826607-8-smb neutron-server[104632]: DEBUG neutron.wsgi [-] (104632) accepted ('10.222.0.25', 52714) {{(pid=104632) server /usr/local/lib/python3.8/dist-packages/eventlet/wsgi.py:1004}}
Oct 13 13:10:09.772160 dv-cinder-826607-8-smb neutron-server[104635]: DEBUG neutron_lib.callbacks.manager [None req-618858ef-b245-4b3c-a0e1-81bd427647f8 None None] Publish callbacks [] for port (84775b95-06f1-464e-a13d-5b007a1de982), precommit_update {{(pid=104635) _notify_loop /usr/local/lib/python3.8/dist-packages/neutron_lib/callbacks/manager.py:176}}
Oct 13 13:10:09.781391 dv-cinder-826607-8-smb neutron-server[104635]: DEBUG neutron_lib.callbacks.manager [None req-618858ef-b245-4b3c-a0e1-81bd427647f8 None None] Publish callbacks ['neutron.plugins.ml2.plugin.SecurityGroupServerNotifierRpcMixin._notify_sg_on_port_change-891464', 'neutron.plugins.ml2.ovo_rpc._ObjectChangeHandler.handle_event-154386', 'neutron.api.rpc.agentnotifiers.dhcp_rpc_agent_api.DhcpAgentNotifyAPI._native_event_send_dhcp_notification-3690105', 'neutron.db.l3_db.L3RpcNotifierMixin._notify_gateway_port_ip_changed-8742873825217', 'neutron.db.l3_dvrscheduler_db._notify_l3_agent_port_update-8742873335812', 'neutron.db.l3_hascheduler_db._notify_l3_agent_ha_port_update-8742873335830'] for port (84775b95-06f1-464e-a13d-5b007a1de982), after_update {{(pid=104635) _notify_loop /usr/local/lib/python3.8/dist-packages/neutron_lib/callbacks/manager.py:176}}
Oct 13 13:10:09.782948 dv-cinder-826607-8-smb neutron-server[104633]: DEBUG neutron_lib.callbacks.manager [None req-a03455bc-9e7d-4a15-b372-462467ae9859 admin admin] Publish callbacks ['neutron.services.l3_router.l3_router_plugin.L3_HA_NAT_db_mixin._after_router_create-4187622', 'neutron.services.l3_router.l3_router_plugin.DVRResourceOperationHandler._create_snat_interfaces_after_change-4188363'] for router (b7997393-8683-49bf-924e-b79f4311f1a0), after_create {{(pid=104633) _notify_loop /usr/local/lib/python3.8/dist-packages/neutron_lib/callbacks/manager.py:176}}
Oct 13 13:10:09.850271 dv-cinder-826607-8-smb neutron-server[104635]: DEBUG neutron.api.rpc.handlers.resources_rpc [None req-c47f8654-66a2-4dca-9c0f-0441e82110ea None None] Pushing event updated for resources: {'Port': ['ID=84775b95-06f1-464e-a13d-5b007a1de982,revision_number=2']} {{(pid=104635) push /opt/stack/neutron/neutron/api/rpc/handlers/resources_rpc.py:237}}
Oct 13 13:10:09.868111 dv-cinder-826607-8-smb neutron-server[104634]: DEBUG neutron.db.l3_dvrscheduler_db [None req-1b02ab90-0a3d-4c7c-bb66-e75f9f7b298d None None] Routers {'73b4428e-6146-499c-a367-ce15794a5ea3'} bound to L3 agent in host dv-cinder-826607-8-smb {{(pid=104634) _get_router_ids_for_agent /opt/stack/neutron/neutron/db/l3_dvrscheduler_db.py:425}}
Oct 13 13:10:09.869186 dv-cinder-826607-8-smb neutron-server[104634]: DEBUG neutron.db.l3_hamode_db [None req-1b02ab90-0a3d-4c7c-bb66-e75f9f7b298d None None] neutron.services.l3_router.l3_router_plugin.L3RouterPlugin method get_ha_sync_data_for_host called with arguments (, 'dv-cinder-826607-8-smb', Agent(admin_state_up=True,agent_type='L3 agent',availability_zone='nova',binary='neutron-l3-agent',configurations={"agent_mode": "legacy", "ex_gw_ports": 1, "extensions": [], "floating_ips": 0, "handle_internal_only_routers": true, "interface_driver": "openvswitch", "interfaces": 1, "log_agent_heartbeats": false, "routers": 1},created_at=2022-10-13T13:01:43Z,description=,heartbeat_timestamp=2022-10-13T13:09:43Z,host='dv-cinder-826607-8-smb',id=0c1ea770-dccb-45fa-9880-09b67128f82f,load=0,resource_versions=,resources_synced=,started_at=2022-10-13T13:01:43Z,topic='l3_agent')) {'router_ids': ['73b4428e-6146-499c-a367-ce15794a5ea3'], 'active': True} {{(pid=104634) wrapper /usr/local/lib/python3.8/dist-packages/oslo_log/helpers.py:65}}
Oct 13 13:10:09.888449 dv-cinder-826607-8-smb neutron-server[104635]: DEBUG neutron.api.rpc.callbacks.version_manager [None req-c47f8654-66a2-4dca-9c0f-0441e82110ea None None] Version for resource type AddressGroup changed None to 1.2 on consumer Open vSwitch agent@dv-cinder-826607-8-smb {{(pid=104635) _set_version /opt/stack/neutron/neutron/api/rpc/callbacks/version_manager.py:113}}
Oct 13 13:10:09.898196 dv-cinder-826607-8-smb neutron-server[104635]: DEBUG neutron.api.rpc.callbacks.version_manager [None req-c47f8654-66a2-4dca-9c0f-0441e82110ea None None] Version for resource type Agent changed None to 1.1 on consumer Open vSwitch agent@dv-cinder-826607-8-smb {{(pid=104635) _set_version /opt/stack/neutron/neutron/api/rpc/callbacks/version_manager.py:113}}
Oct 13 13:10:09.898655 dv-cinder-826607-8-smb neutron-server[104635]: DEBUG neutron.api.rpc.callbacks.version_manager [None req-c47f8654-66a2-4dca-9c0f-0441e82110ea None None] Version for resource type ConntrackHelper changed None to 1.0 on consumer Open vSwitch agent@dv-cinder-826607-8-smb {{(pid=104635) _set_version /opt/stack/neutron/neutron/api/rpc/callbacks/version_manager.py:113}}
Oct 13 13:10:09.900639 dv-cinder-826607-8-smb neutron-server[104635]: DEBUG neutron.api.rpc.callbacks.version_manager [None req-c47f8654-66a2-4dca-9c0f-0441e82110ea None None] Version for resource type LocalIPAssociation changed None to 1.0 on consumer Open vSwitch agent@dv-cinder-826607-8-smb {{(pid=104635) _set_version /opt/stack/neutron/neutron/api/rpc/callbacks/version_manager.py:113}}
Oct 13 13:10:09.901391 dv-cinder-826607-8-smb neutron-server[104635]: DEBUG neutron.api.rpc.callbacks.version_manager [None req-c47f8654-66a2-4dca-9c0f-0441e82110ea None None] Version for resource type Log changed None to 1.0 on consumer Open vSwitch agent@dv-cinder-826607-8-smb {{(pid=104635) _set_version /opt/stack/neutron/neutron/api/rpc/callbacks/version_manager.py:113}}
Oct 13 13:10:09.902342 dv-cinder-826607-8-smb neutron-server[104635]: DEBUG neutron.api.rpc.callbacks.version_manager [None req-c47f8654-66a2-4dca-9c0f-0441e82110ea None None] Version for resource type NDPProxy changed None to 1.0 on consumer Open vSwitch agent@dv-cinder-826607-8-smb {{(pid=104635) _set_version /opt/stack/neutron/neutron/api/rpc/callbacks/version_manager.py:113}}
Oct 13 13:10:09.902952 dv-cinder-826607-8-smb neutron-server[104635]: DEBUG neutron.api.rpc.callbacks.version_manager [None req-c47f8654-66a2-4dca-9c0f-0441e82110ea None None] Version for resource type Network changed None to 1.1 on consumer Open vSwitch agent@dv-cinder-826607-8-smb {{(pid=104635) _set_version /opt/stack/neutron/neutron/api/rpc/callbacks/version_manager.py:113}}
Oct 13 13:10:09.903554 dv-cinder-826607-8-smb neutron-server[104635]: DEBUG neutron.api.rpc.callbacks.version_manager [None req-c47f8654-66a2-4dca-9c0f-0441e82110ea None None] Version for resource type Port changed None to 1.7 on consumer Open vSwitch agent@dv-cinder-826607-8-smb {{(pid=104635) _set_version /opt/stack/neutron/neutron/api/rpc/callbacks/version_manager.py:113}}
Oct 13 13:10:09.904093 dv-cinder-826607-8-smb neutron-server[104635]: DEBUG neutron.api.rpc.callbacks.version_manager [None req-c47f8654-66a2-4dca-9c0f-0441e82110ea None None] Version for resource type PortForwarding changed None to 1.3 on consumer Open vSwitch agent@dv-cinder-826607-8-smb {{(pid=104635) _set_version /opt/stack/neutron/neutron/api/rpc/callbacks/version_manager.py:113}}
Oct 13 13:10:09.904640 dv-cinder-826607-8-smb neutron-server[104635]: DEBUG neutron.api.rpc.callbacks.version_manager [None req-c47f8654-66a2-4dca-9c0f-0441e82110ea None None] Version for resource type QosPolicy changed None to 1.10 on consumer Open vSwitch agent@dv-cinder-826607-8-smb {{(pid=104635) _set_version /opt/stack/neutron/neutron/api/rpc/callbacks/version_manager.py:113}}
Oct 13 13:10:09.905313 dv-cinder-826607-8-smb neutron-server[104635]: DEBUG neutron.api.rpc.callbacks.version_manager [None req-c47f8654-66a2-4dca-9c0f-0441e82110ea None None] Version for resource type SecurityGroup changed None to 1.5 on consumer Open vSwitch agent@dv-cinder-826607-8-smb {{(pid=104635) _set_version /opt/stack/neutron/neutron/api/rpc/callbacks/version_manager.py:113}}
Oct 13 13:10:09.906446 dv-cinder-826607-8-smb neutron-server[104635]: DEBUG neutron.api.rpc.callbacks.version_manager [None req-c47f8654-66a2-4dca-9c0f-0441e82110ea None None] Version for resource type SecurityGroupRule changed None to 1.2 on consumer Open vSwitch agent@dv-cinder-826607-8-smb {{(pid=104635) _set_version /opt/stack/neutron/neutron/api/rpc/callbacks/version_manager.py:113}}
Oct 13 13:10:09.906988 dv-cinder-826607-8-smb neutron-server[104635]: DEBUG neutron.api.rpc.callbacks.version_manager [None req-c47f8654-66a2-4dca-9c0f-0441e82110ea None None] Version for resource type SubPort changed None to 1.0 on consumer Open vSwitch agent@dv-cinder-826607-8-smb {{(pid=104635) _set_version /opt/stack/neutron/neutron/api/rpc/callbacks/version_manager.py:113}}
Oct 13 13:10:09.907656 dv-cinder-826607-8-smb neutron-server[104635]: DEBUG neutron.api.rpc.callbacks.version_manager [None req-c47f8654-66a2-4dca-9c0f-0441e82110ea None None] Version for resource type Subnet changed None to 1.1 on consumer Open vSwitch agent@dv-cinder-826607-8-smb {{(pid=104635) _set_version /opt/stack/neutron/neutron/api/rpc/callbacks/version_manager.py:113}}
Oct 13 13:10:09.908205 dv-cinder-826607-8-smb neutron-server[104635]: DEBUG neutron.api.rpc.callbacks.version_manager [None req-c47f8654-66a2-4dca-9c0f-0441e82110ea None None] Version for resource type Trunk changed None to 1.1 on consumer Open vSwitch agent@dv-cinder-826607-8-smb {{(pid=104635) _set_version /opt/stack/neutron/neutron/api/rpc/callbacks/version_manager.py:113}}
Oct 13 13:10:09.909645 dv-cinder-826607-8-smb neutron-server[104635]: DEBUG neutron.api.rpc.callbacks.version_manager [None req-c47f8654-66a2-4dca-9c0f-0441e82110ea None None] Tracked resource versions report:
Oct 13 13:10:09.909645 dv-cinder-826607-8-smb neutron-server[104635]: pushed versions:
Oct 13 13:10:09.909645 dv-cinder-826607-8-smb neutron-server[104635]: { 'AddressGroup': {'1.2'},
Oct 13 13:10:09.909645 dv-cinder-826607-8-smb neutron-server[104635]: 'Agent': {'1.1'},
Oct 13 13:10:09.909645 dv-cinder-826607-8-smb neutron-server[104635]: 'ConntrackHelper': {'1.0'},
Oct 13 13:10:09.909645 dv-cinder-826607-8-smb neutron-server[104635]: 'LocalIPAssociation': {'1.0'},
Oct 13 13:10:09.909645 dv-cinder-826607-8-smb neutron-server[104635]: 'Log': {'1.0'},
Oct 13 13:10:09.909645 dv-cinder-826607-8-smb neutron-server[104635]: 'NDPProxy': {'1.0'},
Oct 13 13:10:09.909645 dv-cinder-826607-8-smb neutron-server[104635]: 'Network': {'1.1'},
Oct 13 13:10:09.909645 dv-cinder-826607-8-smb neutron-server[104635]: 'Port': {'1.7'},
Oct 13 13:10:09.909645 dv-cinder-826607-8-smb neutron-server[104635]: 'PortForwarding': {'1.3'},
Oct 13 13:10:09.909645 dv-cinder-826607-8-smb neutron-server[104635]: 'QosPolicy': {'1.10'},
Oct 13 13:10:09.909645 dv-cinder-826607-8-smb neutron-server[104635]: 'SecurityGroup': {'1.5'},
Oct 13 13:10:09.909645 dv-cinder-826607-8-smb neutron-server[104635]: 'SecurityGroupRule': {'1.2'},
Oct 13 13:10:09.909645 dv-cinder-826607-8-smb neutron-server[104635]: 'SubPort': {'1.0'},
Oct 13 13:10:09.909645 dv-cinder-826607-8-smb neutron-server[104635]: 'Subnet': {'1.1'},
Oct 13 13:10:09.909645 dv-cinder-826607-8-smb neutron-server[104635]: 'Trunk': {'1.1'}}
Oct 13 13:10:09.909645 dv-cinder-826607-8-smb neutron-server[104635]: consumer versions:
Oct 13 13:10:09.909645 dv-cinder-826607-8-smb neutron-server[104635]: { DHCP agent@dv-cinder-826607-8-smb: {},
Oct 13 13:10:09.909645 dv-cinder-826607-8-smb neutron-server[104635]: HyperV agent@hv-cinder-82660: {},
Oct 13 13:10:09.909645 dv-cinder-826607-8-smb neutron-server[104635]: L3 agent@dv-cinder-826607-8-smb: {},
Oct 13 13:10:09.909645 dv-cinder-826607-8-smb neutron-server[104635]: Metadata agent@dv-cinder-826607-8-smb: {},
Oct 13 13:10:09.909645 dv-cinder-826607-8-smb neutron-server[104635]: Metering agent@dv-cinder-826607-8-smb: {},
Oct 13 13:10:09.909645 dv-cinder-826607-8-smb neutron-server[104635]: Open vSwitch agent@dv-cinder-826607-8-smb: { 'AddressGroup': '1.2',
Oct 13 13:10:09.909645 dv-cinder-826607-8-smb neutron-server[104635]: 'Agent': '1.1',
Oct 13 13:10:09.909645 dv-cinder-826607-8-smb neutron-server[104635]: 'ConntrackHelper': '1.0',
Oct 13 13:10:09.909645 dv-cinder-826607-8-smb neutron-server[104635]: 'LocalIPAssociation': '1.0',
Oct 13 13:10:09.909645 dv-cinder-826607-8-smb neutron-server[104635]: 'Log': '1.0',
Oct 13 13:10:09.909645 dv-cinder-826607-8-smb neutron-server[104635]: 'NDPProxy': '1.0',
Oct 13 13:10:09.909645 dv-cinder-826607-8-smb neutron-server[104635]: 'Network': '1.1',
Oct 13 13:10:09.909645 dv-cinder-826607-8-smb neutron-server[104635]: 'Port': '1.7',
Oct 13 13:10:09.909645 dv-cinder-826607-8-smb neutron-server[104635]: 'PortForwarding': '1.3',
Oct 13 13:10:09.909645 dv-cinder-826607-8-smb neutron-server[104635]: 'QosPolicy': '1.10',
Oct 13 13:10:09.909645 dv-cinder-826607-8-smb neutron-server[104635]: 'SecurityGroup': '1.5',
Oct 13 13:10:09.909645 dv-cinder-826607-8-smb neutron-server[104635]: 'SecurityGroupRule': '1.2',
Oct 13 13:10:09.909645 dv-cinder-826607-8-smb neutron-server[104635]: 'SubPort': '1.0',
Oct 13 13:10:09.909645 dv-cinder-826607-8-smb neutron-server[104635]: 'Subnet': '1.1',
