Jan 31 05:05:55.179102 dv-cinder-826607-2-smb neutron-server[103077]: DEBUG neutron.plugins.ml2.db [None req-03af31fb-c252-450b-941f-854b14d4a1f8 None None] For port ecf3e276-4fc1-4454-bec8-57c9ff844c9a, host hv-cinder-82660, got binding levels [PortBindingLevel(driver='hyperv',host='hv-cinder-82660',level=0,port_id=ecf3e276-4fc1-4454-bec8-57c9ff844c9a,segment=NetworkSegment(0bd609a3-2632-4a2d-8d58-ac37cd8c0c94),segment_id=0bd609a3-2632-4a2d-8d58-ac37cd8c0c94)] {{(pid=103077) get_binding_level_objs /opt/stack/neutron/neutron/plugins/ml2/db.py:74}}
Jan 31 05:05:55.179102 dv-cinder-826607-2-smb neutron-server[103077]: DEBUG neutron.plugins.ml2.rpc [None req-03af31fb-c252-450b-941f-854b14d4a1f8 None None] Returning: {'device': 'ecf3e276-4fc1-4454-bec8-57c9ff844c9a', 'network_id': '6e989ffc-be2e-4db9-9ade-53ab59822fe0', 'port_id': 'ecf3e276-4fc1-4454-bec8-57c9ff844c9a', 'mac_address': 'fa:16:3e:b6:93:84', 'admin_state_up': True, 'network_type': 'vlan', 'segmentation_id': 193, 'physical_network': 'physnet1', 'mtu': 1500, 'fixed_ips': [{'subnet_id': '9c5d8792-0080-41fe-9b99-a2ead136dd61', 'ip_address': '172.20.0.3'}], 'device_owner': 'compute:nova', 'allowed_address_pairs': [], 'port_security_enabled': True, 'qos_policy_id': None, 'network_qos_policy_id': None, 'profile': {}, 'propagate_uplink_status': False} {{(pid=103077) _get_device_details /opt/stack/neutron/neutron/plugins/ml2/rpc.py:184}}
Jan 31 05:05:55.179314 dv-cinder-826607-2-smb neutron-server[103076]: DEBUG neutron.pecan_wsgi.hooks.policy_enforcement [req-107cae19-362a-4c21-aba0-2b2a5db9eba0 req-d058ab0d-4522-415f-a673-04072f4b28b7 tempest-AttachVolumeShelveTestJSON-1613873908 tempest-AttachVolumeShelveTestJSON-1613873908-project] Attributes excluded by policy engine: ['standard_attr_id', 'binding:profile', 'binding:host_id', 'binding:vif_type', 'binding:vif_details'] {{(pid=103076) _exclude_attributes_by_policy /opt/stack/neutron/neutron/pecan_wsgi/hooks/policy_enforcement.py:255}}
Jan 31 05:05:55.179314 dv-cinder-826607-2-smb neutron-server[103076]: INFO neutron.wsgi [req-107cae19-362a-4c21-aba0-2b2a5db9eba0 req-d058ab0d-4522-415f-a673-04072f4b28b7 tempest-AttachVolumeShelveTestJSON-1613873908 tempest-AttachVolumeShelveTestJSON-1613873908-project] 10.222.0.10 "GET /v2.0/ports?device_id=885d833f-0c2b-45c5-b9e8-cda700e0ddca HTTP/1.1" status: 200 len: 944 time: 0.0575414
Jan 31 05:05:55.196287 dv-cinder-826607-2-smb neutron-server[103077]: DEBUG neutron.plugins.ml2.plugin [None req-03af31fb-c252-450b-941f-854b14d4a1f8 None None] Current status of the port ecf3e276-4fc1-4454-bec8-57c9ff844c9a is: DOWN; New status is: BUILD {{(pid=103077) _update_individual_port_db_status /opt/stack/neutron/neutron/plugins/ml2/plugin.py:2238}}
Jan 31 05:05:55.204275 dv-cinder-826607-2-smb neutron-server[103077]: DEBUG neutron_lib.callbacks.manager [None req-03af31fb-c252-450b-941f-854b14d4a1f8 None None] Publish callbacks ['neutron.plugins.ml2.plugin.SecurityGroupDbMixin._ensure_default_security_group_handler-7923585'] for port (ecf3e276-4fc1-4454-bec8-57c9ff844c9a), before_update {{(pid=103077) _notify_loop /usr/local/lib/python3.8/dist-packages/neutron_lib/callbacks/manager.py:176}}
Jan 31 05:05:55.210500 dv-cinder-826607-2-smb neutron-server[103077]: DEBUG neutron.notifiers.nova [None req-03af31fb-c252-450b-941f-854b14d4a1f8 None None] Ignoring state change previous_port_status: DOWN current_port_status: BUILD port_id ecf3e276-4fc1-4454-bec8-57c9ff844c9a {{(pid=103077) record_port_status_changed /opt/stack/neutron/neutron/notifiers/nova.py:228}}
Jan 31 05:05:55.213996 dv-cinder-826607-2-smb neutron-server[103076]: INFO neutron.wsgi [req-107cae19-362a-4c21-aba0-2b2a5db9eba0 req-b70d4166-8809-42b2-8450-b1c30294857a tempest-AttachVolumeShelveTestJSON-1613873908 tempest-AttachVolumeShelveTestJSON-1613873908-project] 10.222.0.10 "GET /v2.0/security-groups?id=798654a2-07d3-4a90-890f-44d55bec8d4b&fields=id&fields=name HTTP/1.1" status: 200 len: 311 time: 0.0454977
Jan 31 05:05:55.230731 dv-cinder-826607-2-smb neutron-server[103077]: DEBUG neutron.plugins.ml2.db [None req-03af31fb-c252-450b-941f-854b14d4a1f8 None None] For port ecf3e276-4fc1-4454-bec8-57c9ff844c9a, host hv-cinder-82660, got binding levels [PortBindingLevel(driver='hyperv',host='hv-cinder-82660',level=0,port_id=ecf3e276-4fc1-4454-bec8-57c9ff844c9a,segment=NetworkSegment(0bd609a3-2632-4a2d-8d58-ac37cd8c0c94),segment_id=0bd609a3-2632-4a2d-8d58-ac37cd8c0c94)] {{(pid=103077) get_binding_level_objs /opt/stack/neutron/neutron/plugins/ml2/db.py:74}}
Jan 31 05:05:55.237439 dv-cinder-826607-2-smb neutron-server[103075]: DEBUG neutron_lib.callbacks.manager [None req-a71fa8df-d663-491f-ba1f-7ba1dd7266da admin admin] Publish callbacks ['neutron.plugins.ml2.ovo_rpc._ObjectChangeHandler.handle_event-723384'] for security_group (5ad5a5ac-187b-4c60-98ea-71fff716b607), after_create {{(pid=103075) _notify_loop /usr/local/lib/python3.8/dist-packages/neutron_lib/callbacks/manager.py:176}}
Jan 31 05:05:55.266195 dv-cinder-826607-2-smb neutron-server[103076]: DEBUG neutron_lib.callbacks.manager [None req-95317a62-06d3-450a-87f6-8e9b0aec1cee admin admin] Publish callbacks ['neutron.plugins.ml2.ovo_rpc._ObjectChangeHandler.handle_event-723433', 'neutron.api.rpc.agentnotifiers.dhcp_rpc_agent_api.DhcpAgentNotifyAPI._native_event_send_dhcp_notification-558342'] for network (6596505b-9bf8-409d-a264-fe6f87b22058), after_create {{(pid=103076) _notify_loop /usr/local/lib/python3.8/dist-packages/neutron_lib/callbacks/manager.py:176}}
Jan 31 05:05:55.267638 dv-cinder-826607-2-smb neutron-server[103076]: DEBUG neutron.pecan_wsgi.hooks.policy_enforcement [None req-95317a62-06d3-450a-87f6-8e9b0aec1cee admin admin] Attributes excluded by policy engine: ['standard_attr_id', 'vlan_transparent'] {{(pid=103076) _exclude_attributes_by_policy /opt/stack/neutron/neutron/pecan_wsgi/hooks/policy_enforcement.py:255}}
Jan 31 05:05:55.268279 dv-cinder-826607-2-smb neutron-server[103076]: DEBUG neutron_lib.callbacks.manager [None req-95317a62-06d3-450a-87f6-8e9b0aec1cee admin admin] Publish callbacks ['neutron.api.rpc.agentnotifiers.dhcp_rpc_agent_api.DhcpAgentNotifyAPI._send_dhcp_notification-558580'] for network (None), before_response {{(pid=103076) _notify_loop /usr/local/lib/python3.8/dist-packages/neutron_lib/callbacks/manager.py:176}}
Jan 31 05:05:55.273946 dv-cinder-826607-2-smb neutron-server[103075]: DEBUG neutron_lib.callbacks.manager [None req-8a793a23-3482-4202-850d-d5e86836c837 admin admin] Publish callbacks ['neutron.plugins.ml2.ovo_rpc._ObjectChangeHandler.handle_event-723384'] for security_group (fc5dd9b3-4b21-4c40-b642-c30c8d2af83e), after_delete {{(pid=103075) _notify_loop /usr/local/lib/python3.8/dist-packages/neutron_lib/callbacks/manager.py:176}}
Jan 31 05:05:55.276803 dv-cinder-826607-2-smb neutron-server[103075]: DEBUG neutron_lib.callbacks.manager [None req-8a793a23-3482-4202-850d-d5e86836c837 admin admin] Publish callbacks [] for security_group (None), before_response {{(pid=103075) _notify_loop /usr/local/lib/python3.8/dist-packages/neutron_lib/callbacks/manager.py:176}}
Jan 31 05:05:55.279653 dv-cinder-826607-2-smb neutron-server[103075]: INFO neutron.wsgi [None req-8a793a23-3482-4202-850d-d5e86836c837 admin admin] 10.222.0.10 "DELETE /v2.0/security-groups/fc5dd9b3-4b21-4c40-b642-c30c8d2af83e HTTP/1.1" status: 204 len: 168 time: 0.5334024
Jan 31 05:05:55.287753 dv-cinder-826607-2-smb neutron-server[103075]: DEBUG neutron.api.rpc.handlers.resources_rpc [None req-a71fa8df-d663-491f-ba1f-7ba1dd7266da admin admin] Pushing event updated for resources: {'SecurityGroup': ['ID=5ad5a5ac-187b-4c60-98ea-71fff716b607,revision_number=1']} {{(pid=103075) push /opt/stack/neutron/neutron/api/rpc/handlers/resources_rpc.py:237}}
Jan 31 05:05:55.287753 dv-cinder-826607-2-smb neutron-server[103075]: INFO neutron.wsgi [None req-a71fa8df-d663-491f-ba1f-7ba1dd7266da admin admin] 10.222.0.10 "GET /v2.0/security-groups?tenant_id=928c6a6c393c4184bf8dc3c961fa0682&name=default HTTP/1.1" status: 200 len: 2996 time: 0.8923521
Jan 31 05:05:55.293178 dv-cinder-826607-2-smb neutron-server[103075]: DEBUG neutron.wsgi [-] (103075) accepted ('10.222.0.10', 52628) {{(pid=103075) server /usr/local/lib/python3.8/dist-packages/eventlet/wsgi.py:1004}}
Jan 31 05:05:55.308845 dv-cinder-826607-2-smb neutron-server[103075]: DEBUG neutron.api.rpc.handlers.resources_rpc [None req-8a793a23-3482-4202-850d-d5e86836c837 admin admin] Pushing event deleted for resources: {'SecurityGroup': ['ID=fc5dd9b3-4b21-4c40-b642-c30c8d2af83e,revision_number=None']} {{(pid=103075) push /opt/stack/neutron/neutron/api/rpc/handlers/resources_rpc.py:237}}
Jan 31 05:05:55.310586 dv-cinder-826607-2-smb neutron-server[103077]: DEBUG neutron_lib.callbacks.manager [None req-03af31fb-c252-450b-941f-854b14d4a1f8 None None] Publish callbacks ['neutron.plugins.ml2.plugin.SecurityGroupServerNotifierRpcMixin._notify_sg_on_port_change-7903582', 'neutron.plugins.ml2.ovo_rpc._ObjectChangeHandler.handle_event-864665', 'neutron.api.rpc.agentnotifiers.dhcp_rpc_agent_api.DhcpAgentNotifyAPI._native_event_send_dhcp_notification-558342', 'neutron.db.l3_db.L3RpcNotifierMixin._notify_gateway_port_ip_changed-8770469562826', 'neutron.db.l3_dvrscheduler_db._notify_l3_agent_port_update-8770469084456', 'neutron.db.l3_hascheduler_db._notify_l3_agent_ha_port_update-8770469084474'] for port (ecf3e276-4fc1-4454-bec8-57c9ff844c9a), after_update {{(pid=103077) _notify_loop /usr/local/lib/python3.8/dist-packages/neutron_lib/callbacks/manager.py:176}}
Jan 31 05:05:55.386766 dv-cinder-826607-2-smb neutron-server[103076]: DEBUG neutron.api.rpc.handlers.resources_rpc [None req-95317a62-06d3-450a-87f6-8e9b0aec1cee admin admin] Pushing event updated for resources: {'Network': ['ID=6596505b-9bf8-409d-a264-fe6f87b22058,revision_number=1']} {{(pid=103076) push /opt/stack/neutron/neutron/api/rpc/handlers/resources_rpc.py:237}}
Jan 31 05:05:55.387787 dv-cinder-826607-2-smb neutron-server[103075]: DEBUG neutron_lib.callbacks.manager [None req-990c7423-3ffa-4090-87b8-4e32f95ee7d3 admin admin] Publish callbacks [] for security_group (5ad5a5ac-187b-4c60-98ea-71fff716b607), before_delete {{(pid=103075) _notify_loop /usr/local/lib/python3.8/dist-packages/neutron_lib/callbacks/manager.py:176}}
Jan 31 05:05:55.397626 dv-cinder-826607-2-smb neutron-server[103077]: DEBUG neutron.plugins.ml2.rpc [None req-85b9b2f0-22f7-4e1c-9df9-83a84e36d63a None None] Network 6596505b-9bf8-409d-a264-fe6f87b22058 details requested by agent ovs-agent-dv-cinder-826607-2-smb with host dv-cinder-826607-2-smb {{(pid=103077) get_network_details /opt/stack/neutron/neutron/plugins/ml2/rpc.py:248}}
Jan 31 05:05:55.399540 dv-cinder-826607-2-smb neutron-server[103077]: DEBUG neutron.api.rpc.handlers.resources_rpc [None req-03af31fb-c252-450b-941f-854b14d4a1f8 None None] Pushing event updated for resources: {'Port': ['ID=ecf3e276-4fc1-4454-bec8-57c9ff844c9a,revision_number=4']} {{(pid=103077) push /opt/stack/neutron/neutron/api/rpc/handlers/resources_rpc.py:237}}
Jan 31 05:05:55.417366 dv-cinder-826607-2-smb neutron-server[103075]: DEBUG neutron_lib.callbacks.manager [None req-990c7423-3ffa-4090-87b8-4e32f95ee7d3 admin admin] Publish callbacks [] for security_group (5ad5a5ac-187b-4c60-98ea-71fff716b607), precommit_delete {{(pid=103075) _notify_loop /usr/local/lib/python3.8/dist-packages/neutron_lib/callbacks/manager.py:176}}
Jan 31 05:05:55.423391 dv-cinder-826607-2-smb neutron-server[103076]: INFO neutron.wsgi [None req-95317a62-06d3-450a-87f6-8e9b0aec1cee admin admin] 10.222.0.10 "POST /v2.0/networks HTTP/1.1" status: 201 len: 882 time: 0.8653905
Jan 31 05:05:55.426117 dv-cinder-826607-2-smb neutron-server[103075]: DEBUG neutron.wsgi [-] (103075) accepted ('10.222.0.10', 52632) {{(pid=103075) server /usr/local/lib/python3.8/dist-packages/eventlet/wsgi.py:1004}}
Jan 31 05:05:55.432670 dv-cinder-826607-2-smb neutron-server[103075]: DEBUG neutron.api.v2.base [None req-e9507df6-a9ce-4dda-9a96-df2aa4de0514 admin admin] Request body: {'subnet': {'network_id': '6596505b-9bf8-409d-a264-fe6f87b22058', 'cidr': '172.20.0.0/28', 'name': 'tempest-VolumesActionsTest-1150974863-subnet', 'tenant_id': '2cade5466cf94517961fa7d13eb11d44', 'enable_dhcp': False, 'ip_version': 4}} {{(pid=103075) prepare_request_body /opt/stack/neutron/neutron/api/v2/base.py:729}}
Jan 31 05:05:55.580132 dv-cinder-826607-2-smb neutron-server[103075]: DEBUG neutron.pecan_wsgi.hooks.quota_enforcement [None req-e9507df6-a9ce-4dda-9a96-df2aa4de0514 admin admin] Made reservation on behalf of 2cade5466cf94517961fa7d13eb11d44 for: {'subnet': 1} {{(pid=103075) before /opt/stack/neutron/neutron/pecan_wsgi/hooks/quota_enforcement.py:53}}
Jan 31 05:05:55.582531 dv-cinder-826607-2-smb neutron-server[103075]: DEBUG neutron_lib.callbacks.manager [None req-e9507df6-a9ce-4dda-9a96-df2aa4de0514 admin admin] Publish callbacks ['neutron.services.segments.plugin.SegmentHostRoutes.host_routes_before_create-4187772'] for subnet (None), before_create {{(pid=103075) _notify_loop /usr/local/lib/python3.8/dist-packages/neutron_lib/callbacks/manager.py:176}}
Jan 31 05:05:55.604655 dv-cinder-826607-2-smb neutron-server[103075]: DEBUG neutron_lib.callbacks.manager [None req-990c7423-3ffa-4090-87b8-4e32f95ee7d3 admin admin] Publish callbacks ['neutron.plugins.ml2.ovo_rpc._ObjectChangeHandler.handle_event-723384'] for security_group (5ad5a5ac-187b-4c60-98ea-71fff716b607), after_delete {{(pid=103075) _notify_loop /usr/local/lib/python3.8/dist-packages/neutron_lib/callbacks/manager.py:176}}
Jan 31 05:05:55.607375 dv-cinder-826607-2-smb neutron-server[103075]: DEBUG neutron_lib.callbacks.manager [None req-990c7423-3ffa-4090-87b8-4e32f95ee7d3 admin admin] Publish callbacks [] for security_group (None), before_response {{(pid=103075) _notify_loop /usr/local/lib/python3.8/dist-packages/neutron_lib/callbacks/manager.py:176}}
Jan 31 05:05:55.610949 dv-cinder-826607-2-smb neutron-server[103075]: INFO neutron.wsgi [None req-990c7423-3ffa-4090-87b8-4e32f95ee7d3 admin admin] 10.222.0.10 "DELETE /v2.0/security-groups/5ad5a5ac-187b-4c60-98ea-71fff716b607 HTTP/1.1" status: 204 len: 168 time: 0.3126256
Jan 31 05:05:55.652484 dv-cinder-826607-2-smb neutron-server[103075]: DEBUG neutron.api.rpc.handlers.resources_rpc [None req-990c7423-3ffa-4090-87b8-4e32f95ee7d3 admin admin] Pushing event deleted for resources: {'SecurityGroup': ['ID=5ad5a5ac-187b-4c60-98ea-71fff716b607,revision_number=None']} {{(pid=103075) push /opt/stack/neutron/neutron/api/rpc/handlers/resources_rpc.py:237}}
Jan 31 05:05:55.683775 dv-cinder-826607-2-smb neutron-server[103077]: DEBUG neutron.plugins.ml2.db [None req-03af31fb-c252-450b-941f-854b14d4a1f8 None None] get_ports_and_sgs() called for port_ids ['ecf3e276-4fc1-4454-bec8-57c9ff844c9a'] {{(pid=103077) get_ports_and_sgs /opt/stack/neutron/neutron/plugins/ml2/db.py:156}}
Jan 31 05:05:55.854720 dv-cinder-826607-2-smb neutron-server[103075]: DEBUG neutron_lib.callbacks.manager [None req-e9507df6-a9ce-4dda-9a96-df2aa4de0514 admin admin] Publish callbacks ['neutron.plugins.ml2.ovo_rpc._ObjectChangeHandler.handle_event-737041', 'neutron.api.rpc.agentnotifiers.dhcp_rpc_agent_api.DhcpAgentNotifyAPI._native_event_send_dhcp_notification-558342', 'neutron.services.segments.plugin.NovaSegmentNotifier._notify_subnet_created-3829803', 'neutron.services.segments.plugin.SegmentHostRoutes.host_routes_after_create-4187722'] for subnet (87ed90dd-3576-497b-bd40-b287018afe8e), after_create {{(pid=103075) _notify_loop /usr/local/lib/python3.8/dist-packages/neutron_lib/callbacks/manager.py:176}}
Jan 31 05:05:55.911453 dv-cinder-826607-2-smb neutron-server[103075]: DEBUG neutron.api.rpc.handlers.resources_rpc [None req-e9507df6-a9ce-4dda-9a96-df2aa4de0514 admin admin] Pushing event updated for resources: {'Subnet': ['ID=87ed90dd-3576-497b-bd40-b287018afe8e,revision_number=0']} {{(pid=103075) push /opt/stack/neutron/neutron/api/rpc/handlers/resources_rpc.py:237}}
Jan 31 05:05:55.935154 dv-cinder-826607-2-smb neutron-server[103075]: DEBUG neutron.plugins.ml2.drivers.mech_agent [None req-e9507df6-a9ce-4dda-9a96-df2aa4de0514 admin admin] Checking segment: {'id': '75738799-cb26-4251-9337-2fd4d6710226', 'network_type': 'vlan', 'physical_network': 'physnet1', 'segmentation_id': 177, 'network_id': '6596505b-9bf8-409d-a264-fe6f87b22058'} for mappings: {'physnet1': 'br-data'} with network types: ['local', 'flat', 'vlan'] {{(pid=103075) check_segment_for_agent /opt/stack/neutron/neutron/plugins/ml2/drivers/mech_agent.py:373}}
Jan 31 05:05:55.938205 dv-cinder-826607-2-smb neutron-server[103075]: DEBUG neutron.scheduler.dhcp_agent_scheduler [None req-e9507df6-a9ce-4dda-9a96-df2aa4de0514 admin admin] Network hostable DHCP agents. Network: 6596505b-9bf8-409d-a264-fe6f87b22058, hostable agents: ['dd0ef93c-af64-4472-aba7-d8c9c2b44cb5'], hosted agents: [] {{(pid=103075) _get_network_hostable_dhcp_agents /opt/stack/neutron/neutron/scheduler/dhcp_agent_scheduler.py:329}}
Jan 31 05:05:56.018223 dv-cinder-826607-2-smb neutron-server[103075]: DEBUG neutron.scheduler.dhcp_agent_scheduler [None req-e9507df6-a9ce-4dda-9a96-df2aa4de0514 admin admin] Network 6596505b-9bf8-409d-a264-fe6f87b22058 is scheduled to be hosted by DHCP agent dd0ef93c-af64-4472-aba7-d8c9c2b44cb5 with binding_index 1 {{(pid=103075) bind /opt/stack/neutron/neutron/scheduler/dhcp_agent_scheduler.py:227}}
Jan 31 05:05:56.046652 dv-cinder-826607-2-smb neutron-server[103075]: DEBUG neutron.pecan_wsgi.hooks.policy_enforcement [req-544bb66f-0a80-4b17-9a11-dcb35b02e532 req-7b37790c-2771-4209-94cb-79333d334673 tempest-AttachVolumeTestJSON-1507354178 tempest-AttachVolumeTestJSON-1507354178-project] Attributes excluded by policy engine: ['standard_attr_id', 'binding:profile', 'binding:host_id', 'binding:vif_type', 'binding:vif_details'] {{(pid=103075) _exclude_attributes_by_policy /opt/stack/neutron/neutron/pecan_wsgi/hooks/policy_enforcement.py:255}}
Jan 31 05:05:56.047489 dv-cinder-826607-2-smb neutron-server[103076]: DEBUG neutron.pecan_wsgi.hooks.policy_enforcement [req-79ca6841-2ee0-4162-b40b-75bd5152f5c3 req-03da4bba-275a-4374-ac91-0445966da1a5 tempest-ServerRescueNegativeTestJSON-667737213 tempest-ServerRescueNegativeTestJSON-667737213-project] Attributes excluded by policy engine: ['standard_attr_id', 'binding:profile', 'binding:host_id', 'binding:vif_type', 'binding:vif_details'] {{(pid=103076) _exclude_attributes_by_policy /opt/stack/neutron/neutron/pecan_wsgi/hooks/policy_enforcement.py:255}}
Jan 31 05:05:56.048360 dv-cinder-826607-2-smb neutron-server[103075]: INFO neutron.wsgi [req-544bb66f-0a80-4b17-9a11-dcb35b02e532 req-7b37790c-2771-4209-94cb-79333d334673 tempest-AttachVolumeTestJSON-1507354178 tempest-AttachVolumeTestJSON-1507354178-project] 10.222.0.10 "GET /v2.0/ports?device_id=a3f05bb7-c685-41dc-87dd-57110a0ab3e2 HTTP/1.1" status: 200 len: 944 time: 0.0817604
Jan 31 05:05:56.049025 dv-cinder-826607-2-smb neutron-server[103076]: INFO neutron.wsgi [req-79ca6841-2ee0-4162-b40b-75bd5152f5c3 req-03da4bba-275a-4374-ac91-0445966da1a5 tempest-ServerRescueNegativeTestJSON-667737213 tempest-ServerRescueNegativeTestJSON-667737213-project] 10.222.0.10 "GET /v2.0/ports?device_id=d6c6a797-cc91-4a85-9efa-08257fdde990 HTTP/1.1" status: 200 len: 944 time: 0.0613000
Jan 31 05:05:56.079827 dv-cinder-826607-2-smb neutron-server[103076]: DEBUG neutron.wsgi [-] (103076) accepted ('10.222.0.10', 52650) {{(pid=103076) server /usr/local/lib/python3.8/dist-packages/eventlet/wsgi.py:1004}}
Jan 31 05:05:56.102047 dv-cinder-826607-2-smb neutron-server[103075]: INFO neutron.wsgi [req-544bb66f-0a80-4b17-9a11-dcb35b02e532 req-d767f1f8-9ff6-4a01-b400-6d1793321a83 tempest-AttachVolumeTestJSON-1507354178 tempest-AttachVolumeTestJSON-1507354178-project] 10.222.0.10 "GET /v2.0/security-groups?id=97799cce-0c93-44c5-8c78-653d3f61f4f1&fields=id&fields=name HTTP/1.1" status: 200 len: 313 time: 0.0461965
Jan 31 05:05:56.102189 dv-cinder-826607-2-smb neutron-server[103076]: DEBUG neutron_lib.callbacks.manager [None req-e8758a4c-3d5d-4fd7-b364-fca444c20cd1 admin admin] Publish callbacks [] for security_group (None), before_create {{(pid=103076) _notify_loop /usr/local/lib/python3.8/dist-packages/neutron_lib/callbacks/manager.py:176}}
Jan 31 05:05:56.111488 dv-cinder-826607-2-smb neutron-server[103075]: DEBUG neutron.scheduler.base_scheduler [None req-e9507df6-a9ce-4dda-9a96-df2aa4de0514 admin admin] Resources bound (agent type, host, resource id): (DHCP agent, dv-cinder-826607-2-smb, 6596505b-9bf8-409d-a264-fe6f87b22058) {{(pid=103075) schedule /opt/stack/neutron/neutron/scheduler/base_scheduler.py:57}}
Jan 31 05:05:56.117311 dv-cinder-826607-2-smb neutron-server[103075]: DEBUG neutron.pecan_wsgi.hooks.policy_enforcement [None req-e9507df6-a9ce-4dda-9a96-df2aa4de0514 admin admin] Attributes excluded by policy engine: ['standard_attr_id', 'shared', 'segment_id', 'network'] {{(pid=103075) _exclude_attributes_by_policy /opt/stack/neutron/neutron/pecan_wsgi/hooks/policy_enforcement.py:255}}
Jan 31 05:05:56.118258 dv-cinder-826607-2-smb neutron-server[103075]: DEBUG neutron_lib.callbacks.manager [None req-e9507df6-a9ce-4dda-9a96-df2aa4de0514 admin admin] Publish callbacks ['neutron.api.rpc.agentnotifiers.dhcp_rpc_agent_api.DhcpAgentNotifyAPI._send_dhcp_notification-558580'] for subnet (None), before_response {{(pid=103075) _notify_loop /usr/local/lib/python3.8/dist-packages/neutron_lib/callbacks/manager.py:176}}
Jan 31 05:05:56.123940 dv-cinder-826607-2-smb neutron-server[103077]: DEBUG neutron.api.rpc.handlers.dhcp_rpc [None req-19cb827e-7e80-4c1c-9857-b0c4096485f7 None None] Network 6596505b-9bf8-409d-a264-fe6f87b22058 requested from dv-cinder-826607-2-smb {{(pid=103077) get_network_info /opt/stack/neutron/neutron/api/rpc/handlers/dhcp_rpc.py:191}}
Jan 31 05:05:56.139338 dv-cinder-826607-2-smb neutron-server[103076]: INFO neutron.wsgi [req-79ca6841-2ee0-4162-b40b-75bd5152f5c3 req-906ea364-4b34-45aa-8508-83ff7e523638 tempest-ServerRescueNegativeTestJSON-667737213 tempest-ServerRescueNegativeTestJSON-667737213-project] 10.222.0.10 "GET /v2.0/security-groups?id=2983135a-a611-4014-b162-247a83c73cfb&fields=id&fields=name HTTP/1.1" status: 200 len: 286 time: 0.0773697
Jan 31 05:05:56.208954 dv-cinder-826607-2-smb neutron-server[103075]: INFO neutron.wsgi [None req-e9507df6-a9ce-4dda-9a96-df2aa4de0514 admin admin] 10.222.0.10 "POST /v2.0/subnets HTTP/1.1" status: 201 len: 846 time: 0.7719567
Jan 31 05:05:56.222559 dv-cinder-826607-2-smb neutron-server[103076]: DEBUG neutron_lib.callbacks.manager [None req-e8758a4c-3d5d-4fd7-b364-fca444c20cd1 admin admin] Publish callbacks [] for security_group (2e1a238b-229d-4555-a450-0dd3ab279b8e), precommit_create {{(pid=103076) _notify_loop /usr/local/lib/python3.8/dist-packages/neutron_lib/callbacks/manager.py:176}}
Jan 31 05:05:56.242408 dv-cinder-826607-2-smb neutron-server[103077]: DEBUG neutron.api.rpc.handlers.dhcp_rpc [None req-700db565-3bc3-441d-b903-3c6f35e35359 None None] Network 6596505b-9bf8-409d-a264-fe6f87b22058 requested from dv-cinder-826607-2-smb {{(pid=103077) get_network_info /opt/stack/neutron/neutron/api/rpc/handlers/dhcp_rpc.py:191}}
Jan 31 05:05:56.323898 dv-cinder-826607-2-smb neutron-server[103076]: DEBUG neutron_lib.callbacks.manager [None req-e8758a4c-3d5d-4fd7-b364-fca444c20cd1 admin admin] Publish callbacks ['neutron.plugins.ml2.ovo_rpc._ObjectChangeHandler.handle_event-723384'] for security_group (2e1a238b-229d-4555-a450-0dd3ab279b8e), after_create {{(pid=103076) _notify_loop /usr/local/lib/python3.8/dist-packages/neutron_lib/callbacks/manager.py:176}}
Jan 31 05:05:56.366027 dv-cinder-826607-2-smb neutron-server[103075]: DEBUG neutron.pecan_wsgi.hooks.policy_enforcement [req-49849e12-ca4e-4910-bf46-4d8a7019b408 req-5ce7b6c2-fd1d-490c-a691-93842be9a1e2 tempest-AttachVolumeShelveTestJSON-1613873908 tempest-AttachVolumeShelveTestJSON-1613873908-project] Attributes excluded by policy engine: ['standard_attr_id', 'binding:profile', 'binding:host_id', 'binding:vif_type', 'binding:vif_details'] {{(pid=103075) _exclude_attributes_by_policy /opt/stack/neutron/neutron/pecan_wsgi/hooks/policy_enforcement.py:255}}
Jan 31 05:05:56.368077 dv-cinder-826607-2-smb neutron-server[103075]: INFO neutron.wsgi [req-49849e12-ca4e-4910-bf46-4d8a7019b408 req-5ce7b6c2-fd1d-490c-a691-93842be9a1e2 tempest-AttachVolumeShelveTestJSON-1613873908 tempest-AttachVolumeShelveTestJSON-1613873908-project] 10.222.0.10 "GET /v2.0/ports?device_id=885d833f-0c2b-45c5-b9e8-cda700e0ddca HTTP/1.1" status: 200 len: 944 time: 0.0760334
Jan 31 05:05:56.389284 dv-cinder-826607-2-smb neutron-server[103076]: INFO neutron.wsgi [None req-e8758a4c-3d5d-4fd7-b364-fca444c20cd1 admin admin] 10.222.0.10 "GET /v2.0/security-groups?tenant_id=78b1cfd32129466f94f0adaab7bacb81&name=default HTTP/1.1" status: 200 len: 2996 time: 0.3082099
Jan 31 05:05:56.391534 dv-cinder-826607-2-smb neutron-server[103076]: DEBUG neutron.api.rpc.handlers.resources_rpc [None req-e8758a4c-3d5d-4fd7-b364-fca444c20cd1 admin admin] Pushing event updated for resources: {'SecurityGroup': ['ID=2e1a238b-229d-4555-a450-0dd3ab279b8e,revision_number=1']} {{(pid=103076) push /opt/stack/neutron/neutron/api/rpc/handlers/resources_rpc.py:237}}
Jan 31 05:05:56.399174 dv-cinder-826607-2-smb neutron-server[103076]: DEBUG neutron.wsgi [-] (103076) accepted ('10.222.0.10', 52660) {{(pid=103076) server /usr/local/lib/python3.8/dist-packages/eventlet/wsgi.py:1004}}
Jan 31 05:05:56.453481 dv-cinder-826607-2-smb neutron-server[103075]: INFO neutron.wsgi [req-49849e12-ca4e-4910-bf46-4d8a7019b408 req-0a4aaa9c-0edf-420d-bbb5-ad86b74f4da4 tempest-AttachVolumeShelveTestJSON-1613873908 tempest-AttachVolumeShelveTestJSON-1613873908-project] 10.222.0.10 "GET /v2.0/security-groups?id=798654a2-07d3-4a90-890f-44d55bec8d4b&fields=id&fields=name HTTP/1.1" status: 200 len: 311 time: 0.0763385
Jan 31 05:05:56.469591 dv-cinder-826607-2-smb neutron-server[103076]: DEBUG neutron_lib.callbacks.manager [None req-e814723d-4c0a-4def-b253-9186d39de958 admin admin] Publish callbacks [] for security_group (2e1a238b-229d-4555-a450-0dd3ab279b8e), before_delete {{(pid=103076) _notify_loop /usr/local/lib/python3.8/dist-packages/neutron_lib/callbacks/manager.py:176}}
Jan 31 05:05:56.488636 dv-cinder-826607-2-smb neutron-server[103076]: DEBUG neutron_lib.callbacks.manager [None req-e814723d-4c0a-4def-b253-9186d39de958 admin admin] Publish callbacks [] for security_group (2e1a238b-229d-4555-a450-0dd3ab279b8e), precommit_delete {{(pid=103076) _notify_loop /usr/local/lib/python3.8/dist-packages/neutron_lib/callbacks/manager.py:176}}
Jan 31 05:05:56.548095 dv-cinder-826607-2-smb neutron-server[103076]: DEBUG neutron.wsgi [-] (103076) accepted ('10.222.0.10', 52666) {{(pid=103076) server /usr/local/lib/python3.8/dist-packages/eventlet/wsgi.py:1004}}
Jan 31 05:05:56.559521 dv-cinder-826607-2-smb neutron-server[103076]: DEBUG neutron_lib.callbacks.manager [None req-1d604af8-778b-49c2-81ee-99bd34b5d043 admin admin] Publish callbacks [] for security_group (None), before_create {{(pid=103076) _notify_loop /usr/local/lib/python3.8/dist-packages/neutron_lib/callbacks/manager.py:176}}
Jan 31 05:05:56.616336 dv-cinder-826607-2-smb neutron-server[103076]: DEBUG neutron_lib.callbacks.manager [None req-e814723d-4c0a-4def-b253-9186d39de958 admin admin] Publish callbacks ['neutron.plugins.ml2.ovo_rpc._ObjectChangeHandler.handle_event-723384'] for security_group (2e1a238b-229d-4555-a450-0dd3ab279b8e), after_delete {{(pid=103076) _notify_loop /usr/local/lib/python3.8/dist-packages/neutron_lib/callbacks/manager.py:176}}
Jan 31 05:05:56.618861 dv-cinder-826607-2-smb neutron-server[103076]: DEBUG neutron_lib.callbacks.manager [None req-e814723d-4c0a-4def-b253-9186d39de958 admin admin] Publish callbacks [] for security_group (None), before_response {{(pid=103076) _notify_loop /usr/local/lib/python3.8/dist-packages/neutron_lib/callbacks/manager.py:176}}
Jan 31 05:05:56.622635 dv-cinder-826607-2-smb neutron-server[103076]: INFO neutron.wsgi [None req-e814723d-4c0a-4def-b253-9186d39de958 admin admin] 10.222.0.10 "DELETE /v2.0/security-groups/2e1a238b-229d-4555-a450-0dd3ab279b8e HTTP/1.1" status: 204 len: 168 time: 0.2182260
Jan 31 05:05:56.639613 dv-cinder-826607-2-smb neutron-server[103076]: DEBUG neutron.api.rpc.handlers.resources_rpc [None req-e814723d-4c0a-4def-b253-9186d39de958 admin admin] Pushing event deleted for resources: {'SecurityGroup': ['ID=2e1a238b-229d-4555-a450-0dd3ab279b8e,revision_number=None']} {{(pid=103076) push /opt/stack/neutron/neutron/api/rpc/handlers/resources_rpc.py:237}}
Jan 31 05:05:56.699362 dv-cinder-826607-2-smb neutron-server[103076]: DEBUG neutron_lib.callbacks.manager [None req-1d604af8-778b-49c2-81ee-99bd34b5d043 admin admin] Publish callbacks [] for security_group (55e20391-b662-4a26-b950-864408983842), precommit_create {{(pid=103076) _notify_loop /usr/local/lib/python3.8/dist-packages/neutron_lib/callbacks/manager.py:176}}
Jan 31 05:05:56.798241 dv-cinder-826607-2-smb neutron-server[103076]: DEBUG neutron_lib.callbacks.manager [None req-1d604af8-778b-49c2-81ee-99bd34b5d043 admin admin] Publish callbacks ['neutron.plugins.ml2.ovo_rpc._ObjectChangeHandler.handle_event-723384'] for security_group (55e20391-b662-4a26-b950-864408983842), after_create {{(pid=103076) _notify_loop /usr/local/lib/python3.8/dist-packages/neutron_lib/callbacks/manager.py:176}}
Jan 31 05:05:56.883875 dv-cinder-826607-2-smb neutron-server[103076]: DEBUG neutron.api.rpc.handlers.resources_rpc [None req-1d604af8-778b-49c2-81ee-99bd34b5d043 admin admin] Pushing event updated for resources: {'SecurityGroup': ['ID=55e20391-b662-4a26-b950-864408983842,revision_number=1']} {{(pid=103076) push /opt/stack/neutron/neutron/api/rpc/handlers/resources_rpc.py:237}}
Jan 31 05:05:56.890346 dv-cinder-826607-2-smb neutron-server[103076]: INFO neutron.wsgi [None req-1d604af8-778b-49c2-81ee-99bd34b5d043 admin admin] 10.222.0.10 "GET /v2.0/security-groups?tenant_id=260eb3036cbc460692d67160b17ffef2&name=default HTTP/1.1" status: 200 len: 2996 time: 0.3432434
Jan 31 05:05:56.893257 dv-cinder-826607-2-smb neutron-server[103075]: DEBUG neutron.wsgi [-] (103075) accepted ('10.222.0.10', 52678) {{(pid=103075) server /usr/local/lib/python3.8/dist-packages/eventlet/wsgi.py:1004}}
Jan 31 05:05:56.927510 dv-cinder-826607-2-smb neutron-server[103076]: DEBUG neutron.pecan_wsgi.hooks.policy_enforcement [req-624e12f0-4c4f-4595-a48d-c8b8edcf6cb0 req-5a560114-f126-4122-9fb7-abcc8dedbb57 tempest-VolumesActionsTest-315506907 tempest-VolumesActionsTest-315506907-project] Attributes excluded by policy engine: ['standard_attr_id', 'vlan_transparent', 'provider:network_type', 'provider:physical_network', 'provider:segmentation_id'] {{(pid=103076) _exclude_attributes_by_policy /opt/stack/neutron/neutron/pecan_wsgi/hooks/policy_enforcement.py:255}}
Jan 31 05:05:56.932869 dv-cinder-826607-2-smb neutron-server[103076]: INFO neutron.wsgi [req-624e12f0-4c4f-4595-a48d-c8b8edcf6cb0 req-5a560114-f126-4122-9fb7-abcc8dedbb57 tempest-VolumesActionsTest-315506907 tempest-VolumesActionsTest-315506907-project] 10.222.0.10 "GET /v2.0/networks?id=c5fd1e55-c570-498c-8c52-92b73745a420 HTTP/1.1" status: 200 len: 808 time: 0.1450784
Jan 31 05:05:56.944131 dv-cinder-826607-2-smb neutron-server[103076]: INFO neutron.wsgi [req-624e12f0-4c4f-4595-a48d-c8b8edcf6cb0 req-0af60a13-ac96-47bd-b507-b520ba615d8e tempest-VolumesActionsTest-315506907 tempest-VolumesActionsTest-315506907-project] 10.222.0.10 "GET /v2.0/quotas/f2b08fa9d5a24aafb006f19002417d24 HTTP/1.1" status: 200 len: 375 time: 0.0098608
Jan 31 05:05:56.945294 dv-cinder-826607-2-smb neutron-server[103075]: DEBUG neutron_lib.callbacks.manager [None req-22a1c20b-fe7b-4be7-b921-4e84906d5cc5 admin admin] Publish callbacks [] for security_group (55e20391-b662-4a26-b950-864408983842), before_delete {{(pid=103075) _notify_loop /usr/local/lib/python3.8/dist-packages/neutron_lib/callbacks/manager.py:176}}
Jan 31 05:05:56.970713 dv-cinder-826607-2-smb neutron-server[103075]: DEBUG neutron_lib.callbacks.manager [None req-22a1c20b-fe7b-4be7-b921-4e84906d5cc5 admin admin] Publish callbacks [] for security_group (55e20391-b662-4a26-b950-864408983842), precommit_delete {{(pid=103075) _notify_loop /usr/local/lib/python3.8/dist-packages/neutron_lib/callbacks/manager.py:176}}
Jan 31 05:05:56.980427 dv-cinder-826607-2-smb neutron-server[103076]: INFO neutron.wsgi [req-624e12f0-4c4f-4595-a48d-c8b8edcf6cb0 req-58e060c2-d427-46d4-89c3-17023922f522 tempest-VolumesActionsTest-315506907 tempest-VolumesActionsTest-315506907-project] 10.222.0.10 "GET /v2.0/ports?tenant_id=f2b08fa9d5a24aafb006f19002417d24&fields=id HTTP/1.1" status: 200 len: 210 time: 0.0300055
Jan 31 05:05:57.056708 dv-cinder-826607-2-smb neutron-server[103077]: DEBUG neutron.plugins.ml2.rpc [None req-03af31fb-c252-450b-941f-854b14d4a1f8 None None] Device fb8a5151-8b54-49a1-94a2-ff2aac65a34b up at agent hyperv_hv-cinder-82660 {{(pid=103077) update_device_up /opt/stack/neutron/neutron/plugins/ml2/rpc.py:296}}
Jan 31 05:05:57.092354 dv-cinder-826607-2-smb neutron-server[103076]: INFO neutron.wsgi [req-624e12f0-4c4f-4595-a48d-c8b8edcf6cb0 req-f3c62f7b-c983-4b38-a394-12646128c679 service neutron] 10.222.0.10 "GET /v2.0/networks/c5fd1e55-c570-498c-8c52-92b73745a420?fields=segments HTTP/1.1" status: 200 len: 212 time: 0.1035635
Jan 31 05:05:57.100591 dv-cinder-826607-2-smb neutron-server[103075]: DEBUG neutron_lib.callbacks.manager [None req-22a1c20b-fe7b-4be7-b921-4e84906d5cc5 admin admin] Publish callbacks ['neutron.plugins.ml2.ovo_rpc._ObjectChangeHandler.handle_event-723384'] for security_group (55e20391-b662-4a26-b950-864408983842), after_delete {{(pid=103075) _notify_loop /usr/local/lib/python3.8/dist-packages/neutron_lib/callbacks/manager.py:176}}
Jan 31 05:05:57.104233 dv-cinder-826607-2-smb neutron-server[103075]: DEBUG neutron_lib.callbacks.manager [None req-22a1c20b-fe7b-4be7-b921-4e84906d5cc5 admin admin] Publish callbacks [] for security_group (None), before_response {{(pid=103075) _notify_loop /usr/local/lib/python3.8/dist-packages/neutron_lib/callbacks/manager.py:176}}
Jan 31 05:05:57.105413 dv-cinder-826607-2-smb neutron-server[103075]: INFO neutron.wsgi [None req-22a1c20b-fe7b-4be7-b921-4e84906d5cc5 admin admin] 10.222.0.10 "DELETE /v2.0/security-groups/55e20391-b662-4a26-b950-864408983842 HTTP/1.1" status: 204 len: 168 time: 0.2093956
Jan 31 05:05:57.133517 dv-cinder-826607-2-smb neutron-server[103075]: DEBUG neutron.api.rpc.handlers.resources_rpc [None req-22a1c20b-fe7b-4be7-b921-4e84906d5cc5 admin admin] Pushing event deleted for resources: {'SecurityGroup': ['ID=55e20391-b662-4a26-b950-864408983842,revision_number=None']} {{(pid=103075) push /opt/stack/neutron/neutron/api/rpc/handlers/resources_rpc.py:237}}
Jan 31 05:05:57.233704 dv-cinder-826607-2-smb neutron-server[103077]: DEBUG neutron.db.provisioning_blocks [None req-03af31fb-c252-450b-941f-854b14d4a1f8 None None] Provisioning for port fb8a5151-8b54-49a1-94a2-ff2aac65a34b completed by entity L2. {{(pid=103077) provisioning_complete /opt/stack/neutron/neutron/db/provisioning_blocks.py:133}}
Jan 31 05:05:57.238869 dv-cinder-826607-2-smb neutron-server[103077]: DEBUG neutron.db.provisioning_blocks [None req-03af31fb-c252-450b-941f-854b14d4a1f8 None None] Provisioning complete for port fb8a5151-8b54-49a1-94a2-ff2aac65a34b triggered by entity L2. {{(pid=103077) provisioning_complete /opt/stack/neutron/neutron/db/provisioning_blocks.py:139}}
Jan 31 05:05:57.239791 dv-cinder-826607-2-smb neutron-server[103077]: DEBUG neutron_lib.callbacks.manager [None req-03af31fb-c252-450b-941f-854b14d4a1f8 None None] Publish callbacks ['neutron.plugins.ml2.plugin.Ml2Plugin._port_provisioned-8120509'] for port (fb8a5151-8b54-49a1-94a2-ff2aac65a34b), provisioning_complete {{(pid=103077) _notify_loop /usr/local/lib/python3.8/dist-packages/neutron_lib/callbacks/manager.py:176}}
Jan 31 05:05:57.248848 dv-cinder-826607-2-smb neutron-server[103076]: INFO neutron.wsgi [req-624e12f0-4c4f-4595-a48d-c8b8edcf6cb0 req-3022cb36-7ded-4311-a133-73ef25182d85 service neutron] 10.222.0.10 "GET /v2.0/networks/c5fd1e55-c570-498c-8c52-92b73745a420?fields=provider%3Aphysical_network&fields=provider%3Anetwork_type HTTP/1.1" status: 200 len: 281 time: 0.1555984
Jan 31 05:05:57.274404 dv-cinder-826607-2-smb neutron-server[103075]: DEBUG neutron.pecan_wsgi.hooks.policy_enforcement [req-76a1b70d-f892-40e8-ac11-325db3839ce5 req-d1bebeb5-7b11-4c5f-9409-d8a192b0b2b6 tempest-AttachVolumeTestJSON-1507354178 tempest-AttachVolumeTestJSON-1507354178-project] Attributes excluded by policy engine: ['standard_attr_id', 'binding:profile', 'binding:host_id', 'binding:vif_type', 'binding:vif_details'] {{(pid=103075) _exclude_attributes_by_policy /opt/stack/neutron/neutron/pecan_wsgi/hooks/policy_enforcement.py:255}}
Jan 31 05:05:57.275504 dv-cinder-826607-2-smb neutron-server[103075]: INFO neutron.wsgi [req-76a1b70d-f892-40e8-ac11-325db3839ce5 req-d1bebeb5-7b11-4c5f-9409-d8a192b0b2b6 tempest-AttachVolumeTestJSON-1507354178 tempest-AttachVolumeTestJSON-1507354178-project] 10.222.0.10 "GET /v2.0/ports?device_id=a3f05bb7-c685-41dc-87dd-57110a0ab3e2 HTTP/1.1" status: 200 len: 944 time: 0.0544467
Jan 31 05:05:57.341393 dv-cinder-826607-2-smb neutron-server[103077]: DEBUG neutron.plugins.ml2.plugin [None req-03af31fb-c252-450b-941f-854b14d4a1f8 None None] Current status of the port fb8a5151-8b54-49a1-94a2-ff2aac65a34b is: BUILD; New status is: ACTIVE {{(pid=103077) _update_individual_port_db_status /opt/stack/neutron/neutron/plugins/ml2/plugin.py:2238}}
Jan 31 05:05:57.341875 dv-cinder-826607-2-smb neutron-server[103077]: DEBUG neutron_lib.callbacks.manager [None req-03af31fb-c252-450b-941f-854b14d4a1f8 None None] Publish callbacks ['neutron.plugins.ml2.plugin.SecurityGroupDbMixin._ensure_default_security_group_handler-7923585'] for port (fb8a5151-8b54-49a1-94a2-ff2aac65a34b), before_update {{(pid=103077) _notify_loop /usr/local/lib/python3.8/dist-packages/neutron_lib/callbacks/manager.py:176}}
Jan 31 05:05:57.358717 dv-cinder-826607-2-smb neutron-server[103075]: INFO neutron.wsgi [req-76a1b70d-f892-40e8-ac11-325db3839ce5 req-ad340031-a06d-49fe-882b-c1037c364bc8 tempest-AttachVolumeTestJSON-1507354178 tempest-AttachVolumeTestJSON-1507354178-project] 10.222.0.10 "GET /v2.0/security-groups?id=97799cce-0c93-44c5-8c78-653d3f61f4f1&fields=id&fields=name HTTP/1.1" status: 200 len: 313 time: 0.0702772
Jan 31 05:05:57.370340 dv-cinder-826607-2-smb neutron-server[103077]: DEBUG neutron.notifiers.nova [-] Sending events: [{'server_uuid': 'd6c6a797-cc91-4a85-9efa-08257fdde990', 'name': 'network-vif-plugged', 'status': 'completed', 'tag': 'fb8a5151-8b54-49a1-94a2-ff2aac65a34b'}] {{(pid=103077) send_events /opt/stack/neutron/neutron/notifiers/nova.py:266}}
Jan 31 05:05:57.374006 dv-cinder-826607-2-smb neutron-server[103077]: DEBUG novaclient.v2.client [-] REQ: curl -g -i --cacert "/opt/stack/data/ca-bundle.pem" -X POST http://10.222.0.10/compute/v2.1/os-server-external-events -H "Accept: application/json" -H "Content-Type: application/json" -H "User-Agent: python-novaclient" -H "X-Auth-Token: {SHA256}21d18be1779139de07d4029f84a984d5a19869948c43ff6a3f513f66641b652f" -H "X-OpenStack-Nova-API-Version: 2.1" -H "X-OpenStack-Request-ID: req-9982b13e-007d-49a8-8658-0965186d84ff" -d '{"events": [{"server_uuid": "d6c6a797-cc91-4a85-9efa-08257fdde990", "name": "network-vif-plugged", "status": "completed", "tag": "fb8a5151-8b54-49a1-94a2-ff2aac65a34b"}]}' {{(pid=103077) _http_log_request /usr/local/lib/python3.8/dist-packages/keystoneauth1/session.py:519}}
Jan 31 05:05:57.389610 dv-cinder-826607-2-smb neutron-server[103077]: DEBUG neutron.plugins.ml2.db [None req-03af31fb-c252-450b-941f-854b14d4a1f8 None None] For port fb8a5151-8b54-49a1-94a2-ff2aac65a34b, host hv-cinder-82660, got binding levels [PortBindingLevel(driver='hyperv',host='hv-cinder-82660',level=0,port_id=fb8a5151-8b54-49a1-94a2-ff2aac65a34b,segment=NetworkSegment(5147b3aa-6162-4259-9e75-feda1005a3b7),segment_id=5147b3aa-6162-4259-9e75-feda1005a3b7)] {{(pid=103077) get_binding_level_objs /opt/stack/neutron/neutron/plugins/ml2/db.py:74}}
Jan 31 05:05:57.462403 dv-cinder-826607-2-smb neutron-server[103077]: DEBUG neutron_lib.callbacks.manager [None req-03af31fb-c252-450b-941f-854b14d4a1f8 None None] Publish callbacks ['neutron.plugins.ml2.plugin.SecurityGroupServerNotifierRpcMixin._notify_sg_on_port_change-7903582', 'neutron.plugins.ml2.ovo_rpc._ObjectChangeHandler.handle_event-864665', 'neutron.api.rpc.agentnotifiers.dhcp_rpc_agent_api.DhcpAgentNotifyAPI._native_event_send_dhcp_notification-558342', 'neutron.db.l3_db.L3RpcNotifierMixin._notify_gateway_port_ip_changed-8770469562826', 'neutron.db.l3_dvrscheduler_db._notify_l3_agent_port_update-8770469084456', 'neutron.db.l3_hascheduler_db._notify_l3_agent_ha_port_update-8770469084474'] for port (fb8a5151-8b54-49a1-94a2-ff2aac65a34b), after_update {{(pid=103077) _notify_loop /usr/local/lib/python3.8/dist-packages/neutron_lib/callbacks/manager.py:176}}
Jan 31 05:05:57.463248 dv-cinder-826607-2-smb neutron-server[103077]: DEBUG neutron.plugins.ml2.rpc [None req-03af31fb-c252-450b-941f-854b14d4a1f8 None None] Device 71a1b75d-bbad-438a-8e97-095794282533 up at agent hyperv_hv-cinder-82660 {{(pid=103077) update_device_up /opt/stack/neutron/neutron/plugins/ml2/rpc.py:296}}
Jan 31 05:05:57.557977 dv-cinder-826607-2-smb neutron-server[103075]: DEBUG neutron.pecan_wsgi.hooks.policy_enforcement [req-520292ca-e264-43f1-9343-b7746b400e9f req-e5a48db6-e6af-4004-974e-c845d981e911 tempest-ServerRescueNegativeTestJSON-667737213 tempest-ServerRescueNegativeTestJSON-667737213-project] Attributes excluded by policy engine: ['standard_attr_id', 'binding:profile', 'binding:host_id', 'binding:vif_type', 'binding:vif_details'] {{(pid=103075) _exclude_attributes_by_policy /opt/stack/neutron/neutron/pecan_wsgi/hooks/policy_enforcement.py:255}}
Jan 31 05:05:57.560201 dv-cinder-826607-2-smb neutron-server[103075]: INFO neutron.wsgi [req-520292ca-e264-43f1-9343-b7746b400e9f req-e5a48db6-e6af-4004-974e-c845d981e911 tempest-ServerRescueNegativeTestJSON-667737213 tempest-ServerRescueNegativeTestJSON-667737213-project] 10.222.0.10 "GET /v2.0/ports?device_id=d6c6a797-cc91-4a85-9efa-08257fdde990 HTTP/1.1" status: 200 len: 944 time: 0.1290200
Jan 31 05:05:57.588884 dv-cinder-826607-2-smb neutron-server[103077]: DEBUG novaclient.v2.client [-] RESP: [200] Connection: close Content-Length: 183 Content-Type: application/json Date: Mon, 31 Jan 2022 05:05:57 GMT OpenStack-API-Version: compute 2.1 Server: Apache/2.4.41 (Ubuntu) Vary: OpenStack-API-Version,X-OpenStack-Nova-API-Version X-OpenStack-Nova-API-Version: 2.1 x-compute-request-id: req-778d3f36-b0e5-4942-97c2-db0c5f45c905 x-openstack-request-id: req-778d3f36-b0e5-4942-97c2-db0c5f45c905 {{(pid=103077) _http_log_response /usr/local/lib/python3.8/dist-packages/keystoneauth1/session.py:550}}
Jan 31 05:05:57.589214 dv-cinder-826607-2-smb neutron-server[103077]: DEBUG novaclient.v2.client [-] RESP BODY: {"events": [{"server_uuid": "d6c6a797-cc91-4a85-9efa-08257fdde990", "name": "network-vif-plugged", "status": "completed", "tag": "fb8a5151-8b54-49a1-94a2-ff2aac65a34b", "code": 200}]} {{(pid=103077) _http_log_response /usr/local/lib/python3.8/dist-packages/keystoneauth1/session.py:582}}
Jan 31 05:05:57.589482 dv-cinder-826607-2-smb neutron-server[103077]: DEBUG novaclient.v2.client [-] POST call to compute for http://10.222.0.10/compute/v2.1/os-server-external-events used request id req-778d3f36-b0e5-4942-97c2-db0c5f45c905 {{(pid=103077) request /usr/local/lib/python3.8/dist-packages/keystoneauth1/session.py:954}}
Jan 31 05:05:57.589887 dv-cinder-826607-2-smb neutron-server[103077]: INFO neutron.notifiers.nova [-] Nova event response: {'server_uuid': 'd6c6a797-cc91-4a85-9efa-08257fdde990', 'name': 'network-vif-plugged', 'status': 'completed', 'tag': 'fb8a5151-8b54-49a1-94a2-ff2aac65a34b', 'code': 200}
Jan 31 05:05:57.653392 dv-cinder-826607-2-smb neutron-server[103075]: INFO neutron.wsgi [req-520292ca-e264-43f1-9343-b7746b400e9f req-2e8dcdf4-3d14-42f1-a755-5062ae215984 tempest-ServerRescueNegativeTestJSON-667737213 tempest-ServerRescueNegativeTestJSON-667737213-project] 10.222.0.10 "GET /v2.0/security-groups?id=2983135a-a611-4014-b162-247a83c73cfb&fields=id&fields=name HTTP/1.1" status: 200 len: 286 time: 0.0868113
Jan 31 05:05:57.694401 dv-cinder-826607-2-smb neutron-server[103077]: DEBUG neutron.api.rpc.handlers.resources_rpc [None req-03af31fb-c252-450b-941f-854b14d4a1f8 None None] Pushing event updated for resources: {'Port': ['ID=fb8a5151-8b54-49a1-94a2-ff2aac65a34b,revision_number=5']} {{(pid=103077) push /opt/stack/neutron/neutron/api/rpc/handlers/resources_rpc.py:237}}
Jan 31 05:05:57.795817 dv-cinder-826607-2-smb neutron-server[103075]: INFO neutron.wsgi [req-97521499-cf04-4748-ad04-0aa089095296 req-f77d89c3-43f6-47d1-bad0-a9405ae8e068 tempest-VolumesActionsTest-315506907 tempest-VolumesActionsTest-315506907-project] 10.222.0.10 "GET /v2.0/ports?device_id=aa24fd08-dd8d-4256-b7f7-16f056dab1bf HTTP/1.1" status: 200 len: 210 time: 0.0675468
Jan 31 05:05:57.808858 dv-cinder-826607-2-smb neutron-server[103076]: DEBUG neutron.pecan_wsgi.hooks.policy_enforcement [req-59dad4af-7714-4a08-b780-80d00dccd7a2 req-caff7ae5-ff3c-4beb-a377-dab31f3b5256 tempest-AttachVolumeShelveTestJSON-1613873908 tempest-AttachVolumeShelveTestJSON-1613873908-project] Attributes excluded by policy engine: ['standard_attr_id', 'binding:profile', 'binding:host_id', 'binding:vif_type', 'binding:vif_details'] {{(pid=103076) _exclude_attributes_by_policy /opt/stack/neutron/neutron/pecan_wsgi/hooks/policy_enforcement.py:255}}
Jan 31 05:05:57.814159 dv-cinder-826607-2-smb neutron-server[103076]: INFO neutron.wsgi [req-59dad4af-7714-4a08-b780-80d00dccd7a2 req-caff7ae5-ff3c-4beb-a377-dab31f3b5256 tempest-AttachVolumeShelveTestJSON-1613873908 tempest-AttachVolumeShelveTestJSON-1613873908-project] 10.222.0.10 "GET /v2.0/ports?device_id=885d833f-0c2b-45c5-b9e8-cda700e0ddca HTTP/1.1" status: 200 len: 944 time: 0.1239121
Jan 31 05:05:57.821162 dv-cinder-826607-2-smb neutron-server[103077]: DEBUG neutron.db.provisioning_blocks [None req-03af31fb-c252-450b-941f-854b14d4a1f8 None None] Provisioning for port 71a1b75d-bbad-438a-8e97-095794282533 completed by entity L2. {{(pid=103077) provisioning_complete /opt/stack/neutron/neutron/db/provisioning_blocks.py:133}}
Jan 31 05:05:57.831650 dv-cinder-826607-2-smb neutron-server[103077]: DEBUG neutron.db.provisioning_blocks [None req-03af31fb-c252-450b-941f-854b14d4a1f8 None None] Provisioning complete for port 71a1b75d-bbad-438a-8e97-095794282533 triggered by entity L2. {{(pid=103077) provisioning_complete /opt/stack/neutron/neutron/db/provisioning_blocks.py:139}}
Jan 31 05:05:57.832329 dv-cinder-826607-2-smb neutron-server[103077]: DEBUG neutron_lib.callbacks.manager [None req-03af31fb-c252-450b-941f-854b14d4a1f8 None None] Publish callbacks ['neutron.plugins.ml2.plugin.Ml2Plugin._port_provisioned-8120509'] for port (71a1b75d-bbad-438a-8e97-095794282533), provisioning_complete {{(pid=103077) _notify_loop /usr/local/lib/python3.8/dist-packages/neutron_lib/callbacks/manager.py:176}}
Jan 31 05:05:57.972559 dv-cinder-826607-2-smb neutron-server[103076]: INFO neutron.wsgi [req-59dad4af-7714-4a08-b780-80d00dccd7a2 req-dd414a72-e90c-4205-907b-fc0de4dda339 tempest-AttachVolumeShelveTestJSON-1613873908 tempest-AttachVolumeShelveTestJSON-1613873908-project] 10.222.0.10 "GET /v2.0/security-groups?id=798654a2-07d3-4a90-890f-44d55bec8d4b&fields=id&fields=name HTTP/1.1" status: 200 len: 311 time: 0.1367471
Jan 31 05:05:57.976127 dv-cinder-826607-2-smb neutron-server[103077]: DEBUG neutron.plugins.ml2.plugin [None req-03af31fb-c252-450b-941f-854b14d4a1f8 None None] Current status of the port 71a1b75d-bbad-438a-8e97-095794282533 is: BUILD; New status is: ACTIVE {{(pid=103077) _update_individual_port_db_status /opt/stack/neutron/neutron/plugins/ml2/plugin.py:2238}}
Jan 31 05:05:57.976404 dv-cinder-826607-2-smb neutron-server[103077]: DEBUG neutron_lib.callbacks.manager [None req-03af31fb-c252-450b-941f-854b14d4a1f8 None None] Publish callbacks ['neutron.plugins.ml2.plugin.SecurityGroupDbMixin._ensure_default_security_group_handler-7923585'] for port (71a1b75d-bbad-438a-8e97-095794282533), before_update {{(pid=103077) _notify_loop /usr/local/lib/python3.8/dist-packages/neutron_lib/callbacks/manager.py:176}}
Jan 31 05:05:58.029937 dv-cinder-826607-2-smb neutron-server[103077]: DEBUG neutron.plugins.ml2.db [None req-03af31fb-c252-450b-941f-854b14d4a1f8 None None] For port 71a1b75d-bbad-438a-8e97-095794282533, host hv-cinder-82660, got binding levels [PortBindingLevel(driver='hyperv',host='hv-cinder-82660',level=0,port_id=71a1b75d-bbad-438a-8e97-095794282533,segment=NetworkSegment(ce35df7c-6811-458f-95a1-c54f00a71040),segment_id=ce35df7c-6811-458f-95a1-c54f00a71040)] {{(pid=103077) get_binding_level_objs /opt/stack/neutron/neutron/plugins/ml2/db.py:74}}
Jan 31 05:05:58.047724 dv-cinder-826607-2-smb neutron-server[103075]: DEBUG neutron.pecan_wsgi.hooks.policy_enforcement [req-bf71c571-2f64-4a72-8648-dfcdb59bb96a req-1e0a1080-03d8-473c-b232-f671cc774042 service neutron] Attributes excluded by policy engine: ['standard_attr_id'] {{(pid=103075) _exclude_attributes_by_policy /opt/stack/neutron/neutron/pecan_wsgi/hooks/policy_enforcement.py:255}}
Jan 31 05:05:58.049249 dv-cinder-826607-2-smb neutron-server[103075]: INFO neutron.wsgi [req-bf71c571-2f64-4a72-8648-dfcdb59bb96a req-1e0a1080-03d8-473c-b232-f671cc774042 service neutron] 10.222.0.15 "GET /v2.0/ports?device_id=d6c6a797-cc91-4a85-9efa-08257fdde990 HTTP/1.1" status: 200 len: 1129 time: 0.1374843
Jan 31 05:05:58.101264 dv-cinder-826607-2-smb neutron-server[103075]: INFO neutron.wsgi [req-bf71c571-2f64-4a72-8648-dfcdb59bb96a req-822834b2-9a8d-4d83-879b-39b9921efb04 service neutron] 10.222.0.15 "GET /v2.0/security-groups?id=2983135a-a611-4014-b162-247a83c73cfb&fields=id&fields=name HTTP/1.1" status: 200 len: 286 time: 0.0456178
