Jan 27 07:44:22.693019 dv-cinder-826559-1-smb devstack@c-api.service[119995]: [pid: 119995|app: 0|req: 60/122] 10.222.0.18 () {60 vars in 1365 bytes} [Thu Jan 27 07:44:22 2022] GET /volume/v3/706bfe7c8efd48028e2141637fb4c949/volumes/0cec4a55-a426-471a-bf54-1c68eb1ef10b => generated 1001 bytes in 202 msecs (HTTP/1.1 200) 7 headers in 287 bytes (1 switches on core 0)
Jan 27 07:44:22.696331 dv-cinder-826559-1-smb devstack@c-api.service[119994]: INFO cinder.api.openstack.wsgi [None req-d5d30606-86d0-4d78-9b02-4259b2e564d2 tempest-GroupSnapshotsTest-1149893689 tempest-GroupSnapshotsTest-1149893689-project] PUT http://10.222.0.18/volume/v3/706bfe7c8efd48028e2141637fb4c949/groups/d0c56a1d-ff7d-445e-aa9e-2dcb6f0a0d97
Jan 27 07:44:22.697020 dv-cinder-826559-1-smb devstack@c-api.service[119994]: /usr/local/lib/python3.8/dist-packages/webob/acceptparse.py:1047: DeprecationWarning: The behavior of AcceptValidHeader.best_match is currently being maintained for backward compatibility, but it will be deprecated in the future, as it does not conform to the RFC.
Jan 27 07:44:22.697020 dv-cinder-826559-1-smb devstack@c-api.service[119994]: warnings.warn(
Jan 27 07:44:22.697290 dv-cinder-826559-1-smb devstack@c-api.service[119994]: DEBUG cinder.api.openstack.wsgi [None req-d5d30606-86d0-4d78-9b02-4259b2e564d2 tempest-GroupSnapshotsTest-1149893689 tempest-GroupSnapshotsTest-1149893689-project] Action: 'update', calling method: version_select, body: {"group": {"remove_volumes": "f2cd5ef2-ba8e-41e0-aeb1-a47359e5938d"}} {{(pid=119994) _process_stack /opt/stack/cinder/cinder/api/openstack/wsgi.py:854}}
Jan 27 07:44:22.710201 dv-cinder-826559-1-smb devstack@c-api.service[119994]: DEBUG cinder.api.v3.groups [None req-d5d30606-86d0-4d78-9b02-4259b2e564d2 tempest-GroupSnapshotsTest-1149893689 tempest-GroupSnapshotsTest-1149893689-project] Update called for group d0c56a1d-ff7d-445e-aa9e-2dcb6f0a0d97. {{(pid=119994) update /opt/stack/cinder/cinder/api/v3/groups.py:302}}
Jan 27 07:44:22.715590 dv-cinder-826559-1-smb devstack@c-api.service[119994]: INFO cinder.api.v3.groups [None req-d5d30606-86d0-4d78-9b02-4259b2e564d2 tempest-GroupSnapshotsTest-1149893689 tempest-GroupSnapshotsTest-1149893689-project] Updating group d0c56a1d-ff7d-445e-aa9e-2dcb6f0a0d97 with name None description: None add_volumes: None remove_volumes: f2cd5ef2-ba8e-41e0-aeb1-a47359e5938d.
Jan 27 07:44:22.744265 dv-cinder-826559-1-smb devstack@c-api.service[119994]: /usr/local/lib/python3.8/dist-packages/oslo_context/context.py:105: DeprecationWarning: Policy enforcement is depending on the value of is_admin. This key is deprecated. Please update your policy file to use the standard policy values.
Jan 27 07:44:22.744265 dv-cinder-826559-1-smb devstack@c-api.service[119994]: warnings.warn('Policy enforcement is depending on the value of '
Jan 27 07:44:22.828668 dv-cinder-826559-1-smb devstack@c-api.service[119994]: INFO cinder.api.openstack.wsgi [None req-d5d30606-86d0-4d78-9b02-4259b2e564d2 tempest-GroupSnapshotsTest-1149893689 tempest-GroupSnapshotsTest-1149893689-project] http://10.222.0.18/volume/v3/706bfe7c8efd48028e2141637fb4c949/groups/d0c56a1d-ff7d-445e-aa9e-2dcb6f0a0d97 returned with HTTP 202
Jan 27 07:44:22.834003 dv-cinder-826559-1-smb devstack@c-api.service[119994]: [pid: 119994|app: 0|req: 63/123] 10.222.0.18 () {62 vars in 1382 bytes} [Thu Jan 27 07:44:22 2022] PUT /volume/v3/706bfe7c8efd48028e2141637fb4c949/groups/d0c56a1d-ff7d-445e-aa9e-2dcb6f0a0d97 => generated 0 bytes in 143 msecs (HTTP/1.1 202) 6 headers in 234 bytes (2 switches on core 0)
Jan 27 07:44:22.842137 dv-cinder-826559-1-smb devstack@c-api.service[119994]: INFO cinder.api.openstack.wsgi [None req-29f868fd-90a6-43e4-a9d4-270542617dcd tempest-GroupsV314Test-463469594 tempest-GroupsV314Test-463469594-project] GET http://10.222.0.18/volume/v3/b22b2df1681244d4a2ed1866856f13be/volumes/032c4936-1370-4d29-9e36-4b4b197320e2
Jan 27 07:44:22.842337 dv-cinder-826559-1-smb devstack@c-api.service[119995]: INFO cinder.api.openstack.wsgi [None req-4d9e0677-f23e-4df1-9d99-003c10735296 tempest-GroupSnapshotsTest-1149893689 tempest-GroupSnapshotsTest-1149893689-project] GET http://10.222.0.18/volume/v3/706bfe7c8efd48028e2141637fb4c949/groups/d0c56a1d-ff7d-445e-aa9e-2dcb6f0a0d97
Jan 27 07:44:22.843007 dv-cinder-826559-1-smb devstack@c-api.service[119994]: DEBUG cinder.api.openstack.wsgi [None req-29f868fd-90a6-43e4-a9d4-270542617dcd tempest-GroupsV314Test-463469594 tempest-GroupsV314Test-463469594-project] Empty body provided in request {{(pid=119994) get_body /opt/stack/cinder/cinder/api/openstack/wsgi.py:703}}
Jan 27 07:44:22.843144 dv-cinder-826559-1-smb devstack@c-api.service[119995]: DEBUG cinder.api.openstack.wsgi [None req-4d9e0677-f23e-4df1-9d99-003c10735296 tempest-GroupSnapshotsTest-1149893689 tempest-GroupSnapshotsTest-1149893689-project] Empty body provided in request {{(pid=119995) get_body /opt/stack/cinder/cinder/api/openstack/wsgi.py:703}}
Jan 27 07:44:22.843504 dv-cinder-826559-1-smb devstack@c-api.service[119994]: /usr/local/lib/python3.8/dist-packages/webob/acceptparse.py:1047: DeprecationWarning: The behavior of AcceptValidHeader.best_match is currently being maintained for backward compatibility, but it will be deprecated in the future, as it does not conform to the RFC.
Jan 27 07:44:22.843504 dv-cinder-826559-1-smb devstack@c-api.service[119994]: warnings.warn(
Jan 27 07:44:22.843690 dv-cinder-826559-1-smb devstack@c-api.service[119995]: /usr/local/lib/python3.8/dist-packages/webob/acceptparse.py:1047: DeprecationWarning: The behavior of AcceptValidHeader.best_match is currently being maintained for backward compatibility, but it will be deprecated in the future, as it does not conform to the RFC.
Jan 27 07:44:22.843690 dv-cinder-826559-1-smb devstack@c-api.service[119995]: warnings.warn(
Jan 27 07:44:22.843901 dv-cinder-826559-1-smb devstack@c-api.service[119995]: DEBUG cinder.api.openstack.wsgi [None req-4d9e0677-f23e-4df1-9d99-003c10735296 tempest-GroupSnapshotsTest-1149893689 tempest-GroupSnapshotsTest-1149893689-project] Calling method 'version_select' {{(pid=119995) _process_stack /opt/stack/cinder/cinder/api/openstack/wsgi.py:856}}
Jan 27 07:44:22.844313 dv-cinder-826559-1-smb devstack@c-api.service[119994]: DEBUG cinder.api.openstack.wsgi [None req-29f868fd-90a6-43e4-a9d4-270542617dcd tempest-GroupsV314Test-463469594 tempest-GroupsV314Test-463469594-project] Calling method 'show' {{(pid=119994) _process_stack /opt/stack/cinder/cinder/api/openstack/wsgi.py:856}}
Jan 27 07:44:22.845453 dv-cinder-826559-1-smb devstack@c-api.service[119995]: DEBUG cinder.api.v3.groups [None req-4d9e0677-f23e-4df1-9d99-003c10735296 tempest-GroupSnapshotsTest-1149893689 tempest-GroupSnapshotsTest-1149893689-project] show called for member d0c56a1d-ff7d-445e-aa9e-2dcb6f0a0d97 {{(pid=119995) show /opt/stack/cinder/cinder/api/v3/groups.py:58}}
Jan 27 07:44:22.875807 dv-cinder-826559-1-smb devstack@c-api.service[119994]: INFO cinder.api.openstack.wsgi [None req-29f868fd-90a6-43e4-a9d4-270542617dcd tempest-GroupsV314Test-463469594 tempest-GroupsV314Test-463469594-project] http://10.222.0.18/volume/v3/b22b2df1681244d4a2ed1866856f13be/volumes/032c4936-1370-4d29-9e36-4b4b197320e2 returned with HTTP 404
Jan 27 07:44:22.881274 dv-cinder-826559-1-smb devstack@c-api.service[119994]: [pid: 119994|app: 0|req: 64/124] 10.222.0.18 () {60 vars in 1365 bytes} [Thu Jan 27 07:44:22 2022] GET /volume/v3/b22b2df1681244d4a2ed1866856f13be/volumes/032c4936-1370-4d29-9e36-4b4b197320e2 => generated 109 bytes in 44 msecs (HTTP/1.1 404) 7 headers in 293 bytes (2 switches on core 0)
Jan 27 07:44:22.897713 dv-cinder-826559-1-smb devstack@c-api.service[119995]: /usr/local/lib/python3.8/dist-packages/oslo_context/context.py:105: DeprecationWarning: Policy enforcement is depending on the value of is_admin. This key is deprecated. Please update your policy file to use the standard policy values.
Jan 27 07:44:22.897713 dv-cinder-826559-1-smb devstack@c-api.service[119995]: warnings.warn('Policy enforcement is depending on the value of '
Jan 27 07:44:22.898696 dv-cinder-826559-1-smb devstack@c-api.service[119994]: INFO cinder.api.openstack.wsgi [None req-10facd43-1dae-4c1b-8d1b-e61838145c53 tempest-GroupsV314Test-463469594 tempest-GroupsV314Test-463469594-project] GET http://10.222.0.18/volume/v3/b22b2df1681244d4a2ed1866856f13be/groups/036afa0f-d11d-4f5d-a52c-a6b7c2669a47
Jan 27 07:44:22.898696 dv-cinder-826559-1-smb devstack@c-api.service[119994]: DEBUG cinder.api.openstack.wsgi [None req-10facd43-1dae-4c1b-8d1b-e61838145c53 tempest-GroupsV314Test-463469594 tempest-GroupsV314Test-463469594-project] Empty body provided in request {{(pid=119994) get_body /opt/stack/cinder/cinder/api/openstack/wsgi.py:703}}
Jan 27 07:44:22.898696 dv-cinder-826559-1-smb devstack@c-api.service[119994]: DEBUG cinder.api.openstack.wsgi [None req-10facd43-1dae-4c1b-8d1b-e61838145c53 tempest-GroupsV314Test-463469594 tempest-GroupsV314Test-463469594-project] Calling method 'version_select' {{(pid=119994) _process_stack /opt/stack/cinder/cinder/api/openstack/wsgi.py:856}}
Jan 27 07:44:22.898696 dv-cinder-826559-1-smb devstack@c-api.service[119994]: DEBUG cinder.api.v3.groups [None req-10facd43-1dae-4c1b-8d1b-e61838145c53 tempest-GroupsV314Test-463469594 tempest-GroupsV314Test-463469594-project] show called for member 036afa0f-d11d-4f5d-a52c-a6b7c2669a47 {{(pid=119994) show /opt/stack/cinder/cinder/api/v3/groups.py:58}}
Jan 27 07:44:22.920584 dv-cinder-826559-1-smb devstack@c-api.service[119994]: INFO cinder.api.openstack.wsgi [None req-10facd43-1dae-4c1b-8d1b-e61838145c53 tempest-GroupsV314Test-463469594 tempest-GroupsV314Test-463469594-project] http://10.222.0.18/volume/v3/b22b2df1681244d4a2ed1866856f13be/groups/036afa0f-d11d-4f5d-a52c-a6b7c2669a47 returned with HTTP 404
Jan 27 07:44:22.926332 dv-cinder-826559-1-smb devstack@c-api.service[119994]: [pid: 119994|app: 0|req: 65/125] 10.222.0.18 () {60 vars in 1362 bytes} [Thu Jan 27 07:44:22 2022] GET /volume/v3/b22b2df1681244d4a2ed1866856f13be/groups/036afa0f-d11d-4f5d-a52c-a6b7c2669a47 => generated 108 bytes in 44 msecs (HTTP/1.1 404) 7 headers in 293 bytes (1 switches on core 0)
Jan 27 07:44:22.956504 dv-cinder-826559-1-smb devstack@c-api.service[119994]: INFO cinder.api.openstack.wsgi [None req-38f99c48-3fde-43fc-8ee4-052a2fc84280 tempest-GroupsV314Test-463469594 tempest-GroupsV314Test-463469594-project] GET http://10.222.0.18/volume/v3/b22b2df1681244d4a2ed1866856f13be/volumes/detail
Jan 27 07:44:22.957933 dv-cinder-826559-1-smb devstack@c-api.service[119994]: DEBUG cinder.api.openstack.wsgi [None req-38f99c48-3fde-43fc-8ee4-052a2fc84280 tempest-GroupsV314Test-463469594 tempest-GroupsV314Test-463469594-project] Empty body provided in request {{(pid=119994) get_body /opt/stack/cinder/cinder/api/openstack/wsgi.py:703}}
Jan 27 07:44:22.958611 dv-cinder-826559-1-smb devstack@c-api.service[119994]: DEBUG cinder.api.openstack.wsgi [None req-38f99c48-3fde-43fc-8ee4-052a2fc84280 tempest-GroupsV314Test-463469594 tempest-GroupsV314Test-463469594-project] Calling method 'detail' {{(pid=119994) _process_stack /opt/stack/cinder/cinder/api/openstack/wsgi.py:856}}
Jan 27 07:44:22.959515 dv-cinder-826559-1-smb devstack@c-api.service[119994]: DEBUG cinder.api.api_utils [None req-38f99c48-3fde-43fc-8ee4-052a2fc84280 tempest-GroupsV314Test-463469594 tempest-GroupsV314Test-463469594-project] Removing options '' from query. {{(pid=119994) remove_invalid_filter_options /opt/stack/cinder/cinder/api/api_utils.py:73}}
Jan 27 07:44:22.961539 dv-cinder-826559-1-smb devstack@c-api.service[119994]: DEBUG cinder.volume.api [None req-38f99c48-3fde-43fc-8ee4-052a2fc84280 tempest-GroupsV314Test-463469594 tempest-GroupsV314Test-463469594-project] Searching by: MultiDict([('no_migration_targets', True)]). {{(pid=119994) get_all /opt/stack/cinder/cinder/volume/api.py:618}}
Jan 27 07:44:22.994992 dv-cinder-826559-1-smb devstack@c-api.service[119995]: INFO cinder.api.openstack.wsgi [None req-4d9e0677-f23e-4df1-9d99-003c10735296 tempest-GroupSnapshotsTest-1149893689 tempest-GroupSnapshotsTest-1149893689-project] http://10.222.0.18/volume/v3/706bfe7c8efd48028e2141637fb4c949/groups/d0c56a1d-ff7d-445e-aa9e-2dcb6f0a0d97 returned with HTTP 200
Jan 27 07:44:23.000343 dv-cinder-826559-1-smb devstack@c-api.service[119995]: [pid: 119995|app: 0|req: 61/126] 10.222.0.18 () {60 vars in 1362 bytes} [Thu Jan 27 07:44:22 2022] GET /volume/v3/706bfe7c8efd48028e2141637fb4c949/groups/d0c56a1d-ff7d-445e-aa9e-2dcb6f0a0d97 => generated 391 bytes in 166 msecs (HTTP/1.1 200) 7 headers in 286 bytes (2 switches on core 0)
Jan 27 07:44:23.070115 dv-cinder-826559-1-smb devstack@c-api.service[119994]: INFO cinder.volume.api [None req-38f99c48-3fde-43fc-8ee4-052a2fc84280 tempest-GroupsV314Test-463469594 tempest-GroupsV314Test-463469594-project] Get all volumes completed successfully.
Jan 27 07:44:23.087403 dv-cinder-826559-1-smb devstack@c-api.service[119994]: WARNING stevedore.named [None req-38f99c48-3fde-43fc-8ee4-052a2fc84280 tempest-GroupsV314Test-463469594 tempest-GroupsV314Test-463469594-project] Could not load cinder.keymgr.conf_key_mgr.ConfKeyManager
Jan 27 07:44:23.087870 dv-cinder-826559-1-smb devstack@c-api.service[119994]: WARNING castellan.key_manager [None req-38f99c48-3fde-43fc-8ee4-052a2fc84280 tempest-GroupsV314Test-463469594 tempest-GroupsV314Test-463469594-project] Deprecation Warning : cinder.keymgr.conf_key_mgr.ConfKeyManager is not a stevedore based driver, trying to load it as a class: stevedore.exception.NoMatches: No 'castellan.drivers' driver found, looking for 'cinder.keymgr.conf_key_mgr.ConfKeyManager'
Jan 27 07:44:23.110317 dv-cinder-826559-1-smb devstack@c-api.service[119994]: DEBUG oslo_db.sqlalchemy.engines [None req-38f99c48-3fde-43fc-8ee4-052a2fc84280 tempest-GroupsV314Test-463469594 tempest-GroupsV314Test-463469594-project] MySQL server mode set to STRICT_TRANS_TABLES,STRICT_ALL_TABLES,NO_ZERO_IN_DATE,NO_ZERO_DATE,ERROR_FOR_DIVISION_BY_ZERO,TRADITIONAL,NO_ENGINE_SUBSTITUTION {{(pid=119994) _check_effective_sql_mode /usr/local/lib/python3.8/dist-packages/oslo_db/sqlalchemy/engines.py:314}}
Jan 27 07:44:23.122230 dv-cinder-826559-1-smb devstack@c-api.service[119994]: /usr/local/lib/python3.8/dist-packages/oslo_context/context.py:105: DeprecationWarning: Policy enforcement is depending on the value of is_admin. This key is deprecated. Please update your policy file to use the standard policy values.
Jan 27 07:44:23.122230 dv-cinder-826559-1-smb devstack@c-api.service[119994]: warnings.warn('Policy enforcement is depending on the value of '
Jan 27 07:44:23.161686 dv-cinder-826559-1-smb devstack@c-api.service[119994]: INFO cinder.api.openstack.wsgi [None req-38f99c48-3fde-43fc-8ee4-052a2fc84280 tempest-GroupsV314Test-463469594 tempest-GroupsV314Test-463469594-project] http://10.222.0.18/volume/v3/b22b2df1681244d4a2ed1866856f13be/volumes/detail returned with HTTP 200
Jan 27 07:44:23.164663 dv-cinder-826559-1-smb devstack@c-api.service[119994]: [pid: 119994|app: 0|req: 66/127] 10.222.0.18 () {60 vars in 1275 bytes} [Thu Jan 27 07:44:22 2022] GET /volume/v3/b22b2df1681244d4a2ed1866856f13be/volumes/detail => generated 996 bytes in 237 msecs (HTTP/1.1 200) 7 headers in 286 bytes (1 switches on core 0)
Jan 27 07:44:23.182701 dv-cinder-826559-1-smb devstack@c-api.service[119995]: INFO cinder.api.openstack.wsgi [None req-17def286-d2b7-48ba-bbdc-d59a3b76f496 tempest-GroupsV314Test-463469594 tempest-GroupsV314Test-463469594-project] POST http://10.222.0.18/volume/v3/b22b2df1681244d4a2ed1866856f13be/groups/0fe73ba8-ee39-4ef9-b3ff-69fe0ce1b5e9/action
Jan 27 07:44:23.183207 dv-cinder-826559-1-smb devstack@c-api.service[119995]: /usr/local/lib/python3.8/dist-packages/webob/acceptparse.py:1047: DeprecationWarning: The behavior of AcceptValidHeader.best_match is currently being maintained for backward compatibility, but it will be deprecated in the future, as it does not conform to the RFC.
Jan 27 07:44:23.183207 dv-cinder-826559-1-smb devstack@c-api.service[119995]: warnings.warn(
Jan 27 07:44:23.184363 dv-cinder-826559-1-smb devstack@c-api.service[119995]: DEBUG cinder.api.openstack.wsgi [None req-17def286-d2b7-48ba-bbdc-d59a3b76f496 tempest-GroupsV314Test-463469594 tempest-GroupsV314Test-463469594-project] Action body: b'{"delete": {"delete-volumes": true}}' {{(pid=119995) get_method /opt/stack/cinder/cinder/api/openstack/wsgi.py:971}}
Jan 27 07:44:23.184705 dv-cinder-826559-1-smb devstack@c-api.service[119995]: DEBUG cinder.api.openstack.wsgi [None req-17def286-d2b7-48ba-bbdc-d59a3b76f496 tempest-GroupsV314Test-463469594 tempest-GroupsV314Test-463469594-project] Action: 'action', calling method: delete_group, body: {"delete": {"delete-volumes": true}} {{(pid=119995) _process_stack /opt/stack/cinder/cinder/api/openstack/wsgi.py:854}}
Jan 27 07:44:23.186390 dv-cinder-826559-1-smb devstack@c-api.service[119995]: DEBUG cinder.api.v3.groups [None req-17def286-d2b7-48ba-bbdc-d59a3b76f496 tempest-GroupsV314Test-463469594 tempest-GroupsV314Test-463469594-project] delete called for group 0fe73ba8-ee39-4ef9-b3ff-69fe0ce1b5e9 {{(pid=119995) _delete /opt/stack/cinder/cinder/api/v3/groups.py:117}}
Jan 27 07:44:23.187109 dv-cinder-826559-1-smb devstack@c-api.service[119995]: INFO cinder.api.v3.groups [None req-17def286-d2b7-48ba-bbdc-d59a3b76f496 tempest-GroupsV314Test-463469594 tempest-GroupsV314Test-463469594-project] Delete group with id: 0fe73ba8-ee39-4ef9-b3ff-69fe0ce1b5e9
Jan 27 07:44:23.200578 dv-cinder-826559-1-smb devstack@c-api.service[119995]: /usr/local/lib/python3.8/dist-packages/oslo_context/context.py:105: DeprecationWarning: Policy enforcement is depending on the value of is_admin. This key is deprecated. Please update your policy file to use the standard policy values.
Jan 27 07:44:23.200578 dv-cinder-826559-1-smb devstack@c-api.service[119995]: warnings.warn('Policy enforcement is depending on the value of '
Jan 27 07:44:23.351818 dv-cinder-826559-1-smb devstack@c-api.service[119995]: INFO cinder.api.openstack.wsgi [None req-17def286-d2b7-48ba-bbdc-d59a3b76f496 tempest-GroupsV314Test-463469594 tempest-GroupsV314Test-463469594-project] http://10.222.0.18/volume/v3/b22b2df1681244d4a2ed1866856f13be/groups/0fe73ba8-ee39-4ef9-b3ff-69fe0ce1b5e9/action returned with HTTP 202
Jan 27 07:44:23.353379 dv-cinder-826559-1-smb devstack@c-api.service[119995]: [pid: 119995|app: 0|req: 62/128] 10.222.0.18 () {62 vars in 1404 bytes} [Thu Jan 27 07:44:23 2022] POST /volume/v3/b22b2df1681244d4a2ed1866856f13be/groups/0fe73ba8-ee39-4ef9-b3ff-69fe0ce1b5e9/action => generated 0 bytes in 178 msecs (HTTP/1.1 202) 6 headers in 234 bytes (1 switches on core 0)
Jan 27 07:44:23.361637 dv-cinder-826559-1-smb devstack@c-api.service[119994]: INFO cinder.api.openstack.wsgi [None req-73544bdb-080d-48e7-8f94-12c3cb1b5863 tempest-GroupsV314Test-463469594 tempest-GroupsV314Test-463469594-project] GET http://10.222.0.18/volume/v3/b22b2df1681244d4a2ed1866856f13be/volumes/3885ee19-4871-4e18-b8d7-06060d0b9e7e
Jan 27 07:44:23.362438 dv-cinder-826559-1-smb devstack@c-api.service[119994]: DEBUG cinder.api.openstack.wsgi [None req-73544bdb-080d-48e7-8f94-12c3cb1b5863 tempest-GroupsV314Test-463469594 tempest-GroupsV314Test-463469594-project] Empty body provided in request {{(pid=119994) get_body /opt/stack/cinder/cinder/api/openstack/wsgi.py:703}}
Jan 27 07:44:23.362922 dv-cinder-826559-1-smb devstack@c-api.service[119994]: /usr/local/lib/python3.8/dist-packages/webob/acceptparse.py:1047: DeprecationWarning: The behavior of AcceptValidHeader.best_match is currently being maintained for backward compatibility, but it will be deprecated in the future, as it does not conform to the RFC.
Jan 27 07:44:23.362922 dv-cinder-826559-1-smb devstack@c-api.service[119994]: warnings.warn(
Jan 27 07:44:23.363534 dv-cinder-826559-1-smb devstack@c-api.service[119994]: DEBUG cinder.api.openstack.wsgi [None req-73544bdb-080d-48e7-8f94-12c3cb1b5863 tempest-GroupsV314Test-463469594 tempest-GroupsV314Test-463469594-project] Calling method 'show' {{(pid=119994) _process_stack /opt/stack/cinder/cinder/api/openstack/wsgi.py:856}}
Jan 27 07:44:23.401604 dv-cinder-826559-1-smb devstack@c-api.service[119994]: /usr/local/lib/python3.8/dist-packages/oslo_context/context.py:105: DeprecationWarning: Policy enforcement is depending on the value of is_admin. This key is deprecated. Please update your policy file to use the standard policy values.
Jan 27 07:44:23.401604 dv-cinder-826559-1-smb devstack@c-api.service[119994]: warnings.warn('Policy enforcement is depending on the value of '
Jan 27 07:44:23.424438 dv-cinder-826559-1-smb devstack@c-api.service[119994]: INFO cinder.volume.api [None req-73544bdb-080d-48e7-8f94-12c3cb1b5863 tempest-GroupsV314Test-463469594 tempest-GroupsV314Test-463469594-project] Volume info retrieved successfully.
Jan 27 07:44:23.449144 dv-cinder-826559-1-smb devstack@c-api.service[119994]: WARNING stevedore.named [None req-73544bdb-080d-48e7-8f94-12c3cb1b5863 tempest-GroupsV314Test-463469594 tempest-GroupsV314Test-463469594-project] Could not load cinder.keymgr.conf_key_mgr.ConfKeyManager
Jan 27 07:44:23.449662 dv-cinder-826559-1-smb devstack@c-api.service[119994]: WARNING castellan.key_manager [None req-73544bdb-080d-48e7-8f94-12c3cb1b5863 tempest-GroupsV314Test-463469594 tempest-GroupsV314Test-463469594-project] Deprecation Warning : cinder.keymgr.conf_key_mgr.ConfKeyManager is not a stevedore based driver, trying to load it as a class: stevedore.exception.NoMatches: No 'castellan.drivers' driver found, looking for 'cinder.keymgr.conf_key_mgr.ConfKeyManager'
Jan 27 07:44:23.465237 dv-cinder-826559-1-smb devstack@c-api.service[119994]: DEBUG oslo_db.sqlalchemy.engines [None req-73544bdb-080d-48e7-8f94-12c3cb1b5863 tempest-GroupsV314Test-463469594 tempest-GroupsV314Test-463469594-project] MySQL server mode set to STRICT_TRANS_TABLES,STRICT_ALL_TABLES,NO_ZERO_IN_DATE,NO_ZERO_DATE,ERROR_FOR_DIVISION_BY_ZERO,TRADITIONAL,NO_ENGINE_SUBSTITUTION {{(pid=119994) _check_effective_sql_mode /usr/local/lib/python3.8/dist-packages/oslo_db/sqlalchemy/engines.py:314}}
Jan 27 07:44:23.472525 dv-cinder-826559-1-smb devstack@c-api.service[119994]: /usr/local/lib/python3.8/dist-packages/oslo_context/context.py:105: DeprecationWarning: Policy enforcement is depending on the value of is_admin. This key is deprecated. Please update your policy file to use the standard policy values.
Jan 27 07:44:23.472525 dv-cinder-826559-1-smb devstack@c-api.service[119994]: warnings.warn('Policy enforcement is depending on the value of '
Jan 27 07:44:23.528054 dv-cinder-826559-1-smb devstack@c-api.service[119994]: INFO cinder.api.openstack.wsgi [None req-73544bdb-080d-48e7-8f94-12c3cb1b5863 tempest-GroupsV314Test-463469594 tempest-GroupsV314Test-463469594-project] http://10.222.0.18/volume/v3/b22b2df1681244d4a2ed1866856f13be/volumes/3885ee19-4871-4e18-b8d7-06060d0b9e7e returned with HTTP 200
Jan 27 07:44:23.530574 dv-cinder-826559-1-smb devstack@c-api.service[119994]: [pid: 119994|app: 0|req: 67/129] 10.222.0.18 () {60 vars in 1365 bytes} [Thu Jan 27 07:44:23 2022] GET /volume/v3/b22b2df1681244d4a2ed1866856f13be/volumes/3885ee19-4871-4e18-b8d7-06060d0b9e7e => generated 992 bytes in 173 msecs (HTTP/1.1 200) 7 headers in 286 bytes (1 switches on core 0)
Jan 27 07:44:24.011502 dv-cinder-826559-1-smb devstack@c-api.service[119995]: INFO cinder.api.openstack.wsgi [None req-95fafdbb-6029-47a4-b8c4-99bc00a346e8 tempest-GroupSnapshotsTest-1149893689 tempest-GroupSnapshotsTest-1149893689-project] GET http://10.222.0.18/volume/v3/706bfe7c8efd48028e2141637fb4c949/groups/d0c56a1d-ff7d-445e-aa9e-2dcb6f0a0d97
Jan 27 07:44:24.012096 dv-cinder-826559-1-smb devstack@c-api.service[119995]: DEBUG cinder.api.openstack.wsgi [None req-95fafdbb-6029-47a4-b8c4-99bc00a346e8 tempest-GroupSnapshotsTest-1149893689 tempest-GroupSnapshotsTest-1149893689-project] Empty body provided in request {{(pid=119995) get_body /opt/stack/cinder/cinder/api/openstack/wsgi.py:703}}
Jan 27 07:44:24.012306 dv-cinder-826559-1-smb devstack@c-api.service[119995]: /usr/local/lib/python3.8/dist-packages/webob/acceptparse.py:1047: DeprecationWarning: The behavior of AcceptValidHeader.best_match is currently being maintained for backward compatibility, but it will be deprecated in the future, as it does not conform to the RFC.
Jan 27 07:44:24.012306 dv-cinder-826559-1-smb devstack@c-api.service[119995]: warnings.warn(
Jan 27 07:44:24.012733 dv-cinder-826559-1-smb devstack@c-api.service[119995]: DEBUG cinder.api.openstack.wsgi [None req-95fafdbb-6029-47a4-b8c4-99bc00a346e8 tempest-GroupSnapshotsTest-1149893689 tempest-GroupSnapshotsTest-1149893689-project] Calling method 'version_select' {{(pid=119995) _process_stack /opt/stack/cinder/cinder/api/openstack/wsgi.py:856}}
Jan 27 07:44:24.013428 dv-cinder-826559-1-smb devstack@c-api.service[119995]: DEBUG cinder.api.v3.groups [None req-95fafdbb-6029-47a4-b8c4-99bc00a346e8 tempest-GroupSnapshotsTest-1149893689 tempest-GroupSnapshotsTest-1149893689-project] show called for member d0c56a1d-ff7d-445e-aa9e-2dcb6f0a0d97 {{(pid=119995) show /opt/stack/cinder/cinder/api/v3/groups.py:58}}
Jan 27 07:44:24.026800 dv-cinder-826559-1-smb devstack@c-api.service[119995]: /usr/local/lib/python3.8/dist-packages/oslo_context/context.py:105: DeprecationWarning: Policy enforcement is depending on the value of is_admin. This key is deprecated. Please update your policy file to use the standard policy values.
Jan 27 07:44:24.026800 dv-cinder-826559-1-smb devstack@c-api.service[119995]: warnings.warn('Policy enforcement is depending on the value of '
Jan 27 07:44:24.079100 dv-cinder-826559-1-smb devstack@c-api.service[119995]: INFO cinder.api.openstack.wsgi [None req-95fafdbb-6029-47a4-b8c4-99bc00a346e8 tempest-GroupSnapshotsTest-1149893689 tempest-GroupSnapshotsTest-1149893689-project] http://10.222.0.18/volume/v3/706bfe7c8efd48028e2141637fb4c949/groups/d0c56a1d-ff7d-445e-aa9e-2dcb6f0a0d97 returned with HTTP 200
Jan 27 07:44:24.085952 dv-cinder-826559-1-smb devstack@c-api.service[119995]: [pid: 119995|app: 0|req: 63/130] 10.222.0.18 () {60 vars in 1362 bytes} [Thu Jan 27 07:44:24 2022] GET /volume/v3/706bfe7c8efd48028e2141637fb4c949/groups/d0c56a1d-ff7d-445e-aa9e-2dcb6f0a0d97 => generated 392 bytes in 73 msecs (HTTP/1.1 200) 7 headers in 286 bytes (1 switches on core 0)
Jan 27 07:44:24.091979 dv-cinder-826559-1-smb devstack@c-api.service[119994]: INFO cinder.api.openstack.wsgi [None req-8bf41933-93ca-4ca5-a7f5-50067a4bf0ad tempest-GroupSnapshotsTest-1149893689 tempest-GroupSnapshotsTest-1149893689-project] PUT http://10.222.0.18/volume/v3/706bfe7c8efd48028e2141637fb4c949/groups/d0c56a1d-ff7d-445e-aa9e-2dcb6f0a0d97
Jan 27 07:44:24.092575 dv-cinder-826559-1-smb devstack@c-api.service[119994]: /usr/local/lib/python3.8/dist-packages/webob/acceptparse.py:1047: DeprecationWarning: The behavior of AcceptValidHeader.best_match is currently being maintained for backward compatibility, but it will be deprecated in the future, as it does not conform to the RFC.
Jan 27 07:44:24.092575 dv-cinder-826559-1-smb devstack@c-api.service[119994]: warnings.warn(
Jan 27 07:44:24.092888 dv-cinder-826559-1-smb devstack@c-api.service[119994]: DEBUG cinder.api.openstack.wsgi [None req-8bf41933-93ca-4ca5-a7f5-50067a4bf0ad tempest-GroupSnapshotsTest-1149893689 tempest-GroupSnapshotsTest-1149893689-project] Action: 'update', calling method: version_select, body: {"group": {"add_volumes": "f2cd5ef2-ba8e-41e0-aeb1-a47359e5938d"}} {{(pid=119994) _process_stack /opt/stack/cinder/cinder/api/openstack/wsgi.py:854}}
Jan 27 07:44:24.093928 dv-cinder-826559-1-smb devstack@c-api.service[119994]: DEBUG cinder.api.v3.groups [None req-8bf41933-93ca-4ca5-a7f5-50067a4bf0ad tempest-GroupSnapshotsTest-1149893689 tempest-GroupSnapshotsTest-1149893689-project] Update called for group d0c56a1d-ff7d-445e-aa9e-2dcb6f0a0d97. {{(pid=119994) update /opt/stack/cinder/cinder/api/v3/groups.py:302}}
Jan 27 07:44:24.094269 dv-cinder-826559-1-smb devstack@c-api.service[119994]: INFO cinder.api.v3.groups [None req-8bf41933-93ca-4ca5-a7f5-50067a4bf0ad tempest-GroupSnapshotsTest-1149893689 tempest-GroupSnapshotsTest-1149893689-project] Updating group d0c56a1d-ff7d-445e-aa9e-2dcb6f0a0d97 with name None description: None add_volumes: f2cd5ef2-ba8e-41e0-aeb1-a47359e5938d remove_volumes: None.
Jan 27 07:44:24.108175 dv-cinder-826559-1-smb devstack@c-api.service[119994]: /usr/local/lib/python3.8/dist-packages/oslo_context/context.py:105: DeprecationWarning: Policy enforcement is depending on the value of is_admin. This key is deprecated. Please update your policy file to use the standard policy values.
Jan 27 07:44:24.108175 dv-cinder-826559-1-smb devstack@c-api.service[119994]: warnings.warn('Policy enforcement is depending on the value of '
Jan 27 07:44:24.212858 dv-cinder-826559-1-smb devstack@c-api.service[119994]: INFO cinder.api.openstack.wsgi [None req-8bf41933-93ca-4ca5-a7f5-50067a4bf0ad tempest-GroupSnapshotsTest-1149893689 tempest-GroupSnapshotsTest-1149893689-project] http://10.222.0.18/volume/v3/706bfe7c8efd48028e2141637fb4c949/groups/d0c56a1d-ff7d-445e-aa9e-2dcb6f0a0d97 returned with HTTP 202
Jan 27 07:44:24.214050 dv-cinder-826559-1-smb devstack@c-api.service[119994]: [pid: 119994|app: 0|req: 68/131] 10.222.0.18 () {62 vars in 1382 bytes} [Thu Jan 27 07:44:24 2022] PUT /volume/v3/706bfe7c8efd48028e2141637fb4c949/groups/d0c56a1d-ff7d-445e-aa9e-2dcb6f0a0d97 => generated 0 bytes in 127 msecs (HTTP/1.1 202) 6 headers in 234 bytes (1 switches on core 0)
Jan 27 07:44:24.224720 dv-cinder-826559-1-smb devstack@c-api.service[119995]: INFO cinder.api.openstack.wsgi [None req-20852e5a-0d8e-4abd-8ea1-4ac25bf59b8a tempest-GroupSnapshotsTest-1149893689 tempest-GroupSnapshotsTest-1149893689-project] GET http://10.222.0.18/volume/v3/706bfe7c8efd48028e2141637fb4c949/groups/d0c56a1d-ff7d-445e-aa9e-2dcb6f0a0d97
Jan 27 07:44:24.225229 dv-cinder-826559-1-smb devstack@c-api.service[119995]: DEBUG cinder.api.openstack.wsgi [None req-20852e5a-0d8e-4abd-8ea1-4ac25bf59b8a tempest-GroupSnapshotsTest-1149893689 tempest-GroupSnapshotsTest-1149893689-project] Empty body provided in request {{(pid=119995) get_body /opt/stack/cinder/cinder/api/openstack/wsgi.py:703}}
Jan 27 07:44:24.225404 dv-cinder-826559-1-smb devstack@c-api.service[119995]: /usr/local/lib/python3.8/dist-packages/webob/acceptparse.py:1047: DeprecationWarning: The behavior of AcceptValidHeader.best_match is currently being maintained for backward compatibility, but it will be deprecated in the future, as it does not conform to the RFC.
Jan 27 07:44:24.225404 dv-cinder-826559-1-smb devstack@c-api.service[119995]: warnings.warn(
Jan 27 07:44:24.225916 dv-cinder-826559-1-smb devstack@c-api.service[119995]: DEBUG cinder.api.openstack.wsgi [None req-20852e5a-0d8e-4abd-8ea1-4ac25bf59b8a tempest-GroupSnapshotsTest-1149893689 tempest-GroupSnapshotsTest-1149893689-project] Calling method 'version_select' {{(pid=119995) _process_stack /opt/stack/cinder/cinder/api/openstack/wsgi.py:856}}
Jan 27 07:44:24.226310 dv-cinder-826559-1-smb devstack@c-api.service[119995]: DEBUG cinder.api.v3.groups [None req-20852e5a-0d8e-4abd-8ea1-4ac25bf59b8a tempest-GroupSnapshotsTest-1149893689 tempest-GroupSnapshotsTest-1149893689-project] show called for member d0c56a1d-ff7d-445e-aa9e-2dcb6f0a0d97 {{(pid=119995) show /opt/stack/cinder/cinder/api/v3/groups.py:58}}
Jan 27 07:44:24.245795 dv-cinder-826559-1-smb devstack@c-api.service[119995]: /usr/local/lib/python3.8/dist-packages/oslo_context/context.py:105: DeprecationWarning: Policy enforcement is depending on the value of is_admin. This key is deprecated. Please update your policy file to use the standard policy values.
Jan 27 07:44:24.245795 dv-cinder-826559-1-smb devstack@c-api.service[119995]: warnings.warn('Policy enforcement is depending on the value of '
Jan 27 07:44:24.294847 dv-cinder-826559-1-smb devstack@c-api.service[119995]: INFO cinder.api.openstack.wsgi [None req-20852e5a-0d8e-4abd-8ea1-4ac25bf59b8a tempest-GroupSnapshotsTest-1149893689 tempest-GroupSnapshotsTest-1149893689-project] http://10.222.0.18/volume/v3/706bfe7c8efd48028e2141637fb4c949/groups/d0c56a1d-ff7d-445e-aa9e-2dcb6f0a0d97 returned with HTTP 200
Jan 27 07:44:24.299129 dv-cinder-826559-1-smb devstack@c-api.service[119995]: [pid: 119995|app: 0|req: 64/132] 10.222.0.18 () {60 vars in 1362 bytes} [Thu Jan 27 07:44:24 2022] GET /volume/v3/706bfe7c8efd48028e2141637fb4c949/groups/d0c56a1d-ff7d-445e-aa9e-2dcb6f0a0d97 => generated 391 bytes in 81 msecs (HTTP/1.1 200) 7 headers in 286 bytes (1 switches on core 0)
Jan 27 07:44:24.552766 dv-cinder-826559-1-smb devstack@c-api.service[119994]: INFO cinder.api.openstack.wsgi [None req-f57e2728-f9ec-4a59-b548-9180d3f31298 tempest-GroupsV314Test-463469594 tempest-GroupsV314Test-463469594-project] GET http://10.222.0.18/volume/v3/b22b2df1681244d4a2ed1866856f13be/volumes/3885ee19-4871-4e18-b8d7-06060d0b9e7e
Jan 27 07:44:24.553273 dv-cinder-826559-1-smb devstack@c-api.service[119994]: DEBUG cinder.api.openstack.wsgi [None req-f57e2728-f9ec-4a59-b548-9180d3f31298 tempest-GroupsV314Test-463469594 tempest-GroupsV314Test-463469594-project] Empty body provided in request {{(pid=119994) get_body /opt/stack/cinder/cinder/api/openstack/wsgi.py:703}}
Jan 27 07:44:24.553444 dv-cinder-826559-1-smb devstack@c-api.service[119994]: /usr/local/lib/python3.8/dist-packages/webob/acceptparse.py:1047: DeprecationWarning: The behavior of AcceptValidHeader.best_match is currently being maintained for backward compatibility, but it will be deprecated in the future, as it does not conform to the RFC.
Jan 27 07:44:24.553444 dv-cinder-826559-1-smb devstack@c-api.service[119994]: warnings.warn(
Jan 27 07:44:24.554128 dv-cinder-826559-1-smb devstack@c-api.service[119994]: DEBUG cinder.api.openstack.wsgi [None req-f57e2728-f9ec-4a59-b548-9180d3f31298 tempest-GroupsV314Test-463469594 tempest-GroupsV314Test-463469594-project] Calling method 'show' {{(pid=119994) _process_stack /opt/stack/cinder/cinder/api/openstack/wsgi.py:856}}
Jan 27 07:44:24.594112 dv-cinder-826559-1-smb devstack@c-api.service[119994]: INFO cinder.api.openstack.wsgi [None req-f57e2728-f9ec-4a59-b548-9180d3f31298 tempest-GroupsV314Test-463469594 tempest-GroupsV314Test-463469594-project] http://10.222.0.18/volume/v3/b22b2df1681244d4a2ed1866856f13be/volumes/3885ee19-4871-4e18-b8d7-06060d0b9e7e returned with HTTP 404
Jan 27 07:44:24.600810 dv-cinder-826559-1-smb devstack@c-api.service[119994]: [pid: 119994|app: 0|req: 69/133] 10.222.0.18 () {60 vars in 1365 bytes} [Thu Jan 27 07:44:24 2022] GET /volume/v3/b22b2df1681244d4a2ed1866856f13be/volumes/3885ee19-4871-4e18-b8d7-06060d0b9e7e => generated 109 bytes in 55 msecs (HTTP/1.1 404) 7 headers in 293 bytes (1 switches on core 0)
Jan 27 07:44:24.608432 dv-cinder-826559-1-smb devstack@c-api.service[119995]: INFO cinder.api.openstack.wsgi [None req-82bec3c4-ab43-4440-8a22-1a00334f5c47 tempest-GroupsV314Test-463469594 tempest-GroupsV314Test-463469594-project] GET http://10.222.0.18/volume/v3/b22b2df1681244d4a2ed1866856f13be/groups/0fe73ba8-ee39-4ef9-b3ff-69fe0ce1b5e9
Jan 27 07:44:24.609192 dv-cinder-826559-1-smb devstack@c-api.service[119995]: DEBUG cinder.api.openstack.wsgi [None req-82bec3c4-ab43-4440-8a22-1a00334f5c47 tempest-GroupsV314Test-463469594 tempest-GroupsV314Test-463469594-project] Empty body provided in request {{(pid=119995) get_body /opt/stack/cinder/cinder/api/openstack/wsgi.py:703}}
Jan 27 07:44:24.609512 dv-cinder-826559-1-smb devstack@c-api.service[119995]: /usr/local/lib/python3.8/dist-packages/webob/acceptparse.py:1047: DeprecationWarning: The behavior of AcceptValidHeader.best_match is currently being maintained for backward compatibility, but it will be deprecated in the future, as it does not conform to the RFC.
Jan 27 07:44:24.609512 dv-cinder-826559-1-smb devstack@c-api.service[119995]: warnings.warn(
Jan 27 07:44:24.610048 dv-cinder-826559-1-smb devstack@c-api.service[119995]: DEBUG cinder.api.openstack.wsgi [None req-82bec3c4-ab43-4440-8a22-1a00334f5c47 tempest-GroupsV314Test-463469594 tempest-GroupsV314Test-463469594-project] Calling method 'version_select' {{(pid=119995) _process_stack /opt/stack/cinder/cinder/api/openstack/wsgi.py:856}}
Jan 27 07:44:24.610781 dv-cinder-826559-1-smb devstack@c-api.service[119995]: DEBUG cinder.api.v3.groups [None req-82bec3c4-ab43-4440-8a22-1a00334f5c47 tempest-GroupsV314Test-463469594 tempest-GroupsV314Test-463469594-project] show called for member 0fe73ba8-ee39-4ef9-b3ff-69fe0ce1b5e9 {{(pid=119995) show /opt/stack/cinder/cinder/api/v3/groups.py:58}}
Jan 27 07:44:24.623257 dv-cinder-826559-1-smb devstack@c-api.service[119995]: INFO cinder.api.openstack.wsgi [None req-82bec3c4-ab43-4440-8a22-1a00334f5c47 tempest-GroupsV314Test-463469594 tempest-GroupsV314Test-463469594-project] http://10.222.0.18/volume/v3/b22b2df1681244d4a2ed1866856f13be/groups/0fe73ba8-ee39-4ef9-b3ff-69fe0ce1b5e9 returned with HTTP 404
Jan 27 07:44:24.626256 dv-cinder-826559-1-smb devstack@c-api.service[119995]: [pid: 119995|app: 0|req: 65/134] 10.222.0.18 () {60 vars in 1362 bytes} [Thu Jan 27 07:44:24 2022] GET /volume/v3/b22b2df1681244d4a2ed1866856f13be/groups/0fe73ba8-ee39-4ef9-b3ff-69fe0ce1b5e9 => generated 108 bytes in 22 msecs (HTTP/1.1 404) 7 headers in 293 bytes (1 switches on core 0)
Jan 27 07:44:24.635080 dv-cinder-826559-1-smb devstack@c-api.service[119994]: INFO cinder.api.openstack.wsgi [None req-72687658-e6be-4fe4-8b0f-b7b1524aa473 tempest-GroupsV314Test-2027750570 tempest-GroupsV314Test-2027750570-project-admin] DELETE http://10.222.0.18/volume/v3/c132a489f69a461a80972aa79396a189/group_types/742a8c7d-2cc1-4778-8272-c76597fbac1d
Jan 27 07:44:24.635874 dv-cinder-826559-1-smb devstack@c-api.service[119994]: DEBUG cinder.api.openstack.wsgi [None req-72687658-e6be-4fe4-8b0f-b7b1524aa473 tempest-GroupsV314Test-2027750570 tempest-GroupsV314Test-2027750570-project-admin] Empty body provided in request {{(pid=119994) get_body /opt/stack/cinder/cinder/api/openstack/wsgi.py:703}}
Jan 27 07:44:24.637938 dv-cinder-826559-1-smb devstack@c-api.service[119994]: DEBUG cinder.api.openstack.wsgi [None req-72687658-e6be-4fe4-8b0f-b7b1524aa473 tempest-GroupsV314Test-2027750570 tempest-GroupsV314Test-2027750570-project-admin] Calling method 'version_select' {{(pid=119994) _process_stack /opt/stack/cinder/cinder/api/openstack/wsgi.py:856}}
Jan 27 07:44:24.639961 dv-cinder-826559-1-smb devstack@c-api.service[119994]: /usr/local/lib/python3.8/dist-packages/oslo_context/context.py:105: DeprecationWarning: Policy enforcement is depending on the value of is_admin. This key is deprecated. Please update your policy file to use the standard policy values.
Jan 27 07:44:24.639961 dv-cinder-826559-1-smb devstack@c-api.service[119994]: warnings.warn('Policy enforcement is depending on the value of '
Jan 27 07:44:24.701387 dv-cinder-826559-1-smb devstack@c-api.service[119994]: INFO cinder.api.openstack.wsgi [None req-72687658-e6be-4fe4-8b0f-b7b1524aa473 tempest-GroupsV314Test-2027750570 tempest-GroupsV314Test-2027750570-project-admin] http://10.222.0.18/volume/v3/c132a489f69a461a80972aa79396a189/group_types/742a8c7d-2cc1-4778-8272-c76597fbac1d returned with HTTP 202
Jan 27 07:44:24.702577 dv-cinder-826559-1-smb devstack@c-api.service[119994]: [pid: 119994|app: 0|req: 70/135] 10.222.0.18 () {60 vars in 1380 bytes} [Thu Jan 27 07:44:24 2022] DELETE /volume/v3/c132a489f69a461a80972aa79396a189/group_types/742a8c7d-2cc1-4778-8272-c76597fbac1d => generated 0 bytes in 72 msecs (HTTP/1.1 202) 6 headers in 234 bytes (1 switches on core 0)
Jan 27 07:44:24.716613 dv-cinder-826559-1-smb devstack@c-api.service[119995]: INFO cinder.api.openstack.wsgi [None req-e7d88a12-3cdc-41f6-a49b-372b6d0c6d03 tempest-GroupsV314Test-463469594 tempest-GroupsV314Test-463469594-project] DELETE http://10.222.0.18/volume/v3/b22b2df1681244d4a2ed1866856f13be/volumes/3885ee19-4871-4e18-b8d7-06060d0b9e7e
Jan 27 07:44:24.717721 dv-cinder-826559-1-smb devstack@c-api.service[119995]: DEBUG cinder.api.openstack.wsgi [None req-e7d88a12-3cdc-41f6-a49b-372b6d0c6d03 tempest-GroupsV314Test-463469594 tempest-GroupsV314Test-463469594-project] Empty body provided in request {{(pid=119995) get_body /opt/stack/cinder/cinder/api/openstack/wsgi.py:703}}
Jan 27 07:44:24.718807 dv-cinder-826559-1-smb devstack@c-api.service[119995]: DEBUG cinder.api.openstack.wsgi [None req-e7d88a12-3cdc-41f6-a49b-372b6d0c6d03 tempest-GroupsV314Test-463469594 tempest-GroupsV314Test-463469594-project] Calling method 'delete' {{(pid=119995) _process_stack /opt/stack/cinder/cinder/api/openstack/wsgi.py:856}}
Jan 27 07:44:24.719747 dv-cinder-826559-1-smb devstack@c-api.service[119995]: INFO cinder.api.v3.volumes [None req-e7d88a12-3cdc-41f6-a49b-372b6d0c6d03 tempest-GroupsV314Test-463469594 tempest-GroupsV314Test-463469594-project] Delete volume with id: 3885ee19-4871-4e18-b8d7-06060d0b9e7e
Jan 27 07:44:24.756161 dv-cinder-826559-1-smb devstack@c-api.service[119995]: INFO cinder.api.openstack.wsgi [None req-e7d88a12-3cdc-41f6-a49b-372b6d0c6d03 tempest-GroupsV314Test-463469594 tempest-GroupsV314Test-463469594-project] http://10.222.0.18/volume/v3/b22b2df1681244d4a2ed1866856f13be/volumes/3885ee19-4871-4e18-b8d7-06060d0b9e7e returned with HTTP 404
Jan 27 07:44:24.761179 dv-cinder-826559-1-smb devstack@c-api.service[119995]: [pid: 119995|app: 0|req: 66/136] 10.222.0.18 () {60 vars in 1368 bytes} [Thu Jan 27 07:44:24 2022] DELETE /volume/v3/b22b2df1681244d4a2ed1866856f13be/volumes/3885ee19-4871-4e18-b8d7-06060d0b9e7e => generated 109 bytes in 49 msecs (HTTP/1.1 404) 7 headers in 293 bytes (2 switches on core 0)
Jan 27 07:44:24.766374 dv-cinder-826559-1-smb devstack@c-api.service[119994]: INFO cinder.api.openstack.wsgi [None req-8a4a24f9-3046-4224-a59d-09e0f8f13132 tempest-GroupsV314Test-2027750570 tempest-GroupsV314Test-2027750570-project-admin] DELETE http://10.222.0.18/volume/v3/c132a489f69a461a80972aa79396a189/types/e2340702-c3ec-4e6f-900d-c2dc7682c2ef
Jan 27 07:44:24.767170 dv-cinder-826559-1-smb devstack@c-api.service[119994]: DEBUG cinder.api.openstack.wsgi [None req-8a4a24f9-3046-4224-a59d-09e0f8f13132 tempest-GroupsV314Test-2027750570 tempest-GroupsV314Test-2027750570-project-admin] Empty body provided in request {{(pid=119994) get_body /opt/stack/cinder/cinder/api/openstack/wsgi.py:703}}
Jan 27 07:44:24.768211 dv-cinder-826559-1-smb devstack@c-api.service[119994]: DEBUG cinder.api.openstack.wsgi [None req-8a4a24f9-3046-4224-a59d-09e0f8f13132 tempest-GroupsV314Test-2027750570 tempest-GroupsV314Test-2027750570-project-admin] Calling method '_delete' {{(pid=119994) _process_stack /opt/stack/cinder/cinder/api/openstack/wsgi.py:856}}
Jan 27 07:44:24.890300 dv-cinder-826559-1-smb devstack@c-api.service[119994]: INFO cinder.api.openstack.wsgi [None req-8a4a24f9-3046-4224-a59d-09e0f8f13132 tempest-GroupsV314Test-2027750570 tempest-GroupsV314Test-2027750570-project-admin] http://10.222.0.18/volume/v3/c132a489f69a461a80972aa79396a189/types/e2340702-c3ec-4e6f-900d-c2dc7682c2ef returned with HTTP 202
Jan 27 07:44:24.891317 dv-cinder-826559-1-smb devstack@c-api.service[119994]: [pid: 119994|app: 0|req: 71/137] 10.222.0.18 () {58 vars in 1321 bytes} [Thu Jan 27 07:44:24 2022] DELETE /volume/v3/c132a489f69a461a80972aa79396a189/types/e2340702-c3ec-4e6f-900d-c2dc7682c2ef => generated 0 bytes in 129 msecs (HTTP/1.1 202) 6 headers in 233 bytes (1 switches on core 0)
Jan 27 07:44:24.909851 dv-cinder-826559-1-smb devstack@c-api.service[119995]: INFO cinder.api.openstack.wsgi [None req-a2b9d6d5-48eb-47e0-a14d-8e38363eb4ab tempest-GroupsV314Test-2027750570 tempest-GroupsV314Test-2027750570-project-admin] GET http://10.222.0.18/volume/v3/c132a489f69a461a80972aa79396a189/types/e2340702-c3ec-4e6f-900d-c2dc7682c2ef
Jan 27 07:44:24.910330 dv-cinder-826559-1-smb devstack@c-api.service[119995]: DEBUG cinder.api.openstack.wsgi [None req-a2b9d6d5-48eb-47e0-a14d-8e38363eb4ab tempest-GroupsV314Test-2027750570 tempest-GroupsV314Test-2027750570-project-admin] Empty body provided in request {{(pid=119995) get_body /opt/stack/cinder/cinder/api/openstack/wsgi.py:703}}
Jan 27 07:44:24.913666 dv-cinder-826559-1-smb devstack@c-api.service[119995]: DEBUG cinder.api.openstack.wsgi [None req-a2b9d6d5-48eb-47e0-a14d-8e38363eb4ab tempest-GroupsV314Test-2027750570 tempest-GroupsV314Test-2027750570-project-admin] Calling method 'show' {{(pid=119995) _process_stack /opt/stack/cinder/cinder/api/openstack/wsgi.py:856}}
Jan 27 07:44:24.926680 dv-cinder-826559-1-smb devstack@c-api.service[119995]: INFO cinder.api.openstack.wsgi [None req-a2b9d6d5-48eb-47e0-a14d-8e38363eb4ab tempest-GroupsV314Test-2027750570 tempest-GroupsV314Test-2027750570-project-admin] http://10.222.0.18/volume/v3/c132a489f69a461a80972aa79396a189/types/e2340702-c3ec-4e6f-900d-c2dc7682c2ef returned with HTTP 404
Jan 27 07:44:24.939263 dv-cinder-826559-1-smb devstack@c-api.service[119995]: [pid: 119995|app: 0|req: 67/138] 10.222.0.18 () {58 vars in 1318 bytes} [Thu Jan 27 07:44:24 2022] GET /volume/v3/c132a489f69a461a80972aa79396a189/types/e2340702-c3ec-4e6f-900d-c2dc7682c2ef => generated 114 bytes in 37 msecs (HTTP/1.1 404) 7 headers in 292 bytes (1 switches on core 0)
Jan 27 07:44:25.313623 dv-cinder-826559-1-smb devstack@c-api.service[119994]: INFO cinder.api.openstack.wsgi [None req-40f1921d-4c49-4241-9d60-d8849750777e tempest-GroupSnapshotsTest-1149893689 tempest-GroupSnapshotsTest-1149893689-project] GET http://10.222.0.18/volume/v3/706bfe7c8efd48028e2141637fb4c949/groups/d0c56a1d-ff7d-445e-aa9e-2dcb6f0a0d97
Jan 27 07:44:25.314110 dv-cinder-826559-1-smb devstack@c-api.service[119994]: DEBUG cinder.api.openstack.wsgi [None req-40f1921d-4c49-4241-9d60-d8849750777e tempest-GroupSnapshotsTest-1149893689 tempest-GroupSnapshotsTest-1149893689-project] Empty body provided in request {{(pid=119994) get_body /opt/stack/cinder/cinder/api/openstack/wsgi.py:703}}
Jan 27 07:44:25.314546 dv-cinder-826559-1-smb devstack@c-api.service[119994]: DEBUG cinder.api.openstack.wsgi [None req-40f1921d-4c49-4241-9d60-d8849750777e tempest-GroupSnapshotsTest-1149893689 tempest-GroupSnapshotsTest-1149893689-project] Calling method 'version_select' {{(pid=119994) _process_stack /opt/stack/cinder/cinder/api/openstack/wsgi.py:856}}
Jan 27 07:44:25.314894 dv-cinder-826559-1-smb devstack@c-api.service[119994]: DEBUG cinder.api.v3.groups [None req-40f1921d-4c49-4241-9d60-d8849750777e tempest-GroupSnapshotsTest-1149893689 tempest-GroupSnapshotsTest-1149893689-project] show called for member d0c56a1d-ff7d-445e-aa9e-2dcb6f0a0d97 {{(pid=119994) show /opt/stack/cinder/cinder/api/v3/groups.py:58}}
Jan 27 07:44:25.330169 dv-cinder-826559-1-smb devstack@c-api.service[119994]: /usr/local/lib/python3.8/dist-packages/oslo_context/context.py:105: DeprecationWarning: Policy enforcement is depending on the value of is_admin. This key is deprecated. Please update your policy file to use the standard policy values.
Jan 27 07:44:25.330169 dv-cinder-826559-1-smb devstack@c-api.service[119994]: warnings.warn('Policy enforcement is depending on the value of '
Jan 27 07:44:25.371004 dv-cinder-826559-1-smb devstack@c-api.service[119994]: INFO cinder.api.openstack.wsgi [None req-40f1921d-4c49-4241-9d60-d8849750777e tempest-GroupSnapshotsTest-1149893689 tempest-GroupSnapshotsTest-1149893689-project] http://10.222.0.18/volume/v3/706bfe7c8efd48028e2141637fb4c949/groups/d0c56a1d-ff7d-445e-aa9e-2dcb6f0a0d97 returned with HTTP 200
Jan 27 07:44:25.383763 dv-cinder-826559-1-smb devstack@c-api.service[119995]: INFO cinder.api.openstack.wsgi [None req-0ef49f01-edbd-4fd3-a381-3023a8461171 tempest-GroupSnapshotsTest-1149893689 tempest-GroupSnapshotsTest-1149893689-project] PUT http://10.222.0.18/volume/v3/706bfe7c8efd48028e2141637fb4c949/groups/d0c56a1d-ff7d-445e-aa9e-2dcb6f0a0d97
Jan 27 07:44:25.384470 dv-cinder-826559-1-smb devstack@c-api.service[119995]: DEBUG cinder.api.openstack.wsgi [None req-0ef49f01-edbd-4fd3-a381-3023a8461171 tempest-GroupSnapshotsTest-1149893689 tempest-GroupSnapshotsTest-1149893689-project] Action: 'update', calling method: version_select, body: {"group": {"remove_volumes": "0cec4a55-a426-471a-bf54-1c68eb1ef10b"}} {{(pid=119995) _process_stack /opt/stack/cinder/cinder/api/openstack/wsgi.py:854}}
Jan 27 07:44:25.384713 dv-cinder-826559-1-smb devstack@c-api.service[119994]: [pid: 119994|app: 0|req: 72/139] 10.222.0.18 () {60 vars in 1362 bytes} [Thu Jan 27 07:44:25 2022] GET /volume/v3/706bfe7c8efd48028e2141637fb4c949/groups/d0c56a1d-ff7d-445e-aa9e-2dcb6f0a0d97 => generated 392 bytes in 80 msecs (HTTP/1.1 200) 7 headers in 286 bytes (1 switches on core 0)
Jan 27 07:44:25.422697 dv-cinder-826559-1-smb devstack@c-api.service[119995]: DEBUG cinder.api.v3.groups [None req-0ef49f01-edbd-4fd3-a381-3023a8461171 tempest-GroupSnapshotsTest-1149893689 tempest-GroupSnapshotsTest-1149893689-project] Update called for group d0c56a1d-ff7d-445e-aa9e-2dcb6f0a0d97. {{(pid=119995) update /opt/stack/cinder/cinder/api/v3/groups.py:302}}
Jan 27 07:44:25.423237 dv-cinder-826559-1-smb devstack@c-api.service[119995]: INFO cinder.api.v3.groups [None req-0ef49f01-edbd-4fd3-a381-3023a8461171 tempest-GroupSnapshotsTest-1149893689 tempest-GroupSnapshotsTest-1149893689-project] Updating group d0c56a1d-ff7d-445e-aa9e-2dcb6f0a0d97 with name None description: None add_volumes: None remove_volumes: 0cec4a55-a426-471a-bf54-1c68eb1ef10b.
Jan 27 07:44:25.444952 dv-cinder-826559-1-smb devstack@c-api.service[119995]: /usr/local/lib/python3.8/dist-packages/oslo_context/context.py:105: DeprecationWarning: Policy enforcement is depending on the value of is_admin. This key is deprecated. Please update your policy file to use the standard policy values.
Jan 27 07:44:25.444952 dv-cinder-826559-1-smb devstack@c-api.service[119995]: warnings.warn('Policy enforcement is depending on the value of '
